Jul 22 16:45:24.845005 np0000005639 devstack@g-api.service[100050]: DEBUG glance_store.capabilities [-] Store glance_store._drivers.swift.store.SingleTenantStore doesn't support updating dynamic storage capabilities. Please overwrite 'update_capabilities' method of the store to implement updating logics if needed. {{(pid=100050) update_capabilities /opt/stack/data/venv/lib/python3.12/site-packages/glance_store/capabilities.py:91}}
Jul 22 16:45:24.845063 np0000005639 devstack@g-api.service[100050]: DEBUG glance_store.backend [-] Registering store swift with schemes ('swift+https', 'swift', 'swift+http', 'swift+config') {{(pid=100050) create_stores /opt/stack/data/venv/lib/python3.12/site-packages/glance_store/backend.py:261}}
Jul 22 16:45:24.845129 np0000005639 devstack@g-api.service[100050]: DEBUG glance_store.driver [-] Late loading location class glance_store._drivers.swift.store.StoreLocation {{(pid=100050) get_store_location_class /opt/stack/data/venv/lib/python3.12/site-packages/glance_store/driver.py:134}}
Jul 22 16:45:24.845196 np0000005639 devstack@g-api.service[100050]: DEBUG glance_store.location [-] Registering scheme swift+https with {'store': , 'location_class': , 'store_entry': 'swift'} {{(pid=100050) register_scheme_map /opt/stack/data/venv/lib/python3.12/site-packages/glance_store/location.py:146}}
Jul 22 16:45:24.845249 np0000005639 devstack@g-api.service[100050]: DEBUG glance_store.location [-] Registering scheme swift with {'store': , 'location_class': , 'store_entry': 'swift'} {{(pid=100050) register_scheme_map /opt/stack/data/venv/lib/python3.12/site-packages/glance_store/location.py:146}}
Jul 22 16:45:24.845301 np0000005639 devstack@g-api.service[100050]: DEBUG glance_store.location [-] Registering scheme swift+http with {'store': , 'location_class': , 'store_entry': 'swift'} {{(pid=100050) register_scheme_map /opt/stack/data/venv/lib/python3.12/site-packages/glance_store/location.py:146}}
Jul 22 16:45:24.845351 np0000005639 devstack@g-api.service[100050]: DEBUG glance_store.location [-] Registering scheme swift+config with {'store': , 'location_class': , 'store_entry': 'swift'} {{(pid=100050) register_scheme_map /opt/stack/data/venv/lib/python3.12/site-packages/glance_store/location.py:146}}
Jul 22 16:45:24.845400 np0000005639 devstack@g-api.service[100050]: DEBUG glance_store.backend [-] Attempting to import store file {{(pid=100050) _load_store /opt/stack/data/venv/lib/python3.12/site-packages/glance_store/backend.py:215}}
Jul 22 16:45:24.845788 np0000005639 devstack@g-api.service[100050]: DEBUG glance_store.capabilities [-] Store glance_store._drivers.filesystem.Store doesn't support updating dynamic storage capabilities. Please overwrite 'update_capabilities' method of the store to implement updating logics if needed. {{(pid=100050) update_capabilities /opt/stack/data/venv/lib/python3.12/site-packages/glance_store/capabilities.py:91}}
Jul 22 16:45:24.845844 np0000005639 devstack@g-api.service[100050]: DEBUG glance_store.backend [-] Registering store file with schemes ('file', 'filesystem') {{(pid=100050) create_stores /opt/stack/data/venv/lib/python3.12/site-packages/glance_store/backend.py:261}}
Jul 22 16:45:24.845898 np0000005639 devstack@g-api.service[100050]: DEBUG glance_store.driver [-] Late loading location class glance_store._drivers.filesystem.StoreLocation {{(pid=100050) get_store_location_class /opt/stack/data/venv/lib/python3.12/site-packages/glance_store/driver.py:134}}
Jul 22 16:45:24.845959 np0000005639 devstack@g-api.service[100050]: DEBUG glance_store.location [-] Registering scheme file with {'store': , 'location_class': , 'store_entry': 'file'} {{(pid=100050) register_scheme_map /opt/stack/data/venv/lib/python3.12/site-packages/glance_store/location.py:146}}
Jul 22 16:45:24.846012 np0000005639 devstack@g-api.service[100050]: DEBUG glance_store.location [-] Registering scheme filesystem with {'store': , 'location_class': , 'store_entry': 'file'} {{(pid=100050) register_scheme_map /opt/stack/data/venv/lib/python3.12/site-packages/glance_store/location.py:146}}
Jul 22 16:45:24.846119 np0000005639 devstack@g-api.service[100050]: DEBUG glance_store.backend [-] Attempting to import store swift {{(pid=100050) _load_store /opt/stack/data/venv/lib/python3.12/site-packages/glance_store/backend.py:215}}
Jul 22 16:45:24.847075 np0000005639 devstack@g-api.service[100050]: DEBUG glance_store.capabilities [-] Store glance_store._drivers.swift.store.SingleTenantStore doesn't support updating dynamic storage capabilities. Please overwrite 'update_capabilities' method of the store to implement updating logics if needed. {{(pid=100050) update_capabilities /opt/stack/data/venv/lib/python3.12/site-packages/glance_store/capabilities.py:91}}
Jul 22 16:45:24.847151 np0000005639 devstack@g-api.service[100050]: DEBUG glance_store.driver [-] Late loading location class glance_store._drivers.swift.store.StoreLocation {{(pid=100050) get_store_location_class /opt/stack/data/venv/lib/python3.12/site-packages/glance_store/driver.py:134}}
Jul 22 16:45:24.847213 np0000005639 devstack@g-api.service[100050]: DEBUG glance_store.location [-] Registering scheme swift+https with {'store': , 'location_class': , 'store_entry': 'swift'} {{(pid=100050) register_scheme_map /opt/stack/data/venv/lib/python3.12/site-packages/glance_store/location.py:146}}
Jul 22 16:45:24.847270 np0000005639 devstack@g-api.service[100050]: DEBUG glance_store.location [-] Registering scheme swift+https with {'store': , 'location_class': , 'store_entry': 'swift'} {{(pid=100050) register_scheme_map /opt/stack/data/venv/lib/python3.12/site-packages/glance_store/location.py:146}}
Jul 22 16:45:24.847318 np0000005639 devstack@g-api.service[100050]: DEBUG glance_store.location [-] Registering scheme swift with {'store': , 'location_class': , 'store_entry': 'swift'} {{(pid=100050) register_scheme_map /opt/stack/data/venv/lib/python3.12/site-packages/glance_store/location.py:146}}
Jul 22 16:45:24.847395 np0000005639 devstack@g-api.service[100050]: DEBUG glance_store.location [-] Registering scheme swift+https with {'store': , 'location_class': , 'store_entry': 'swift'} {{(pid=100050) register_scheme_map /opt/stack/data/venv/lib/python3.12/site-packages/glance_store/location.py:146}}
Jul 22 16:45:24.847462 np0000005639 devstack@g-api.service[100050]: DEBUG glance_store.location [-] Registering scheme swift with {'store': , 'location_class': , 'store_entry': 'swift'} {{(pid=100050) register_scheme_map /opt/stack/data/venv/lib/python3.12/site-packages/glance_store/location.py:146}}
Jul 22 16:45:24.847545 np0000005639 devstack@g-api.service[100050]: DEBUG glance_store.location [-] Registering scheme swift+http with {'store': , 'location_class': , 'store_entry': 'swift'} {{(pid=100050) register_scheme_map /opt/stack/data/venv/lib/python3.12/site-packages/glance_store/location.py:146}}
Jul 22 16:45:24.847622 np0000005639 devstack@g-api.service[100050]: DEBUG glance_store.location [-] Registering scheme swift+https with {'store': , 'location_class': , 'store_entry': 'swift'} {{(pid=100050) register_scheme_map /opt/stack/data/venv/lib/python3.12/site-packages/glance_store/location.py:146}}
Jul 22 16:45:24.847678 np0000005639 devstack@g-api.service[100050]: DEBUG glance_store.location [-] Registering scheme swift with {'store': , 'location_class': , 'store_entry': 'swift'} {{(pid=100050) register_scheme_map /opt/stack/data/venv/lib/python3.12/site-packages/glance_store/location.py:146}}
Jul 22 16:45:24.847730 np0000005639 devstack@g-api.service[100050]: DEBUG glance_store.location [-] Registering scheme swift+http with {'store': , 'location_class': , 'store_entry': 'swift'} {{(pid=100050) register_scheme_map /opt/stack/data/venv/lib/python3.12/site-packages/glance_store/location.py:146}}
Jul 22 16:45:24.847778 np0000005639 devstack@g-api.service[100050]: DEBUG glance_store.location [-] Registering scheme swift+config with {'store': , 'location_class': , 'store_entry': 'swift'} {{(pid=100050) register_scheme_map /opt/stack/data/venv/lib/python3.12/site-packages/glance_store/location.py:146}}
Jul 22 16:45:24.848018 np0000005639 devstack@g-api.service[100050]: DEBUG glance.sqlite_migration [-] SQLite caching database not located, skipping migration {{(pid=100050) get_db_path /opt/stack/glance/glance/sqlite_migration.py:68}}
Jul 22 16:45:24.848200 np0000005639 devstack@g-api.service[100050]: WARNING glance.common.wsgi_app [-] Import methods are enabled but staging directory /tmp/staging/ does not exist; Imports will fail!
Jul 22 16:45:24.909386 np0000005639 devstack@g-api.service[100048]: DEBUG glance.common.config [None req-a6d75b2b-c61b-4376-ba01-e2391b6f78c2 None None] Loading glance-api-keystone+cachemanagement from /etc/glance/glance-api-paste.ini {{(pid=100048) load_paste_app /opt/stack/glance/glance/common/config.py:765}}
Jul 22 16:45:24.910711 np0000005639 devstack@g-api.service[100049]: DEBUG glance.common.config [None req-a20e97ac-941a-4723-9bdd-8427521a1424 None None] Loading glance-api-keystone+cachemanagement from /etc/glance/glance-api-paste.ini {{(pid=100049) load_paste_app /opt/stack/glance/glance/common/config.py:765}}
Jul 22 16:45:24.971418 np0000005639 devstack@g-api.service[100050]: DEBUG glance.common.config [None req-e4804829-dcd8-42cf-926f-3136b8727830 None None] Loading glance-api-keystone+cachemanagement from /etc/glance/glance-api-paste.ini {{(pid=100050) load_paste_app /opt/stack/glance/glance/common/config.py:765}}
Jul 22 16:45:25.511126 np0000005639 devstack@g-api.service[100050]: INFO glance.image_cache [None req-e4804829-dcd8-42cf-926f-3136b8727830 None None] Image cache loaded driver 'centralized_db'.
Jul 22 16:45:25.517006 np0000005639 devstack@g-api.service[100049]: INFO glance.image_cache [None req-a20e97ac-941a-4723-9bdd-8427521a1424 None None] Image cache loaded driver 'centralized_db'.
Jul 22 16:45:25.524790 np0000005639 devstack@g-api.service[100048]: INFO glance.image_cache [None req-a6d75b2b-c61b-4376-ba01-e2391b6f78c2 None None] Image cache loaded driver 'centralized_db'.
Jul 22 16:45:25.556801 np0000005639 devstack@g-api.service[100050]: INFO dbcounter [None req-e4804829-dcd8-42cf-926f-3136b8727830 None None] Registered counter for database glance
Jul 22 16:45:25.564734 np0000005639 devstack@g-api.service[100049]: INFO dbcounter [None req-a20e97ac-941a-4723-9bdd-8427521a1424 None None] Registered counter for database glance
Jul 22 16:45:25.573362 np0000005639 devstack@g-api.service[100048]: INFO dbcounter [None req-a6d75b2b-c61b-4376-ba01-e2391b6f78c2 None None] Registered counter for database glance
Jul 22 16:45:25.595669 np0000005639 devstack@g-api.service[100050]: DEBUG oslo_db.sqlalchemy.engines [None req-e4804829-dcd8-42cf-926f-3136b8727830 None None] MySQL server mode set to STRICT_TRANS_TABLES,STRICT_ALL_TABLES,NO_ZERO_IN_DATE,NO_ZERO_DATE,ERROR_FOR_DIVISION_BY_ZERO,TRADITIONAL,NO_ENGINE_SUBSTITUTION {{(pid=100050) _check_effective_sql_mode /opt/stack/data/venv/lib/python3.12/site-packages/oslo_db/sqlalchemy/engines.py:325}}
Jul 22 16:45:25.606070 np0000005639 devstack@g-api.service[100049]: DEBUG oslo_db.sqlalchemy.engines [None req-a20e97ac-941a-4723-9bdd-8427521a1424 None None] MySQL server mode set to STRICT_TRANS_TABLES,STRICT_ALL_TABLES,NO_ZERO_IN_DATE,NO_ZERO_DATE,ERROR_FOR_DIVISION_BY_ZERO,TRADITIONAL,NO_ENGINE_SUBSTITUTION {{(pid=100049) _check_effective_sql_mode /opt/stack/data/venv/lib/python3.12/site-packages/oslo_db/sqlalchemy/engines.py:325}}
Jul 22 16:45:25.613822 np0000005639 devstack@g-api.service[100048]: DEBUG oslo_db.sqlalchemy.engines [None req-a6d75b2b-c61b-4376-ba01-e2391b6f78c2 None None] MySQL server mode set to STRICT_TRANS_TABLES,STRICT_ALL_TABLES,NO_ZERO_IN_DATE,NO_ZERO_DATE,ERROR_FOR_DIVISION_BY_ZERO,TRADITIONAL,NO_ENGINE_SUBSTITUTION {{(pid=100048) _check_effective_sql_mode /opt/stack/data/venv/lib/python3.12/site-packages/oslo_db/sqlalchemy/engines.py:325}}
Jul 22 16:45:25.616590 np0000005639 devstack@g-api.service[100050]: DEBUG dbcounter [-] [100050] Writer thread running {{(pid=100050) stat_writer /opt/stack/data/venv/lib/python3.12/site-packages/dbcounter.py:102}}
Jul 22 16:45:25.628595 np0000005639 devstack@g-api.service[100049]: DEBUG dbcounter [-] [100049] Writer thread running {{(pid=100049) stat_writer /opt/stack/data/venv/lib/python3.12/site-packages/dbcounter.py:102}}
Jul 22 16:45:25.629126 np0000005639 devstack@g-api.service[100050]: INFO glance.image_cache [None req-e4804829-dcd8-42cf-926f-3136b8727830 None None] Image cache loaded driver 'centralized_db'.
Jul 22 16:45:25.632015 np0000005639 devstack@g-api.service[100049]: DEBUG glance.image_cache.drivers.centralized_db [None req-a20e97ac-941a-4723-9bdd-8427521a1424 None None] Node reference is already recorded, ignoring it {{(pid=100049) configure /opt/stack/glance/glance/image_cache/drivers/centralized_db.py:71}}
Jul 22 16:45:25.635730 np0000005639 devstack@g-api.service[100048]: DEBUG dbcounter [-] [100048] Writer thread running {{(pid=100048) stat_writer /opt/stack/data/venv/lib/python3.12/site-packages/dbcounter.py:102}}
Jul 22 16:45:25.638868 np0000005639 devstack@g-api.service[100048]: DEBUG glance.image_cache.drivers.centralized_db [None req-a6d75b2b-c61b-4376-ba01-e2391b6f78c2 None None] Node reference is already recorded, ignoring it {{(pid=100048) configure /opt/stack/glance/glance/image_cache/drivers/centralized_db.py:71}}
Jul 22 16:45:25.721355 np0000005639 devstack@g-api.service[100050]: DEBUG glance.image_cache.drivers.centralized_db [None req-e4804829-dcd8-42cf-926f-3136b8727830 None None] Node reference is already recorded, ignoring it {{(pid=100050) configure /opt/stack/glance/glance/image_cache/drivers/centralized_db.py:71}}
Jul 22 16:45:25.725828 np0000005639 devstack@g-api.service[100050]: DEBUG glance.api.v2.cached_images [None req-e4804829-dcd8-42cf-926f-3136b8727830 None None] Started cache worker thread {{(pid=100050) __init__ /opt/stack/glance/glance/api/v2/cached_images.py:71}}
Jul 22 16:45:25.726456 np0000005639 devstack@g-api.service[100050]: INFO glance.image_cache [None req-e4804829-dcd8-42cf-926f-3136b8727830 None None] Image cache loaded driver 'centralized_db'.
Jul 22 16:45:25.727762 np0000005639 devstack@g-api.service[100049]: INFO glance.image_cache [None req-a20e97ac-941a-4723-9bdd-8427521a1424 None None] Image cache loaded driver 'centralized_db'.
Jul 22 16:45:25.732350 np0000005639 devstack@g-api.service[100050]: DEBUG glance.image_cache.drivers.centralized_db [None req-e4804829-dcd8-42cf-926f-3136b8727830 None None] Node reference is already recorded, ignoring it {{(pid=100050) configure /opt/stack/glance/glance/image_cache/drivers/centralized_db.py:71}}
Jul 22 16:45:25.734916 np0000005639 devstack@g-api.service[100049]: DEBUG glance.image_cache.drivers.centralized_db [None req-a20e97ac-941a-4723-9bdd-8427521a1424 None None] Node reference is already recorded, ignoring it {{(pid=100049) configure /opt/stack/glance/glance/image_cache/drivers/centralized_db.py:71}}
Jul 22 16:45:25.735496 np0000005639 devstack@g-api.service[100048]: INFO glance.image_cache [None req-a6d75b2b-c61b-4376-ba01-e2391b6f78c2 None None] Image cache loaded driver 'centralized_db'.
Jul 22 16:45:25.736369 np0000005639 devstack@g-api.service[100050]: INFO glance.api.middleware.cache_manage [None req-e4804829-dcd8-42cf-926f-3136b8727830 None None] Initialized image cache management middleware
Jul 22 16:45:25.736498 np0000005639 devstack@g-api.service[100050]: INFO glance.image_cache [None req-e4804829-dcd8-42cf-926f-3136b8727830 None None] Image cache loaded driver 'centralized_db'.
Jul 22 16:45:25.739327 np0000005639 devstack@g-api.service[100049]: DEBUG glance.api.v2.cached_images [None req-a20e97ac-941a-4723-9bdd-8427521a1424 None None] Started cache worker thread {{(pid=100049) __init__ /opt/stack/glance/glance/api/v2/cached_images.py:71}}
Jul 22 16:45:25.740002 np0000005639 devstack@g-api.service[100049]: INFO glance.image_cache [None req-a20e97ac-941a-4723-9bdd-8427521a1424 None None] Image cache loaded driver 'centralized_db'.
Jul 22 16:45:25.742161 np0000005639 devstack@g-api.service[100050]: DEBUG glance.image_cache.drivers.centralized_db [None req-e4804829-dcd8-42cf-926f-3136b8727830 None None] Node reference is already recorded, ignoring it {{(pid=100050) configure /opt/stack/glance/glance/image_cache/drivers/centralized_db.py:71}}
Jul 22 16:45:25.742302 np0000005639 devstack@g-api.service[100048]: DEBUG glance.image_cache.drivers.centralized_db [None req-a6d75b2b-c61b-4376-ba01-e2391b6f78c2 None None] Node reference is already recorded, ignoring it {{(pid=100048) configure /opt/stack/glance/glance/image_cache/drivers/centralized_db.py:71}}
Jul 22 16:45:25.745416 np0000005639 devstack@g-api.service[100050]: INFO glance.api.middleware.cache [None req-e4804829-dcd8-42cf-926f-3136b8727830 None None] Initialized image cache middleware
Jul 22 16:45:25.745988 np0000005639 devstack@g-api.service[100049]: DEBUG glance.image_cache.drivers.centralized_db [None req-a20e97ac-941a-4723-9bdd-8427521a1424 None None] Node reference is already recorded, ignoring it {{(pid=100049) configure /opt/stack/glance/glance/image_cache/drivers/centralized_db.py:71}}
Jul 22 16:45:25.746821 np0000005639 devstack@g-api.service[100048]: DEBUG glance.api.v2.cached_images [None req-a6d75b2b-c61b-4376-ba01-e2391b6f78c2 None None] Started cache worker thread {{(pid=100048) __init__ /opt/stack/glance/glance/api/v2/cached_images.py:71}}
Jul 22 16:45:25.747577 np0000005639 devstack@g-api.service[100048]: INFO glance.image_cache [None req-a6d75b2b-c61b-4376-ba01-e2391b6f78c2 None None] Image cache loaded driver 'centralized_db'.
Jul 22 16:45:25.750086 np0000005639 devstack@g-api.service[100049]: INFO glance.api.middleware.cache_manage [None req-a20e97ac-941a-4723-9bdd-8427521a1424 None None] Initialized image cache management middleware
Jul 22 16:45:25.750250 np0000005639 devstack@g-api.service[100049]: INFO glance.image_cache [None req-a20e97ac-941a-4723-9bdd-8427521a1424 None None] Image cache loaded driver 'centralized_db'.
Jul 22 16:45:25.753841 np0000005639 devstack@g-api.service[100048]: DEBUG glance.image_cache.drivers.centralized_db [None req-a6d75b2b-c61b-4376-ba01-e2391b6f78c2 None None] Node reference is already recorded, ignoring it {{(pid=100048) configure /opt/stack/glance/glance/image_cache/drivers/centralized_db.py:71}}
Jul 22 16:45:25.755858 np0000005639 devstack@g-api.service[100050]: DEBUG glance.common.config [None req-e4804829-dcd8-42cf-926f-3136b8727830 None None] ******************************************************************************** {{(pid=100050) log_opt_values /opt/stack/data/venv/lib/python3.12/site-packages/oslo_config/cfg.py:3226}}
Jul 22 16:45:25.755982 np0000005639 devstack@g-api.service[100050]: DEBUG glance.common.config [None req-e4804829-dcd8-42cf-926f-3136b8727830 None None] Configuration options gathered from: {{(pid=100050) log_opt_values /opt/stack/data/venv/lib/python3.12/site-packages/oslo_config/cfg.py:3227}}
Jul 22 16:45:25.756286 np0000005639 devstack@g-api.service[100050]: DEBUG glance.common.config [None req-e4804829-dcd8-42cf-926f-3136b8727830 None None] command line args: [] {{(pid=100050) log_opt_values /opt/stack/data/venv/lib/python3.12/site-packages/oslo_config/cfg.py:3228}}
Jul 22 16:45:25.756407 np0000005639 devstack@g-api.service[100050]: DEBUG glance.common.config [None req-e4804829-dcd8-42cf-926f-3136b8727830 None None] config files: ['/etc/glance/glance-image-import.conf', '/etc/glance/glance-api.conf'] {{(pid=100050) log_opt_values /opt/stack/data/venv/lib/python3.12/site-packages/oslo_config/cfg.py:3229}}
Jul 22 16:45:25.756477 np0000005639 devstack@g-api.service[100050]: DEBUG glance.common.config [None req-e4804829-dcd8-42cf-926f-3136b8727830 None None] ================================================================================ {{(pid=100050) log_opt_values /opt/stack/data/venv/lib/python3.12/site-packages/oslo_config/cfg.py:3234}}
Jul 22 16:45:25.756592 np0000005639 devstack@g-api.service[100050]: DEBUG glance.common.config [None req-e4804829-dcd8-42cf-926f-3136b8727830 None None] allow_anonymous_access = False {{(pid=100050) log_opt_values /opt/stack/data/venv/lib/python3.12/site-packages/oslo_config/cfg.py:3242}}
Jul 22 16:45:25.756692 np0000005639 devstack@g-api.service[100050]: DEBUG glance.common.config [None req-e4804829-dcd8-42cf-926f-3136b8727830 None None] api_limit_max = 1000 {{(pid=100050) log_opt_values /opt/stack/data/venv/lib/python3.12/site-packages/oslo_config/cfg.py:3242}}
Jul 22 16:45:25.756757 np0000005639 devstack@g-api.service[100049]: DEBUG glance.image_cache.drivers.centralized_db [None req-a20e97ac-941a-4723-9bdd-8427521a1424 None None] Node reference is already recorded, ignoring it {{(pid=100049) configure /opt/stack/glance/glance/image_cache/drivers/centralized_db.py:71}}
Jul 22 16:45:25.756793 np0000005639 devstack@g-api.service[100050]: DEBUG glance.common.config [None req-e4804829-dcd8-42cf-926f-3136b8727830 None None] config_dir = [] {{(pid=100050) log_opt_values /opt/stack/data/venv/lib/python3.12/site-packages/oslo_config/cfg.py:3242}}
Jul 22 16:45:25.756855 np0000005639 devstack@g-api.service[100050]: DEBUG glance.common.config [None req-e4804829-dcd8-42cf-926f-3136b8727830 None None] config_file = ['/etc/glance/glance-image-import.conf', '/etc/glance/glance-api.conf'] {{(pid=100050) log_opt_values /opt/stack/data/venv/lib/python3.12/site-packages/oslo_config/cfg.py:3242}}
Jul 22 16:45:25.756955 np0000005639 devstack@g-api.service[100050]: DEBUG glance.common.config [None req-e4804829-dcd8-42cf-926f-3136b8727830 None None] config_source = [] {{(pid=100050) log_opt_values /opt/stack/data/venv/lib/python3.12/site-packages/oslo_config/cfg.py:3242}}
Jul 22 16:45:25.757053 np0000005639 devstack@g-api.service[100050]: DEBUG glance.common.config [None req-e4804829-dcd8-42cf-926f-3136b8727830 None None] control_exchange = glance {{(pid=100050) log_opt_values /opt/stack/data/venv/lib/python3.12/site-packages/oslo_config/cfg.py:3242}}
Jul 22 16:45:25.757133 np0000005639 devstack@g-api.service[100050]: DEBUG glance.common.config [None req-e4804829-dcd8-42cf-926f-3136b8727830 None None] debug = True {{(pid=100050) log_opt_values /opt/stack/data/venv/lib/python3.12/site-packages/oslo_config/cfg.py:3242}}
Jul 22 16:45:25.757327 np0000005639 devstack@g-api.service[100050]: DEBUG glance.common.config [None req-e4804829-dcd8-42cf-926f-3136b8727830 None None] default_log_levels = ['amqp=WARN', 'boto=WARN', 'sqlalchemy=WARN', 'suds=INFO', 'oslo.messaging=INFO', 'oslo_messaging=INFO', 'iso8601=WARN', 'requests.packages.urllib3.connectionpool=WARN', 'urllib3.connectionpool=WARN', 'websocket=WARN', 'requests.packages.urllib3.util.retry=WARN', 'urllib3.util.retry=WARN', 'keystonemiddleware=WARN', 'routes.middleware=WARN', 'stevedore=WARN', 'taskflow=WARN', 'keystoneauth=WARN', 'oslo.cache=INFO', 'oslo_policy=INFO', 'dogpile.core.dogpile=INFO'] {{(pid=100050) log_opt_values /opt/stack/data/venv/lib/python3.12/site-packages/oslo_config/cfg.py:3242}}
Jul 22 16:45:25.757413 np0000005639 devstack@g-api.service[100050]: DEBUG glance.common.config [None req-e4804829-dcd8-42cf-926f-3136b8727830 None None] default_publisher_id = image.localhost {{(pid=100050) log_opt_values /opt/stack/data/venv/lib/python3.12/site-packages/oslo_config/cfg.py:3242}}
Jul 22 16:45:25.757475 np0000005639 devstack@g-api.service[100050]: DEBUG glance.common.config [None req-e4804829-dcd8-42cf-926f-3136b8727830 None None] delayed_delete = False {{(pid=100050) log_opt_values /opt/stack/data/venv/lib/python3.12/site-packages/oslo_config/cfg.py:3242}}
Jul 22 16:45:25.757563 np0000005639 devstack@g-api.service[100050]: DEBUG glance.common.config [None req-e4804829-dcd8-42cf-926f-3136b8727830 None None] digest_algorithm = sha256 {{(pid=100050) log_opt_values /opt/stack/data/venv/lib/python3.12/site-packages/oslo_config/cfg.py:3242}}
Jul 22 16:45:25.757651 np0000005639 devstack@g-api.service[100050]: DEBUG glance.common.config [None req-e4804829-dcd8-42cf-926f-3136b8727830 None None] disabled_notifications = [] {{(pid=100050) log_opt_values /opt/stack/data/venv/lib/python3.12/site-packages/oslo_config/cfg.py:3242}}
Jul 22 16:45:25.757736 np0000005639 devstack@g-api.service[100050]: DEBUG glance.common.config [None req-e4804829-dcd8-42cf-926f-3136b8727830 None None] do_secure_hash = True {{(pid=100050) log_opt_values /opt/stack/data/venv/lib/python3.12/site-packages/oslo_config/cfg.py:3242}}
Jul 22 16:45:25.757827 np0000005639 devstack@g-api.service[100050]: DEBUG glance.common.config [None req-e4804829-dcd8-42cf-926f-3136b8727830 None None] enabled_backends = None {{(pid=100050) log_opt_values /opt/stack/data/venv/lib/python3.12/site-packages/oslo_config/cfg.py:3242}}
Jul 22 16:45:25.757926 np0000005639 devstack@g-api.service[100050]: DEBUG glance.common.config [None req-e4804829-dcd8-42cf-926f-3136b8727830 None None] enabled_import_methods = ['glance-direct', 'web-download', 'copy-image'] {{(pid=100050) log_opt_values /opt/stack/data/venv/lib/python3.12/site-packages/oslo_config/cfg.py:3242}}
Jul 22 16:45:25.758034 np0000005639 devstack@g-api.service[100050]: DEBUG glance.common.config [None req-e4804829-dcd8-42cf-926f-3136b8727830 None None] fatal_deprecations = False {{(pid=100050) log_opt_values /opt/stack/data/venv/lib/python3.12/site-packages/oslo_config/cfg.py:3242}}
Jul 22 16:45:25.758177 np0000005639 devstack@g-api.service[100050]: DEBUG glance.common.config [None req-e4804829-dcd8-42cf-926f-3136b8727830 None None] hashing_algorithm = sha512 {{(pid=100050) log_opt_values /opt/stack/data/venv/lib/python3.12/site-packages/oslo_config/cfg.py:3242}}
Jul 22 16:45:25.758212 np0000005639 devstack@g-api.service[100048]: INFO glance.api.middleware.cache_manage [None req-a6d75b2b-c61b-4376-ba01-e2391b6f78c2 None None] Initialized image cache management middleware
Jul 22 16:45:25.758274 np0000005639 devstack@g-api.service[100050]: DEBUG glance.common.config [None req-e4804829-dcd8-42cf-926f-3136b8727830 None None] http_retries = 3 {{(pid=100050) log_opt_values /opt/stack/data/venv/lib/python3.12/site-packages/oslo_config/cfg.py:3242}}
Jul 22 16:45:25.758347 np0000005639 devstack@g-api.service[100048]: INFO glance.image_cache [None req-a6d75b2b-c61b-4376-ba01-e2391b6f78c2 None None] Image cache loaded driver 'centralized_db'.
Jul 22 16:45:25.758388 np0000005639 devstack@g-api.service[100050]: DEBUG glance.common.config [None req-e4804829-dcd8-42cf-926f-3136b8727830 None None] image_cache_dir = /opt/stack/data/glance/cache/ {{(pid=100050) log_opt_values /opt/stack/data/venv/lib/python3.12/site-packages/oslo_config/cfg.py:3242}}
Jul 22 16:45:25.758484 np0000005639 devstack@g-api.service[100050]: DEBUG glance.common.config [None req-e4804829-dcd8-42cf-926f-3136b8727830 None None] image_cache_driver = centralized_db {{(pid=100050) log_opt_values /opt/stack/data/venv/lib/python3.12/site-packages/oslo_config/cfg.py:3242}}
Jul 22 16:45:25.758574 np0000005639 devstack@g-api.service[100050]: DEBUG glance.common.config [None req-e4804829-dcd8-42cf-926f-3136b8727830 None None] image_cache_max_size = 10737418240 {{(pid=100050) log_opt_values /opt/stack/data/venv/lib/python3.12/site-packages/oslo_config/cfg.py:3242}}
Jul 22 16:45:25.758665 np0000005639 devstack@g-api.service[100050]: DEBUG glance.common.config [None req-e4804829-dcd8-42cf-926f-3136b8727830 None None] image_cache_sqlite_db = cache.db {{(pid=100050) log_opt_values /opt/stack/data/venv/lib/python3.12/site-packages/oslo_config/cfg.py:3242}}
Jul 22 16:45:25.758753 np0000005639 devstack@g-api.service[100050]: DEBUG glance.common.config [None req-e4804829-dcd8-42cf-926f-3136b8727830 None None] image_cache_stall_time = 86400 {{(pid=100050) log_opt_values /opt/stack/data/venv/lib/python3.12/site-packages/oslo_config/cfg.py:3242}}
Jul 22 16:45:25.758845 np0000005639 devstack@g-api.service[100050]: DEBUG glance.common.config [None req-e4804829-dcd8-42cf-926f-3136b8727830 None None] image_location_quota = 10 {{(pid=100050) log_opt_values /opt/stack/data/venv/lib/python3.12/site-packages/oslo_config/cfg.py:3242}}
Jul 22 16:45:25.758926 np0000005639 devstack@g-api.service[100050]: DEBUG glance.common.config [None req-e4804829-dcd8-42cf-926f-3136b8727830 None None] image_member_quota = 128 {{(pid=100050) log_opt_values /opt/stack/data/venv/lib/python3.12/site-packages/oslo_config/cfg.py:3242}}
Jul 22 16:45:25.759026 np0000005639 devstack@g-api.service[100050]: DEBUG glance.common.config [None req-e4804829-dcd8-42cf-926f-3136b8727830 None None] image_property_quota = 128 {{(pid=100050) log_opt_values /opt/stack/data/venv/lib/python3.12/site-packages/oslo_config/cfg.py:3242}}
Jul 22 16:45:25.759131 np0000005639 devstack@g-api.service[100050]: DEBUG glance.common.config [None req-e4804829-dcd8-42cf-926f-3136b8727830 None None] image_size_cap = 1099511627776 {{(pid=100050) log_opt_values /opt/stack/data/venv/lib/python3.12/site-packages/oslo_config/cfg.py:3242}}
Jul 22 16:45:25.759222 np0000005639 devstack@g-api.service[100050]: DEBUG glance.common.config [None req-e4804829-dcd8-42cf-926f-3136b8727830 None None] image_tag_quota = 128 {{(pid=100050) log_opt_values /opt/stack/data/venv/lib/python3.12/site-packages/oslo_config/cfg.py:3242}}
Jul 22 16:45:25.759320 np0000005639 devstack@g-api.service[100050]: DEBUG glance.common.config [None req-e4804829-dcd8-42cf-926f-3136b8727830 None None] instance_format = [instance: %(uuid)s] {{(pid=100050) log_opt_values /opt/stack/data/venv/lib/python3.12/site-packages/oslo_config/cfg.py:3242}}
Jul 22 16:45:25.759402 np0000005639 devstack@g-api.service[100050]: DEBUG glance.common.config [None req-e4804829-dcd8-42cf-926f-3136b8727830 None None] instance_uuid_format = [instance: %(uuid)s] {{(pid=100050) log_opt_values /opt/stack/data/venv/lib/python3.12/site-packages/oslo_config/cfg.py:3242}}
Jul 22 16:45:25.759487 np0000005639 devstack@g-api.service[100050]: DEBUG glance.common.config [None req-e4804829-dcd8-42cf-926f-3136b8727830 None None] limit_param_default = 25 {{(pid=100050) log_opt_values /opt/stack/data/venv/lib/python3.12/site-packages/oslo_config/cfg.py:3242}}
Jul 22 16:45:25.759580 np0000005639 devstack@g-api.service[100050]: DEBUG glance.common.config [None req-e4804829-dcd8-42cf-926f-3136b8727830 None None] log_color = False {{(pid=100050) log_opt_values /opt/stack/data/venv/lib/python3.12/site-packages/oslo_config/cfg.py:3242}}
Jul 22 16:45:25.759670 np0000005639 devstack@g-api.service[100050]: DEBUG glance.common.config [None req-e4804829-dcd8-42cf-926f-3136b8727830 None None] log_config_append = None {{(pid=100050) log_opt_values /opt/stack/data/venv/lib/python3.12/site-packages/oslo_config/cfg.py:3242}}
Jul 22 16:45:25.759761 np0000005639 devstack@g-api.service[100050]: DEBUG glance.common.config [None req-e4804829-dcd8-42cf-926f-3136b8727830 None None] log_date_format = %Y-%m-%d %H:%M:%S {{(pid=100050) log_opt_values /opt/stack/data/venv/lib/python3.12/site-packages/oslo_config/cfg.py:3242}}
Jul 22 16:45:25.759852 np0000005639 devstack@g-api.service[100050]: DEBUG glance.common.config [None req-e4804829-dcd8-42cf-926f-3136b8727830 None None] log_dir = None {{(pid=100050) log_opt_values /opt/stack/data/venv/lib/python3.12/site-packages/oslo_config/cfg.py:3242}}
Jul 22 16:45:25.759934 np0000005639 devstack@g-api.service[100050]: DEBUG glance.common.config [None req-e4804829-dcd8-42cf-926f-3136b8727830 None None] log_file = None {{(pid=100050) log_opt_values /opt/stack/data/venv/lib/python3.12/site-packages/oslo_config/cfg.py:3242}}
Jul 22 16:45:25.760029 np0000005639 devstack@g-api.service[100050]: DEBUG glance.common.config [None req-e4804829-dcd8-42cf-926f-3136b8727830 None None] log_rotate_interval = 1 {{(pid=100050) log_opt_values /opt/stack/data/venv/lib/python3.12/site-packages/oslo_config/cfg.py:3242}}
Jul 22 16:45:25.760178 np0000005639 devstack@g-api.service[100050]: DEBUG glance.common.config [None req-e4804829-dcd8-42cf-926f-3136b8727830 None None] log_rotate_interval_type = days {{(pid=100050) log_opt_values /opt/stack/data/venv/lib/python3.12/site-packages/oslo_config/cfg.py:3242}}
Jul 22 16:45:25.760279 np0000005639 devstack@g-api.service[100050]: DEBUG glance.common.config [None req-e4804829-dcd8-42cf-926f-3136b8727830 None None] log_rotation_type = none {{(pid=100050) log_opt_values /opt/stack/data/venv/lib/python3.12/site-packages/oslo_config/cfg.py:3242}}
Jul 22 16:45:25.760346 np0000005639 devstack@g-api.service[100050]: DEBUG glance.common.config [None req-e4804829-dcd8-42cf-926f-3136b8727830 None None] logging_context_format_string = %(color)s%(levelname)s %(name)s [%(global_request_id)s %(request_id)s %(project_name)s %(user_name)s%(color)s] %(instance)s%(color)s%(message)s {{(pid=100050) log_opt_values /opt/stack/data/venv/lib/python3.12/site-packages/oslo_config/cfg.py:3242}}
Jul 22 16:45:25.760412 np0000005639 devstack@g-api.service[100050]: DEBUG glance.common.config [None req-e4804829-dcd8-42cf-926f-3136b8727830 None None] logging_debug_format_suffix = {{(pid=%(process)d) %(funcName)s %(pathname)s:%(lineno)d}} {{(pid=100050) log_opt_values /opt/stack/data/venv/lib/python3.12/site-packages/oslo_config/cfg.py:3242}}
Jul 22 16:45:25.760504 np0000005639 devstack@g-api.service[100050]: DEBUG glance.common.config [None req-e4804829-dcd8-42cf-926f-3136b8727830 None None] logging_default_format_string = %(color)s%(levelname)s %(name)s [-%(color)s] %(instance)s%(color)s%(message)s {{(pid=100050) log_opt_values /opt/stack/data/venv/lib/python3.12/site-packages/oslo_config/cfg.py:3242}}
Jul 22 16:45:25.760601 np0000005639 devstack@g-api.service[100050]: DEBUG glance.common.config [None req-e4804829-dcd8-42cf-926f-3136b8727830 None None] logging_exception_prefix = ERROR %(name)s %(instance)s {{(pid=100050) log_opt_values /opt/stack/data/venv/lib/python3.12/site-packages/oslo_config/cfg.py:3242}}
Jul 22 16:45:25.760662 np0000005639 devstack@g-api.service[100050]: DEBUG glance.common.config [None req-e4804829-dcd8-42cf-926f-3136b8727830 None None] logging_user_identity_format = %(user)s %(project)s %(domain)s %(system_scope)s %(user_domain)s %(project_domain)s {{(pid=100050) log_opt_values /opt/stack/data/venv/lib/python3.12/site-packages/oslo_config/cfg.py:3242}}
Jul 22 16:45:25.760751 np0000005639 devstack@g-api.service[100050]: DEBUG glance.common.config [None req-e4804829-dcd8-42cf-926f-3136b8727830 None None] max_logfile_count = 30 {{(pid=100050) log_opt_values /opt/stack/data/venv/lib/python3.12/site-packages/oslo_config/cfg.py:3242}}
Jul 22 16:45:25.760836 np0000005639 devstack@g-api.service[100050]: DEBUG glance.common.config [None req-e4804829-dcd8-42cf-926f-3136b8727830 None None] max_logfile_size_mb = 200 {{(pid=100050) log_opt_values /opt/stack/data/venv/lib/python3.12/site-packages/oslo_config/cfg.py:3242}}
Jul 22 16:45:25.760920 np0000005639 devstack@g-api.service[100050]: DEBUG glance.common.config [None req-e4804829-dcd8-42cf-926f-3136b8727830 None None] max_request_id_length = 64 {{(pid=100050) log_opt_values /opt/stack/data/venv/lib/python3.12/site-packages/oslo_config/cfg.py:3242}}
Jul 22 16:45:25.760986 np0000005639 devstack@g-api.service[100049]: INFO glance.api.middleware.cache [None req-a20e97ac-941a-4723-9bdd-8427521a1424 None None] Initialized image cache middleware
Jul 22 16:45:25.761020 np0000005639 devstack@g-api.service[100050]: DEBUG glance.common.config [None req-e4804829-dcd8-42cf-926f-3136b8727830 None None] metadata_encryption_key = **** {{(pid=100050) log_opt_values /opt/stack/data/venv/lib/python3.12/site-packages/oslo_config/cfg.py:3242}}
Jul 22 16:45:25.761104 np0000005639 devstack@g-api.service[100050]: DEBUG glance.common.config [None req-e4804829-dcd8-42cf-926f-3136b8727830 None None] node_staging_uri = file:///tmp/staging/ {{(pid=100050) log_opt_values /opt/stack/data/venv/lib/python3.12/site-packages/oslo_config/cfg.py:3242}}
Jul 22 16:45:25.761205 np0000005639 devstack@g-api.service[100050]: DEBUG glance.common.config [None req-e4804829-dcd8-42cf-926f-3136b8727830 None None] property_protection_file = None {{(pid=100050) log_opt_values /opt/stack/data/venv/lib/python3.12/site-packages/oslo_config/cfg.py:3242}}
Jul 22 16:45:25.761298 np0000005639 devstack@g-api.service[100050]: DEBUG glance.common.config [None req-e4804829-dcd8-42cf-926f-3136b8727830 None None] property_protection_rule_format = roles {{(pid=100050) log_opt_values /opt/stack/data/venv/lib/python3.12/site-packages/oslo_config/cfg.py:3242}}
Jul 22 16:45:25.761388 np0000005639 devstack@g-api.service[100050]: DEBUG glance.common.config [None req-e4804829-dcd8-42cf-926f-3136b8727830 None None] public_endpoint = https://10.4.3.228/image {{(pid=100050) log_opt_values /opt/stack/data/venv/lib/python3.12/site-packages/oslo_config/cfg.py:3242}}
Jul 22 16:45:25.761472 np0000005639 devstack@g-api.service[100050]: DEBUG glance.common.config [None req-e4804829-dcd8-42cf-926f-3136b8727830 None None] publish_errors = False {{(pid=100050) log_opt_values /opt/stack/data/venv/lib/python3.12/site-packages/oslo_config/cfg.py:3242}}
Jul 22 16:45:25.761557 np0000005639 devstack@g-api.service[100050]: DEBUG glance.common.config [None req-e4804829-dcd8-42cf-926f-3136b8727830 None None] pydev_worker_debug_host = None {{(pid=100050) log_opt_values /opt/stack/data/venv/lib/python3.12/site-packages/oslo_config/cfg.py:3242}}
Jul 22 16:45:25.761675 np0000005639 devstack@g-api.service[100050]: DEBUG glance.common.config [None req-e4804829-dcd8-42cf-926f-3136b8727830 None None] pydev_worker_debug_port = 5678 {{(pid=100050) log_opt_values /opt/stack/data/venv/lib/python3.12/site-packages/oslo_config/cfg.py:3242}}
Jul 22 16:45:25.761765 np0000005639 devstack@g-api.service[100050]: DEBUG glance.common.config [None req-e4804829-dcd8-42cf-926f-3136b8727830 None None] rate_limit_burst = 0 {{(pid=100050) log_opt_values /opt/stack/data/venv/lib/python3.12/site-packages/oslo_config/cfg.py:3242}}
Jul 22 16:45:25.761855 np0000005639 devstack@g-api.service[100050]: DEBUG glance.common.config [None req-e4804829-dcd8-42cf-926f-3136b8727830 None None] rate_limit_except_level = CRITICAL {{(pid=100050) log_opt_values /opt/stack/data/venv/lib/python3.12/site-packages/oslo_config/cfg.py:3242}}
Jul 22 16:45:25.761940 np0000005639 devstack@g-api.service[100050]: DEBUG glance.common.config [None req-e4804829-dcd8-42cf-926f-3136b8727830 None None] rate_limit_interval = 0 {{(pid=100050) log_opt_values /opt/stack/data/venv/lib/python3.12/site-packages/oslo_config/cfg.py:3242}}
Jul 22 16:45:25.762033 np0000005639 devstack@g-api.service[100050]: DEBUG glance.common.config [None req-e4804829-dcd8-42cf-926f-3136b8727830 None None] scrub_pool_size = 1 {{(pid=100050) log_opt_values /opt/stack/data/venv/lib/python3.12/site-packages/oslo_config/cfg.py:3242}}
Jul 22 16:45:25.762128 np0000005639 devstack@g-api.service[100050]: DEBUG glance.common.config [None req-e4804829-dcd8-42cf-926f-3136b8727830 None None] scrub_time = 0 {{(pid=100050) log_opt_values /opt/stack/data/venv/lib/python3.12/site-packages/oslo_config/cfg.py:3242}}
Jul 22 16:45:25.762215 np0000005639 devstack@g-api.service[100050]: DEBUG glance.common.config [None req-e4804829-dcd8-42cf-926f-3136b8727830 None None] shell_completion = None {{(pid=100050) log_opt_values /opt/stack/data/venv/lib/python3.12/site-packages/oslo_config/cfg.py:3242}}
Jul 22 16:45:25.762308 np0000005639 devstack@g-api.service[100050]: DEBUG glance.common.config [None req-e4804829-dcd8-42cf-926f-3136b8727830 None None] show_image_direct_url = False {{(pid=100050) log_opt_values /opt/stack/data/venv/lib/python3.12/site-packages/oslo_config/cfg.py:3242}}
Jul 22 16:45:25.762491 np0000005639 devstack@g-api.service[100050]: WARNING oslo_config.cfg [None req-e4804829-dcd8-42cf-926f-3136b8727830 None None] Deprecated: Option "show_multiple_locations" from group "DEFAULT" is deprecated for removal (Use of this option, deprecated since Newton, is a security risk and will be removed once we figure out a way to satisfy those use cases that currently require it. An earlier announcement that the same functionality can be achieved with greater granularity by using policies is incorrect. You cannot work around this option via policy configuration at the present time, though that is the direction we believe the fix will take. Please keep an eye on the Glance release notes to stay up to date on progress in addressing this issue.). Its value may be silently ignored in the future.
Jul 22 16:45:25.762590 np0000005639 devstack@g-api.service[100050]: DEBUG glance.common.config [None req-e4804829-dcd8-42cf-926f-3136b8727830 None None] show_multiple_locations = False {{(pid=100050) log_opt_values /opt/stack/data/venv/lib/python3.12/site-packages/oslo_config/cfg.py:3242}}
Jul 22 16:45:25.762687 np0000005639 devstack@g-api.service[100050]: DEBUG glance.common.config [None req-e4804829-dcd8-42cf-926f-3136b8727830 None None] syslog_log_facility = LOG_USER {{(pid=100050) log_opt_values /opt/stack/data/venv/lib/python3.12/site-packages/oslo_config/cfg.py:3242}}
Jul 22 16:45:25.762801 np0000005639 devstack@g-api.service[100050]: DEBUG glance.common.config [None req-e4804829-dcd8-42cf-926f-3136b8727830 None None] transport_url = **** {{(pid=100050) log_opt_values /opt/stack/data/venv/lib/python3.12/site-packages/oslo_config/cfg.py:3242}}
Jul 22 16:45:25.762921 np0000005639 devstack@g-api.service[100050]: DEBUG glance.common.config [None req-e4804829-dcd8-42cf-926f-3136b8727830 None None] use_journal = False {{(pid=100050) log_opt_values /opt/stack/data/venv/lib/python3.12/site-packages/oslo_config/cfg.py:3242}}
Jul 22 16:45:25.763028 np0000005639 devstack@g-api.service[100050]: DEBUG glance.common.config [None req-e4804829-dcd8-42cf-926f-3136b8727830 None None] use_json = False {{(pid=100050) log_opt_values /opt/stack/data/venv/lib/python3.12/site-packages/oslo_config/cfg.py:3242}}
Jul 22 16:45:25.763149 np0000005639 devstack@g-api.service[100050]: DEBUG glance.common.config [None req-e4804829-dcd8-42cf-926f-3136b8727830 None None] use_keystone_limits = True {{(pid=100050) log_opt_values /opt/stack/data/venv/lib/python3.12/site-packages/oslo_config/cfg.py:3242}}
Jul 22 16:45:25.763275 np0000005639 devstack@g-api.service[100050]: DEBUG glance.common.config [None req-e4804829-dcd8-42cf-926f-3136b8727830 None None] use_stderr = False {{(pid=100050) log_opt_values /opt/stack/data/venv/lib/python3.12/site-packages/oslo_config/cfg.py:3242}}
Jul 22 16:45:25.763406 np0000005639 devstack@g-api.service[100050]: DEBUG glance.common.config [None req-e4804829-dcd8-42cf-926f-3136b8727830 None None] use_syslog = False {{(pid=100050) log_opt_values /opt/stack/data/venv/lib/python3.12/site-packages/oslo_config/cfg.py:3242}}
Jul 22 16:45:25.763528 np0000005639 devstack@g-api.service[100050]: DEBUG glance.common.config [None req-e4804829-dcd8-42cf-926f-3136b8727830 None None] user_storage_quota = 0 {{(pid=100050) log_opt_values /opt/stack/data/venv/lib/python3.12/site-packages/oslo_config/cfg.py:3242}}
Jul 22 16:45:25.763626 np0000005639 devstack@g-api.service[100050]: DEBUG glance.common.config [None req-e4804829-dcd8-42cf-926f-3136b8727830 None None] worker_self_reference_url = http://127.0.0.1:60999 {{(pid=100050) log_opt_values /opt/stack/data/venv/lib/python3.12/site-packages/oslo_config/cfg.py:3242}}
Jul 22 16:45:25.763727 np0000005639 devstack@g-api.service[100050]: DEBUG glance.common.config [None req-e4804829-dcd8-42cf-926f-3136b8727830 None None] oslo_concurrency.disable_process_locking = False {{(pid=100050) log_opt_values /opt/stack/data/venv/lib/python3.12/site-packages/oslo_config/cfg.py:3253}}
Jul 22 16:45:25.763823 np0000005639 devstack@g-api.service[100050]: DEBUG glance.common.config [None req-e4804829-dcd8-42cf-926f-3136b8727830 None None] oslo_concurrency.lock_path = /opt/stack/data/glance/locks {{(pid=100050) log_opt_values /opt/stack/data/venv/lib/python3.12/site-packages/oslo_config/cfg.py:3253}}
Jul 22 16:45:25.763924 np0000005639 devstack@g-api.service[100050]: DEBUG glance.common.config [None req-e4804829-dcd8-42cf-926f-3136b8727830 None None] oslo_middleware.enable_proxy_headers_parsing = False {{(pid=100050) log_opt_values /opt/stack/data/venv/lib/python3.12/site-packages/oslo_config/cfg.py:3253}}
Jul 22 16:45:25.764023 np0000005639 devstack@g-api.service[100050]: DEBUG glance.common.config [None req-e4804829-dcd8-42cf-926f-3136b8727830 None None] oslo_middleware.http_basic_auth_user_file = /etc/htpasswd {{(pid=100050) log_opt_values /opt/stack/data/venv/lib/python3.12/site-packages/oslo_config/cfg.py:3253}}
Jul 22 16:45:25.764124 np0000005639 devstack@g-api.service[100050]: DEBUG glance.common.config [None req-e4804829-dcd8-42cf-926f-3136b8727830 None None] paste_deploy.config_file = None {{(pid=100050) log_opt_values /opt/stack/data/venv/lib/python3.12/site-packages/oslo_config/cfg.py:3253}}
Jul 22 16:45:25.764166 np0000005639 devstack@g-api.service[100048]: DEBUG glance.image_cache.drivers.centralized_db [None req-a6d75b2b-c61b-4376-ba01-e2391b6f78c2 None None] Node reference is already recorded, ignoring it {{(pid=100048) configure /opt/stack/glance/glance/image_cache/drivers/centralized_db.py:71}}
Jul 22 16:45:25.764229 np0000005639 devstack@g-api.service[100050]: DEBUG glance.common.config [None req-e4804829-dcd8-42cf-926f-3136b8727830 None None] paste_deploy.flavor = keystone+cachemanagement {{(pid=100050) log_opt_values /opt/stack/data/venv/lib/python3.12/site-packages/oslo_config/cfg.py:3253}}
Jul 22 16:45:25.764355 np0000005639 devstack@g-api.service[100050]: DEBUG glance.common.config [None req-e4804829-dcd8-42cf-926f-3136b8727830 None None] image_format.container_formats = ['ami', 'ari', 'aki', 'bare', 'ovf', 'ova', 'docker', 'compressed'] {{(pid=100050) log_opt_values /opt/stack/data/venv/lib/python3.12/site-packages/oslo_config/cfg.py:3253}}
Jul 22 16:45:25.764483 np0000005639 devstack@g-api.service[100050]: DEBUG glance.common.config [None req-e4804829-dcd8-42cf-926f-3136b8727830 None None] image_format.disk_formats = ['ami', 'ari', 'aki', 'vhd', 'vhdx', 'vmdk', 'raw', 'qcow2', 'vdi', 'iso', 'ploop'] {{(pid=100050) log_opt_values /opt/stack/data/venv/lib/python3.12/site-packages/oslo_config/cfg.py:3253}}
Jul 22 16:45:25.764578 np0000005639 devstack@g-api.service[100050]: DEBUG glance.common.config [None req-e4804829-dcd8-42cf-926f-3136b8727830 None None] image_format.gpt_safety_checks_nonfatal = [] {{(pid=100050) log_opt_values /opt/stack/data/venv/lib/python3.12/site-packages/oslo_config/cfg.py:3253}}
Jul 22 16:45:25.764673 np0000005639 devstack@g-api.service[100050]: DEBUG glance.common.config [None req-e4804829-dcd8-42cf-926f-3136b8727830 None None] image_format.require_image_format_match = True {{(pid=100050) log_opt_values /opt/stack/data/venv/lib/python3.12/site-packages/oslo_config/cfg.py:3253}}
Jul 22 16:45:25.764775 np0000005639 devstack@g-api.service[100050]: DEBUG glance.common.config [None req-e4804829-dcd8-42cf-926f-3136b8727830 None None] image_format.vmdk_allowed_types = ['streamOptimized', 'monolithicSparse'] {{(pid=100050) log_opt_values /opt/stack/data/venv/lib/python3.12/site-packages/oslo_config/cfg.py:3253}}
Jul 22 16:45:25.764872 np0000005639 devstack@g-api.service[100050]: DEBUG glance.common.config [None req-e4804829-dcd8-42cf-926f-3136b8727830 None None] task.task_executor = taskflow {{(pid=100050) log_opt_values /opt/stack/data/venv/lib/python3.12/site-packages/oslo_config/cfg.py:3253}}
Jul 22 16:45:25.764972 np0000005639 devstack@g-api.service[100050]: DEBUG glance.common.config [None req-e4804829-dcd8-42cf-926f-3136b8727830 None None] task.task_time_to_live = 48 {{(pid=100050) log_opt_values /opt/stack/data/venv/lib/python3.12/site-packages/oslo_config/cfg.py:3253}}
Jul 22 16:45:25.765058 np0000005639 devstack@g-api.service[100050]: DEBUG glance.common.config [None req-e4804829-dcd8-42cf-926f-3136b8727830 None None] task.work_dir = None {{(pid=100050) log_opt_values /opt/stack/data/venv/lib/python3.12/site-packages/oslo_config/cfg.py:3253}}
Jul 22 16:45:25.765174 np0000005639 devstack@g-api.service[100050]: DEBUG glance.common.config [None req-e4804829-dcd8-42cf-926f-3136b8727830 None None] wsgi.python_interpreter = /opt/stack/data/venv/bin/python3 {{(pid=100050) log_opt_values /opt/stack/data/venv/lib/python3.12/site-packages/oslo_config/cfg.py:3253}}
Jul 22 16:45:25.765261 np0000005639 devstack@g-api.service[100050]: DEBUG glance.common.config [None req-e4804829-dcd8-42cf-926f-3136b8727830 None None] wsgi.task_pool_threads = 16 {{(pid=100050) log_opt_values /opt/stack/data/venv/lib/python3.12/site-packages/oslo_config/cfg.py:3253}}
Jul 22 16:45:25.765355 np0000005639 devstack@g-api.service[100050]: DEBUG glance.common.config [None req-e4804829-dcd8-42cf-926f-3136b8727830 None None] import_filtering_opts.allowed_hosts = [] {{(pid=100050) log_opt_values /opt/stack/data/venv/lib/python3.12/site-packages/oslo_config/cfg.py:3253}}
Jul 22 16:45:25.765448 np0000005639 devstack@g-api.service[100050]: DEBUG glance.common.config [None req-e4804829-dcd8-42cf-926f-3136b8727830 None None] import_filtering_opts.allowed_ports = [80, 443] {{(pid=100050) log_opt_values /opt/stack/data/venv/lib/python3.12/site-packages/oslo_config/cfg.py:3253}}
Jul 22 16:45:25.765548 np0000005639 devstack@g-api.service[100050]: DEBUG glance.common.config [None req-e4804829-dcd8-42cf-926f-3136b8727830 None None] import_filtering_opts.allowed_schemes = ['http', 'https'] {{(pid=100050) log_opt_values /opt/stack/data/venv/lib/python3.12/site-packages/oslo_config/cfg.py:3253}}
Jul 22 16:45:25.765637 np0000005639 devstack@g-api.service[100050]: DEBUG glance.common.config [None req-e4804829-dcd8-42cf-926f-3136b8727830 None None] import_filtering_opts.disallowed_hosts = [] {{(pid=100050) log_opt_values /opt/stack/data/venv/lib/python3.12/site-packages/oslo_config/cfg.py:3253}}
