Jul 03 03:32:43.948748 np0000004361 devstack@g-api.service[99623]: DEBUG glance_store.capabilities [-] Store glance_store._drivers.http.Store doesn't support updating dynamic storage capabilities. Please overwrite 'update_capabilities' method of the store to implement updating logics if needed. {{(pid=99623) update_capabilities /opt/stack/data/venv/lib/python3.12/site-packages/glance_store/capabilities.py:91}}
Jul 03 03:32:43.948817 np0000004361 devstack@g-api.service[99623]: DEBUG glance_store.backend [-] Registering store http with schemes ('http', 'https') {{(pid=99623) create_stores /opt/stack/data/venv/lib/python3.12/site-packages/glance_store/backend.py:261}}
Jul 03 03:32:43.948867 np0000004361 devstack@g-api.service[99623]: DEBUG glance_store.driver [-] Late loading location class glance_store._drivers.http.StoreLocation {{(pid=99623) get_store_location_class /opt/stack/data/venv/lib/python3.12/site-packages/glance_store/driver.py:134}}
Jul 03 03:32:43.948907 np0000004361 devstack@g-api.service[99623]: DEBUG glance_store.location [-] Registering scheme http with {'store': , 'location_class': , 'store_entry': 'http'} {{(pid=99623) register_scheme_map /opt/stack/data/venv/lib/python3.12/site-packages/glance_store/location.py:146}}
Jul 03 03:32:43.948946 np0000004361 devstack@g-api.service[99623]: DEBUG glance_store.location [-] Registering scheme https with {'store': , 'location_class': , 'store_entry': 'http'} {{(pid=99623) register_scheme_map /opt/stack/data/venv/lib/python3.12/site-packages/glance_store/location.py:146}}
Jul 03 03:32:43.948998 np0000004361 devstack@g-api.service[99623]: DEBUG glance_store.backend [-] Attempting to import store file {{(pid=99623) _load_store /opt/stack/data/venv/lib/python3.12/site-packages/glance_store/backend.py:215}}
Jul 03 03:32:43.949409 np0000004361 devstack@g-api.service[99623]: DEBUG glance_store.capabilities [-] Store glance_store._drivers.filesystem.Store doesn't support updating dynamic storage capabilities. Please overwrite 'update_capabilities' method of the store to implement updating logics if needed. {{(pid=99623) update_capabilities /opt/stack/data/venv/lib/python3.12/site-packages/glance_store/capabilities.py:91}}
Jul 03 03:32:43.949476 np0000004361 devstack@g-api.service[99623]: DEBUG glance_store.backend [-] Registering store file with schemes ('file', 'filesystem') {{(pid=99623) create_stores /opt/stack/data/venv/lib/python3.12/site-packages/glance_store/backend.py:261}}
Jul 03 03:32:43.949525 np0000004361 devstack@g-api.service[99623]: DEBUG glance_store.driver [-] Late loading location class glance_store._drivers.filesystem.StoreLocation {{(pid=99623) get_store_location_class /opt/stack/data/venv/lib/python3.12/site-packages/glance_store/driver.py:134}}
Jul 03 03:32:43.949583 np0000004361 devstack@g-api.service[99623]: DEBUG glance_store.location [-] Registering scheme file with {'store': , 'location_class': , 'store_entry': 'file'} {{(pid=99623) register_scheme_map /opt/stack/data/venv/lib/python3.12/site-packages/glance_store/location.py:146}}
Jul 03 03:32:43.949634 np0000004361 devstack@g-api.service[99623]: DEBUG glance_store.location [-] Registering scheme filesystem with {'store': , 'location_class': , 'store_entry': 'file'} {{(pid=99623) register_scheme_map /opt/stack/data/venv/lib/python3.12/site-packages/glance_store/location.py:146}}
Jul 03 03:32:43.949764 np0000004361 devstack@g-api.service[99623]: DEBUG glance_store.backend [-] Attempting to import store swift {{(pid=99623) _load_store /opt/stack/data/venv/lib/python3.12/site-packages/glance_store/backend.py:215}}
Jul 03 03:32:43.950999 np0000004361 devstack@g-api.service[99623]: DEBUG glance_store.capabilities [-] Store glance_store._drivers.swift.store.SingleTenantStore doesn't support updating dynamic storage capabilities. Please overwrite 'update_capabilities' method of the store to implement updating logics if needed. {{(pid=99623) update_capabilities /opt/stack/data/venv/lib/python3.12/site-packages/glance_store/capabilities.py:91}}
Jul 03 03:32:43.951062 np0000004361 devstack@g-api.service[99623]: DEBUG glance_store.driver [-] Late loading location class glance_store._drivers.swift.store.StoreLocation {{(pid=99623) get_store_location_class /opt/stack/data/venv/lib/python3.12/site-packages/glance_store/driver.py:134}}
Jul 03 03:32:43.951100 np0000004361 devstack@g-api.service[99623]: DEBUG glance_store.location [-] Registering scheme swift+https with {'store': , 'location_class': , 'store_entry': 'swift'} {{(pid=99623) register_scheme_map /opt/stack/data/venv/lib/python3.12/site-packages/glance_store/location.py:146}}
Jul 03 03:32:43.951194 np0000004361 devstack@g-api.service[99623]: DEBUG glance_store.location [-] Registering scheme swift+https with {'store': , 'location_class': , 'store_entry': 'swift'} {{(pid=99623) register_scheme_map /opt/stack/data/venv/lib/python3.12/site-packages/glance_store/location.py:146}}
Jul 03 03:32:43.951246 np0000004361 devstack@g-api.service[99623]: DEBUG glance_store.location [-] Registering scheme swift with {'store': , 'location_class': , 'store_entry': 'swift'} {{(pid=99623) register_scheme_map /opt/stack/data/venv/lib/python3.12/site-packages/glance_store/location.py:146}}
Jul 03 03:32:43.951284 np0000004361 devstack@g-api.service[99623]: DEBUG glance_store.location [-] Registering scheme swift+https with {'store': , 'location_class': , 'store_entry': 'swift'} {{(pid=99623) register_scheme_map /opt/stack/data/venv/lib/python3.12/site-packages/glance_store/location.py:146}}
Jul 03 03:32:43.951349 np0000004361 devstack@g-api.service[99623]: DEBUG glance_store.location [-] Registering scheme swift with {'store': , 'location_class': , 'store_entry': 'swift'} {{(pid=99623) register_scheme_map /opt/stack/data/venv/lib/python3.12/site-packages/glance_store/location.py:146}}
Jul 03 03:32:43.951398 np0000004361 devstack@g-api.service[99623]: DEBUG glance_store.location [-] Registering scheme swift+http with {'store': , 'location_class': , 'store_entry': 'swift'} {{(pid=99623) register_scheme_map /opt/stack/data/venv/lib/python3.12/site-packages/glance_store/location.py:146}}
Jul 03 03:32:43.951438 np0000004361 devstack@g-api.service[99623]: DEBUG glance_store.location [-] Registering scheme swift+https with {'store': , 'location_class': , 'store_entry': 'swift'} {{(pid=99623) register_scheme_map /opt/stack/data/venv/lib/python3.12/site-packages/glance_store/location.py:146}}
Jul 03 03:32:43.951488 np0000004361 devstack@g-api.service[99623]: DEBUG glance_store.location [-] Registering scheme swift with {'store': , 'location_class': , 'store_entry': 'swift'} {{(pid=99623) register_scheme_map /opt/stack/data/venv/lib/python3.12/site-packages/glance_store/location.py:146}}
Jul 03 03:32:43.951547 np0000004361 devstack@g-api.service[99623]: DEBUG glance_store.location [-] Registering scheme swift+http with {'store': , 'location_class': , 'store_entry': 'swift'} {{(pid=99623) register_scheme_map /opt/stack/data/venv/lib/python3.12/site-packages/glance_store/location.py:146}}
Jul 03 03:32:43.951592 np0000004361 devstack@g-api.service[99623]: DEBUG glance_store.location [-] Registering scheme swift+config with {'store': , 'location_class': , 'store_entry': 'swift'} {{(pid=99623) register_scheme_map /opt/stack/data/venv/lib/python3.12/site-packages/glance_store/location.py:146}}
Jul 03 03:32:43.951892 np0000004361 devstack@g-api.service[99623]: DEBUG glance.sqlite_migration [-] SQLite caching database not located, skipping migration {{(pid=99623) get_db_path /opt/stack/glance/glance/sqlite_migration.py:68}}
Jul 03 03:32:43.952168 np0000004361 devstack@g-api.service[99623]: WARNING glance.common.wsgi_app [-] Import methods are enabled but staging directory /tmp/staging/ does not exist; Imports will fail!
Jul 03 03:32:44.014150 np0000004361 devstack@g-api.service[99624]: DEBUG glance.common.config [None req-d17b811f-cea9-4b47-a860-43818f933cd8 None None] Loading glance-api-keystone+cachemanagement from /etc/glance/glance-api-paste.ini {{(pid=99624) load_paste_app /opt/stack/glance/glance/common/config.py:765}}
Jul 03 03:32:44.025367 np0000004361 devstack@g-api.service[99622]: DEBUG glance.common.config [None req-a82d29af-b84b-45be-9384-c1c49653aa0c None None] Loading glance-api-keystone+cachemanagement from /etc/glance/glance-api-paste.ini {{(pid=99622) load_paste_app /opt/stack/glance/glance/common/config.py:765}}
Jul 03 03:32:44.096971 np0000004361 devstack@g-api.service[99623]: DEBUG glance.common.config [None req-e2ec5116-bb93-4724-a7bf-2984ce6aeae5 None None] Loading glance-api-keystone+cachemanagement from /etc/glance/glance-api-paste.ini {{(pid=99623) load_paste_app /opt/stack/glance/glance/common/config.py:765}}
Jul 03 03:32:44.662618 np0000004361 devstack@g-api.service[99624]: INFO glance.image_cache [None req-d17b811f-cea9-4b47-a860-43818f933cd8 None None] Image cache loaded driver 'centralized_db'.
Jul 03 03:32:44.665769 np0000004361 devstack@g-api.service[99622]: INFO glance.image_cache [None req-a82d29af-b84b-45be-9384-c1c49653aa0c None None] Image cache loaded driver 'centralized_db'.
Jul 03 03:32:44.684077 np0000004361 devstack@g-api.service[99623]: INFO glance.image_cache [None req-e2ec5116-bb93-4724-a7bf-2984ce6aeae5 None None] Image cache loaded driver 'centralized_db'.
Jul 03 03:32:44.712760 np0000004361 devstack@g-api.service[99622]: INFO dbcounter [None req-a82d29af-b84b-45be-9384-c1c49653aa0c None None] Registered counter for database glance
Jul 03 03:32:44.723408 np0000004361 devstack@g-api.service[99624]: INFO dbcounter [None req-d17b811f-cea9-4b47-a860-43818f933cd8 None None] Registered counter for database glance
Jul 03 03:32:44.733829 np0000004361 devstack@g-api.service[99623]: INFO dbcounter [None req-e2ec5116-bb93-4724-a7bf-2984ce6aeae5 None None] Registered counter for database glance
Jul 03 03:32:44.754589 np0000004361 devstack@g-api.service[99622]: DEBUG oslo_db.sqlalchemy.engines [None req-a82d29af-b84b-45be-9384-c1c49653aa0c None None] MySQL server mode set to STRICT_TRANS_TABLES,STRICT_ALL_TABLES,NO_ZERO_IN_DATE,NO_ZERO_DATE,ERROR_FOR_DIVISION_BY_ZERO,TRADITIONAL,NO_ENGINE_SUBSTITUTION {{(pid=99622) _check_effective_sql_mode /opt/stack/data/venv/lib/python3.12/site-packages/oslo_db/sqlalchemy/engines.py:325}}
Jul 03 03:32:44.774796 np0000004361 devstack@g-api.service[99623]: DEBUG oslo_db.sqlalchemy.engines [None req-e2ec5116-bb93-4724-a7bf-2984ce6aeae5 None None] MySQL server mode set to STRICT_TRANS_TABLES,STRICT_ALL_TABLES,NO_ZERO_IN_DATE,NO_ZERO_DATE,ERROR_FOR_DIVISION_BY_ZERO,TRADITIONAL,NO_ENGINE_SUBSTITUTION {{(pid=99623) _check_effective_sql_mode /opt/stack/data/venv/lib/python3.12/site-packages/oslo_db/sqlalchemy/engines.py:325}}
Jul 03 03:32:44.778204 np0000004361 devstack@g-api.service[99624]: DEBUG oslo_db.sqlalchemy.engines [None req-d17b811f-cea9-4b47-a860-43818f933cd8 None None] MySQL server mode set to STRICT_TRANS_TABLES,STRICT_ALL_TABLES,NO_ZERO_IN_DATE,NO_ZERO_DATE,ERROR_FOR_DIVISION_BY_ZERO,TRADITIONAL,NO_ENGINE_SUBSTITUTION {{(pid=99624) _check_effective_sql_mode /opt/stack/data/venv/lib/python3.12/site-packages/oslo_db/sqlalchemy/engines.py:325}}
Jul 03 03:32:44.779679 np0000004361 devstack@g-api.service[99622]: DEBUG dbcounter [-] [99622] Writer thread running {{(pid=99622) stat_writer /opt/stack/data/venv/lib/python3.12/site-packages/dbcounter.py:102}}
Jul 03 03:32:44.794939 np0000004361 devstack@g-api.service[99622]: INFO glance.image_cache [None req-a82d29af-b84b-45be-9384-c1c49653aa0c None None] Image cache loaded driver 'centralized_db'.
Jul 03 03:32:44.798658 np0000004361 devstack@g-api.service[99623]: DEBUG dbcounter [-] [99623] Writer thread running {{(pid=99623) stat_writer /opt/stack/data/venv/lib/python3.12/site-packages/dbcounter.py:102}}
Jul 03 03:32:44.803205 np0000004361 devstack@g-api.service[99623]: DEBUG glance.image_cache.drivers.centralized_db [None req-e2ec5116-bb93-4724-a7bf-2984ce6aeae5 None None] Node reference is already recorded, ignoring it {{(pid=99623) configure /opt/stack/glance/glance/image_cache/drivers/centralized_db.py:71}}
Jul 03 03:32:44.804870 np0000004361 devstack@g-api.service[99622]: DEBUG glance.image_cache.drivers.centralized_db [None req-a82d29af-b84b-45be-9384-c1c49653aa0c None None] Node reference is already recorded, ignoring it {{(pid=99622) configure /opt/stack/glance/glance/image_cache/drivers/centralized_db.py:71}}
Jul 03 03:32:44.805906 np0000004361 devstack@g-api.service[99624]: DEBUG dbcounter [-] [99624] Writer thread running {{(pid=99624) stat_writer /opt/stack/data/venv/lib/python3.12/site-packages/dbcounter.py:102}}
Jul 03 03:32:44.809916 np0000004361 devstack@g-api.service[99623]: INFO glance.image_cache [None req-e2ec5116-bb93-4724-a7bf-2984ce6aeae5 None None] Image cache loaded driver 'centralized_db'.
Jul 03 03:32:44.811809 np0000004361 devstack@g-api.service[99624]: DEBUG glance.image_cache.drivers.centralized_db [None req-d17b811f-cea9-4b47-a860-43818f933cd8 None None] Node reference is already recorded, ignoring it {{(pid=99624) configure /opt/stack/glance/glance/image_cache/drivers/centralized_db.py:71}}
Jul 03 03:32:44.820778 np0000004361 devstack@g-api.service[99624]: INFO glance.image_cache [None req-d17b811f-cea9-4b47-a860-43818f933cd8 None None] Image cache loaded driver 'centralized_db'.
Jul 03 03:32:44.913844 np0000004361 devstack@g-api.service[99622]: DEBUG glance.api.v2.cached_images [None req-a82d29af-b84b-45be-9384-c1c49653aa0c None None] Started cache worker thread {{(pid=99622) __init__ /opt/stack/glance/glance/api/v2/cached_images.py:69}}
Jul 03 03:32:44.914497 np0000004361 devstack@g-api.service[99622]: INFO glance.image_cache [None req-a82d29af-b84b-45be-9384-c1c49653aa0c None None] Image cache loaded driver 'centralized_db'.
Jul 03 03:32:44.916179 np0000004361 devstack@g-api.service[99623]: DEBUG glance.image_cache.drivers.centralized_db [None req-e2ec5116-bb93-4724-a7bf-2984ce6aeae5 None None] Node reference is already recorded, ignoring it {{(pid=99623) configure /opt/stack/glance/glance/image_cache/drivers/centralized_db.py:71}}
Jul 03 03:32:44.921228 np0000004361 devstack@g-api.service[99623]: DEBUG glance.api.v2.cached_images [None req-e2ec5116-bb93-4724-a7bf-2984ce6aeae5 None None] Started cache worker thread {{(pid=99623) __init__ /opt/stack/glance/glance/api/v2/cached_images.py:69}}
Jul 03 03:32:44.921337 np0000004361 devstack@g-api.service[99622]: DEBUG glance.image_cache.drivers.centralized_db [None req-a82d29af-b84b-45be-9384-c1c49653aa0c None None] Node reference is already recorded, ignoring it {{(pid=99622) configure /opt/stack/glance/glance/image_cache/drivers/centralized_db.py:71}}
Jul 03 03:32:44.921920 np0000004361 devstack@g-api.service[99623]: INFO glance.image_cache [None req-e2ec5116-bb93-4724-a7bf-2984ce6aeae5 None None] Image cache loaded driver 'centralized_db'.
Jul 03 03:32:44.925851 np0000004361 devstack@g-api.service[99622]: INFO glance.api.middleware.cache_manage [None req-a82d29af-b84b-45be-9384-c1c49653aa0c None None] Initialized image cache management middleware
Jul 03 03:32:44.925988 np0000004361 devstack@g-api.service[99622]: INFO glance.image_cache [None req-a82d29af-b84b-45be-9384-c1c49653aa0c None None] Image cache loaded driver 'centralized_db'.
Jul 03 03:32:44.931563 np0000004361 devstack@g-api.service[99623]: DEBUG glance.image_cache.drivers.centralized_db [None req-e2ec5116-bb93-4724-a7bf-2984ce6aeae5 None None] Node reference is already recorded, ignoring it {{(pid=99623) configure /opt/stack/glance/glance/image_cache/drivers/centralized_db.py:71}}
Jul 03 03:32:44.934047 np0000004361 devstack@g-api.service[99622]: DEBUG glance.image_cache.drivers.centralized_db [None req-a82d29af-b84b-45be-9384-c1c49653aa0c None None] Node reference is already recorded, ignoring it {{(pid=99622) configure /opt/stack/glance/glance/image_cache/drivers/centralized_db.py:71}}
Jul 03 03:32:44.937367 np0000004361 devstack@g-api.service[99622]: INFO glance.api.middleware.cache [None req-a82d29af-b84b-45be-9384-c1c49653aa0c None None] Initialized image cache middleware
Jul 03 03:32:44.937981 np0000004361 devstack@g-api.service[99623]: INFO glance.api.middleware.cache_manage [None req-e2ec5116-bb93-4724-a7bf-2984ce6aeae5 None None] Initialized image cache management middleware
Jul 03 03:32:44.938183 np0000004361 devstack@g-api.service[99623]: INFO glance.image_cache [None req-e2ec5116-bb93-4724-a7bf-2984ce6aeae5 None None] Image cache loaded driver 'centralized_db'.
Jul 03 03:32:44.941457 np0000004361 devstack@g-api.service[99624]: DEBUG glance.image_cache.drivers.centralized_db [None req-d17b811f-cea9-4b47-a860-43818f933cd8 None None] Node reference is already recorded, ignoring it {{(pid=99624) configure /opt/stack/glance/glance/image_cache/drivers/centralized_db.py:71}}
Jul 03 03:32:44.947827 np0000004361 devstack@g-api.service[99623]: DEBUG glance.image_cache.drivers.centralized_db [None req-e2ec5116-bb93-4724-a7bf-2984ce6aeae5 None None] Node reference is already recorded, ignoring it {{(pid=99623) configure /opt/stack/glance/glance/image_cache/drivers/centralized_db.py:71}}
Jul 03 03:32:44.948167 np0000004361 devstack@g-api.service[99622]: DEBUG glance.common.config [None req-a82d29af-b84b-45be-9384-c1c49653aa0c None None] ******************************************************************************** {{(pid=99622) log_opt_values /opt/stack/data/venv/lib/python3.12/site-packages/oslo_config/cfg.py:3226}}
Jul 03 03:32:44.948167 np0000004361 devstack@g-api.service[99622]: DEBUG glance.common.config [None req-a82d29af-b84b-45be-9384-c1c49653aa0c None None] Configuration options gathered from: {{(pid=99622) log_opt_values /opt/stack/data/venv/lib/python3.12/site-packages/oslo_config/cfg.py:3227}}
Jul 03 03:32:44.948252 np0000004361 devstack@g-api.service[99624]: DEBUG glance.api.v2.cached_images [None req-d17b811f-cea9-4b47-a860-43818f933cd8 None None] Started cache worker thread {{(pid=99624) __init__ /opt/stack/glance/glance/api/v2/cached_images.py:69}}
Jul 03 03:32:44.948364 np0000004361 devstack@g-api.service[99622]: DEBUG glance.common.config [None req-a82d29af-b84b-45be-9384-c1c49653aa0c None None] command line args: [] {{(pid=99622) log_opt_values /opt/stack/data/venv/lib/python3.12/site-packages/oslo_config/cfg.py:3228}}
Jul 03 03:32:44.948506 np0000004361 devstack@g-api.service[99622]: DEBUG glance.common.config [None req-a82d29af-b84b-45be-9384-c1c49653aa0c None None] config files: ['/etc/glance/glance-image-import.conf', '/etc/glance/glance-api.conf'] {{(pid=99622) log_opt_values /opt/stack/data/venv/lib/python3.12/site-packages/oslo_config/cfg.py:3229}}
Jul 03 03:32:44.948606 np0000004361 devstack@g-api.service[99622]: DEBUG glance.common.config [None req-a82d29af-b84b-45be-9384-c1c49653aa0c None None] ================================================================================ {{(pid=99622) log_opt_values /opt/stack/data/venv/lib/python3.12/site-packages/oslo_config/cfg.py:3234}}
Jul 03 03:32:44.948772 np0000004361 devstack@g-api.service[99622]: DEBUG glance.common.config [None req-a82d29af-b84b-45be-9384-c1c49653aa0c None None] allow_anonymous_access = False {{(pid=99622) log_opt_values /opt/stack/data/venv/lib/python3.12/site-packages/oslo_config/cfg.py:3242}}
Jul 03 03:32:44.948828 np0000004361 devstack@g-api.service[99624]: INFO glance.image_cache [None req-d17b811f-cea9-4b47-a860-43818f933cd8 None None] Image cache loaded driver 'centralized_db'.
Jul 03 03:32:44.948882 np0000004361 devstack@g-api.service[99622]: DEBUG glance.common.config [None req-a82d29af-b84b-45be-9384-c1c49653aa0c None None] api_limit_max = 1000 {{(pid=99622) log_opt_values /opt/stack/data/venv/lib/python3.12/site-packages/oslo_config/cfg.py:3242}}
Jul 03 03:32:44.948978 np0000004361 devstack@g-api.service[99622]: DEBUG glance.common.config [None req-a82d29af-b84b-45be-9384-c1c49653aa0c None None] backlog = 4096 {{(pid=99622) log_opt_values /opt/stack/data/venv/lib/python3.12/site-packages/oslo_config/cfg.py:3242}}
Jul 03 03:32:44.949098 np0000004361 devstack@g-api.service[99622]: DEBUG glance.common.config [None req-a82d29af-b84b-45be-9384-c1c49653aa0c None None] bind_host = 0.0.0.0 {{(pid=99622) log_opt_values /opt/stack/data/venv/lib/python3.12/site-packages/oslo_config/cfg.py:3242}}
Jul 03 03:32:44.949213 np0000004361 devstack@g-api.service[99622]: DEBUG glance.common.config [None req-a82d29af-b84b-45be-9384-c1c49653aa0c None None] bind_port = 19292 {{(pid=99622) log_opt_values /opt/stack/data/venv/lib/python3.12/site-packages/oslo_config/cfg.py:3242}}
Jul 03 03:32:44.949302 np0000004361 devstack@g-api.service[99622]: DEBUG glance.common.config [None req-a82d29af-b84b-45be-9384-c1c49653aa0c None None] client_socket_timeout = 900 {{(pid=99622) log_opt_values /opt/stack/data/venv/lib/python3.12/site-packages/oslo_config/cfg.py:3242}}
Jul 03 03:32:44.949395 np0000004361 devstack@g-api.service[99622]: DEBUG glance.common.config [None req-a82d29af-b84b-45be-9384-c1c49653aa0c None None] config_dir = [] {{(pid=99622) log_opt_values /opt/stack/data/venv/lib/python3.12/site-packages/oslo_config/cfg.py:3242}}
Jul 03 03:32:44.949483 np0000004361 devstack@g-api.service[99622]: DEBUG glance.common.config [None req-a82d29af-b84b-45be-9384-c1c49653aa0c None None] config_file = ['/etc/glance/glance-image-import.conf', '/etc/glance/glance-api.conf'] {{(pid=99622) log_opt_values /opt/stack/data/venv/lib/python3.12/site-packages/oslo_config/cfg.py:3242}}
Jul 03 03:32:44.949576 np0000004361 devstack@g-api.service[99622]: DEBUG glance.common.config [None req-a82d29af-b84b-45be-9384-c1c49653aa0c None None] config_source = [] {{(pid=99622) log_opt_values /opt/stack/data/venv/lib/python3.12/site-packages/oslo_config/cfg.py:3242}}
Jul 03 03:32:44.949674 np0000004361 devstack@g-api.service[99622]: DEBUG glance.common.config [None req-a82d29af-b84b-45be-9384-c1c49653aa0c None None] control_exchange = glance {{(pid=99622) log_opt_values /opt/stack/data/venv/lib/python3.12/site-packages/oslo_config/cfg.py:3242}}
Jul 03 03:32:44.949743 np0000004361 devstack@g-api.service[99622]: DEBUG glance.common.config [None req-a82d29af-b84b-45be-9384-c1c49653aa0c None None] debug = True {{(pid=99622) log_opt_values /opt/stack/data/venv/lib/python3.12/site-packages/oslo_config/cfg.py:3242}}
Jul 03 03:32:44.949893 np0000004361 devstack@g-api.service[99622]: DEBUG glance.common.config [None req-a82d29af-b84b-45be-9384-c1c49653aa0c None None] default_log_levels = ['amqp=WARN', 'boto=WARN', 'sqlalchemy=WARN', 'suds=INFO', 'oslo.messaging=INFO', 'oslo_messaging=INFO', 'iso8601=WARN', 'requests.packages.urllib3.connectionpool=WARN', 'urllib3.connectionpool=WARN', 'websocket=WARN', 'requests.packages.urllib3.util.retry=WARN', 'urllib3.util.retry=WARN', 'keystonemiddleware=WARN', 'routes.middleware=WARN', 'stevedore=WARN', 'taskflow=WARN', 'keystoneauth=WARN', 'oslo.cache=INFO', 'oslo_policy=INFO', 'dogpile.core.dogpile=INFO'] {{(pid=99622) log_opt_values /opt/stack/data/venv/lib/python3.12/site-packages/oslo_config/cfg.py:3242}}
Jul 03 03:32:44.949983 np0000004361 devstack@g-api.service[99622]: DEBUG glance.common.config [None req-a82d29af-b84b-45be-9384-c1c49653aa0c None None] default_publisher_id = image.localhost {{(pid=99622) log_opt_values /opt/stack/data/venv/lib/python3.12/site-packages/oslo_config/cfg.py:3242}}
Jul 03 03:32:44.950069 np0000004361 devstack@g-api.service[99622]: DEBUG glance.common.config [None req-a82d29af-b84b-45be-9384-c1c49653aa0c None None] delayed_delete = False {{(pid=99622) log_opt_values /opt/stack/data/venv/lib/python3.12/site-packages/oslo_config/cfg.py:3242}}
Jul 03 03:32:44.950170 np0000004361 devstack@g-api.service[99622]: DEBUG glance.common.config [None req-a82d29af-b84b-45be-9384-c1c49653aa0c None None] digest_algorithm = sha256 {{(pid=99622) log_opt_values /opt/stack/data/venv/lib/python3.12/site-packages/oslo_config/cfg.py:3242}}
Jul 03 03:32:44.950262 np0000004361 devstack@g-api.service[99622]: DEBUG glance.common.config [None req-a82d29af-b84b-45be-9384-c1c49653aa0c None None] disabled_notifications = [] {{(pid=99622) log_opt_values /opt/stack/data/venv/lib/python3.12/site-packages/oslo_config/cfg.py:3242}}
Jul 03 03:32:44.950358 np0000004361 devstack@g-api.service[99622]: DEBUG glance.common.config [None req-a82d29af-b84b-45be-9384-c1c49653aa0c None None] do_secure_hash = True {{(pid=99622) log_opt_values /opt/stack/data/venv/lib/python3.12/site-packages/oslo_config/cfg.py:3242}}
Jul 03 03:32:44.950428 np0000004361 devstack@g-api.service[99622]: DEBUG glance.common.config [None req-a82d29af-b84b-45be-9384-c1c49653aa0c None None] enabled_backends = None {{(pid=99622) log_opt_values /opt/stack/data/venv/lib/python3.12/site-packages/oslo_config/cfg.py:3242}}
Jul 03 03:32:44.950552 np0000004361 devstack@g-api.service[99622]: DEBUG glance.common.config [None req-a82d29af-b84b-45be-9384-c1c49653aa0c None None] enabled_import_methods = ['glance-direct', 'web-download', 'copy-image'] {{(pid=99622) log_opt_values /opt/stack/data/venv/lib/python3.12/site-packages/oslo_config/cfg.py:3242}}
Jul 03 03:32:44.950645 np0000004361 devstack@g-api.service[99622]: DEBUG glance.common.config [None req-a82d29af-b84b-45be-9384-c1c49653aa0c None None] fatal_deprecations = False {{(pid=99622) log_opt_values /opt/stack/data/venv/lib/python3.12/site-packages/oslo_config/cfg.py:3242}}
Jul 03 03:32:44.950735 np0000004361 devstack@g-api.service[99622]: DEBUG glance.common.config [None req-a82d29af-b84b-45be-9384-c1c49653aa0c None None] hashing_algorithm = sha512 {{(pid=99622) log_opt_values /opt/stack/data/venv/lib/python3.12/site-packages/oslo_config/cfg.py:3242}}
Jul 03 03:32:44.950834 np0000004361 devstack@g-api.service[99622]: DEBUG glance.common.config [None req-a82d29af-b84b-45be-9384-c1c49653aa0c None None] http_keepalive = True {{(pid=99622) log_opt_values /opt/stack/data/venv/lib/python3.12/site-packages/oslo_config/cfg.py:3242}}
Jul 03 03:32:44.950904 np0000004361 devstack@g-api.service[99622]: DEBUG glance.common.config [None req-a82d29af-b84b-45be-9384-c1c49653aa0c None None] http_retries = 3 {{(pid=99622) log_opt_values /opt/stack/data/venv/lib/python3.12/site-packages/oslo_config/cfg.py:3242}}
Jul 03 03:32:44.950998 np0000004361 devstack@g-api.service[99622]: DEBUG glance.common.config [None req-a82d29af-b84b-45be-9384-c1c49653aa0c None None] image_cache_dir = /opt/stack/data/glance/cache/ {{(pid=99622) log_opt_values /opt/stack/data/venv/lib/python3.12/site-packages/oslo_config/cfg.py:3242}}
Jul 03 03:32:44.951092 np0000004361 devstack@g-api.service[99622]: DEBUG glance.common.config [None req-a82d29af-b84b-45be-9384-c1c49653aa0c None None] image_cache_driver = centralized_db {{(pid=99622) log_opt_values /opt/stack/data/venv/lib/python3.12/site-packages/oslo_config/cfg.py:3242}}
Jul 03 03:32:44.951186 np0000004361 devstack@g-api.service[99622]: DEBUG glance.common.config [None req-a82d29af-b84b-45be-9384-c1c49653aa0c None None] image_cache_max_size = 10737418240 {{(pid=99622) log_opt_values /opt/stack/data/venv/lib/python3.12/site-packages/oslo_config/cfg.py:3242}}
Jul 03 03:32:44.951277 np0000004361 devstack@g-api.service[99622]: DEBUG glance.common.config [None req-a82d29af-b84b-45be-9384-c1c49653aa0c None None] image_cache_sqlite_db = cache.db {{(pid=99622) log_opt_values /opt/stack/data/venv/lib/python3.12/site-packages/oslo_config/cfg.py:3242}}
Jul 03 03:32:44.951365 np0000004361 devstack@g-api.service[99622]: DEBUG glance.common.config [None req-a82d29af-b84b-45be-9384-c1c49653aa0c None None] image_cache_stall_time = 86400 {{(pid=99622) log_opt_values /opt/stack/data/venv/lib/python3.12/site-packages/oslo_config/cfg.py:3242}}
Jul 03 03:32:44.951516 np0000004361 devstack@g-api.service[99622]: DEBUG glance.common.config [None req-a82d29af-b84b-45be-9384-c1c49653aa0c None None] image_location_quota = 10 {{(pid=99622) log_opt_values /opt/stack/data/venv/lib/python3.12/site-packages/oslo_config/cfg.py:3242}}
Jul 03 03:32:44.951620 np0000004361 devstack@g-api.service[99622]: DEBUG glance.common.config [None req-a82d29af-b84b-45be-9384-c1c49653aa0c None None] image_member_quota = 128 {{(pid=99622) log_opt_values /opt/stack/data/venv/lib/python3.12/site-packages/oslo_config/cfg.py:3242}}
Jul 03 03:32:44.951706 np0000004361 devstack@g-api.service[99622]: DEBUG glance.common.config [None req-a82d29af-b84b-45be-9384-c1c49653aa0c None None] image_property_quota = 128 {{(pid=99622) log_opt_values /opt/stack/data/venv/lib/python3.12/site-packages/oslo_config/cfg.py:3242}}
Jul 03 03:32:44.951794 np0000004361 devstack@g-api.service[99622]: DEBUG glance.common.config [None req-a82d29af-b84b-45be-9384-c1c49653aa0c None None] image_size_cap = 1099511627776 {{(pid=99622) log_opt_values /opt/stack/data/venv/lib/python3.12/site-packages/oslo_config/cfg.py:3242}}
Jul 03 03:32:44.951877 np0000004361 devstack@g-api.service[99622]: DEBUG glance.common.config [None req-a82d29af-b84b-45be-9384-c1c49653aa0c None None] image_tag_quota = 128 {{(pid=99622) log_opt_values /opt/stack/data/venv/lib/python3.12/site-packages/oslo_config/cfg.py:3242}}
Jul 03 03:32:44.951967 np0000004361 devstack@g-api.service[99622]: DEBUG glance.common.config [None req-a82d29af-b84b-45be-9384-c1c49653aa0c None None] instance_format = [instance: %(uuid)s] {{(pid=99622) log_opt_values /opt/stack/data/venv/lib/python3.12/site-packages/oslo_config/cfg.py:3242}}
Jul 03 03:32:44.952059 np0000004361 devstack@g-api.service[99622]: DEBUG glance.common.config [None req-a82d29af-b84b-45be-9384-c1c49653aa0c None None] instance_uuid_format = [instance: %(uuid)s] {{(pid=99622) log_opt_values /opt/stack/data/venv/lib/python3.12/site-packages/oslo_config/cfg.py:3242}}
Jul 03 03:32:44.952154 np0000004361 devstack@g-api.service[99622]: DEBUG glance.common.config [None req-a82d29af-b84b-45be-9384-c1c49653aa0c None None] limit_param_default = 25 {{(pid=99622) log_opt_values /opt/stack/data/venv/lib/python3.12/site-packages/oslo_config/cfg.py:3242}}
Jul 03 03:32:44.952258 np0000004361 devstack@g-api.service[99622]: DEBUG glance.common.config [None req-a82d29af-b84b-45be-9384-c1c49653aa0c None None] log_color = False {{(pid=99622) log_opt_values /opt/stack/data/venv/lib/python3.12/site-packages/oslo_config/cfg.py:3242}}
Jul 03 03:32:44.952355 np0000004361 devstack@g-api.service[99622]: DEBUG glance.common.config [None req-a82d29af-b84b-45be-9384-c1c49653aa0c None None] log_config_append = None {{(pid=99622) log_opt_values /opt/stack/data/venv/lib/python3.12/site-packages/oslo_config/cfg.py:3242}}
Jul 03 03:32:44.952461 np0000004361 devstack@g-api.service[99622]: DEBUG glance.common.config [None req-a82d29af-b84b-45be-9384-c1c49653aa0c None None] log_date_format = %Y-%m-%d %H:%M:%S {{(pid=99622) log_opt_values /opt/stack/data/venv/lib/python3.12/site-packages/oslo_config/cfg.py:3242}}
Jul 03 03:32:44.952555 np0000004361 devstack@g-api.service[99622]: DEBUG glance.common.config [None req-a82d29af-b84b-45be-9384-c1c49653aa0c None None] log_dir = None {{(pid=99622) log_opt_values /opt/stack/data/venv/lib/python3.12/site-packages/oslo_config/cfg.py:3242}}
Jul 03 03:32:44.952646 np0000004361 devstack@g-api.service[99622]: DEBUG glance.common.config [None req-a82d29af-b84b-45be-9384-c1c49653aa0c None None] log_file = None {{(pid=99622) log_opt_values /opt/stack/data/venv/lib/python3.12/site-packages/oslo_config/cfg.py:3242}}
Jul 03 03:32:44.952732 np0000004361 devstack@g-api.service[99622]: DEBUG glance.common.config [None req-a82d29af-b84b-45be-9384-c1c49653aa0c None None] log_rotate_interval = 1 {{(pid=99622) log_opt_values /opt/stack/data/venv/lib/python3.12/site-packages/oslo_config/cfg.py:3242}}
Jul 03 03:32:44.952822 np0000004361 devstack@g-api.service[99622]: DEBUG glance.common.config [None req-a82d29af-b84b-45be-9384-c1c49653aa0c None None] log_rotate_interval_type = days {{(pid=99622) log_opt_values /opt/stack/data/venv/lib/python3.12/site-packages/oslo_config/cfg.py:3242}}
Jul 03 03:32:44.952855 np0000004361 devstack@g-api.service[99623]: INFO glance.api.middleware.cache [None req-e2ec5116-bb93-4724-a7bf-2984ce6aeae5 None None] Initialized image cache middleware
Jul 03 03:32:44.952913 np0000004361 devstack@g-api.service[99622]: DEBUG glance.common.config [None req-a82d29af-b84b-45be-9384-c1c49653aa0c None None] log_rotation_type = none {{(pid=99622) log_opt_values /opt/stack/data/venv/lib/python3.12/site-packages/oslo_config/cfg.py:3242}}
Jul 03 03:32:44.952981 np0000004361 devstack@g-api.service[99622]: DEBUG glance.common.config [None req-a82d29af-b84b-45be-9384-c1c49653aa0c None None] logging_context_format_string = %(color)s%(levelname)s %(name)s [%(global_request_id)s %(request_id)s %(project_name)s %(user_name)s%(color)s] %(instance)s%(color)s%(message)s {{(pid=99622) log_opt_values /opt/stack/data/venv/lib/python3.12/site-packages/oslo_config/cfg.py:3242}}
Jul 03 03:32:44.953045 np0000004361 devstack@g-api.service[99622]: DEBUG glance.common.config [None req-a82d29af-b84b-45be-9384-c1c49653aa0c None None] logging_debug_format_suffix = {{(pid=%(process)d) %(funcName)s %(pathname)s:%(lineno)d}} {{(pid=99622) log_opt_values /opt/stack/data/venv/lib/python3.12/site-packages/oslo_config/cfg.py:3242}}
Jul 03 03:32:44.953146 np0000004361 devstack@g-api.service[99622]: DEBUG glance.common.config [None req-a82d29af-b84b-45be-9384-c1c49653aa0c None None] logging_default_format_string = %(color)s%(levelname)s %(name)s [-%(color)s] %(instance)s%(color)s%(message)s {{(pid=99622) log_opt_values /opt/stack/data/venv/lib/python3.12/site-packages/oslo_config/cfg.py:3242}}
Jul 03 03:32:44.953241 np0000004361 devstack@g-api.service[99622]: DEBUG glance.common.config [None req-a82d29af-b84b-45be-9384-c1c49653aa0c None None] logging_exception_prefix = ERROR %(name)s %(instance)s {{(pid=99622) log_opt_values /opt/stack/data/venv/lib/python3.12/site-packages/oslo_config/cfg.py:3242}}
Jul 03 03:32:44.953307 np0000004361 devstack@g-api.service[99622]: DEBUG glance.common.config [None req-a82d29af-b84b-45be-9384-c1c49653aa0c None None] logging_user_identity_format = %(user)s %(project)s %(domain)s %(system_scope)s %(user_domain)s %(project_domain)s {{(pid=99622) log_opt_values /opt/stack/data/venv/lib/python3.12/site-packages/oslo_config/cfg.py:3242}}
Jul 03 03:32:44.953394 np0000004361 devstack@g-api.service[99622]: DEBUG glance.common.config [None req-a82d29af-b84b-45be-9384-c1c49653aa0c None None] max_header_line = 16384 {{(pid=99622) log_opt_values /opt/stack/data/venv/lib/python3.12/site-packages/oslo_config/cfg.py:3242}}
Jul 03 03:32:44.953501 np0000004361 devstack@g-api.service[99622]: DEBUG glance.common.config [None req-a82d29af-b84b-45be-9384-c1c49653aa0c None None] max_logfile_count = 30 {{(pid=99622) log_opt_values /opt/stack/data/venv/lib/python3.12/site-packages/oslo_config/cfg.py:3242}}
Jul 03 03:32:44.953588 np0000004361 devstack@g-api.service[99622]: DEBUG glance.common.config [None req-a82d29af-b84b-45be-9384-c1c49653aa0c None None] max_logfile_size_mb = 200 {{(pid=99622) log_opt_values /opt/stack/data/venv/lib/python3.12/site-packages/oslo_config/cfg.py:3242}}
Jul 03 03:32:44.953674 np0000004361 devstack@g-api.service[99622]: DEBUG glance.common.config [None req-a82d29af-b84b-45be-9384-c1c49653aa0c None None] max_request_id_length = 64 {{(pid=99622) log_opt_values /opt/stack/data/venv/lib/python3.12/site-packages/oslo_config/cfg.py:3242}}
Jul 03 03:32:44.953763 np0000004361 devstack@g-api.service[99622]: DEBUG glance.common.config [None req-a82d29af-b84b-45be-9384-c1c49653aa0c None None] metadata_encryption_key = **** {{(pid=99622) log_opt_values /opt/stack/data/venv/lib/python3.12/site-packages/oslo_config/cfg.py:3242}}
Jul 03 03:32:44.953850 np0000004361 devstack@g-api.service[99622]: DEBUG glance.common.config [None req-a82d29af-b84b-45be-9384-c1c49653aa0c None None] node_staging_uri = file:///tmp/staging/ {{(pid=99622) log_opt_values /opt/stack/data/venv/lib/python3.12/site-packages/oslo_config/cfg.py:3242}}
Jul 03 03:32:44.953933 np0000004361 devstack@g-api.service[99622]: DEBUG glance.common.config [None req-a82d29af-b84b-45be-9384-c1c49653aa0c None None] property_protection_file = None {{(pid=99622) log_opt_values /opt/stack/data/venv/lib/python3.12/site-packages/oslo_config/cfg.py:3242}}
Jul 03 03:32:44.954027 np0000004361 devstack@g-api.service[99622]: DEBUG glance.common.config [None req-a82d29af-b84b-45be-9384-c1c49653aa0c None None] property_protection_rule_format = roles {{(pid=99622) log_opt_values /opt/stack/data/venv/lib/python3.12/site-packages/oslo_config/cfg.py:3242}}
Jul 03 03:32:44.954113 np0000004361 devstack@g-api.service[99622]: DEBUG glance.common.config [None req-a82d29af-b84b-45be-9384-c1c49653aa0c None None] public_endpoint = https://10.4.3.249/image {{(pid=99622) log_opt_values /opt/stack/data/venv/lib/python3.12/site-packages/oslo_config/cfg.py:3242}}
Jul 03 03:32:44.954209 np0000004361 devstack@g-api.service[99622]: DEBUG glance.common.config [None req-a82d29af-b84b-45be-9384-c1c49653aa0c None None] publish_errors = False {{(pid=99622) log_opt_values /opt/stack/data/venv/lib/python3.12/site-packages/oslo_config/cfg.py:3242}}
Jul 03 03:32:44.954294 np0000004361 devstack@g-api.service[99622]: DEBUG glance.common.config [None req-a82d29af-b84b-45be-9384-c1c49653aa0c None None] pydev_worker_debug_host = None {{(pid=99622) log_opt_values /opt/stack/data/venv/lib/python3.12/site-packages/oslo_config/cfg.py:3242}}
Jul 03 03:32:44.954377 np0000004361 devstack@g-api.service[99622]: DEBUG glance.common.config [None req-a82d29af-b84b-45be-9384-c1c49653aa0c None None] pydev_worker_debug_port = 5678 {{(pid=99622) log_opt_values /opt/stack/data/venv/lib/python3.12/site-packages/oslo_config/cfg.py:3242}}
Jul 03 03:32:44.954477 np0000004361 devstack@g-api.service[99622]: DEBUG glance.common.config [None req-a82d29af-b84b-45be-9384-c1c49653aa0c None None] rate_limit_burst = 0 {{(pid=99622) log_opt_values /opt/stack/data/venv/lib/python3.12/site-packages/oslo_config/cfg.py:3242}}
Jul 03 03:32:44.954573 np0000004361 devstack@g-api.service[99622]: DEBUG glance.common.config [None req-a82d29af-b84b-45be-9384-c1c49653aa0c None None] rate_limit_except_level = CRITICAL {{(pid=99622) log_opt_values /opt/stack/data/venv/lib/python3.12/site-packages/oslo_config/cfg.py:3242}}
Jul 03 03:32:44.954661 np0000004361 devstack@g-api.service[99622]: DEBUG glance.common.config [None req-a82d29af-b84b-45be-9384-c1c49653aa0c None None] rate_limit_interval = 0 {{(pid=99622) log_opt_values /opt/stack/data/venv/lib/python3.12/site-packages/oslo_config/cfg.py:3242}}
Jul 03 03:32:44.954741 np0000004361 devstack@g-api.service[99622]: DEBUG glance.common.config [None req-a82d29af-b84b-45be-9384-c1c49653aa0c None None] scrub_pool_size = 1 {{(pid=99622) log_opt_values /opt/stack/data/venv/lib/python3.12/site-packages/oslo_config/cfg.py:3242}}
Jul 03 03:32:44.954823 np0000004361 devstack@g-api.service[99622]: DEBUG glance.common.config [None req-a82d29af-b84b-45be-9384-c1c49653aa0c None None] scrub_time = 0 {{(pid=99622) log_opt_values /opt/stack/data/venv/lib/python3.12/site-packages/oslo_config/cfg.py:3242}}
Jul 03 03:32:44.954905 np0000004361 devstack@g-api.service[99622]: DEBUG glance.common.config [None req-a82d29af-b84b-45be-9384-c1c49653aa0c None None] shell_completion = None {{(pid=99622) log_opt_values /opt/stack/data/venv/lib/python3.12/site-packages/oslo_config/cfg.py:3242}}
Jul 03 03:32:44.954994 np0000004361 devstack@g-api.service[99622]: DEBUG glance.common.config [None req-a82d29af-b84b-45be-9384-c1c49653aa0c None None] show_image_direct_url = False {{(pid=99622) log_opt_values /opt/stack/data/venv/lib/python3.12/site-packages/oslo_config/cfg.py:3242}}
Jul 03 03:32:44.955192 np0000004361 devstack@g-api.service[99622]: WARNING oslo_config.cfg [None req-a82d29af-b84b-45be-9384-c1c49653aa0c None None] Deprecated: Option "show_multiple_locations" from group "DEFAULT" is deprecated for removal (Use of this option, deprecated since Newton, is a security risk and will be removed once we figure out a way to satisfy those use cases that currently require it. An earlier announcement that the same functionality can be achieved with greater granularity by using policies is incorrect. You cannot work around this option via policy configuration at the present time, though that is the direction we believe the fix will take. Please keep an eye on the Glance release notes to stay up to date on progress in addressing this issue.). Its value may be silently ignored in the future.
Jul 03 03:32:44.955295 np0000004361 devstack@g-api.service[99622]: DEBUG glance.common.config [None req-a82d29af-b84b-45be-9384-c1c49653aa0c None None] show_multiple_locations = False {{(pid=99622) log_opt_values /opt/stack/data/venv/lib/python3.12/site-packages/oslo_config/cfg.py:3242}}
Jul 03 03:32:44.955390 np0000004361 devstack@g-api.service[99622]: DEBUG glance.common.config [None req-a82d29af-b84b-45be-9384-c1c49653aa0c None None] syslog_log_facility = LOG_USER {{(pid=99622) log_opt_values /opt/stack/data/venv/lib/python3.12/site-packages/oslo_config/cfg.py:3242}}
Jul 03 03:32:44.955500 np0000004361 devstack@g-api.service[99622]: DEBUG glance.common.config [None req-a82d29af-b84b-45be-9384-c1c49653aa0c None None] tcp_keepidle = 600 {{(pid=99622) log_opt_values /opt/stack/data/venv/lib/python3.12/site-packages/oslo_config/cfg.py:3242}}
Jul 03 03:32:44.955592 np0000004361 devstack@g-api.service[99622]: DEBUG glance.common.config [None req-a82d29af-b84b-45be-9384-c1c49653aa0c None None] transport_url = **** {{(pid=99622) log_opt_values /opt/stack/data/venv/lib/python3.12/site-packages/oslo_config/cfg.py:3242}}
Jul 03 03:32:44.955679 np0000004361 devstack@g-api.service[99622]: DEBUG glance.common.config [None req-a82d29af-b84b-45be-9384-c1c49653aa0c None None] use_journal = False {{(pid=99622) log_opt_values /opt/stack/data/venv/lib/python3.12/site-packages/oslo_config/cfg.py:3242}}
Jul 03 03:32:44.955765 np0000004361 devstack@g-api.service[99622]: DEBUG glance.common.config [None req-a82d29af-b84b-45be-9384-c1c49653aa0c None None] use_json = False {{(pid=99622) log_opt_values /opt/stack/data/venv/lib/python3.12/site-packages/oslo_config/cfg.py:3242}}
Jul 03 03:32:44.955855 np0000004361 devstack@g-api.service[99622]: DEBUG glance.common.config [None req-a82d29af-b84b-45be-9384-c1c49653aa0c None None] use_keystone_limits = True {{(pid=99622) log_opt_values /opt/stack/data/venv/lib/python3.12/site-packages/oslo_config/cfg.py:3242}}
Jul 03 03:32:44.955938 np0000004361 devstack@g-api.service[99622]: DEBUG glance.common.config [None req-a82d29af-b84b-45be-9384-c1c49653aa0c None None] use_stderr = False {{(pid=99622) log_opt_values /opt/stack/data/venv/lib/python3.12/site-packages/oslo_config/cfg.py:3242}}
Jul 03 03:32:44.956029 np0000004361 devstack@g-api.service[99622]: DEBUG glance.common.config [None req-a82d29af-b84b-45be-9384-c1c49653aa0c None None] use_syslog = False {{(pid=99622) log_opt_values /opt/stack/data/venv/lib/python3.12/site-packages/oslo_config/cfg.py:3242}}
Jul 03 03:32:44.956117 np0000004361 devstack@g-api.service[99622]: DEBUG glance.common.config [None req-a82d29af-b84b-45be-9384-c1c49653aa0c None None] user_storage_quota = 0 {{(pid=99622) log_opt_values /opt/stack/data/venv/lib/python3.12/site-packages/oslo_config/cfg.py:3242}}
Jul 03 03:32:44.956225 np0000004361 devstack@g-api.service[99622]: DEBUG glance.common.config [None req-a82d29af-b84b-45be-9384-c1c49653aa0c None None] worker_self_reference_url = http://127.0.0.1:60999 {{(pid=99622) log_opt_values /opt/stack/data/venv/lib/python3.12/site-packages/oslo_config/cfg.py:3242}}
Jul 03 03:32:44.956310 np0000004361 devstack@g-api.service[99622]: DEBUG glance.common.config [None req-a82d29af-b84b-45be-9384-c1c49653aa0c None None] workers = None {{(pid=99622) log_opt_values /opt/stack/data/venv/lib/python3.12/site-packages/oslo_config/cfg.py:3242}}
Jul 03 03:32:44.956409 np0000004361 devstack@g-api.service[99622]: DEBUG glance.common.config [None req-a82d29af-b84b-45be-9384-c1c49653aa0c None None] oslo_concurrency.disable_process_locking = False {{(pid=99622) log_opt_values /opt/stack/data/venv/lib/python3.12/site-packages/oslo_config/cfg.py:3253}}
Jul 03 03:32:44.956528 np0000004361 devstack@g-api.service[99622]: DEBUG glance.common.config [None req-a82d29af-b84b-45be-9384-c1c49653aa0c None None] oslo_concurrency.lock_path = /opt/stack/data/glance/locks {{(pid=99622) log_opt_values /opt/stack/data/venv/lib/python3.12/site-packages/oslo_config/cfg.py:3253}}
Jul 03 03:32:44.956625 np0000004361 devstack@g-api.service[99622]: DEBUG glance.common.config [None req-a82d29af-b84b-45be-9384-c1c49653aa0c None None] oslo_middleware.enable_proxy_headers_parsing = False {{(pid=99622) log_opt_values /opt/stack/data/venv/lib/python3.12/site-packages/oslo_config/cfg.py:3253}}
Jul 03 03:32:44.956718 np0000004361 devstack@g-api.service[99622]: DEBUG glance.common.config [None req-a82d29af-b84b-45be-9384-c1c49653aa0c None None] oslo_middleware.http_basic_auth_user_file = /etc/htpasswd {{(pid=99622) log_opt_values /opt/stack/data/venv/lib/python3.12/site-packages/oslo_config/cfg.py:3253}}
Jul 03 03:32:44.956808 np0000004361 devstack@g-api.service[99622]: DEBUG glance.common.config [None req-a82d29af-b84b-45be-9384-c1c49653aa0c None None] paste_deploy.config_file = None {{(pid=99622) log_opt_values /opt/stack/data/venv/lib/python3.12/site-packages/oslo_config/cfg.py:3253}}
Jul 03 03:32:44.956901 np0000004361 devstack@g-api.service[99622]: DEBUG glance.common.config [None req-a82d29af-b84b-45be-9384-c1c49653aa0c None None] paste_deploy.flavor = keystone+cachemanagement {{(pid=99622) log_opt_values /opt/stack/data/venv/lib/python3.12/site-packages/oslo_config/cfg.py:3253}}
Jul 03 03:32:44.957023 np0000004361 devstack@g-api.service[99622]: DEBUG glance.common.config [None req-a82d29af-b84b-45be-9384-c1c49653aa0c None None] image_format.container_formats = ['ami', 'ari', 'aki', 'bare', 'ovf', 'ova', 'docker', 'compressed'] {{(pid=99622) log_opt_values /opt/stack/data/venv/lib/python3.12/site-packages/oslo_config/cfg.py:3253}}
Jul 03 03:32:44.957156 np0000004361 devstack@g-api.service[99622]: DEBUG glance.common.config [None req-a82d29af-b84b-45be-9384-c1c49653aa0c None None] image_format.disk_formats = ['ami', 'ari', 'aki', 'vhd', 'vhdx', 'vmdk', 'raw', 'qcow2', 'vdi', 'iso', 'ploop'] {{(pid=99622) log_opt_values /opt/stack/data/venv/lib/python3.12/site-packages/oslo_config/cfg.py:3253}}
Jul 03 03:32:44.957249 np0000004361 devstack@g-api.service[99622]: DEBUG glance.common.config [None req-a82d29af-b84b-45be-9384-c1c49653aa0c None None] image_format.gpt_safety_checks_nonfatal = [] {{(pid=99622) log_opt_values /opt/stack/data/venv/lib/python3.12/site-packages/oslo_config/cfg.py:3253}}
Jul 03 03:32:44.957341 np0000004361 devstack@g-api.service[99622]: DEBUG glance.common.config [None req-a82d29af-b84b-45be-9384-c1c49653aa0c None None] image_format.require_image_format_match = True {{(pid=99622) log_opt_values /opt/stack/data/venv/lib/python3.12/site-packages/oslo_config/cfg.py:3253}}
Jul 03 03:32:44.957440 np0000004361 devstack@g-api.service[99622]: DEBUG glance.common.config [None req-a82d29af-b84b-45be-9384-c1c49653aa0c None None] image_format.vmdk_allowed_types = ['streamOptimized', 'monolithicSparse'] {{(pid=99622) log_opt_values /opt/stack/data/venv/lib/python3.12/site-packages/oslo_config/cfg.py:3253}}
Jul 03 03:32:44.957561 np0000004361 devstack@g-api.service[99622]: DEBUG glance.common.config [None req-a82d29af-b84b-45be-9384-c1c49653aa0c None None] task.task_executor = taskflow {{(pid=99622) log_opt_values /opt/stack/data/venv/lib/python3.12/site-packages/oslo_config/cfg.py:3253}}
Jul 03 03:32:44.957610 np0000004361 devstack@g-api.service[99624]: DEBUG glance.image_cache.drivers.centralized_db [None req-d17b811f-cea9-4b47-a860-43818f933cd8 None None] Node reference is already recorded, ignoring it {{(pid=99624) configure /opt/stack/glance/glance/image_cache/drivers/centralized_db.py:71}}
Jul 03 03:32:44.957655 np0000004361 devstack@g-api.service[99622]: DEBUG glance.common.config [None req-a82d29af-b84b-45be-9384-c1c49653aa0c None None] task.task_time_to_live = 48 {{(pid=99622) log_opt_values /opt/stack/data/venv/lib/python3.12/site-packages/oslo_config/cfg.py:3253}}
Jul 03 03:32:44.957731 np0000004361 devstack@g-api.service[99622]: DEBUG glance.common.config [None req-a82d29af-b84b-45be-9384-c1c49653aa0c None None] task.work_dir = None {{(pid=99622) log_opt_values /opt/stack/data/venv/lib/python3.12/site-packages/oslo_config/cfg.py:3253}}
Jul 03 03:32:44.957826 np0000004361 devstack@g-api.service[99622]: DEBUG glance.common.config [None req-a82d29af-b84b-45be-9384-c1c49653aa0c None None] wsgi.python_interpreter = /opt/stack/data/venv/bin/python3 {{(pid=99622) log_opt_values /opt/stack/data/venv/lib/python3.12/site-packages/oslo_config/cfg.py:3253}}
Jul 03 03:32:44.957915 np0000004361 devstack@g-api.service[99622]: DEBUG glance.common.config [None req-a82d29af-b84b-45be-9384-c1c49653aa0c None None] wsgi.task_pool_threads = 16 {{(pid=99622) log_opt_values /opt/stack/data/venv/lib/python3.12/site-packages/oslo_config/cfg.py:3253}}
Jul 03 03:32:44.958008 np0000004361 devstack@g-api.service[99622]: DEBUG glance.common.config [None req-a82d29af-b84b-45be-9384-c1c49653aa0c None None] import_filtering_opts.allowed_hosts = [] {{(pid=99622) log_opt_values /opt/stack/data/venv/lib/python3.12/site-packages/oslo_config/cfg.py:3253}}
Jul 03 03:32:44.958100 np0000004361 devstack@g-api.service[99622]: DEBUG glance.common.config [None req-a82d29af-b84b-45be-9384-c1c49653aa0c None None] import_filtering_opts.allowed_ports = [80, 443] {{(pid=99622) log_opt_values /opt/stack/data/venv/lib/python3.12/site-packages/oslo_config/cfg.py:3253}}
