Jul 03 03:39:56.905715 np0000004361 devstack@g-api.service[99622]: [pid: 99622|app: 0|req: 99/291] 127.0.0.1 () {44 vars in 1039 bytes} [Fri Jul 3 03:39:56 2026] GET /versions => generated 1407 bytes in 6 msecs (HTTP/1.1 200) 3 headers in 92 bytes (1 switches on core 0)
Jul 03 03:39:56.914227 np0000004361 devstack@g-api.service[99624]: DEBUG glance.api.middleware.version_negotiation [None req-26d4aa00-8ef4-4248-8f94-1012adc39ace tempest-VolumeAndVolumeTypeFromImageTest-1647720673 tempest-VolumeAndVolumeTypeFromImageTest-1647720673-project-member] Determining version of request: GET /v2/images/ae3304a1-6ace-450d-a202-5474711ab8a9/locations Accept: */* {{(pid=99624) process_request /opt/stack/glance/glance/api/middleware/version_negotiation.py:44}}
Jul 03 03:39:56.914469 np0000004361 devstack@g-api.service[99624]: DEBUG glance.api.middleware.version_negotiation [None req-26d4aa00-8ef4-4248-8f94-1012adc39ace tempest-VolumeAndVolumeTypeFromImageTest-1647720673 tempest-VolumeAndVolumeTypeFromImageTest-1647720673-project-member] Using url versioning {{(pid=99624) process_request /opt/stack/glance/glance/api/middleware/version_negotiation.py:57}}
Jul 03 03:39:56.914656 np0000004361 devstack@g-api.service[99624]: DEBUG glance.api.middleware.version_negotiation [None req-26d4aa00-8ef4-4248-8f94-1012adc39ace tempest-VolumeAndVolumeTypeFromImageTest-1647720673 tempest-VolumeAndVolumeTypeFromImageTest-1647720673-project-member] Matched version: v2 {{(pid=99624) process_request /opt/stack/glance/glance/api/middleware/version_negotiation.py:69}}
Jul 03 03:39:56.914755 np0000004361 devstack@g-api.service[99624]: DEBUG glance.api.middleware.version_negotiation [None req-26d4aa00-8ef4-4248-8f94-1012adc39ace tempest-VolumeAndVolumeTypeFromImageTest-1647720673 tempest-VolumeAndVolumeTypeFromImageTest-1647720673-project-member] new path /v2/images/ae3304a1-6ace-450d-a202-5474711ab8a9/locations {{(pid=99624) process_request /opt/stack/glance/glance/api/middleware/version_negotiation.py:70}}
Jul 03 03:39:56.957232 np0000004361 devstack@g-api.service[99624]: [pid: 99624|app: 0|req: 95/292] 127.0.0.1 () {44 vars in 1135 bytes} [Fri Jul 3 03:39:56 2026] GET /v2/images/ae3304a1-6ace-450d-a202-5474711ab8a9/locations => generated 92 bytes in 43 msecs (HTTP/1.1 200) 4 headers in 156 bytes (1 switches on core 0)
Jul 03 03:39:56.970216 np0000004361 devstack@g-api.service[99623]: DEBUG glance.api.middleware.version_negotiation [None req-26d4aa00-8ef4-4248-8f94-1012adc39ace tempest-VolumeAndVolumeTypeFromImageTest-1647720673 tempest-VolumeAndVolumeTypeFromImageTest-1647720673-project-member] Determining version of request: GET /v2/images/ae3304a1-6ace-450d-a202-5474711ab8a9 Accept: */* {{(pid=99623) process_request /opt/stack/glance/glance/api/middleware/version_negotiation.py:44}}
Jul 03 03:39:56.970458 np0000004361 devstack@g-api.service[99623]: DEBUG glance.api.middleware.version_negotiation [None req-26d4aa00-8ef4-4248-8f94-1012adc39ace tempest-VolumeAndVolumeTypeFromImageTest-1647720673 tempest-VolumeAndVolumeTypeFromImageTest-1647720673-project-member] Using url versioning {{(pid=99623) process_request /opt/stack/glance/glance/api/middleware/version_negotiation.py:57}}
Jul 03 03:39:56.970627 np0000004361 devstack@g-api.service[99623]: DEBUG glance.api.middleware.version_negotiation [None req-26d4aa00-8ef4-4248-8f94-1012adc39ace tempest-VolumeAndVolumeTypeFromImageTest-1647720673 tempest-VolumeAndVolumeTypeFromImageTest-1647720673-project-member] Matched version: v2 {{(pid=99623) process_request /opt/stack/glance/glance/api/middleware/version_negotiation.py:69}}
Jul 03 03:39:56.970726 np0000004361 devstack@g-api.service[99623]: DEBUG glance.api.middleware.version_negotiation [None req-26d4aa00-8ef4-4248-8f94-1012adc39ace tempest-VolumeAndVolumeTypeFromImageTest-1647720673 tempest-VolumeAndVolumeTypeFromImageTest-1647720673-project-member] new path /v2/images/ae3304a1-6ace-450d-a202-5474711ab8a9 {{(pid=99623) process_request /opt/stack/glance/glance/api/middleware/version_negotiation.py:70}}
Jul 03 03:39:56.987496 np0000004361 devstack@g-api.service[99623]: [pid: 99623|app: 0|req: 99/293] 127.0.0.1 () {44 vars in 1115 bytes} [Fri Jul 3 03:39:56 2026] GET /v2/images/ae3304a1-6ace-450d-a202-5474711ab8a9 => generated 898 bytes in 17 msecs (HTTP/1.1 200) 4 headers in 157 bytes (1 switches on core 0)
Jul 03 03:39:56.996509 np0000004361 devstack@g-api.service[99622]: DEBUG glance.api.middleware.version_negotiation [None req-26d4aa00-8ef4-4248-8f94-1012adc39ace tempest-VolumeAndVolumeTypeFromImageTest-1647720673 tempest-VolumeAndVolumeTypeFromImageTest-1647720673-project-member] Determining version of request: GET /v2/schemas/image Accept: */* {{(pid=99622) process_request /opt/stack/glance/glance/api/middleware/version_negotiation.py:44}}
Jul 03 03:39:56.996866 np0000004361 devstack@g-api.service[99622]: DEBUG glance.api.middleware.version_negotiation [None req-26d4aa00-8ef4-4248-8f94-1012adc39ace tempest-VolumeAndVolumeTypeFromImageTest-1647720673 tempest-VolumeAndVolumeTypeFromImageTest-1647720673-project-member] Using url versioning {{(pid=99622) process_request /opt/stack/glance/glance/api/middleware/version_negotiation.py:57}}
Jul 03 03:39:56.997051 np0000004361 devstack@g-api.service[99622]: DEBUG glance.api.middleware.version_negotiation [None req-26d4aa00-8ef4-4248-8f94-1012adc39ace tempest-VolumeAndVolumeTypeFromImageTest-1647720673 tempest-VolumeAndVolumeTypeFromImageTest-1647720673-project-member] Matched version: v2 {{(pid=99622) process_request /opt/stack/glance/glance/api/middleware/version_negotiation.py:69}}
Jul 03 03:39:56.997171 np0000004361 devstack@g-api.service[99622]: DEBUG glance.api.middleware.version_negotiation [None req-26d4aa00-8ef4-4248-8f94-1012adc39ace tempest-VolumeAndVolumeTypeFromImageTest-1647720673 tempest-VolumeAndVolumeTypeFromImageTest-1647720673-project-member] new path /v2/schemas/image {{(pid=99622) process_request /opt/stack/glance/glance/api/middleware/version_negotiation.py:70}}
Jul 03 03:39:56.999801 np0000004361 devstack@g-api.service[99622]: [pid: 99622|app: 0|req: 100/294] 127.0.0.1 () {44 vars in 1055 bytes} [Fri Jul 3 03:39:56 2026] GET /v2/schemas/image => generated 6083 bytes in 3 msecs (HTTP/1.1 200) 4 headers in 158 bytes (1 switches on core 0)
Jul 03 03:39:57.013176 np0000004361 devstack@g-api.service[99624]: DEBUG glance.api.middleware.version_negotiation [None req-26d4aa00-8ef4-4248-8f94-1012adc39ace service glance] Determining version of request: GET /v2/schemas/image Accept: */* {{(pid=99624) process_request /opt/stack/glance/glance/api/middleware/version_negotiation.py:44}}
Jul 03 03:39:57.013352 np0000004361 devstack@g-api.service[99624]: DEBUG glance.api.middleware.version_negotiation [None req-26d4aa00-8ef4-4248-8f94-1012adc39ace service glance] Using url versioning {{(pid=99624) process_request /opt/stack/glance/glance/api/middleware/version_negotiation.py:57}}
Jul 03 03:39:57.013516 np0000004361 devstack@g-api.service[99624]: DEBUG glance.api.middleware.version_negotiation [None req-26d4aa00-8ef4-4248-8f94-1012adc39ace service glance] Matched version: v2 {{(pid=99624) process_request /opt/stack/glance/glance/api/middleware/version_negotiation.py:69}}
Jul 03 03:39:57.013629 np0000004361 devstack@g-api.service[99624]: DEBUG glance.api.middleware.version_negotiation [None req-26d4aa00-8ef4-4248-8f94-1012adc39ace service glance] new path /v2/schemas/image {{(pid=99624) process_request /opt/stack/glance/glance/api/middleware/version_negotiation.py:70}}
Jul 03 03:39:57.018776 np0000004361 devstack@g-api.service[99624]: [pid: 99624|app: 0|req: 96/295] 127.0.0.1 () {44 vars in 1055 bytes} [Fri Jul 3 03:39:57 2026] GET /v2/schemas/image => generated 6083 bytes in 5 msecs (HTTP/1.1 200) 4 headers in 158 bytes (1 switches on core 0)
Jul 03 03:39:57.058540 np0000004361 devstack@g-api.service[99623]: DEBUG glance.api.middleware.version_negotiation [None req-26d4aa00-8ef4-4248-8f94-1012adc39ace tempest-VolumeAndVolumeTypeFromImageTest-1647720673 tempest-VolumeAndVolumeTypeFromImageTest-1647720673-project-member] Determining version of request: GET /v2/images/ae3304a1-6ace-450d-a202-5474711ab8a9 Accept: */* {{(pid=99623) process_request /opt/stack/glance/glance/api/middleware/version_negotiation.py:44}}
Jul 03 03:39:57.059676 np0000004361 devstack@g-api.service[99623]: DEBUG glance.api.middleware.version_negotiation [None req-26d4aa00-8ef4-4248-8f94-1012adc39ace tempest-VolumeAndVolumeTypeFromImageTest-1647720673 tempest-VolumeAndVolumeTypeFromImageTest-1647720673-project-member] Using url versioning {{(pid=99623) process_request /opt/stack/glance/glance/api/middleware/version_negotiation.py:57}}
Jul 03 03:39:57.059676 np0000004361 devstack@g-api.service[99623]: DEBUG glance.api.middleware.version_negotiation [None req-26d4aa00-8ef4-4248-8f94-1012adc39ace tempest-VolumeAndVolumeTypeFromImageTest-1647720673 tempest-VolumeAndVolumeTypeFromImageTest-1647720673-project-member] Matched version: v2 {{(pid=99623) process_request /opt/stack/glance/glance/api/middleware/version_negotiation.py:69}}
Jul 03 03:39:57.059676 np0000004361 devstack@g-api.service[99623]: DEBUG glance.api.middleware.version_negotiation [None req-26d4aa00-8ef4-4248-8f94-1012adc39ace tempest-VolumeAndVolumeTypeFromImageTest-1647720673 tempest-VolumeAndVolumeTypeFromImageTest-1647720673-project-member] new path /v2/images/ae3304a1-6ace-450d-a202-5474711ab8a9 {{(pid=99623) process_request /opt/stack/glance/glance/api/middleware/version_negotiation.py:70}}
Jul 03 03:39:57.075033 np0000004361 devstack@g-api.service[99623]: [pid: 99623|app: 0|req: 100/296] 127.0.0.1 () {44 vars in 1115 bytes} [Fri Jul 3 03:39:57 2026] GET /v2/images/ae3304a1-6ace-450d-a202-5474711ab8a9 => generated 898 bytes in 17 msecs (HTTP/1.1 200) 4 headers in 157 bytes (1 switches on core 0)
Jul 03 03:39:57.084207 np0000004361 devstack@g-api.service[99622]: DEBUG glance.api.middleware.version_negotiation [None req-26d4aa00-8ef4-4248-8f94-1012adc39ace tempest-VolumeAndVolumeTypeFromImageTest-1647720673 tempest-VolumeAndVolumeTypeFromImageTest-1647720673-project-member] Determining version of request: GET /v2/images/ae3304a1-6ace-450d-a202-5474711ab8a9/file Accept: */* {{(pid=99622) process_request /opt/stack/glance/glance/api/middleware/version_negotiation.py:44}}
Jul 03 03:39:57.084470 np0000004361 devstack@g-api.service[99622]: DEBUG glance.api.middleware.version_negotiation [None req-26d4aa00-8ef4-4248-8f94-1012adc39ace tempest-VolumeAndVolumeTypeFromImageTest-1647720673 tempest-VolumeAndVolumeTypeFromImageTest-1647720673-project-member] Using url versioning {{(pid=99622) process_request /opt/stack/glance/glance/api/middleware/version_negotiation.py:57}}
Jul 03 03:39:57.084599 np0000004361 devstack@g-api.service[99622]: DEBUG glance.api.middleware.version_negotiation [None req-26d4aa00-8ef4-4248-8f94-1012adc39ace tempest-VolumeAndVolumeTypeFromImageTest-1647720673 tempest-VolumeAndVolumeTypeFromImageTest-1647720673-project-member] Matched version: v2 {{(pid=99622) process_request /opt/stack/glance/glance/api/middleware/version_negotiation.py:69}}
Jul 03 03:39:57.084686 np0000004361 devstack@g-api.service[99622]: DEBUG glance.api.middleware.version_negotiation [None req-26d4aa00-8ef4-4248-8f94-1012adc39ace tempest-VolumeAndVolumeTypeFromImageTest-1647720673 tempest-VolumeAndVolumeTypeFromImageTest-1647720673-project-member] new path /v2/images/ae3304a1-6ace-450d-a202-5474711ab8a9/file {{(pid=99622) process_request /opt/stack/glance/glance/api/middleware/version_negotiation.py:70}}
Jul 03 03:39:57.094563 np0000004361 devstack@g-api.service[99622]: DEBUG glance_store.backend [None req-26d4aa00-8ef4-4248-8f94-1012adc39ace tempest-VolumeAndVolumeTypeFromImageTest-1647720673 tempest-VolumeAndVolumeTypeFromImageTest-1647720673-project-member] Attempting to import store swift {{(pid=99622) _load_store /opt/stack/data/venv/lib/python3.12/site-packages/glance_store/backend.py:215}}
Jul 03 03:39:57.095883 np0000004361 devstack@g-api.service[99622]: DEBUG glance_store.capabilities [None req-26d4aa00-8ef4-4248-8f94-1012adc39ace tempest-VolumeAndVolumeTypeFromImageTest-1647720673 tempest-VolumeAndVolumeTypeFromImageTest-1647720673-project-member] Store glance_store._drivers.swift.store.SingleTenantStore doesn't support updating dynamic storage capabilities. Please overwrite 'update_capabilities' method of the store to implement updating logics if needed. {{(pid=99622) update_capabilities /opt/stack/data/venv/lib/python3.12/site-packages/glance_store/capabilities.py:91}}
Jul 03 03:39:57.096180 np0000004361 devstack@g-api.service[99622]: DEBUG glance_store.driver [None req-26d4aa00-8ef4-4248-8f94-1012adc39ace tempest-VolumeAndVolumeTypeFromImageTest-1647720673 tempest-VolumeAndVolumeTypeFromImageTest-1647720673-project-member] Late loading location class glance_store._drivers.swift.store.StoreLocation {{(pid=99622) get_store_location_class /opt/stack/data/venv/lib/python3.12/site-packages/glance_store/driver.py:134}}
Jul 03 03:39:57.096355 np0000004361 devstack@g-api.service[99622]: DEBUG glance_store.location [None req-26d4aa00-8ef4-4248-8f94-1012adc39ace tempest-VolumeAndVolumeTypeFromImageTest-1647720673 tempest-VolumeAndVolumeTypeFromImageTest-1647720673-project-member] Registering scheme swift+https with {'store': , 'location_class': , 'store_entry': 'swift'} {{(pid=99622) register_scheme_map /opt/stack/data/venv/lib/python3.12/site-packages/glance_store/location.py:146}}
Jul 03 03:39:57.096469 np0000004361 devstack@g-api.service[99622]: DEBUG glance_store.location [None req-26d4aa00-8ef4-4248-8f94-1012adc39ace tempest-VolumeAndVolumeTypeFromImageTest-1647720673 tempest-VolumeAndVolumeTypeFromImageTest-1647720673-project-member] Registering scheme swift+https with {'store': , 'location_class': , 'store_entry': 'swift'} {{(pid=99622) register_scheme_map /opt/stack/data/venv/lib/python3.12/site-packages/glance_store/location.py:146}}
Jul 03 03:39:57.096604 np0000004361 devstack@g-api.service[99622]: DEBUG glance_store.location [None req-26d4aa00-8ef4-4248-8f94-1012adc39ace tempest-VolumeAndVolumeTypeFromImageTest-1647720673 tempest-VolumeAndVolumeTypeFromImageTest-1647720673-project-member] Registering scheme swift with {'store': , 'location_class': , 'store_entry': 'swift'} {{(pid=99622) register_scheme_map /opt/stack/data/venv/lib/python3.12/site-packages/glance_store/location.py:146}}
Jul 03 03:39:57.096737 np0000004361 devstack@g-api.service[99622]: DEBUG glance_store.location [None req-26d4aa00-8ef4-4248-8f94-1012adc39ace tempest-VolumeAndVolumeTypeFromImageTest-1647720673 tempest-VolumeAndVolumeTypeFromImageTest-1647720673-project-member] Registering scheme swift+https with {'store': , 'location_class': , 'store_entry': 'swift'} {{(pid=99622) register_scheme_map /opt/stack/data/venv/lib/python3.12/site-packages/glance_store/location.py:146}}
Jul 03 03:39:57.096813 np0000004361 devstack@g-api.service[99622]: DEBUG glance_store.location [None req-26d4aa00-8ef4-4248-8f94-1012adc39ace tempest-VolumeAndVolumeTypeFromImageTest-1647720673 tempest-VolumeAndVolumeTypeFromImageTest-1647720673-project-member] Registering scheme swift with {'store': , 'location_class': , 'store_entry': 'swift'} {{(pid=99622) register_scheme_map /opt/stack/data/venv/lib/python3.12/site-packages/glance_store/location.py:146}}
Jul 03 03:39:57.096947 np0000004361 devstack@g-api.service[99622]: DEBUG glance_store.location [None req-26d4aa00-8ef4-4248-8f94-1012adc39ace tempest-VolumeAndVolumeTypeFromImageTest-1647720673 tempest-VolumeAndVolumeTypeFromImageTest-1647720673-project-member] Registering scheme swift+http with {'store': , 'location_class': , 'store_entry': 'swift'} {{(pid=99622) register_scheme_map /opt/stack/data/venv/lib/python3.12/site-packages/glance_store/location.py:146}}
Jul 03 03:39:57.097080 np0000004361 devstack@g-api.service[99622]: DEBUG glance_store.location [None req-26d4aa00-8ef4-4248-8f94-1012adc39ace tempest-VolumeAndVolumeTypeFromImageTest-1647720673 tempest-VolumeAndVolumeTypeFromImageTest-1647720673-project-member] Registering scheme swift+https with {'store': , 'location_class': , 'store_entry': 'swift'} {{(pid=99622) register_scheme_map /opt/stack/data/venv/lib/python3.12/site-packages/glance_store/location.py:146}}
Jul 03 03:39:57.097200 np0000004361 devstack@g-api.service[99622]: DEBUG glance_store.location [None req-26d4aa00-8ef4-4248-8f94-1012adc39ace tempest-VolumeAndVolumeTypeFromImageTest-1647720673 tempest-VolumeAndVolumeTypeFromImageTest-1647720673-project-member] Registering scheme swift with {'store': , 'location_class': , 'store_entry': 'swift'} {{(pid=99622) register_scheme_map /opt/stack/data/venv/lib/python3.12/site-packages/glance_store/location.py:146}}
Jul 03 03:39:57.097345 np0000004361 devstack@g-api.service[99622]: DEBUG glance_store.location [None req-26d4aa00-8ef4-4248-8f94-1012adc39ace tempest-VolumeAndVolumeTypeFromImageTest-1647720673 tempest-VolumeAndVolumeTypeFromImageTest-1647720673-project-member] Registering scheme swift+http with {'store': , 'location_class': , 'store_entry': 'swift'} {{(pid=99622) register_scheme_map /opt/stack/data/venv/lib/python3.12/site-packages/glance_store/location.py:146}}
Jul 03 03:39:57.097432 np0000004361 devstack@g-api.service[99622]: DEBUG glance_store.location [None req-26d4aa00-8ef4-4248-8f94-1012adc39ace tempest-VolumeAndVolumeTypeFromImageTest-1647720673 tempest-VolumeAndVolumeTypeFromImageTest-1647720673-project-member] Registering scheme swift+config with {'store': , 'location_class': , 'store_entry': 'swift'} {{(pid=99622) register_scheme_map /opt/stack/data/venv/lib/python3.12/site-packages/glance_store/location.py:146}}
Jul 03 03:39:57.114537 np0000004361 devstack@g-api.service[99624]: DEBUG glance.api.middleware.version_negotiation [None req-26d4aa00-8ef4-4248-8f94-1012adc39ace tempest-VolumeAndVolumeTypeFromImageTest-1647720673 tempest-VolumeAndVolumeTypeFromImageTest-1647720673-project-member] Determining version of request: GET /v2/images/c8c8cb44-480b-4b79-ab5a-1dd97c280d25 Accept: */* {{(pid=99624) process_request /opt/stack/glance/glance/api/middleware/version_negotiation.py:44}}
Jul 03 03:39:57.114649 np0000004361 devstack@g-api.service[99624]: DEBUG glance.api.middleware.version_negotiation [None req-26d4aa00-8ef4-4248-8f94-1012adc39ace tempest-VolumeAndVolumeTypeFromImageTest-1647720673 tempest-VolumeAndVolumeTypeFromImageTest-1647720673-project-member] Using url versioning {{(pid=99624) process_request /opt/stack/glance/glance/api/middleware/version_negotiation.py:57}}
Jul 03 03:39:57.114770 np0000004361 devstack@g-api.service[99624]: DEBUG glance.api.middleware.version_negotiation [None req-26d4aa00-8ef4-4248-8f94-1012adc39ace tempest-VolumeAndVolumeTypeFromImageTest-1647720673 tempest-VolumeAndVolumeTypeFromImageTest-1647720673-project-member] Matched version: v2 {{(pid=99624) process_request /opt/stack/glance/glance/api/middleware/version_negotiation.py:69}}
Jul 03 03:39:57.114862 np0000004361 devstack@g-api.service[99624]: DEBUG glance.api.middleware.version_negotiation [None req-26d4aa00-8ef4-4248-8f94-1012adc39ace tempest-VolumeAndVolumeTypeFromImageTest-1647720673 tempest-VolumeAndVolumeTypeFromImageTest-1647720673-project-member] new path /v2/images/c8c8cb44-480b-4b79-ab5a-1dd97c280d25 {{(pid=99624) process_request /opt/stack/glance/glance/api/middleware/version_negotiation.py:70}}
Jul 03 03:39:57.129696 np0000004361 devstack@g-api.service[99624]: [pid: 99624|app: 0|req: 97/297] 127.0.0.1 () {44 vars in 1115 bytes} [Fri Jul 3 03:39:57 2026] GET /v2/images/c8c8cb44-480b-4b79-ab5a-1dd97c280d25 => generated 1357 bytes in 15 msecs (HTTP/1.1 200) 4 headers in 158 bytes (1 switches on core 0)
Jul 03 03:39:57.176566 np0000004361 devstack@g-api.service[99623]: DEBUG glance.api.middleware.version_negotiation [None req-26d4aa00-8ef4-4248-8f94-1012adc39ace tempest-VolumeAndVolumeTypeFromImageTest-1647720673 tempest-VolumeAndVolumeTypeFromImageTest-1647720673-project-member] Determining version of request: GET /v2/schemas/image Accept: */* {{(pid=99623) process_request /opt/stack/glance/glance/api/middleware/version_negotiation.py:44}}
Jul 03 03:39:57.176726 np0000004361 devstack@g-api.service[99623]: DEBUG glance.api.middleware.version_negotiation [None req-26d4aa00-8ef4-4248-8f94-1012adc39ace tempest-VolumeAndVolumeTypeFromImageTest-1647720673 tempest-VolumeAndVolumeTypeFromImageTest-1647720673-project-member] Using url versioning {{(pid=99623) process_request /opt/stack/glance/glance/api/middleware/version_negotiation.py:57}}
Jul 03 03:39:57.176873 np0000004361 devstack@g-api.service[99623]: DEBUG glance.api.middleware.version_negotiation [None req-26d4aa00-8ef4-4248-8f94-1012adc39ace tempest-VolumeAndVolumeTypeFromImageTest-1647720673 tempest-VolumeAndVolumeTypeFromImageTest-1647720673-project-member] Matched version: v2 {{(pid=99623) process_request /opt/stack/glance/glance/api/middleware/version_negotiation.py:69}}
Jul 03 03:39:57.176990 np0000004361 devstack@g-api.service[99623]: DEBUG glance.api.middleware.version_negotiation [None req-26d4aa00-8ef4-4248-8f94-1012adc39ace tempest-VolumeAndVolumeTypeFromImageTest-1647720673 tempest-VolumeAndVolumeTypeFromImageTest-1647720673-project-member] new path /v2/schemas/image {{(pid=99623) process_request /opt/stack/glance/glance/api/middleware/version_negotiation.py:70}}
Jul 03 03:39:57.181146 np0000004361 devstack@g-api.service[99623]: [pid: 99623|app: 0|req: 101/298] 127.0.0.1 () {44 vars in 1055 bytes} [Fri Jul 3 03:39:57 2026] GET /v2/schemas/image => generated 6083 bytes in 5 msecs (HTTP/1.1 200) 4 headers in 158 bytes (1 switches on core 0)
Jul 03 03:39:57.195323 np0000004361 devstack@g-api.service[99622]: DEBUG swiftclient [None req-26d4aa00-8ef4-4248-8f94-1012adc39ace tempest-VolumeAndVolumeTypeFromImageTest-1647720673 tempest-VolumeAndVolumeTypeFromImageTest-1647720673-project-member] REQ: curl -i https://10.4.3.249:8080/v1/AUTH_0441f8bfa3f443fd9a7dd74fa9cf65ca/glance/ae3304a1-6ace-450d-a202-5474711ab8a9 -X GET -H "X-Auth-Token: gAAAAABqRy8NAqGZ..." {{(pid=99622) http_log /opt/stack/data/venv/lib/python3.12/site-packages/swiftclient/client.py:160}}
Jul 03 03:39:57.195515 np0000004361 devstack@g-api.service[99622]: DEBUG swiftclient [None req-26d4aa00-8ef4-4248-8f94-1012adc39ace tempest-VolumeAndVolumeTypeFromImageTest-1647720673 tempest-VolumeAndVolumeTypeFromImageTest-1647720673-project-member] RESP STATUS: 200 OK {{(pid=99622) http_log /opt/stack/data/venv/lib/python3.12/site-packages/swiftclient/client.py:161}}
Jul 03 03:39:57.195748 np0000004361 devstack@g-api.service[99622]: DEBUG swiftclient [None req-26d4aa00-8ef4-4248-8f94-1012adc39ace tempest-VolumeAndVolumeTypeFromImageTest-1647720673 tempest-VolumeAndVolumeTypeFromImageTest-1647720673-project-member] RESP HEADERS: {'Date': 'Fri, 03 Jul 2026 03:39:57 GMT', 'Server': 'Apache/2.4.58 (Ubuntu)', 'Content-Type': 'application/octet-stream', 'Etag': '7b9fa6996217666f2465ad8d93fa7c25', 'Last-Modified': 'Fri, 03 Jul 2026 03:39:57 GMT', 'X-Timestamp': '1783049996.05701', 'Accept-Ranges': 'bytes', 'Content-Length': '1024', 'X-Trans-Id': 'tx9391a88593264ac6986ef-006a472f0d', 'X-Openstack-Request-Id': 'tx9391a88593264ac6986ef-006a472f0d', 'Connection': 'close'} {{(pid=99622) http_log /opt/stack/data/venv/lib/python3.12/site-packages/swiftclient/client.py:162}}
Jul 03 03:39:57.206723 np0000004361 devstack@g-api.service[99622]: DEBUG glance.image_cache [None req-26d4aa00-8ef4-4248-8f94-1012adc39ace tempest-VolumeAndVolumeTypeFromImageTest-1647720673 tempest-VolumeAndVolumeTypeFromImageTest-1647720673-project-member] Tee'ing image 'ae3304a1-6ace-450d-a202-5474711ab8a9' into cache {{(pid=99622) get_caching_iter /opt/stack/glance/glance/image_cache/__init__.py:356}}
Jul 03 03:39:57.209509 np0000004361 devstack@g-api.service[99624]: DEBUG glance.api.middleware.version_negotiation [None req-463e3aa2-7d8d-4c47-b447-134aa1579370 tempest-ServerBootFromVolumeStableRescueTest-238634468 tempest-ServerBootFromVolumeStableRescueTest-238634468-project-member] Determining version of request: GET /v2/images/c8c8cb44-480b-4b79-ab5a-1dd97c280d25 Accept: application/json {{(pid=99624) process_request /opt/stack/glance/glance/api/middleware/version_negotiation.py:44}}
Jul 03 03:39:57.209690 np0000004361 devstack@g-api.service[99624]: DEBUG glance.api.middleware.version_negotiation [None req-463e3aa2-7d8d-4c47-b447-134aa1579370 tempest-ServerBootFromVolumeStableRescueTest-238634468 tempest-ServerBootFromVolumeStableRescueTest-238634468-project-member] Using url versioning {{(pid=99624) process_request /opt/stack/glance/glance/api/middleware/version_negotiation.py:57}}
Jul 03 03:39:57.209820 np0000004361 devstack@g-api.service[99624]: DEBUG glance.api.middleware.version_negotiation [None req-463e3aa2-7d8d-4c47-b447-134aa1579370 tempest-ServerBootFromVolumeStableRescueTest-238634468 tempest-ServerBootFromVolumeStableRescueTest-238634468-project-member] Matched version: v2 {{(pid=99624) process_request /opt/stack/glance/glance/api/middleware/version_negotiation.py:69}}
Jul 03 03:39:57.209918 np0000004361 devstack@g-api.service[99624]: DEBUG glance.api.middleware.version_negotiation [None req-463e3aa2-7d8d-4c47-b447-134aa1579370 tempest-ServerBootFromVolumeStableRescueTest-238634468 tempest-ServerBootFromVolumeStableRescueTest-238634468-project-member] new path /v2/images/c8c8cb44-480b-4b79-ab5a-1dd97c280d25 {{(pid=99624) process_request /opt/stack/glance/glance/api/middleware/version_negotiation.py:70}}
Jul 03 03:39:57.210187 np0000004361 devstack@g-api.service[99622]: DEBUG glance.image_cache.drivers.centralized_db [None req-26d4aa00-8ef4-4248-8f94-1012adc39ace tempest-VolumeAndVolumeTypeFromImageTest-1647720673 tempest-VolumeAndVolumeTypeFromImageTest-1647720673-project-member] Fetch finished, moving '/opt/stack/data/glance/cache/incomplete/ae3304a1-6ace-450d-a202-5474711ab8a9' to '/opt/stack/data/glance/cache/ae3304a1-6ace-450d-a202-5474711ab8a9' {{(pid=99622) commit /opt/stack/glance/glance/image_cache/drivers/centralized_db.py:243}}
Jul 03 03:39:57.213625 np0000004361 devstack@g-api.service[99623]: DEBUG glance.api.middleware.version_negotiation [None req-463e3aa2-7d8d-4c47-b447-134aa1579370 tempest-ServerBootFromVolumeStableRescueTest-238634468 tempest-ServerBootFromVolumeStableRescueTest-238634468-project-member] Determining version of request: GET /v2/schemas/image Accept: */* {{(pid=99623) process_request /opt/stack/glance/glance/api/middleware/version_negotiation.py:44}}
Jul 03 03:39:57.213969 np0000004361 devstack@g-api.service[99623]: DEBUG glance.api.middleware.version_negotiation [None req-463e3aa2-7d8d-4c47-b447-134aa1579370 tempest-ServerBootFromVolumeStableRescueTest-238634468 tempest-ServerBootFromVolumeStableRescueTest-238634468-project-member] Using url versioning {{(pid=99623) process_request /opt/stack/glance/glance/api/middleware/version_negotiation.py:57}}
Jul 03 03:39:57.213969 np0000004361 devstack@g-api.service[99623]: DEBUG glance.api.middleware.version_negotiation [None req-463e3aa2-7d8d-4c47-b447-134aa1579370 tempest-ServerBootFromVolumeStableRescueTest-238634468 tempest-ServerBootFromVolumeStableRescueTest-238634468-project-member] Matched version: v2 {{(pid=99623) process_request /opt/stack/glance/glance/api/middleware/version_negotiation.py:69}}
Jul 03 03:39:57.213969 np0000004361 devstack@g-api.service[99623]: DEBUG glance.api.middleware.version_negotiation [None req-463e3aa2-7d8d-4c47-b447-134aa1579370 tempest-ServerBootFromVolumeStableRescueTest-238634468 tempest-ServerBootFromVolumeStableRescueTest-238634468-project-member] new path /v2/schemas/image {{(pid=99623) process_request /opt/stack/glance/glance/api/middleware/version_negotiation.py:70}}
Jul 03 03:39:57.216137 np0000004361 devstack@g-api.service[99623]: [pid: 99623|app: 0|req: 102/299] 127.0.0.1 () {44 vars in 1055 bytes} [Fri Jul 3 03:39:57 2026] GET /v2/schemas/image => generated 6083 bytes in 2 msecs (HTTP/1.1 200) 4 headers in 158 bytes (1 switches on core 0)
Jul 03 03:39:57.222795 np0000004361 devstack@g-api.service[99624]: [pid: 99624|app: 0|req: 98/300] 127.0.0.1 () {40 vars in 838 bytes} [Fri Jul 3 03:39:57 2026] GET /v2/images/c8c8cb44-480b-4b79-ab5a-1dd97c280d25 => generated 1357 bytes in 13 msecs (HTTP/1.1 200) 4 headers in 158 bytes (1 switches on core 0)
Jul 03 03:39:57.225538 np0000004361 devstack@g-api.service[99622]: DEBUG glance.image_cache.drivers.centralized_db [None req-26d4aa00-8ef4-4248-8f94-1012adc39ace tempest-VolumeAndVolumeTypeFromImageTest-1647720673 tempest-VolumeAndVolumeTypeFromImageTest-1647720673-project-member] Image cached successfully. {{(pid=99622) commit /opt/stack/glance/glance/image_cache/drivers/centralized_db.py:258}}
Jul 03 03:39:57.226054 np0000004361 devstack@g-api.service[99622]: [pid: 99622|app: 0|req: 101/301] 127.0.0.1 () {44 vars in 1125 bytes} [Fri Jul 3 03:39:57 2026] GET /v2/images/ae3304a1-6ace-450d-a202-5474711ab8a9/file => generated 1024 bytes in 142 msecs (HTTP/1.1 200) 4 headers in 191 bytes (1 switches on core 0)
Jul 03 03:39:57.236108 np0000004361 devstack@g-api.service[99623]: DEBUG glance.api.middleware.version_negotiation [None req-463e3aa2-7d8d-4c47-b447-134aa1579370 tempest-ServerBootFromVolumeStableRescueTest-238634468 tempest-ServerBootFromVolumeStableRescueTest-238634468-project-member] Determining version of request: GET /v2/images/ae3304a1-6ace-450d-a202-5474711ab8a9 Accept: */* {{(pid=99623) process_request /opt/stack/glance/glance/api/middleware/version_negotiation.py:44}}
Jul 03 03:39:57.236267 np0000004361 devstack@g-api.service[99623]: DEBUG glance.api.middleware.version_negotiation [None req-463e3aa2-7d8d-4c47-b447-134aa1579370 tempest-ServerBootFromVolumeStableRescueTest-238634468 tempest-ServerBootFromVolumeStableRescueTest-238634468-project-member] Using url versioning {{(pid=99623) process_request /opt/stack/glance/glance/api/middleware/version_negotiation.py:57}}
Jul 03 03:39:57.236470 np0000004361 devstack@g-api.service[99623]: DEBUG glance.api.middleware.version_negotiation [None req-463e3aa2-7d8d-4c47-b447-134aa1579370 tempest-ServerBootFromVolumeStableRescueTest-238634468 tempest-ServerBootFromVolumeStableRescueTest-238634468-project-member] Matched version: v2 {{(pid=99623) process_request /opt/stack/glance/glance/api/middleware/version_negotiation.py:69}}
Jul 03 03:39:57.236621 np0000004361 devstack@g-api.service[99623]: DEBUG glance.api.middleware.version_negotiation [None req-463e3aa2-7d8d-4c47-b447-134aa1579370 tempest-ServerBootFromVolumeStableRescueTest-238634468 tempest-ServerBootFromVolumeStableRescueTest-238634468-project-member] new path /v2/images/ae3304a1-6ace-450d-a202-5474711ab8a9 {{(pid=99623) process_request /opt/stack/glance/glance/api/middleware/version_negotiation.py:70}}
Jul 03 03:39:57.246264 np0000004361 devstack@g-api.service[99623]: [pid: 99623|app: 0|req: 103/302] 127.0.0.1 () {44 vars in 1115 bytes} [Fri Jul 3 03:39:57 2026] GET /v2/images/ae3304a1-6ace-450d-a202-5474711ab8a9 => generated 898 bytes in 10 msecs (HTTP/1.1 200) 4 headers in 157 bytes (1 switches on core 0)
Jul 03 03:39:57.247955 np0000004361 devstack@g-api.service[99624]: DEBUG glance.api.middleware.version_negotiation [None req-6a757141-b0de-4863-af72-f59253c4d772 tempest-ServerBootFromVolumeStableRescueTest-238634468 tempest-ServerBootFromVolumeStableRescueTest-238634468-project-member] Determining version of request: PATCH /v2/images/c8c8cb44-480b-4b79-ab5a-1dd97c280d25 Accept: */* {{(pid=99624) process_request /opt/stack/glance/glance/api/middleware/version_negotiation.py:44}}
Jul 03 03:39:57.248184 np0000004361 devstack@g-api.service[99624]: DEBUG glance.api.middleware.version_negotiation [None req-6a757141-b0de-4863-af72-f59253c4d772 tempest-ServerBootFromVolumeStableRescueTest-238634468 tempest-ServerBootFromVolumeStableRescueTest-238634468-project-member] Using url versioning {{(pid=99624) process_request /opt/stack/glance/glance/api/middleware/version_negotiation.py:57}}
Jul 03 03:39:57.248242 np0000004361 devstack@g-api.service[99624]: DEBUG glance.api.middleware.version_negotiation [None req-6a757141-b0de-4863-af72-f59253c4d772 tempest-ServerBootFromVolumeStableRescueTest-238634468 tempest-ServerBootFromVolumeStableRescueTest-238634468-project-member] Matched version: v2 {{(pid=99624) process_request /opt/stack/glance/glance/api/middleware/version_negotiation.py:69}}
Jul 03 03:39:57.248305 np0000004361 devstack@g-api.service[99624]: DEBUG glance.api.middleware.version_negotiation [None req-6a757141-b0de-4863-af72-f59253c4d772 tempest-ServerBootFromVolumeStableRescueTest-238634468 tempest-ServerBootFromVolumeStableRescueTest-238634468-project-member] new path /v2/images/c8c8cb44-480b-4b79-ab5a-1dd97c280d25 {{(pid=99624) process_request /opt/stack/glance/glance/api/middleware/version_negotiation.py:70}}
Jul 03 03:39:57.256080 np0000004361 devstack@g-api.service[99622]: DEBUG glance.api.middleware.version_negotiation [None req-26d4aa00-8ef4-4248-8f94-1012adc39ace tempest-VolumeAndVolumeTypeFromImageTest-1647720673 tempest-VolumeAndVolumeTypeFromImageTest-1647720673-project-member] Determining version of request: GET /v2/schemas/image Accept: */* {{(pid=99622) process_request /opt/stack/glance/glance/api/middleware/version_negotiation.py:44}}
Jul 03 03:39:57.256342 np0000004361 devstack@g-api.service[99622]: DEBUG glance.api.middleware.version_negotiation [None req-26d4aa00-8ef4-4248-8f94-1012adc39ace tempest-VolumeAndVolumeTypeFromImageTest-1647720673 tempest-VolumeAndVolumeTypeFromImageTest-1647720673-project-member] Using url versioning {{(pid=99622) process_request /opt/stack/glance/glance/api/middleware/version_negotiation.py:57}}
Jul 03 03:39:57.256562 np0000004361 devstack@g-api.service[99622]: DEBUG glance.api.middleware.version_negotiation [None req-26d4aa00-8ef4-4248-8f94-1012adc39ace tempest-VolumeAndVolumeTypeFromImageTest-1647720673 tempest-VolumeAndVolumeTypeFromImageTest-1647720673-project-member] Matched version: v2 {{(pid=99622) process_request /opt/stack/glance/glance/api/middleware/version_negotiation.py:69}}
Jul 03 03:39:57.256710 np0000004361 devstack@g-api.service[99622]: DEBUG glance.api.middleware.version_negotiation [None req-26d4aa00-8ef4-4248-8f94-1012adc39ace tempest-VolumeAndVolumeTypeFromImageTest-1647720673 tempest-VolumeAndVolumeTypeFromImageTest-1647720673-project-member] new path /v2/schemas/image {{(pid=99622) process_request /opt/stack/glance/glance/api/middleware/version_negotiation.py:70}}
Jul 03 03:39:57.259926 np0000004361 devstack@g-api.service[99622]: [pid: 99622|app: 0|req: 102/303] 127.0.0.1 () {44 vars in 1055 bytes} [Fri Jul 3 03:39:57 2026] GET /v2/schemas/image => generated 6083 bytes in 4 msecs (HTTP/1.1 200) 4 headers in 158 bytes (1 switches on core 0)
Jul 03 03:39:57.419891 np0000004361 devstack@g-api.service[99624]: [pid: 99624|app: 0|req: 99/304] 127.0.0.1 () {46 vars in 1158 bytes} [Fri Jul 3 03:39:57 2026] PATCH /v2/images/c8c8cb44-480b-4b79-ab5a-1dd97c280d25 => generated 1468 bytes in 171 msecs (HTTP/1.1 200) 4 headers in 158 bytes (1 switches on core 0)
Jul 03 03:39:57.458204 np0000004361 devstack@g-api.service[99623]: DEBUG glance.api.middleware.version_negotiation [None req-26d4aa00-8ef4-4248-8f94-1012adc39ace tempest-VolumeAndVolumeTypeFromImageTest-1647720673 tempest-VolumeAndVolumeTypeFromImageTest-1647720673-project-member] Determining version of request: GET /v2/images/c8c8cb44-480b-4b79-ab5a-1dd97c280d25 Accept: */* {{(pid=99623) process_request /opt/stack/glance/glance/api/middleware/version_negotiation.py:44}}
Jul 03 03:39:57.458481 np0000004361 devstack@g-api.service[99623]: DEBUG glance.api.middleware.version_negotiation [None req-26d4aa00-8ef4-4248-8f94-1012adc39ace tempest-VolumeAndVolumeTypeFromImageTest-1647720673 tempest-VolumeAndVolumeTypeFromImageTest-1647720673-project-member] Using url versioning {{(pid=99623) process_request /opt/stack/glance/glance/api/middleware/version_negotiation.py:57}}
Jul 03 03:39:57.458577 np0000004361 devstack@g-api.service[99623]: DEBUG glance.api.middleware.version_negotiation [None req-26d4aa00-8ef4-4248-8f94-1012adc39ace tempest-VolumeAndVolumeTypeFromImageTest-1647720673 tempest-VolumeAndVolumeTypeFromImageTest-1647720673-project-member] Matched version: v2 {{(pid=99623) process_request /opt/stack/glance/glance/api/middleware/version_negotiation.py:69}}
Jul 03 03:39:57.458684 np0000004361 devstack@g-api.service[99623]: DEBUG glance.api.middleware.version_negotiation [None req-26d4aa00-8ef4-4248-8f94-1012adc39ace tempest-VolumeAndVolumeTypeFromImageTest-1647720673 tempest-VolumeAndVolumeTypeFromImageTest-1647720673-project-member] new path /v2/images/c8c8cb44-480b-4b79-ab5a-1dd97c280d25 {{(pid=99623) process_request /opt/stack/glance/glance/api/middleware/version_negotiation.py:70}}
Jul 03 03:39:57.469633 np0000004361 devstack@g-api.service[99623]: [pid: 99623|app: 0|req: 104/305] 127.0.0.1 () {44 vars in 1115 bytes} [Fri Jul 3 03:39:57 2026] GET /v2/images/c8c8cb44-480b-4b79-ab5a-1dd97c280d25 => generated 1468 bytes in 11 msecs (HTTP/1.1 200) 4 headers in 158 bytes (1 switches on core 0)
Jul 03 03:39:57.508857 np0000004361 devstack@g-api.service[99622]: DEBUG glance.api.middleware.version_negotiation [None req-26d4aa00-8ef4-4248-8f94-1012adc39ace tempest-VolumeAndVolumeTypeFromImageTest-1647720673 tempest-VolumeAndVolumeTypeFromImageTest-1647720673-project-member] Determining version of request: PUT /v2/images/c8c8cb44-480b-4b79-ab5a-1dd97c280d25/file Accept: */* {{(pid=99622) process_request /opt/stack/glance/glance/api/middleware/version_negotiation.py:44}}
Jul 03 03:39:57.509069 np0000004361 devstack@g-api.service[99622]: DEBUG glance.api.middleware.version_negotiation [None req-26d4aa00-8ef4-4248-8f94-1012adc39ace tempest-VolumeAndVolumeTypeFromImageTest-1647720673 tempest-VolumeAndVolumeTypeFromImageTest-1647720673-project-member] Using url versioning {{(pid=99622) process_request /opt/stack/glance/glance/api/middleware/version_negotiation.py:57}}
Jul 03 03:39:57.509223 np0000004361 devstack@g-api.service[99622]: DEBUG glance.api.middleware.version_negotiation [None req-26d4aa00-8ef4-4248-8f94-1012adc39ace tempest-VolumeAndVolumeTypeFromImageTest-1647720673 tempest-VolumeAndVolumeTypeFromImageTest-1647720673-project-member] Matched version: v2 {{(pid=99622) process_request /opt/stack/glance/glance/api/middleware/version_negotiation.py:69}}
Jul 03 03:39:57.509321 np0000004361 devstack@g-api.service[99622]: DEBUG glance.api.middleware.version_negotiation [None req-26d4aa00-8ef4-4248-8f94-1012adc39ace tempest-VolumeAndVolumeTypeFromImageTest-1647720673 tempest-VolumeAndVolumeTypeFromImageTest-1647720673-project-member] new path /v2/images/c8c8cb44-480b-4b79-ab5a-1dd97c280d25/file {{(pid=99622) process_request /opt/stack/glance/glance/api/middleware/version_negotiation.py:70}}
Jul 03 03:39:57.940567 np0000004361 devstack@g-api.service[99622]: INFO glance.api.v2.image_data [None req-463e3aa2-7d8d-4c47-b447-134aa1579370 tempest-ServerBootFromVolumeStableRescueTest-238634468 tempest-ServerBootFromVolumeStableRescueTest-238634468-project-member] Unable to create trust: no such option collect_timing in group [keystone_authtoken] Use the existing user token.
Jul 03 03:39:58.095881 np0000004361 devstack@g-api.service[99624]: DEBUG glance.api.middleware.version_negotiation [None req-463e3aa2-7d8d-4c47-b447-134aa1579370 tempest-ServerBootFromVolumeStableRescueTest-238634468 tempest-ServerBootFromVolumeStableRescueTest-238634468-project-member] Determining version of request: GET /v2/images/ae3304a1-6ace-450d-a202-5474711ab8a9 Accept: */* {{(pid=99624) process_request /opt/stack/glance/glance/api/middleware/version_negotiation.py:44}}
Jul 03 03:39:58.096066 np0000004361 devstack@g-api.service[99624]: DEBUG glance.api.middleware.version_negotiation [None req-463e3aa2-7d8d-4c47-b447-134aa1579370 tempest-ServerBootFromVolumeStableRescueTest-238634468 tempest-ServerBootFromVolumeStableRescueTest-238634468-project-member] Using url versioning {{(pid=99624) process_request /opt/stack/glance/glance/api/middleware/version_negotiation.py:57}}
Jul 03 03:39:58.096190 np0000004361 devstack@g-api.service[99624]: DEBUG glance.api.middleware.version_negotiation [None req-463e3aa2-7d8d-4c47-b447-134aa1579370 tempest-ServerBootFromVolumeStableRescueTest-238634468 tempest-ServerBootFromVolumeStableRescueTest-238634468-project-member] Matched version: v2 {{(pid=99624) process_request /opt/stack/glance/glance/api/middleware/version_negotiation.py:69}}
Jul 03 03:39:58.096274 np0000004361 devstack@g-api.service[99624]: DEBUG glance.api.middleware.version_negotiation [None req-463e3aa2-7d8d-4c47-b447-134aa1579370 tempest-ServerBootFromVolumeStableRescueTest-238634468 tempest-ServerBootFromVolumeStableRescueTest-238634468-project-member] new path /v2/images/ae3304a1-6ace-450d-a202-5474711ab8a9 {{(pid=99624) process_request /opt/stack/glance/glance/api/middleware/version_negotiation.py:70}}
Jul 03 03:39:58.104227 np0000004361 devstack@g-api.service[99624]: [pid: 99624|app: 0|req: 100/306] 127.0.0.1 () {44 vars in 1115 bytes} [Fri Jul 3 03:39:58 2026] GET /v2/images/ae3304a1-6ace-450d-a202-5474711ab8a9 => generated 898 bytes in 8 msecs (HTTP/1.1 200) 4 headers in 157 bytes (1 switches on core 0)
Jul 03 03:39:58.112219 np0000004361 devstack@g-api.service[99623]: DEBUG glance.api.middleware.version_negotiation [None req-463e3aa2-7d8d-4c47-b447-134aa1579370 tempest-ServerBootFromVolumeStableRescueTest-238634468 tempest-ServerBootFromVolumeStableRescueTest-238634468-project-member] Determining version of request: GET /v2/schemas/image Accept: */* {{(pid=99623) process_request /opt/stack/glance/glance/api/middleware/version_negotiation.py:44}}
Jul 03 03:39:58.112424 np0000004361 devstack@g-api.service[99623]: DEBUG glance.api.middleware.version_negotiation [None req-463e3aa2-7d8d-4c47-b447-134aa1579370 tempest-ServerBootFromVolumeStableRescueTest-238634468 tempest-ServerBootFromVolumeStableRescueTest-238634468-project-member] Using url versioning {{(pid=99623) process_request /opt/stack/glance/glance/api/middleware/version_negotiation.py:57}}
Jul 03 03:39:58.112565 np0000004361 devstack@g-api.service[99623]: DEBUG glance.api.middleware.version_negotiation [None req-463e3aa2-7d8d-4c47-b447-134aa1579370 tempest-ServerBootFromVolumeStableRescueTest-238634468 tempest-ServerBootFromVolumeStableRescueTest-238634468-project-member] Matched version: v2 {{(pid=99623) process_request /opt/stack/glance/glance/api/middleware/version_negotiation.py:69}}
Jul 03 03:39:58.112658 np0000004361 devstack@g-api.service[99623]: DEBUG glance.api.middleware.version_negotiation [None req-463e3aa2-7d8d-4c47-b447-134aa1579370 tempest-ServerBootFromVolumeStableRescueTest-238634468 tempest-ServerBootFromVolumeStableRescueTest-238634468-project-member] new path /v2/schemas/image {{(pid=99623) process_request /opt/stack/glance/glance/api/middleware/version_negotiation.py:70}}
Jul 03 03:39:58.114908 np0000004361 devstack@g-api.service[99623]: [pid: 99623|app: 0|req: 105/307] 127.0.0.1 () {44 vars in 1055 bytes} [Fri Jul 3 03:39:58 2026] GET /v2/schemas/image => generated 6083 bytes in 3 msecs (HTTP/1.1 200) 4 headers in 158 bytes (1 switches on core 0)
Jul 03 03:39:58.231568 np0000004361 devstack@g-api.service[99624]: DEBUG glance.api.middleware.version_negotiation [None req-26d4aa00-8ef4-4248-8f94-1012adc39ace tempest-VolumeAndVolumeTypeFromImageTest-1647720673 tempest-VolumeAndVolumeTypeFromImageTest-1647720673-project-member] Determining version of request: GET /v2/images/c8c8cb44-480b-4b79-ab5a-1dd97c280d25 Accept: application/json {{(pid=99624) process_request /opt/stack/glance/glance/api/middleware/version_negotiation.py:44}}
Jul 03 03:39:58.231739 np0000004361 devstack@g-api.service[99624]: DEBUG glance.api.middleware.version_negotiation [None req-26d4aa00-8ef4-4248-8f94-1012adc39ace tempest-VolumeAndVolumeTypeFromImageTest-1647720673 tempest-VolumeAndVolumeTypeFromImageTest-1647720673-project-member] Using url versioning {{(pid=99624) process_request /opt/stack/glance/glance/api/middleware/version_negotiation.py:57}}
Jul 03 03:39:58.232116 np0000004361 devstack@g-api.service[99624]: DEBUG glance.api.middleware.version_negotiation [None req-26d4aa00-8ef4-4248-8f94-1012adc39ace tempest-VolumeAndVolumeTypeFromImageTest-1647720673 tempest-VolumeAndVolumeTypeFromImageTest-1647720673-project-member] Matched version: v2 {{(pid=99624) process_request /opt/stack/glance/glance/api/middleware/version_negotiation.py:69}}
Jul 03 03:39:58.232116 np0000004361 devstack@g-api.service[99624]: DEBUG glance.api.middleware.version_negotiation [None req-26d4aa00-8ef4-4248-8f94-1012adc39ace tempest-VolumeAndVolumeTypeFromImageTest-1647720673 tempest-VolumeAndVolumeTypeFromImageTest-1647720673-project-member] new path /v2/images/c8c8cb44-480b-4b79-ab5a-1dd97c280d25 {{(pid=99624) process_request /opt/stack/glance/glance/api/middleware/version_negotiation.py:70}}
Jul 03 03:39:58.242873 np0000004361 devstack@g-api.service[99624]: [pid: 99624|app: 0|req: 101/308] 127.0.0.1 () {40 vars in 838 bytes} [Fri Jul 3 03:39:58 2026] GET /v2/images/c8c8cb44-480b-4b79-ab5a-1dd97c280d25 => generated 1468 bytes in 11 msecs (HTTP/1.1 200) 4 headers in 158 bytes (1 switches on core 0)
Jul 03 03:39:58.353775 np0000004361 devstack@g-api.service[99622]: DEBUG glance.location [None req-463e3aa2-7d8d-4c47-b447-134aa1579370 tempest-ServerBootFromVolumeStableRescueTest-238634468 tempest-ServerBootFromVolumeStableRescueTest-238634468-project-member] Enabling in-flight format inspection for qcow2 {{(pid=99622) set_data /opt/stack/glance/glance/location.py:596}}
Jul 03 03:39:58.354303 np0000004361 devstack@g-api.service[99622]: DEBUG glance_store.backend [None req-463e3aa2-7d8d-4c47-b447-134aa1579370 tempest-ServerBootFromVolumeStableRescueTest-238634468 tempest-ServerBootFromVolumeStableRescueTest-238634468-project-member] Attempting to import store swift {{(pid=99622) _load_store /opt/stack/data/venv/lib/python3.12/site-packages/glance_store/backend.py:215}}
Jul 03 03:39:58.356359 np0000004361 devstack@g-api.service[99622]: DEBUG glance_store.capabilities [None req-463e3aa2-7d8d-4c47-b447-134aa1579370 tempest-ServerBootFromVolumeStableRescueTest-238634468 tempest-ServerBootFromVolumeStableRescueTest-238634468-project-member] Store glance_store._drivers.swift.store.SingleTenantStore doesn't support updating dynamic storage capabilities. Please overwrite 'update_capabilities' method of the store to implement updating logics if needed. {{(pid=99622) update_capabilities /opt/stack/data/venv/lib/python3.12/site-packages/glance_store/capabilities.py:91}}
Jul 03 03:39:58.356593 np0000004361 devstack@g-api.service[99622]: DEBUG glance_store.driver [None req-463e3aa2-7d8d-4c47-b447-134aa1579370 tempest-ServerBootFromVolumeStableRescueTest-238634468 tempest-ServerBootFromVolumeStableRescueTest-238634468-project-member] Late loading location class glance_store._drivers.swift.store.StoreLocation {{(pid=99622) get_store_location_class /opt/stack/data/venv/lib/python3.12/site-packages/glance_store/driver.py:134}}
Jul 03 03:39:58.356882 np0000004361 devstack@g-api.service[99622]: DEBUG glance_store.location [None req-463e3aa2-7d8d-4c47-b447-134aa1579370 tempest-ServerBootFromVolumeStableRescueTest-238634468 tempest-ServerBootFromVolumeStableRescueTest-238634468-project-member] Registering scheme swift+https with {'store': , 'location_class': , 'store_entry': 'swift'} {{(pid=99622) register_scheme_map /opt/stack/data/venv/lib/python3.12/site-packages/glance_store/location.py:146}}
Jul 03 03:39:58.357116 np0000004361 devstack@g-api.service[99622]: DEBUG glance_store.location [None req-463e3aa2-7d8d-4c47-b447-134aa1579370 tempest-ServerBootFromVolumeStableRescueTest-238634468 tempest-ServerBootFromVolumeStableRescueTest-238634468-project-member] Registering scheme swift+https with {'store': , 'location_class': , 'store_entry': 'swift'} {{(pid=99622) register_scheme_map /opt/stack/data/venv/lib/python3.12/site-packages/glance_store/location.py:146}}
Jul 03 03:39:58.357349 np0000004361 devstack@g-api.service[99622]: DEBUG glance_store.location [None req-463e3aa2-7d8d-4c47-b447-134aa1579370 tempest-ServerBootFromVolumeStableRescueTest-238634468 tempest-ServerBootFromVolumeStableRescueTest-238634468-project-member] Registering scheme swift with {'store': , 'location_class': , 'store_entry': 'swift'} {{(pid=99622) register_scheme_map /opt/stack/data/venv/lib/python3.12/site-packages/glance_store/location.py:146}}
Jul 03 03:39:58.357716 np0000004361 devstack@g-api.service[99622]: DEBUG glance_store.location [None req-463e3aa2-7d8d-4c47-b447-134aa1579370 tempest-ServerBootFromVolumeStableRescueTest-238634468 tempest-ServerBootFromVolumeStableRescueTest-238634468-project-member] Registering scheme swift+https with {'store': , 'location_class': , 'store_entry': 'swift'} {{(pid=99622) register_scheme_map /opt/stack/data/venv/lib/python3.12/site-packages/glance_store/location.py:146}}
Jul 03 03:39:58.357716 np0000004361 devstack@g-api.service[99622]: DEBUG glance_store.location [None req-463e3aa2-7d8d-4c47-b447-134aa1579370 tempest-ServerBootFromVolumeStableRescueTest-238634468 tempest-ServerBootFromVolumeStableRescueTest-238634468-project-member] Registering scheme swift with {'store': , 'location_class': , 'store_entry': 'swift'} {{(pid=99622) register_scheme_map /opt/stack/data/venv/lib/python3.12/site-packages/glance_store/location.py:146}}
Jul 03 03:39:58.357855 np0000004361 devstack@g-api.service[99622]: DEBUG glance_store.location [None req-463e3aa2-7d8d-4c47-b447-134aa1579370 tempest-ServerBootFromVolumeStableRescueTest-238634468 tempest-ServerBootFromVolumeStableRescueTest-238634468-project-member] Registering scheme swift+http with {'store': , 'location_class': , 'store_entry': 'swift'} {{(pid=99622) register_scheme_map /opt/stack/data/venv/lib/python3.12/site-packages/glance_store/location.py:146}}
