Jun 18 21:01:43.800398 np0000003191 devstack@g-api.service[98829]: DEBUG glance.common.config [None req-9c0d0f71-f806-4c0f-853c-b87f8863ad1a None None] database.mysql_wsrep_sync_wait = None {{(pid=98829) log_opt_values /opt/stack/data/venv/lib/python3.12/site-packages/oslo_config/cfg.py:3253}}
Jun 18 21:01:43.800443 np0000003191 devstack@g-api.service[98828]: DEBUG glance.common.config [None req-30277d8e-5f38-4168-a061-9c76e42b5134 None None] database.connection_trace = False {{(pid=98828) log_opt_values /opt/stack/data/venv/lib/python3.12/site-packages/oslo_config/cfg.py:3253}}
Jun 18 21:01:43.800498 np0000003191 devstack@g-api.service[98828]: DEBUG glance.common.config [None req-30277d8e-5f38-4168-a061-9c76e42b5134 None None] database.db_inc_retry_interval = True {{(pid=98828) log_opt_values /opt/stack/data/venv/lib/python3.12/site-packages/oslo_config/cfg.py:3253}}
Jun 18 21:01:43.800549 np0000003191 devstack@g-api.service[98829]: DEBUG glance.common.config [None req-9c0d0f71-f806-4c0f-853c-b87f8863ad1a None None] database.pool_timeout = None {{(pid=98829) log_opt_values /opt/stack/data/venv/lib/python3.12/site-packages/oslo_config/cfg.py:3253}}
Jun 18 21:01:43.800594 np0000003191 devstack@g-api.service[98828]: DEBUG glance.common.config [None req-30277d8e-5f38-4168-a061-9c76e42b5134 None None] database.db_max_retries = 20 {{(pid=98828) log_opt_values /opt/stack/data/venv/lib/python3.12/site-packages/oslo_config/cfg.py:3253}}
Jun 18 21:01:43.800683 np0000003191 devstack@g-api.service[98828]: DEBUG glance.common.config [None req-30277d8e-5f38-4168-a061-9c76e42b5134 None None] database.db_max_retry_interval = 10 {{(pid=98828) log_opt_values /opt/stack/data/venv/lib/python3.12/site-packages/oslo_config/cfg.py:3253}}
Jun 18 21:01:43.800715 np0000003191 devstack@g-api.service[98829]: DEBUG glance.common.config [None req-9c0d0f71-f806-4c0f-853c-b87f8863ad1a None None] database.retry_interval = 10 {{(pid=98829) log_opt_values /opt/stack/data/venv/lib/python3.12/site-packages/oslo_config/cfg.py:3253}}
Jun 18 21:01:43.800781 np0000003191 devstack@g-api.service[98828]: DEBUG glance.common.config [None req-30277d8e-5f38-4168-a061-9c76e42b5134 None None] database.db_retry_interval = 1 {{(pid=98828) log_opt_values /opt/stack/data/venv/lib/python3.12/site-packages/oslo_config/cfg.py:3253}}
Jun 18 21:01:43.800840 np0000003191 devstack@g-api.service[98829]: DEBUG glance.common.config [None req-9c0d0f71-f806-4c0f-853c-b87f8863ad1a None None] database.slave_connection = **** {{(pid=98829) log_opt_values /opt/stack/data/venv/lib/python3.12/site-packages/oslo_config/cfg.py:3253}}
Jun 18 21:01:43.800917 np0000003191 devstack@g-api.service[98828]: DEBUG glance.common.config [None req-30277d8e-5f38-4168-a061-9c76e42b5134 None None] database.max_overflow = 50 {{(pid=98828) log_opt_values /opt/stack/data/venv/lib/python3.12/site-packages/oslo_config/cfg.py:3253}}
Jun 18 21:01:43.800987 np0000003191 devstack@g-api.service[98829]: DEBUG glance.common.config [None req-9c0d0f71-f806-4c0f-853c-b87f8863ad1a None None] database.sqlite_synchronous = True {{(pid=98829) log_opt_values /opt/stack/data/venv/lib/python3.12/site-packages/oslo_config/cfg.py:3253}}
Jun 18 21:01:43.801023 np0000003191 devstack@g-api.service[98828]: DEBUG glance.common.config [None req-30277d8e-5f38-4168-a061-9c76e42b5134 None None] database.max_pool_size = 5 {{(pid=98828) log_opt_values /opt/stack/data/venv/lib/python3.12/site-packages/oslo_config/cfg.py:3253}}
Jun 18 21:01:43.801097 np0000003191 devstack@g-api.service[98828]: DEBUG glance.common.config [None req-30277d8e-5f38-4168-a061-9c76e42b5134 None None] database.max_retries = 10 {{(pid=98828) log_opt_values /opt/stack/data/venv/lib/python3.12/site-packages/oslo_config/cfg.py:3253}}
Jun 18 21:01:43.801145 np0000003191 devstack@g-api.service[98829]: DEBUG glance.common.config [None req-9c0d0f71-f806-4c0f-853c-b87f8863ad1a None None] database.synchronous_reader = True {{(pid=98829) log_opt_values /opt/stack/data/venv/lib/python3.12/site-packages/oslo_config/cfg.py:3253}}
Jun 18 21:01:43.801215 np0000003191 devstack@g-api.service[98828]: DEBUG glance.common.config [None req-30277d8e-5f38-4168-a061-9c76e42b5134 None None] database.mysql_sql_mode = TRADITIONAL {{(pid=98828) log_opt_values /opt/stack/data/venv/lib/python3.12/site-packages/oslo_config/cfg.py:3253}}
Jun 18 21:01:43.801258 np0000003191 devstack@g-api.service[98829]: DEBUG glance.common.config [None req-9c0d0f71-f806-4c0f-853c-b87f8863ad1a None None] database.use_db_reconnect = False {{(pid=98829) log_opt_values /opt/stack/data/venv/lib/python3.12/site-packages/oslo_config/cfg.py:3253}}
Jun 18 21:01:43.801299 np0000003191 devstack@g-api.service[98828]: DEBUG glance.common.config [None req-30277d8e-5f38-4168-a061-9c76e42b5134 None None] database.mysql_wsrep_sync_wait = None {{(pid=98828) log_opt_values /opt/stack/data/venv/lib/python3.12/site-packages/oslo_config/cfg.py:3253}}
Jun 18 21:01:43.801379 np0000003191 devstack@g-api.service[98828]: DEBUG glance.common.config [None req-30277d8e-5f38-4168-a061-9c76e42b5134 None None] database.pool_timeout = None {{(pid=98828) log_opt_values /opt/stack/data/venv/lib/python3.12/site-packages/oslo_config/cfg.py:3253}}
Jun 18 21:01:43.801434 np0000003191 devstack@g-api.service[98829]: DEBUG glance.common.config [None req-9c0d0f71-f806-4c0f-853c-b87f8863ad1a None None] healthcheck.allowed_source_ranges = [] {{(pid=98829) log_opt_values /opt/stack/data/venv/lib/python3.12/site-packages/oslo_config/cfg.py:3253}}
Jun 18 21:01:43.801483 np0000003191 devstack@g-api.service[98828]: DEBUG glance.common.config [None req-30277d8e-5f38-4168-a061-9c76e42b5134 None None] database.retry_interval = 10 {{(pid=98828) log_opt_values /opt/stack/data/venv/lib/python3.12/site-packages/oslo_config/cfg.py:3253}}
Jun 18 21:01:43.801562 np0000003191 devstack@g-api.service[98829]: DEBUG glance.common.config [None req-9c0d0f71-f806-4c0f-853c-b87f8863ad1a None None] healthcheck.backends = ['disable_by_file'] {{(pid=98829) log_opt_values /opt/stack/data/venv/lib/python3.12/site-packages/oslo_config/cfg.py:3253}}
Jun 18 21:01:43.801599 np0000003191 devstack@g-api.service[98828]: DEBUG glance.common.config [None req-30277d8e-5f38-4168-a061-9c76e42b5134 None None] database.slave_connection = **** {{(pid=98828) log_opt_values /opt/stack/data/venv/lib/python3.12/site-packages/oslo_config/cfg.py:3253}}
Jun 18 21:01:43.801641 np0000003191 devstack@g-api.service[98828]: DEBUG glance.common.config [None req-30277d8e-5f38-4168-a061-9c76e42b5134 None None] database.sqlite_synchronous = True {{(pid=98828) log_opt_values /opt/stack/data/venv/lib/python3.12/site-packages/oslo_config/cfg.py:3253}}
Jun 18 21:01:43.801725 np0000003191 devstack@g-api.service[98829]: DEBUG glance.common.config [None req-9c0d0f71-f806-4c0f-853c-b87f8863ad1a None None] healthcheck.detailed = False {{(pid=98829) log_opt_values /opt/stack/data/venv/lib/python3.12/site-packages/oslo_config/cfg.py:3253}}
Jun 18 21:01:43.801754 np0000003191 devstack@g-api.service[98828]: DEBUG glance.common.config [None req-30277d8e-5f38-4168-a061-9c76e42b5134 None None] database.synchronous_reader = True {{(pid=98828) log_opt_values /opt/stack/data/venv/lib/python3.12/site-packages/oslo_config/cfg.py:3253}}
Jun 18 21:01:43.801887 np0000003191 devstack@g-api.service[98828]: DEBUG glance.common.config [None req-30277d8e-5f38-4168-a061-9c76e42b5134 None None] database.use_db_reconnect = False {{(pid=98828) log_opt_values /opt/stack/data/venv/lib/python3.12/site-packages/oslo_config/cfg.py:3253}}
Jun 18 21:01:43.801917 np0000003191 devstack@g-api.service[98829]: DEBUG glance.common.config [None req-9c0d0f71-f806-4c0f-853c-b87f8863ad1a None None] healthcheck.disable_by_file_path = None {{(pid=98829) log_opt_values /opt/stack/data/venv/lib/python3.12/site-packages/oslo_config/cfg.py:3253}}
Jun 18 21:01:43.801998 np0000003191 devstack@g-api.service[98828]: DEBUG glance.common.config [None req-30277d8e-5f38-4168-a061-9c76e42b5134 None None] healthcheck.allowed_source_ranges = [] {{(pid=98828) log_opt_values /opt/stack/data/venv/lib/python3.12/site-packages/oslo_config/cfg.py:3253}}
Jun 18 21:01:43.802067 np0000003191 devstack@g-api.service[98829]: DEBUG glance.common.config [None req-9c0d0f71-f806-4c0f-853c-b87f8863ad1a None None] healthcheck.ignore_proxied_requests = False {{(pid=98829) log_opt_values /opt/stack/data/venv/lib/python3.12/site-packages/oslo_config/cfg.py:3253}}
Jun 18 21:01:43.802098 np0000003191 devstack@g-api.service[98828]: DEBUG glance.common.config [None req-30277d8e-5f38-4168-a061-9c76e42b5134 None None] healthcheck.backends = ['disable_by_file'] {{(pid=98828) log_opt_values /opt/stack/data/venv/lib/python3.12/site-packages/oslo_config/cfg.py:3253}}
Jun 18 21:01:43.802164 np0000003191 devstack@g-api.service[98828]: DEBUG glance.common.config [None req-30277d8e-5f38-4168-a061-9c76e42b5134 None None] healthcheck.detailed = False {{(pid=98828) log_opt_values /opt/stack/data/venv/lib/python3.12/site-packages/oslo_config/cfg.py:3253}}
Jun 18 21:01:43.802199 np0000003191 devstack@g-api.service[98829]: DEBUG glance.common.config [None req-9c0d0f71-f806-4c0f-853c-b87f8863ad1a None None] ******************************************************************************** {{(pid=98829) log_opt_values /opt/stack/data/venv/lib/python3.12/site-packages/oslo_config/cfg.py:3260}}
Jun 18 21:01:43.802270 np0000003191 devstack@g-api.service[98828]: DEBUG glance.common.config [None req-30277d8e-5f38-4168-a061-9c76e42b5134 None None] healthcheck.disable_by_file_path = None {{(pid=98828) log_opt_values /opt/stack/data/venv/lib/python3.12/site-packages/oslo_config/cfg.py:3253}}
Jun 18 21:01:43.802324 np0000003191 devstack@g-api.service[98829]: WSGI app 0 (mountpoint='') ready in 2 seconds on interpreter 0x72b5930a3668 pid: 98829 (default app)
Jun 18 21:01:43.802366 np0000003191 devstack@g-api.service[98828]: DEBUG glance.common.config [None req-30277d8e-5f38-4168-a061-9c76e42b5134 None None] healthcheck.ignore_proxied_requests = False {{(pid=98828) log_opt_values /opt/stack/data/venv/lib/python3.12/site-packages/oslo_config/cfg.py:3253}}
Jun 18 21:01:43.802394 np0000003191 devstack@g-api.service[98828]: DEBUG glance.common.config [None req-30277d8e-5f38-4168-a061-9c76e42b5134 None None] ******************************************************************************** {{(pid=98828) log_opt_values /opt/stack/data/venv/lib/python3.12/site-packages/oslo_config/cfg.py:3260}}
Jun 18 21:01:43.802546 np0000003191 devstack@g-api.service[98828]: WSGI app 0 (mountpoint='') ready in 2 seconds on interpreter 0x72b5930a3668 pid: 98828 (default app)
Jun 18 21:01:43.803076 np0000003191 devstack@g-api.service[98829]: DEBUG glance.api.middleware.version_negotiation [None req-9c0d0f71-f806-4c0f-853c-b87f8863ad1a None None] Determining version of request: GET / Accept: */* {{(pid=98829) process_request /opt/stack/glance/glance/api/middleware/version_negotiation.py:44}}
Jun 18 21:01:43.803277 np0000003191 devstack@g-api.service[98829]: DEBUG glance.api.middleware.version_negotiation [None req-9c0d0f71-f806-4c0f-853c-b87f8863ad1a None None] Using url versioning {{(pid=98829) process_request /opt/stack/glance/glance/api/middleware/version_negotiation.py:57}}
Jun 18 21:01:43.805256 np0000003191 devstack@g-api.service[98829]: DEBUG glance.api.middleware.version_negotiation [None req-9c0d0f71-f806-4c0f-853c-b87f8863ad1a None None] Unknown version. Returning version choices. {{(pid=98829) process_request /opt/stack/glance/glance/api/middleware/version_negotiation.py:64}}
Jun 18 21:01:43.806000 np0000003191 devstack@g-api.service[98829]: [pid: 98829|app: 0|req: 1/1] 127.0.0.1 () {34 vars in 455 bytes} [Thu Jun 18 21:01:43 2026] GET / => generated 1407 bytes in 3 msecs (HTTP/1.1 300) 3 headers in 106 bytes (1 switches on core 0)
Jun 18 21:01:45.094151 np0000003191 devstack@g-api.service[98828]: DEBUG glance.api.middleware.version_negotiation [None req-30277d8e-5f38-4168-a061-9c76e42b5134 None None] Determining version of request: GET / Accept: application/json {{(pid=98828) process_request /opt/stack/glance/glance/api/middleware/version_negotiation.py:44}}
Jun 18 21:01:45.094533 np0000003191 devstack@g-api.service[98828]: DEBUG glance.api.middleware.version_negotiation [None req-30277d8e-5f38-4168-a061-9c76e42b5134 None None] Using url versioning {{(pid=98828) process_request /opt/stack/glance/glance/api/middleware/version_negotiation.py:57}}
Jun 18 21:01:45.094533 np0000003191 devstack@g-api.service[98828]: DEBUG glance.api.middleware.version_negotiation [None req-30277d8e-5f38-4168-a061-9c76e42b5134 None None] Unknown version. Returning version choices. {{(pid=98828) process_request /opt/stack/glance/glance/api/middleware/version_negotiation.py:64}}
Jun 18 21:01:45.095204 np0000003191 devstack@g-api.service[98828]: [pid: 98828|app: 0|req: 1/2] 127.0.0.1 () {36 vars in 573 bytes} [Thu Jun 18 21:01:45 2026] GET / => generated 1407 bytes in 1 msecs (HTTP/1.1 300) 3 headers in 106 bytes (1 switches on core 0)
Jun 18 21:01:45.104118 np0000003191 devstack@g-api.service[98829]: DEBUG glance.api.middleware.version_negotiation [None req-9c0d0f71-f806-4c0f-853c-b87f8863ad1a None None] Determining version of request: POST /v2/images Accept: */* {{(pid=98829) process_request /opt/stack/glance/glance/api/middleware/version_negotiation.py:44}}
Jun 18 21:01:45.104467 np0000003191 devstack@g-api.service[98829]: DEBUG glance.api.middleware.version_negotiation [None req-9c0d0f71-f806-4c0f-853c-b87f8863ad1a None None] Using url versioning {{(pid=98829) process_request /opt/stack/glance/glance/api/middleware/version_negotiation.py:57}}
Jun 18 21:01:45.104668 np0000003191 devstack@g-api.service[98829]: DEBUG glance.api.middleware.version_negotiation [None req-9c0d0f71-f806-4c0f-853c-b87f8863ad1a None None] Matched version: v2 {{(pid=98829) process_request /opt/stack/glance/glance/api/middleware/version_negotiation.py:69}}
Jun 18 21:01:45.104768 np0000003191 devstack@g-api.service[98829]: DEBUG glance.api.middleware.version_negotiation [None req-9c0d0f71-f806-4c0f-853c-b87f8863ad1a None None] new path /v2/images {{(pid=98829) process_request /opt/stack/glance/glance/api/middleware/version_negotiation.py:70}}
Jun 18 21:01:46.046483 np0000003191 devstack@g-api.service[98829]: [pid: 98829|app: 0|req: 2/3] 127.0.0.1 () {42 vars in 836 bytes} [Thu Jun 18 21:01:45 2026] POST /v2/images => generated 807 bytes in 942 msecs (HTTP/1.1 201) 6 headers in 315 bytes (1 switches on core 0)
Jun 18 21:01:46.055941 np0000003191 devstack@g-api.service[98828]: DEBUG glance.api.middleware.version_negotiation [None req-30277d8e-5f38-4168-a061-9c76e42b5134 None None] Determining version of request: PUT /v2/images/5fcfa454-9d2a-4bf3-bfb7-6e13050f12a6/stage Accept: {{(pid=98828) process_request /opt/stack/glance/glance/api/middleware/version_negotiation.py:44}}
Jun 18 21:01:46.056152 np0000003191 devstack@g-api.service[98828]: DEBUG glance.api.middleware.version_negotiation [None req-30277d8e-5f38-4168-a061-9c76e42b5134 None None] Using url versioning {{(pid=98828) process_request /opt/stack/glance/glance/api/middleware/version_negotiation.py:57}}
Jun 18 21:01:46.056565 np0000003191 devstack@g-api.service[98828]: DEBUG glance.api.middleware.version_negotiation [None req-30277d8e-5f38-4168-a061-9c76e42b5134 None None] Matched version: v2 {{(pid=98828) process_request /opt/stack/glance/glance/api/middleware/version_negotiation.py:69}}
Jun 18 21:01:46.056710 np0000003191 devstack@g-api.service[98828]: DEBUG glance.api.middleware.version_negotiation [None req-30277d8e-5f38-4168-a061-9c76e42b5134 None None] new path /v2/images/5fcfa454-9d2a-4bf3-bfb7-6e13050f12a6/stage {{(pid=98828) process_request /opt/stack/glance/glance/api/middleware/version_negotiation.py:70}}
Jun 18 21:01:46.644546 np0000003191 devstack@g-api.service[98828]: DEBUG glance_store.backend [None req-c70e850f-67ad-48a4-86ba-633a9430898c admin admin] Attempting to import store cinder {{(pid=98828) _load_store /opt/stack/data/venv/lib/python3.12/site-packages/glance_store/backend.py:215}}
Jun 18 21:01:46.645097 np0000003191 devstack@g-api.service[98828]: DEBUG glance_store.backend [None req-c70e850f-67ad-48a4-86ba-633a9430898c admin admin] Attempting to import store file {{(pid=98828) _load_store /opt/stack/data/venv/lib/python3.12/site-packages/glance_store/backend.py:215}}
Jun 18 21:01:46.645097 np0000003191 devstack@g-api.service[98828]: DEBUG glance_store.backend [None req-c70e850f-67ad-48a4-86ba-633a9430898c admin admin] Attempting to import store glance.store.cinder.Store {{(pid=98828) _load_store /opt/stack/data/venv/lib/python3.12/site-packages/glance_store/backend.py:215}}
Jun 18 21:01:46.645097 np0000003191 devstack@g-api.service[98828]: DEBUG glance_store.backend [None req-c70e850f-67ad-48a4-86ba-633a9430898c admin admin] Attempting to import store glance.store.filesystem.Store {{(pid=98828) _load_store /opt/stack/data/venv/lib/python3.12/site-packages/glance_store/backend.py:215}}
Jun 18 21:01:46.645242 np0000003191 devstack@g-api.service[98828]: DEBUG glance_store.backend [None req-c70e850f-67ad-48a4-86ba-633a9430898c admin admin] Attempting to import store glance.store.http.Store {{(pid=98828) _load_store /opt/stack/data/venv/lib/python3.12/site-packages/glance_store/backend.py:215}}
Jun 18 21:01:46.645330 np0000003191 devstack@g-api.service[98828]: DEBUG glance_store.backend [None req-c70e850f-67ad-48a4-86ba-633a9430898c admin admin] Attempting to import store glance.store.rbd.Store {{(pid=98828) _load_store /opt/stack/data/venv/lib/python3.12/site-packages/glance_store/backend.py:215}}
Jun 18 21:01:46.645529 np0000003191 devstack@g-api.service[98828]: DEBUG glance_store.backend [None req-c70e850f-67ad-48a4-86ba-633a9430898c admin admin] Attempting to import store glance.store.s3.Store {{(pid=98828) _load_store /opt/stack/data/venv/lib/python3.12/site-packages/glance_store/backend.py:215}}
Jun 18 21:01:46.645681 np0000003191 devstack@g-api.service[98828]: DEBUG glance_store.backend [None req-c70e850f-67ad-48a4-86ba-633a9430898c admin admin] Attempting to import store glance.store.swift.Store {{(pid=98828) _load_store /opt/stack/data/venv/lib/python3.12/site-packages/glance_store/backend.py:215}}
Jun 18 21:01:46.645853 np0000003191 devstack@g-api.service[98828]: DEBUG glance_store.backend [None req-c70e850f-67ad-48a4-86ba-633a9430898c admin admin] Attempting to import store glance.store.vmware_datastore.Store {{(pid=98828) _load_store /opt/stack/data/venv/lib/python3.12/site-packages/glance_store/backend.py:215}}
Jun 18 21:01:46.646015 np0000003191 devstack@g-api.service[98828]: DEBUG glance_store.backend [None req-c70e850f-67ad-48a4-86ba-633a9430898c admin admin] Attempting to import store http {{(pid=98828) _load_store /opt/stack/data/venv/lib/python3.12/site-packages/glance_store/backend.py:215}}
Jun 18 21:01:46.646174 np0000003191 devstack@g-api.service[98828]: DEBUG glance_store.backend [None req-c70e850f-67ad-48a4-86ba-633a9430898c admin admin] Attempting to import store no_conf {{(pid=98828) _load_store /opt/stack/data/venv/lib/python3.12/site-packages/glance_store/backend.py:215}}
Jun 18 21:01:46.646340 np0000003191 devstack@g-api.service[98828]: DEBUG glance_store.backend [None req-c70e850f-67ad-48a4-86ba-633a9430898c admin admin] Attempting to import store rbd {{(pid=98828) _load_store /opt/stack/data/venv/lib/python3.12/site-packages/glance_store/backend.py:215}}
Jun 18 21:01:46.646508 np0000003191 devstack@g-api.service[98828]: DEBUG glance_store.backend [None req-c70e850f-67ad-48a4-86ba-633a9430898c admin admin] Attempting to import store s3 {{(pid=98828) _load_store /opt/stack/data/venv/lib/python3.12/site-packages/glance_store/backend.py:215}}
Jun 18 21:01:46.646665 np0000003191 devstack@g-api.service[98828]: DEBUG glance_store.backend [None req-c70e850f-67ad-48a4-86ba-633a9430898c admin admin] Attempting to import store swift {{(pid=98828) _load_store /opt/stack/data/venv/lib/python3.12/site-packages/glance_store/backend.py:215}}
Jun 18 21:01:46.646839 np0000003191 devstack@g-api.service[98828]: DEBUG glance_store.backend [None req-c70e850f-67ad-48a4-86ba-633a9430898c admin admin] Attempting to import store vmware {{(pid=98828) _load_store /opt/stack/data/venv/lib/python3.12/site-packages/glance_store/backend.py:215}}
Jun 18 21:01:46.646995 np0000003191 devstack@g-api.service[98828]: DEBUG glance_store.backend [None req-c70e850f-67ad-48a4-86ba-633a9430898c admin admin] Registering options for group glance_store {{(pid=98828) register_opts /opt/stack/data/venv/lib/python3.12/site-packages/glance_store/backend.py:144}}
Jun 18 21:01:46.647144 np0000003191 devstack@g-api.service[98828]: DEBUG glance_store.backend [None req-c70e850f-67ad-48a4-86ba-633a9430898c admin admin] Registering options for group glance_store {{(pid=98828) register_opts /opt/stack/data/venv/lib/python3.12/site-packages/glance_store/backend.py:144}}
Jun 18 21:01:46.647704 np0000003191 devstack@g-api.service[98828]: DEBUG glance_store.backend [None req-c70e850f-67ad-48a4-86ba-633a9430898c admin admin] Attempting to import store file {{(pid=98828) _load_store /opt/stack/data/venv/lib/python3.12/site-packages/glance_store/backend.py:215}}
Jun 18 21:01:46.648240 np0000003191 devstack@g-api.service[98828]: INFO glance_store._drivers.filesystem [None req-c70e850f-67ad-48a4-86ba-633a9430898c admin admin] Directory to write image files does not exist (/tmp/staging/). Creating.
Jun 18 21:01:46.648516 np0000003191 devstack@g-api.service[98828]: DEBUG glance_store.capabilities [None req-c70e850f-67ad-48a4-86ba-633a9430898c admin admin] Store glance_store._drivers.filesystem.Store doesn't support updating dynamic storage capabilities. Please overwrite 'update_capabilities' method of the store to implement updating logics if needed. {{(pid=98828) update_capabilities /opt/stack/data/venv/lib/python3.12/site-packages/glance_store/capabilities.py:91}}
Jun 18 21:01:47.230139 np0000003191 devstack@g-api.service[98828]: DEBUG glance_store._drivers.filesystem [None req-c70e850f-67ad-48a4-86ba-633a9430898c admin admin] Wrote 21430272 bytes to /tmp/staging/5fcfa454-9d2a-4bf3-bfb7-6e13050f12a6 with checksum c8fc807773e5354afe61636071771906 and multihash c8fc807773e5354afe61636071771906 {{(pid=98828) add /opt/stack/data/venv/lib/python3.12/site-packages/glance_store/_drivers/filesystem.py:899}}
Jun 18 21:01:47.249062 np0000003191 devstack@g-api.service[98828]: [pid: 98828|app: 0|req: 2/4] 127.0.0.1 () {42 vars in 931 bytes} [Thu Jun 18 21:01:46 2026] PUT /v2/images/5fcfa454-9d2a-4bf3-bfb7-6e13050f12a6/stage => generated 0 bytes in 1193 msecs (HTTP/1.1 204) 4 headers in 171 bytes (1 switches on core 0)
Jun 18 21:01:47.258106 np0000003191 devstack@g-api.service[98829]: DEBUG glance.api.middleware.version_negotiation [None req-373e3cb7-0462-4ea6-a426-5b131ed677dd admin admin] Determining version of request: POST /v2/images/5fcfa454-9d2a-4bf3-bfb7-6e13050f12a6/import Accept: */* {{(pid=98829) process_request /opt/stack/glance/glance/api/middleware/version_negotiation.py:44}}
Jun 18 21:01:47.258489 np0000003191 devstack@g-api.service[98829]: DEBUG glance.api.middleware.version_negotiation [None req-373e3cb7-0462-4ea6-a426-5b131ed677dd admin admin] Using url versioning {{(pid=98829) process_request /opt/stack/glance/glance/api/middleware/version_negotiation.py:57}}
Jun 18 21:01:47.258489 np0000003191 devstack@g-api.service[98829]: DEBUG glance.api.middleware.version_negotiation [None req-373e3cb7-0462-4ea6-a426-5b131ed677dd admin admin] Matched version: v2 {{(pid=98829) process_request /opt/stack/glance/glance/api/middleware/version_negotiation.py:69}}
Jun 18 21:01:47.258489 np0000003191 devstack@g-api.service[98829]: DEBUG glance.api.middleware.version_negotiation [None req-373e3cb7-0462-4ea6-a426-5b131ed677dd admin admin] new path /v2/images/5fcfa454-9d2a-4bf3-bfb7-6e13050f12a6/import {{(pid=98829) process_request /opt/stack/glance/glance/api/middleware/version_negotiation.py:70}}
Jun 18 21:01:47.677175 np0000003191 devstack@g-api.service[98829]: DEBUG glance.domain [None req-781d6345-8e65-4b51-8d78-350c0c32b86a admin admin] Loading taskflow executor {{(pid=98829) new_task_executor /opt/stack/glance/glance/domain/__init__.py:530}}
Jun 18 21:01:47.858089 np0000003191 devstack@g-api.service[98829]: DEBUG oslo_concurrency.lockutils [None req-781d6345-8e65-4b51-8d78-350c0c32b86a admin admin] Acquiring lock "tasks_pool" by "glance.api.common.memoize..memoizer_wrapper..memoizer" {{(pid=98829) inner /opt/stack/data/venv/lib/python3.12/site-packages/oslo_concurrency/lockutils.py:511}}
Jun 18 21:01:47.858237 np0000003191 devstack@g-api.service[98829]: DEBUG oslo_concurrency.lockutils [None req-781d6345-8e65-4b51-8d78-350c0c32b86a admin admin] Lock "tasks_pool" acquired by "glance.api.common.memoize..memoizer_wrapper..memoizer" :: waited 0.000s {{(pid=98829) inner /opt/stack/data/venv/lib/python3.12/site-packages/oslo_concurrency/lockutils.py:524}}
Jun 18 21:01:47.858657 np0000003191 devstack@g-api.service[98829]: DEBUG glance.api.common [None req-781d6345-8e65-4b51-8d78-350c0c32b86a admin admin] Initializing named threadpool 'tasks_pool' {{(pid=98829) _get_thread_pool /opt/stack/glance/glance/api/common.py:242}}
Jun 18 21:01:47.858734 np0000003191 devstack@g-api.service[98829]: DEBUG glance.async_ [None req-781d6345-8e65-4b51-8d78-350c0c32b86a admin admin] Creating threadpool model 'ThreadPoolExecutor' with size 16 {{(pid=98829) __init__ /opt/stack/glance/glance/async_/__init__.py:100}}
Jun 18 21:01:47.858900 np0000003191 devstack@g-api.service[98829]: DEBUG oslo_concurrency.lockutils [None req-781d6345-8e65-4b51-8d78-350c0c32b86a admin admin] Lock "tasks_pool" "released" by "glance.api.common.memoize..memoizer_wrapper..memoizer" :: held 0.001s {{(pid=98829) inner /opt/stack/data/venv/lib/python3.12/site-packages/oslo_concurrency/lockutils.py:543}}
Jun 18 21:01:47.858989 np0000003191 devstack@g-api.service[98829]: DEBUG glance.async_ [None req-781d6345-8e65-4b51-8d78-350c0c32b86a admin admin] Spawning with ThreadPoolExecutor: >((,), {}) {{(pid=98829) spawn /opt/stack/glance/glance/async_/__init__.py:106}}
Jun 18 21:01:47.860936 np0000003191 devstack@g-api.service[98829]: [pid: 98829|app: 0|req: 3/5] 127.0.0.1 () {42 vars in 923 bytes} [Thu Jun 18 21:01:47 2026] POST /v2/images/5fcfa454-9d2a-4bf3-bfb7-6e13050f12a6/import => generated 0 bytes in 603 msecs (HTTP/1.1 202) 4 headers in 169 bytes (1 switches on core 0)
Jun 18 21:01:47.863862 np0000003191 devstack@g-api.service[98829]: INFO glance.domain [-] Task [d1ce5a16-f198-4520-a996-2a103420db12] status changing from pending to processing
Jun 18 21:01:47.869359 np0000003191 devstack@g-api.service[98828]: DEBUG glance.api.middleware.version_negotiation [None req-c70e850f-67ad-48a4-86ba-633a9430898c admin admin] Determining version of request: GET /v2/images/5fcfa454-9d2a-4bf3-bfb7-6e13050f12a6 Accept: */* {{(pid=98828) process_request /opt/stack/glance/glance/api/middleware/version_negotiation.py:44}}
Jun 18 21:01:47.869743 np0000003191 devstack@g-api.service[98828]: DEBUG glance.api.middleware.version_negotiation [None req-c70e850f-67ad-48a4-86ba-633a9430898c admin admin] Using url versioning {{(pid=98828) process_request /opt/stack/glance/glance/api/middleware/version_negotiation.py:57}}
Jun 18 21:01:47.869743 np0000003191 devstack@g-api.service[98828]: DEBUG glance.api.middleware.version_negotiation [None req-c70e850f-67ad-48a4-86ba-633a9430898c admin admin] Matched version: v2 {{(pid=98828) process_request /opt/stack/glance/glance/api/middleware/version_negotiation.py:69}}
Jun 18 21:01:47.869743 np0000003191 devstack@g-api.service[98828]: DEBUG glance.api.middleware.version_negotiation [None req-c70e850f-67ad-48a4-86ba-633a9430898c admin admin] new path /v2/images/5fcfa454-9d2a-4bf3-bfb7-6e13050f12a6 {{(pid=98828) process_request /opt/stack/glance/glance/api/middleware/version_negotiation.py:70}}
Jun 18 21:01:47.874001 np0000003191 devstack@g-api.service[98829]: DEBUG glance.async_.taskflow_executor [-] Taskflow executor picked up the execution of task ID d1ce5a16-f198-4520-a996-2a103420db12 of task type api_image_import {{(pid=98829) _run /opt/stack/glance/glance/async_/taskflow_executor.py:163}}
Jun 18 21:01:47.878171 np0000003191 devstack@g-api.service[98828]: [pid: 98828|app: 0|req: 3/6] 127.0.0.1 () {38 vars in 856 bytes} [Thu Jun 18 21:01:47 2026] GET /v2/images/5fcfa454-9d2a-4bf3-bfb7-6e13050f12a6 => generated 879 bytes in 9 msecs (HTTP/1.1 200) 4 headers in 157 bytes (1 switches on core 0)
Jun 18 21:01:47.889460 np0000003191 devstack@g-api.service[98829]: DEBUG glance_store.backend [-] Attempting to import store cinder {{(pid=98829) _load_store /opt/stack/data/venv/lib/python3.12/site-packages/glance_store/backend.py:215}}
Jun 18 21:01:47.889580 np0000003191 devstack@g-api.service[98829]: DEBUG glance_store.backend [-] Attempting to import store file {{(pid=98829) _load_store /opt/stack/data/venv/lib/python3.12/site-packages/glance_store/backend.py:215}}
Jun 18 21:01:47.889779 np0000003191 devstack@g-api.service[98829]: DEBUG glance_store.backend [-] Attempting to import store glance.store.cinder.Store {{(pid=98829) _load_store /opt/stack/data/venv/lib/python3.12/site-packages/glance_store/backend.py:215}}
Jun 18 21:01:47.889779 np0000003191 devstack@g-api.service[98829]: DEBUG glance_store.backend [-] Attempting to import store glance.store.filesystem.Store {{(pid=98829) _load_store /opt/stack/data/venv/lib/python3.12/site-packages/glance_store/backend.py:215}}
Jun 18 21:01:47.889878 np0000003191 devstack@g-api.service[98829]: DEBUG glance_store.backend [-] Attempting to import store glance.store.http.Store {{(pid=98829) _load_store /opt/stack/data/venv/lib/python3.12/site-packages/glance_store/backend.py:215}}
Jun 18 21:01:47.889915 np0000003191 devstack@g-api.service[98829]: DEBUG glance_store.backend [-] Attempting to import store glance.store.rbd.Store {{(pid=98829) _load_store /opt/stack/data/venv/lib/python3.12/site-packages/glance_store/backend.py:215}}
Jun 18 21:01:47.889994 np0000003191 devstack@g-api.service[98829]: DEBUG glance_store.backend [-] Attempting to import store glance.store.s3.Store {{(pid=98829) _load_store /opt/stack/data/venv/lib/python3.12/site-packages/glance_store/backend.py:215}}
Jun 18 21:01:47.890064 np0000003191 devstack@g-api.service[98829]: DEBUG glance_store.backend [-] Attempting to import store glance.store.swift.Store {{(pid=98829) _load_store /opt/stack/data/venv/lib/python3.12/site-packages/glance_store/backend.py:215}}
Jun 18 21:01:47.890134 np0000003191 devstack@g-api.service[98829]: DEBUG glance_store.backend [-] Attempting to import store glance.store.vmware_datastore.Store {{(pid=98829) _load_store /opt/stack/data/venv/lib/python3.12/site-packages/glance_store/backend.py:215}}
Jun 18 21:01:47.890213 np0000003191 devstack@g-api.service[98829]: DEBUG glance_store.backend [-] Attempting to import store http {{(pid=98829) _load_store /opt/stack/data/venv/lib/python3.12/site-packages/glance_store/backend.py:215}}
Jun 18 21:01:47.890276 np0000003191 devstack@g-api.service[98829]: DEBUG glance_store.backend [-] Attempting to import store no_conf {{(pid=98829) _load_store /opt/stack/data/venv/lib/python3.12/site-packages/glance_store/backend.py:215}}
Jun 18 21:01:47.890356 np0000003191 devstack@g-api.service[98829]: DEBUG glance_store.backend [-] Attempting to import store rbd {{(pid=98829) _load_store /opt/stack/data/venv/lib/python3.12/site-packages/glance_store/backend.py:215}}
Jun 18 21:01:47.890419 np0000003191 devstack@g-api.service[98829]: DEBUG glance_store.backend [-] Attempting to import store s3 {{(pid=98829) _load_store /opt/stack/data/venv/lib/python3.12/site-packages/glance_store/backend.py:215}}
Jun 18 21:01:47.890489 np0000003191 devstack@g-api.service[98829]: DEBUG glance_store.backend [-] Attempting to import store swift {{(pid=98829) _load_store /opt/stack/data/venv/lib/python3.12/site-packages/glance_store/backend.py:215}}
Jun 18 21:01:47.890556 np0000003191 devstack@g-api.service[98829]: DEBUG glance_store.backend [-] Attempting to import store vmware {{(pid=98829) _load_store /opt/stack/data/venv/lib/python3.12/site-packages/glance_store/backend.py:215}}
Jun 18 21:01:47.890629 np0000003191 devstack@g-api.service[98829]: DEBUG glance_store.backend [-] Registering options for group glance_store {{(pid=98829) register_opts /opt/stack/data/venv/lib/python3.12/site-packages/glance_store/backend.py:144}}
Jun 18 21:01:47.890703 np0000003191 devstack@g-api.service[98829]: DEBUG glance_store.backend [-] Registering options for group glance_store {{(pid=98829) register_opts /opt/stack/data/venv/lib/python3.12/site-packages/glance_store/backend.py:144}}
Jun 18 21:01:47.890985 np0000003191 devstack@g-api.service[98829]: DEBUG glance_store.backend [-] Attempting to import store file {{(pid=98829) _load_store /opt/stack/data/venv/lib/python3.12/site-packages/glance_store/backend.py:215}}
Jun 18 21:01:47.891304 np0000003191 devstack@g-api.service[98829]: DEBUG glance_store.capabilities [-] Store glance_store._drivers.filesystem.Store doesn't support updating dynamic storage capabilities. Please overwrite 'update_capabilities' method of the store to implement updating logics if needed. {{(pid=98829) update_capabilities /opt/stack/data/venv/lib/python3.12/site-packages/glance_store/capabilities.py:91}}
Jun 18 21:01:47.897667 np0000003191 devstack@g-api.service[98829]: DEBUG glance.async_.flows.api_image_import [-] Image 5fcfa454-9d2a-4bf3-bfb7-6e13050f12a6 os_glance_importing_to_stores= {{(pid=98829) merge_store_list /opt/stack/glance/glance/async_/flows/api_image_import.py:277}}
Jun 18 21:01:47.897745 np0000003191 devstack@g-api.service[98829]: DEBUG glance.async_.flows.api_image_import [-] Image 5fcfa454-9d2a-4bf3-bfb7-6e13050f12a6 os_glance_failed_import= {{(pid=98829) merge_store_list /opt/stack/glance/glance/async_/flows/api_image_import.py:277}}
Jun 18 21:01:47.902703 np0000003191 devstack@g-api.service[98829]: DEBUG glance.async_.flows.api_image_import [-] Image 5fcfa454-9d2a-4bf3-bfb7-6e13050f12a6 status changing from uploading to importing {{(pid=98829) __exit__ /opt/stack/glance/glance/async_/flows/api_image_import.py:166}}
Jun 18 21:01:48.370421 np0000003191 devstack@g-api.service[98829]: DEBUG glance.async_ [-] Creating threadpool model 'ThreadPoolExecutor' with size 10 {{(pid=98829) __init__ /opt/stack/glance/glance/async_/__init__.py:100}}
Jun 18 21:01:48.397567 np0000003191 devstack@g-api.service[98829]: DEBUG glance.async_.taskflow_executor [-] Flow 'api_image_import' (702f47ee-6bee-4882-888e-2e0c2573f4e7) transitioned into state 'RUNNING' from state 'PENDING' {{(pid=98829) _flow_receiver /opt/stack/data/venv/lib/python3.12/site-packages/taskflow/listeners/logging.py:160}}
Jun 18 21:01:48.400089 np0000003191 devstack@g-api.service[98829]: DEBUG glance.async_.taskflow_executor [-] Task 'api_image_import-ImageLock-d1ce5a16-f198-4520-a996-2a103420db12' (c6e4c42a-61c0-48f8-8220-0f83eedddebf) transitioned into state 'RUNNING' from state 'PENDING' {{(pid=98829) _task_receiver /opt/stack/data/venv/lib/python3.12/site-packages/taskflow/listeners/logging.py:242}}
Jun 18 21:01:48.407890 np0000003191 devstack@g-api.service[98829]: DEBUG glance.async_.flows.api_image_import [-] Image 5fcfa454-9d2a-4bf3-bfb7-6e13050f12a6 import task d1ce5a16-f198-4520-a996-2a103420db12 lock confirmed {{(pid=98829) execute /opt/stack/glance/glance/async_/flows/api_image_import.py:477}}
Jun 18 21:01:48.408765 np0000003191 devstack@g-api.service[98829]: DEBUG glance.async_.taskflow_executor [-] Task 'api_image_import-ImageLock-d1ce5a16-f198-4520-a996-2a103420db12' (c6e4c42a-61c0-48f8-8220-0f83eedddebf) transitioned into state 'SUCCESS' from state 'RUNNING' with result 'None' {{(pid=98829) _task_receiver /opt/stack/data/venv/lib/python3.12/site-packages/taskflow/listeners/logging.py:218}}
Jun 18 21:01:48.409553 np0000003191 devstack@g-api.service[98829]: DEBUG glance.async_.taskflow_executor [-] Task 'api_image_import-ConfigureStaging-d1ce5a16-f198-4520-a996-2a103420db12' (e8b9da3b-3148-464f-aabc-65e6d66e2967) transitioned into state 'RUNNING' from state 'PENDING' {{(pid=98829) _task_receiver /opt/stack/data/venv/lib/python3.12/site-packages/taskflow/listeners/logging.py:242}}
Jun 18 21:01:48.410654 np0000003191 devstack@g-api.service[98829]: DEBUG glance.async_.taskflow_executor [-] Task 'api_image_import-ConfigureStaging-d1ce5a16-f198-4520-a996-2a103420db12' (e8b9da3b-3148-464f-aabc-65e6d66e2967) transitioned into state 'SUCCESS' from state 'RUNNING' with result 'file:///tmp/staging/5fcfa454-9d2a-4bf3-bfb7-6e13050f12a6' {{(pid=98829) _task_receiver /opt/stack/data/venv/lib/python3.12/site-packages/taskflow/listeners/logging.py:218}}
Jun 18 21:01:48.411323 np0000003191 devstack@g-api.service[98829]: DEBUG glance.async_.taskflow_executor [-] Task 'api_image_import--ImportToStore-d1ce5a16-f198-4520-a996-2a103420db12' (766e092a-093d-4c0f-8006-1fdcd4f5b025) transitioned into state 'RUNNING' from state 'PENDING' {{(pid=98829) _task_receiver /opt/stack/data/venv/lib/python3.12/site-packages/taskflow/listeners/logging.py:242}}
Jun 18 21:01:48.417708 np0000003191 devstack@g-api.service[98829]: INFO glance.common.scripts.image_import.main [-] Task d1ce5a16-f198-4520-a996-2a103420db12: Got image data uri file:///tmp/staging/5fcfa454-9d2a-4bf3-bfb7-6e13050f12a6 to be imported
Jun 18 21:01:48.419103 np0000003191 devstack@g-api.service[98829]: DEBUG glance.location [-] Enabling in-flight format inspection for qcow2 {{(pid=98829) set_data /opt/stack/glance/glance/location.py:616}}
Jun 18 21:01:48.419479 np0000003191 devstack@g-api.service[98829]: DEBUG glance_store.backend [-] Attempting to import store swift {{(pid=98829) _load_store /opt/stack/data/venv/lib/python3.12/site-packages/glance_store/backend.py:215}}
Jun 18 21:01:48.420730 np0000003191 devstack@g-api.service[98829]: DEBUG glance_store.capabilities [-] Store glance_store._drivers.swift.store.SingleTenantStore doesn't support updating dynamic storage capabilities. Please overwrite 'update_capabilities' method of the store to implement updating logics if needed. {{(pid=98829) update_capabilities /opt/stack/data/venv/lib/python3.12/site-packages/glance_store/capabilities.py:91}}
Jun 18 21:01:48.420826 np0000003191 devstack@g-api.service[98829]: DEBUG glance_store.driver [-] Late loading location class glance_store._drivers.swift.store.StoreLocation {{(pid=98829) get_store_location_class /opt/stack/data/venv/lib/python3.12/site-packages/glance_store/driver.py:134}}
Jun 18 21:01:48.420894 np0000003191 devstack@g-api.service[98829]: DEBUG glance_store.location [-] Registering scheme swift+https with {'store': , 'location_class': , 'store_entry': 'swift'} {{(pid=98829) register_scheme_map /opt/stack/data/venv/lib/python3.12/site-packages/glance_store/location.py:146}}
Jun 18 21:01:48.420955 np0000003191 devstack@g-api.service[98829]: DEBUG glance_store.location [-] Registering scheme swift+https with {'store': , 'location_class': , 'store_entry': 'swift'} {{(pid=98829) register_scheme_map /opt/stack/data/venv/lib/python3.12/site-packages/glance_store/location.py:146}}
Jun 18 21:01:48.420998 np0000003191 devstack@g-api.service[98829]: DEBUG glance_store.location [-] Registering scheme swift with {'store': , 'location_class': , 'store_entry': 'swift'} {{(pid=98829) register_scheme_map /opt/stack/data/venv/lib/python3.12/site-packages/glance_store/location.py:146}}
Jun 18 21:01:48.421037 np0000003191 devstack@g-api.service[98829]: DEBUG glance_store.location [-] Registering scheme swift+https with {'store': , 'location_class': , 'store_entry': 'swift'} {{(pid=98829) register_scheme_map /opt/stack/data/venv/lib/python3.12/site-packages/glance_store/location.py:146}}
Jun 18 21:01:48.421107 np0000003191 devstack@g-api.service[98829]: DEBUG glance_store.location [-] Registering scheme swift with {'store': , 'location_class': , 'store_entry': 'swift'} {{(pid=98829) register_scheme_map /opt/stack/data/venv/lib/python3.12/site-packages/glance_store/location.py:146}}
Jun 18 21:01:48.421154 np0000003191 devstack@g-api.service[98829]: DEBUG glance_store.location [-] Registering scheme swift+http with {'store': , 'location_class': , 'store_entry': 'swift'} {{(pid=98829) register_scheme_map /opt/stack/data/venv/lib/python3.12/site-packages/glance_store/location.py:146}}
Jun 18 21:01:48.421206 np0000003191 devstack@g-api.service[98829]: DEBUG glance_store.location [-] Registering scheme swift+https with {'store': , 'location_class': , 'store_entry': 'swift'} {{(pid=98829) register_scheme_map /opt/stack/data/venv/lib/python3.12/site-packages/glance_store/location.py:146}}
Jun 18 21:01:48.421248 np0000003191 devstack@g-api.service[98829]: DEBUG glance_store.location [-] Registering scheme swift with {'store': , 'location_class': , 'store_entry': 'swift'} {{(pid=98829) register_scheme_map /opt/stack/data/venv/lib/python3.12/site-packages/glance_store/location.py:146}}
Jun 18 21:01:48.421286 np0000003191 devstack@g-api.service[98829]: DEBUG glance_store.location [-] Registering scheme swift+http with {'store': , 'location_class': , 'store_entry': 'swift'} {{(pid=98829) register_scheme_map /opt/stack/data/venv/lib/python3.12/site-packages/glance_store/location.py:146}}
Jun 18 21:01:48.421353 np0000003191 devstack@g-api.service[98829]: DEBUG glance_store.location [-] Registering scheme swift+config with {'store': , 'location_class': , 'store_entry': 'swift'} {{(pid=98829) register_scheme_map /opt/stack/data/venv/lib/python3.12/site-packages/glance_store/location.py:146}}
Jun 18 21:01:48.838775 np0000003191 devstack@g-api.service[98829]: INFO swiftclient [-] REQ: curl -i https://10.4.3.127:8080/v1/AUTH_a1705a5be430444397abc67ee0e6f568/glance -I -H "X-Auth-Token: gAAAAABqNFy8qjZ6..."
Jun 18 21:01:48.838854 np0000003191 devstack@g-api.service[98829]: INFO swiftclient [-] RESP STATUS: 404 Not Found
Jun 18 21:01:48.838961 np0000003191 devstack@g-api.service[98829]: INFO swiftclient [-] RESP HEADERS: {'Date': 'Thu, 18 Jun 2026 21:01:48 GMT', 'Server': 'Apache/2.4.58 (Ubuntu)', 'Content-Type': 'text/html; charset=UTF-8', 'X-Trans-Id': 'tx050f486247a54cde8f5bb-006a345cbc', 'X-Openstack-Request-Id': 'tx050f486247a54cde8f5bb-006a345cbc', 'Connection': 'close'}
Jun 18 21:01:48.839165 np0000003191 devstack@g-api.service[98829]: INFO glance_store._drivers.swift.store [-] Creating swift container glance
Jun 18 21:01:48.892059 np0000003191 devstack@g-api.service[98829]: DEBUG swiftclient [-] REQ: curl -i https://10.4.3.127:8080/v1/AUTH_a1705a5be430444397abc67ee0e6f568/glance -X PUT -H "X-Auth-Token: gAAAAABqNFy8qjZ6..." -H "Content-Length: 0" {{(pid=98829) http_log /opt/stack/data/venv/lib/python3.12/site-packages/swiftclient/client.py:160}}
Jun 18 21:01:48.892146 np0000003191 devstack@g-api.service[98829]: DEBUG swiftclient [-] RESP STATUS: 201 Created {{(pid=98829) http_log /opt/stack/data/venv/lib/python3.12/site-packages/swiftclient/client.py:161}}
Jun 18 21:01:48.892300 np0000003191 devstack@g-api.service[98829]: DEBUG swiftclient [-] RESP HEADERS: {'Date': 'Thu, 18 Jun 2026 21:01:48 GMT', 'Server': 'Apache/2.4.58 (Ubuntu)', 'Content-Type': 'text/html; charset=UTF-8', 'Content-Length': '0', 'X-Trans-Id': 'txd87bdf41c14349c0ae610-006a345cbc', 'X-Openstack-Request-Id': 'txd87bdf41c14349c0ae610-006a345cbc', 'Connection': 'close'} {{(pid=98829) http_log /opt/stack/data/venv/lib/python3.12/site-packages/swiftclient/client.py:162}}
Jun 18 21:01:48.892462 np0000003191 devstack@g-api.service[98829]: DEBUG glance_store._drivers.swift.store [-] Adding image object '5fcfa454-9d2a-4bf3-bfb7-6e13050f12a6' to Swift {{(pid=98829) add /opt/stack/data/venv/lib/python3.12/site-packages/glance_store/_drivers/swift/store.py:970}}
Jun 18 21:01:48.898759 np0000003191 devstack@g-api.service[98829]: DEBUG oslo_utils.imageutils.format_inspector [-] Format inspector for vmdk does not match, excluding from consideration (Signature KDMV not found: b'QFI\xfb') {{(pid=98829) _process_chunk /opt/stack/data/venv/lib/python3.12/site-packages/oslo_utils/imageutils/format_inspector.py:1758}}
Jun 18 21:01:48.904689 np0000003191 devstack@g-api.service[98829]: DEBUG oslo_utils.imageutils.format_inspector [-] Format inspector for vhdx does not match, excluding from consideration (Region signature not found at 30000) {{(pid=98829) _process_chunk /opt/stack/data/venv/lib/python3.12/site-packages/oslo_utils/imageutils/format_inspector.py:1758}}
Jun 18 21:01:49.077107 np0000003191 devstack@g-api.service[98829]: DEBUG glance.api.middleware.version_negotiation [None req-781d6345-8e65-4b51-8d78-350c0c32b86a admin admin] Determining version of request: POST /v2/images Accept: */* {{(pid=98829) process_request /opt/stack/glance/glance/api/middleware/version_negotiation.py:44}}
Jun 18 21:01:49.077260 np0000003191 devstack@g-api.service[98829]: DEBUG glance.api.middleware.version_negotiation [None req-781d6345-8e65-4b51-8d78-350c0c32b86a admin admin] Using url versioning {{(pid=98829) process_request /opt/stack/glance/glance/api/middleware/version_negotiation.py:57}}
Jun 18 21:01:49.077703 np0000003191 devstack@g-api.service[98829]: DEBUG glance.api.middleware.version_negotiation [None req-781d6345-8e65-4b51-8d78-350c0c32b86a admin admin] Matched version: v2 {{(pid=98829) process_request /opt/stack/glance/glance/api/middleware/version_negotiation.py:69}}
Jun 18 21:01:49.077863 np0000003191 devstack@g-api.service[98829]: DEBUG glance.api.middleware.version_negotiation [None req-781d6345-8e65-4b51-8d78-350c0c32b86a admin admin] new path /v2/images {{(pid=98829) process_request /opt/stack/glance/glance/api/middleware/version_negotiation.py:70}}
Jun 18 21:01:49.261548 np0000003191 devstack@g-api.service[98829]: DEBUG swiftclient [-] REQ: curl -i https://10.4.3.127:8080/v1/AUTH_a1705a5be430444397abc67ee0e6f568/glance/5fcfa454-9d2a-4bf3-bfb7-6e13050f12a6 -X PUT -H "X-Auth-Token: gAAAAABqNFy8qjZ6..." -H "Content-Length: 21430272" {{(pid=98829) http_log /opt/stack/data/venv/lib/python3.12/site-packages/swiftclient/client.py:160}}
Jun 18 21:01:49.261631 np0000003191 devstack@g-api.service[98829]: DEBUG swiftclient [-] RESP STATUS: 201 Created {{(pid=98829) http_log /opt/stack/data/venv/lib/python3.12/site-packages/swiftclient/client.py:161}}
Jun 18 21:01:49.261743 np0000003191 devstack@g-api.service[98829]: DEBUG swiftclient [-] RESP HEADERS: {'Date': 'Thu, 18 Jun 2026 21:01:49 GMT', 'Server': 'Apache/2.4.58 (Ubuntu)', 'Content-Type': 'text/html; charset=UTF-8', 'Content-Length': '0', 'Etag': 'c8fc807773e5354afe61636071771906', 'Last-Modified': 'Thu, 18 Jun 2026 21:01:49 GMT', 'X-Trans-Id': 'txa90132b6146344f688c8c-006a345cbc', 'X-Openstack-Request-Id': 'txa90132b6146344f688c8c-006a345cbc', 'Connection': 'close'} {{(pid=98829) http_log /opt/stack/data/venv/lib/python3.12/site-packages/swiftclient/client.py:162}}
Jun 18 21:01:49.276368 np0000003191 devstack@g-api.service[98829]: INFO glance.location [-] Image format matched and virtual size computed: 117440512
Jun 18 21:01:49.283190 np0000003191 devstack@g-api.service[98829]: DEBUG glance.async_.flows.api_image_import [-] Image 5fcfa454-9d2a-4bf3-bfb7-6e13050f12a6 status changing from importing to active {{(pid=98829) __exit__ /opt/stack/glance/glance/async_/flows/api_image_import.py:166}}
Jun 18 21:01:49.303883 np0000003191 devstack@g-api.service[98829]: DEBUG glance_store.backend [-] Attempting to import store swift {{(pid=98829) _load_store /opt/stack/data/venv/lib/python3.12/site-packages/glance_store/backend.py:215}}
Jun 18 21:01:49.305115 np0000003191 devstack@g-api.service[98829]: DEBUG glance_store.capabilities [-] Store glance_store._drivers.swift.store.SingleTenantStore doesn't support updating dynamic storage capabilities. Please overwrite 'update_capabilities' method of the store to implement updating logics if needed. {{(pid=98829) update_capabilities /opt/stack/data/venv/lib/python3.12/site-packages/glance_store/capabilities.py:91}}
Jun 18 21:01:49.305115 np0000003191 devstack@g-api.service[98829]: DEBUG glance_store.driver [-] Late loading location class glance_store._drivers.swift.store.StoreLocation {{(pid=98829) get_store_location_class /opt/stack/data/venv/lib/python3.12/site-packages/glance_store/driver.py:134}}
Jun 18 21:01:49.305206 np0000003191 devstack@g-api.service[98829]: DEBUG glance_store.location [-] Registering scheme swift+https with {'store': , 'location_class': , 'store_entry': 'swift'} {{(pid=98829) register_scheme_map /opt/stack/data/venv/lib/python3.12/site-packages/glance_store/location.py:146}}
Jun 18 21:01:49.305290 np0000003191 devstack@g-api.service[98829]: DEBUG glance_store.location [-] Registering scheme swift+https with {'store': , 'location_class': , 'store_entry': 'swift'} {{(pid=98829) register_scheme_map /opt/stack/data/venv/lib/python3.12/site-packages/glance_store/location.py:146}}
Jun 18 21:01:49.305344 np0000003191 devstack@g-api.service[98829]: DEBUG glance_store.location [-] Registering scheme swift with {'store': , 'location_class': , 'store_entry': 'swift'} {{(pid=98829) register_scheme_map /opt/stack/data/venv/lib/python3.12/site-packages/glance_store/location.py:146}}
Jun 18 21:01:49.305344 np0000003191 devstack@g-api.service[98829]: DEBUG glance_store.location [-] Registering scheme swift+https with {'store': , 'location_class': , 'store_entry': 'swift'} {{(pid=98829) register_scheme_map /opt/stack/data/venv/lib/python3.12/site-packages/glance_store/location.py:146}}
Jun 18 21:01:49.305441 np0000003191 devstack@g-api.service[98829]: DEBUG glance_store.location [-] Registering scheme swift with {'store': , 'location_class': , 'store_entry': 'swift'} {{(pid=98829) register_scheme_map /opt/stack/data/venv/lib/python3.12/site-packages/glance_store/location.py:146}}
