Aug 13 05:49:09.802716 np0000007160 nova-scheduler[93375]: DEBUG cotyledon.oslo_config_glue [-] oslo_messaging_rabbit.rabbit_quorum_max_memory_bytes = 0 {{(pid=93375) log_opt_values /opt/stack/data/venv/lib/python3.12/site-packages/oslo_config/cfg.py:3545}}
Aug 13 05:49:09.802716 np0000007160 nova-scheduler[93375]: DEBUG cotyledon.oslo_config_glue [-] oslo_messaging_rabbit.rabbit_quorum_max_memory_length = 0 {{(pid=93375) log_opt_values /opt/stack/data/venv/lib/python3.12/site-packages/oslo_config/cfg.py:3545}}
Aug 13 05:49:09.802716 np0000007160 nova-scheduler[93375]: DEBUG cotyledon.oslo_config_glue [-] oslo_messaging_rabbit.rabbit_quorum_queue = False {{(pid=93375) log_opt_values /opt/stack/data/venv/lib/python3.12/site-packages/oslo_config/cfg.py:3545}}
Aug 13 05:49:09.802935 np0000007160 nova-scheduler[93375]: DEBUG cotyledon.oslo_config_glue [-] oslo_messaging_rabbit.rabbit_retry_backoff = 2 {{(pid=93375) log_opt_values /opt/stack/data/venv/lib/python3.12/site-packages/oslo_config/cfg.py:3545}}
Aug 13 05:49:09.802935 np0000007160 nova-scheduler[93375]: DEBUG cotyledon.oslo_config_glue [-] oslo_messaging_rabbit.rabbit_retry_interval = 1 {{(pid=93375) log_opt_values /opt/stack/data/venv/lib/python3.12/site-packages/oslo_config/cfg.py:3545}}
Aug 13 05:49:09.802935 np0000007160 nova-scheduler[93375]: DEBUG cotyledon.oslo_config_glue [-] oslo_messaging_rabbit.rabbit_stream_fanout = False {{(pid=93375) log_opt_values /opt/stack/data/venv/lib/python3.12/site-packages/oslo_config/cfg.py:3545}}
Aug 13 05:49:09.802935 np0000007160 nova-scheduler[93375]: DEBUG cotyledon.oslo_config_glue [-] oslo_messaging_rabbit.rabbit_transient_queues_ttl = 1800 {{(pid=93375) log_opt_values /opt/stack/data/venv/lib/python3.12/site-packages/oslo_config/cfg.py:3545}}
Aug 13 05:49:09.802935 np0000007160 nova-scheduler[93375]: DEBUG cotyledon.oslo_config_glue [-] oslo_messaging_rabbit.rabbit_transient_quorum_queue = False {{(pid=93375) log_opt_values /opt/stack/data/venv/lib/python3.12/site-packages/oslo_config/cfg.py:3545}}
Aug 13 05:49:09.802935 np0000007160 nova-scheduler[93375]: DEBUG cotyledon.oslo_config_glue [-] oslo_messaging_rabbit.rpc_conn_pool_size = 30 {{(pid=93375) log_opt_values /opt/stack/data/venv/lib/python3.12/site-packages/oslo_config/cfg.py:3545}}
Aug 13 05:49:09.802935 np0000007160 nova-scheduler[93375]: DEBUG cotyledon.oslo_config_glue [-] oslo_messaging_rabbit.ssl = False {{(pid=93375) log_opt_values /opt/stack/data/venv/lib/python3.12/site-packages/oslo_config/cfg.py:3545}}
Aug 13 05:49:09.802935 np0000007160 nova-scheduler[93375]: DEBUG cotyledon.oslo_config_glue [-] oslo_messaging_rabbit.ssl_ca_file = {{(pid=93375) log_opt_values /opt/stack/data/venv/lib/python3.12/site-packages/oslo_config/cfg.py:3545}}
Aug 13 05:49:09.802935 np0000007160 nova-scheduler[93375]: DEBUG cotyledon.oslo_config_glue [-] oslo_messaging_rabbit.ssl_cert_file = {{(pid=93375) log_opt_values /opt/stack/data/venv/lib/python3.12/site-packages/oslo_config/cfg.py:3545}}
Aug 13 05:49:09.803305 np0000007160 nova-scheduler[93375]: DEBUG cotyledon.oslo_config_glue [-] oslo_messaging_rabbit.ssl_enforce_fips_mode = False {{(pid=93375) log_opt_values /opt/stack/data/venv/lib/python3.12/site-packages/oslo_config/cfg.py:3545}}
Aug 13 05:49:09.803305 np0000007160 nova-scheduler[93375]: DEBUG cotyledon.oslo_config_glue [-] oslo_messaging_rabbit.ssl_enforce_hostname_verification = True {{(pid=93375) log_opt_values /opt/stack/data/venv/lib/python3.12/site-packages/oslo_config/cfg.py:3545}}
Aug 13 05:49:09.803305 np0000007160 nova-scheduler[93375]: DEBUG cotyledon.oslo_config_glue [-] oslo_messaging_rabbit.ssl_key_file = {{(pid=93375) log_opt_values /opt/stack/data/venv/lib/python3.12/site-packages/oslo_config/cfg.py:3545}}
Aug 13 05:49:09.803305 np0000007160 nova-scheduler[93375]: DEBUG cotyledon.oslo_config_glue [-] oslo_messaging_rabbit.ssl_version = {{(pid=93375) log_opt_values /opt/stack/data/venv/lib/python3.12/site-packages/oslo_config/cfg.py:3545}}
Aug 13 05:49:09.803305 np0000007160 nova-scheduler[93375]: DEBUG cotyledon.oslo_config_glue [-] oslo_messaging_rabbit.use_queue_manager = False {{(pid=93375) log_opt_values /opt/stack/data/venv/lib/python3.12/site-packages/oslo_config/cfg.py:3545}}
Aug 13 05:49:09.803305 np0000007160 nova-scheduler[93375]: DEBUG cotyledon.oslo_config_glue [-] oslo_messaging_notifications.driver = ['messagingv2'] {{(pid=93375) log_opt_values /opt/stack/data/venv/lib/python3.12/site-packages/oslo_config/cfg.py:3545}}
Aug 13 05:49:09.803305 np0000007160 nova-scheduler[93375]: DEBUG cotyledon.oslo_config_glue [-] oslo_messaging_notifications.retry = -1 {{(pid=93375) log_opt_values /opt/stack/data/venv/lib/python3.12/site-packages/oslo_config/cfg.py:3545}}
Aug 13 05:49:09.803305 np0000007160 nova-scheduler[93375]: DEBUG cotyledon.oslo_config_glue [-] oslo_messaging_notifications.topics = ['notifications'] {{(pid=93375) log_opt_values /opt/stack/data/venv/lib/python3.12/site-packages/oslo_config/cfg.py:3545}}
Aug 13 05:49:09.803305 np0000007160 nova-scheduler[93375]: DEBUG cotyledon.oslo_config_glue [-] oslo_messaging_notifications.transport_url = **** {{(pid=93375) log_opt_values /opt/stack/data/venv/lib/python3.12/site-packages/oslo_config/cfg.py:3545}}
Aug 13 05:49:09.803594 np0000007160 nova-scheduler[93375]: DEBUG cotyledon.oslo_config_glue [-] oslo_limit.auth_section = None {{(pid=93375) log_opt_values /opt/stack/data/venv/lib/python3.12/site-packages/oslo_config/cfg.py:3545}}
Aug 13 05:49:09.803594 np0000007160 nova-scheduler[93375]: DEBUG cotyledon.oslo_config_glue [-] oslo_limit.auth_type = None {{(pid=93375) log_opt_values /opt/stack/data/venv/lib/python3.12/site-packages/oslo_config/cfg.py:3545}}
Aug 13 05:49:09.803594 np0000007160 nova-scheduler[93375]: DEBUG cotyledon.oslo_config_glue [-] oslo_limit.cafile = None {{(pid=93375) log_opt_values /opt/stack/data/venv/lib/python3.12/site-packages/oslo_config/cfg.py:3545}}
Aug 13 05:49:09.803594 np0000007160 nova-scheduler[93375]: DEBUG cotyledon.oslo_config_glue [-] oslo_limit.certfile = None {{(pid=93375) log_opt_values /opt/stack/data/venv/lib/python3.12/site-packages/oslo_config/cfg.py:3545}}
Aug 13 05:49:09.803594 np0000007160 nova-scheduler[93375]: DEBUG cotyledon.oslo_config_glue [-] oslo_limit.collect_timing = False {{(pid=93375) log_opt_values /opt/stack/data/venv/lib/python3.12/site-packages/oslo_config/cfg.py:3545}}
Aug 13 05:49:09.803594 np0000007160 nova-scheduler[93375]: DEBUG cotyledon.oslo_config_glue [-] oslo_limit.connect_retries = None {{(pid=93375) log_opt_values /opt/stack/data/venv/lib/python3.12/site-packages/oslo_config/cfg.py:3545}}
Aug 13 05:49:09.803594 np0000007160 nova-scheduler[93375]: DEBUG cotyledon.oslo_config_glue [-] oslo_limit.connect_retry_delay = None {{(pid=93375) log_opt_values /opt/stack/data/venv/lib/python3.12/site-packages/oslo_config/cfg.py:3545}}
Aug 13 05:49:09.803594 np0000007160 nova-scheduler[93375]: DEBUG cotyledon.oslo_config_glue [-] oslo_limit.endpoint_id = None {{(pid=93375) log_opt_values /opt/stack/data/venv/lib/python3.12/site-packages/oslo_config/cfg.py:3545}}
Aug 13 05:49:09.803594 np0000007160 nova-scheduler[93375]: DEBUG cotyledon.oslo_config_glue [-] oslo_limit.endpoint_interface = public {{(pid=93375) log_opt_values /opt/stack/data/venv/lib/python3.12/site-packages/oslo_config/cfg.py:3545}}
Aug 13 05:49:09.803882 np0000007160 nova-scheduler[93375]: DEBUG cotyledon.oslo_config_glue [-] oslo_limit.endpoint_override = None {{(pid=93375) log_opt_values /opt/stack/data/venv/lib/python3.12/site-packages/oslo_config/cfg.py:3545}}
Aug 13 05:49:09.803882 np0000007160 nova-scheduler[93375]: DEBUG cotyledon.oslo_config_glue [-] oslo_limit.endpoint_region_name = None {{(pid=93375) log_opt_values /opt/stack/data/venv/lib/python3.12/site-packages/oslo_config/cfg.py:3545}}
Aug 13 05:49:09.803882 np0000007160 nova-scheduler[93375]: DEBUG cotyledon.oslo_config_glue [-] oslo_limit.endpoint_service_name = None {{(pid=93375) log_opt_values /opt/stack/data/venv/lib/python3.12/site-packages/oslo_config/cfg.py:3545}}
Aug 13 05:49:09.803882 np0000007160 nova-scheduler[93375]: DEBUG cotyledon.oslo_config_glue [-] oslo_limit.endpoint_service_type = None {{(pid=93375) log_opt_values /opt/stack/data/venv/lib/python3.12/site-packages/oslo_config/cfg.py:3545}}
Aug 13 05:49:09.803882 np0000007160 nova-scheduler[93375]: DEBUG cotyledon.oslo_config_glue [-] oslo_limit.insecure = False {{(pid=93375) log_opt_values /opt/stack/data/venv/lib/python3.12/site-packages/oslo_config/cfg.py:3545}}
Aug 13 05:49:09.803882 np0000007160 nova-scheduler[93375]: DEBUG cotyledon.oslo_config_glue [-] oslo_limit.keyfile = None {{(pid=93375) log_opt_values /opt/stack/data/venv/lib/python3.12/site-packages/oslo_config/cfg.py:3545}}
Aug 13 05:49:09.803882 np0000007160 nova-scheduler[93375]: DEBUG cotyledon.oslo_config_glue [-] oslo_limit.max_version = None {{(pid=93375) log_opt_values /opt/stack/data/venv/lib/python3.12/site-packages/oslo_config/cfg.py:3545}}
Aug 13 05:49:09.803882 np0000007160 nova-scheduler[93375]: DEBUG cotyledon.oslo_config_glue [-] oslo_limit.min_version = None {{(pid=93375) log_opt_values /opt/stack/data/venv/lib/python3.12/site-packages/oslo_config/cfg.py:3545}}
Aug 13 05:49:09.803882 np0000007160 nova-scheduler[93375]: DEBUG cotyledon.oslo_config_glue [-] oslo_limit.region_name = None {{(pid=93375) log_opt_values /opt/stack/data/venv/lib/python3.12/site-packages/oslo_config/cfg.py:3545}}
Aug 13 05:49:09.804148 np0000007160 nova-scheduler[93375]: DEBUG cotyledon.oslo_config_glue [-] oslo_limit.retriable_status_codes = None {{(pid=93375) log_opt_values /opt/stack/data/venv/lib/python3.12/site-packages/oslo_config/cfg.py:3545}}
Aug 13 05:49:09.804148 np0000007160 nova-scheduler[93375]: DEBUG cotyledon.oslo_config_glue [-] oslo_limit.service_name = None {{(pid=93375) log_opt_values /opt/stack/data/venv/lib/python3.12/site-packages/oslo_config/cfg.py:3545}}
Aug 13 05:49:09.804148 np0000007160 nova-scheduler[93375]: DEBUG cotyledon.oslo_config_glue [-] oslo_limit.service_type = None {{(pid=93375) log_opt_values /opt/stack/data/venv/lib/python3.12/site-packages/oslo_config/cfg.py:3545}}
Aug 13 05:49:09.804148 np0000007160 nova-scheduler[93375]: DEBUG cotyledon.oslo_config_glue [-] oslo_limit.split_loggers = False {{(pid=93375) log_opt_values /opt/stack/data/venv/lib/python3.12/site-packages/oslo_config/cfg.py:3545}}
Aug 13 05:49:09.804148 np0000007160 nova-scheduler[93375]: DEBUG cotyledon.oslo_config_glue [-] oslo_limit.status_code_retries = None {{(pid=93375) log_opt_values /opt/stack/data/venv/lib/python3.12/site-packages/oslo_config/cfg.py:3545}}
Aug 13 05:49:09.804148 np0000007160 nova-scheduler[93375]: DEBUG cotyledon.oslo_config_glue [-] oslo_limit.status_code_retry_delay = None {{(pid=93375) log_opt_values /opt/stack/data/venv/lib/python3.12/site-packages/oslo_config/cfg.py:3545}}
Aug 13 05:49:09.804148 np0000007160 nova-scheduler[93375]: DEBUG cotyledon.oslo_config_glue [-] oslo_limit.timeout = None {{(pid=93375) log_opt_values /opt/stack/data/venv/lib/python3.12/site-packages/oslo_config/cfg.py:3545}}
Aug 13 05:49:09.804148 np0000007160 nova-scheduler[93375]: DEBUG cotyledon.oslo_config_glue [-] oslo_limit.valid_interfaces = None {{(pid=93375) log_opt_values /opt/stack/data/venv/lib/python3.12/site-packages/oslo_config/cfg.py:3545}}
Aug 13 05:49:09.804148 np0000007160 nova-scheduler[93375]: DEBUG cotyledon.oslo_config_glue [-] oslo_limit.version = None {{(pid=93375) log_opt_values /opt/stack/data/venv/lib/python3.12/site-packages/oslo_config/cfg.py:3545}}
Aug 13 05:49:09.804372 np0000007160 nova-scheduler[93375]: DEBUG cotyledon.oslo_config_glue [-] oslo_reports.file_event_handler = None {{(pid=93375) log_opt_values /opt/stack/data/venv/lib/python3.12/site-packages/oslo_config/cfg.py:3545}}
Aug 13 05:49:09.804372 np0000007160 nova-scheduler[93375]: DEBUG cotyledon.oslo_config_glue [-] oslo_reports.file_event_handler_interval = 1 {{(pid=93375) log_opt_values /opt/stack/data/venv/lib/python3.12/site-packages/oslo_config/cfg.py:3545}}
Aug 13 05:49:09.804372 np0000007160 nova-scheduler[93375]: DEBUG cotyledon.oslo_config_glue [-] oslo_reports.log_dir = None {{(pid=93375) log_opt_values /opt/stack/data/venv/lib/python3.12/site-packages/oslo_config/cfg.py:3545}}
Aug 13 05:49:09.804372 np0000007160 nova-scheduler[93375]: DEBUG cotyledon.oslo_config_glue [-] ******************************************************************************** {{(pid=93375) log_opt_values /opt/stack/data/venv/lib/python3.12/site-packages/oslo_config/cfg.py:3552}}
Aug 13 05:49:09.804372 np0000007160 nova-scheduler[93375]: DEBUG cotyledon._service_worker [-] Run service ServiceWrapper(2) [93375] {{(pid=93375) wait_forever /opt/stack/data/venv/lib/python3.12/site-packages/cotyledon/_service_worker.py:218}}
Aug 13 05:49:09.804372 np0000007160 nova-scheduler[93375]: INFO nova.service [-] Starting scheduler node (version 33.1.0)
Aug 13 05:49:09.804372 np0000007160 nova-scheduler[93375]: INFO dbcounter [None req-dce3db7a-4939-4c0d-ab39-5edd6ac97234 None None] Registered counter for database nova_cell0
Aug 13 05:49:09.809039 np0000007160 nova-scheduler[93371]: DEBUG oslo_db.sqlalchemy.engines [None req-b85b424d-0d98-465a-af1f-9f2973d2cdf5 None None] MySQL server mode set to STRICT_TRANS_TABLES,STRICT_ALL_TABLES,NO_ZERO_IN_DATE,NO_ZERO_DATE,ERROR_FOR_DIVISION_BY_ZERO,TRADITIONAL,NO_ENGINE_SUBSTITUTION {{(pid=93371) _check_effective_sql_mode /opt/stack/data/venv/lib/python3.12/site-packages/oslo_db/sqlalchemy/engines.py:325}}
Aug 13 05:49:09.820836 np0000007160 nova-scheduler[93371]: DEBUG dbcounter [-] [93371] Writer thread running {{(pid=93371) stat_writer /opt/stack/data/venv/lib/python3.12/site-packages/dbcounter.py:102}}
Aug 13 05:49:09.822521 np0000007160 nova-scheduler[93373]: DEBUG oslo_db.sqlalchemy.engines [None req-9bae9b25-86ce-4099-95f7-7c104c9783b2 None None] MySQL server mode set to STRICT_TRANS_TABLES,STRICT_ALL_TABLES,NO_ZERO_IN_DATE,NO_ZERO_DATE,ERROR_FOR_DIVISION_BY_ZERO,TRADITIONAL,NO_ENGINE_SUBSTITUTION {{(pid=93373) _check_effective_sql_mode /opt/stack/data/venv/lib/python3.12/site-packages/oslo_db/sqlalchemy/engines.py:325}}
Aug 13 05:49:09.831429 np0000007160 nova-scheduler[93373]: DEBUG dbcounter [-] [93373] Writer thread running {{(pid=93373) stat_writer /opt/stack/data/venv/lib/python3.12/site-packages/dbcounter.py:102}}
Aug 13 05:49:09.833833 np0000007160 nova-scheduler[93375]: DEBUG oslo_db.sqlalchemy.engines [None req-dce3db7a-4939-4c0d-ab39-5edd6ac97234 None None] MySQL server mode set to STRICT_TRANS_TABLES,STRICT_ALL_TABLES,NO_ZERO_IN_DATE,NO_ZERO_DATE,ERROR_FOR_DIVISION_BY_ZERO,TRADITIONAL,NO_ENGINE_SUBSTITUTION {{(pid=93375) _check_effective_sql_mode /opt/stack/data/venv/lib/python3.12/site-packages/oslo_db/sqlalchemy/engines.py:325}}
Aug 13 05:49:09.837640 np0000007160 nova-scheduler[93371]: DEBUG nova.service [None req-b85b424d-0d98-465a-af1f-9f2973d2cdf5 None None] Creating RPC server for service: nova-scheduler on topic: scheduler {{(pid=93371) start /opt/stack/nova/nova/service.py:196}}
Aug 13 05:49:09.843008 np0000007160 nova-scheduler[93375]: DEBUG dbcounter [-] [93375] Writer thread running {{(pid=93375) stat_writer /opt/stack/data/venv/lib/python3.12/site-packages/dbcounter.py:102}}
Aug 13 05:49:09.847433 np0000007160 nova-scheduler[93373]: DEBUG nova.service [None req-9bae9b25-86ce-4099-95f7-7c104c9783b2 None None] Creating RPC server for service: nova-scheduler on topic: scheduler {{(pid=93373) start /opt/stack/nova/nova/service.py:196}}
Aug 13 05:49:09.848567 np0000007160 nova-scheduler[93375]: DEBUG nova.service [None req-dce3db7a-4939-4c0d-ab39-5edd6ac97234 None None] Creating RPC server for service: nova-scheduler on topic: scheduler {{(pid=93375) start /opt/stack/nova/nova/service.py:196}}
Aug 13 05:49:09.863723 np0000007160 nova-scheduler[93371]: DEBUG nova.service [None req-b85b424d-0d98-465a-af1f-9f2973d2cdf5 None None] Join ServiceGroup membership for this service scheduler {{(pid=93371) start /opt/stack/nova/nova/service.py:222}}
Aug 13 05:49:09.863852 np0000007160 nova-scheduler[93371]: DEBUG nova.servicegroup.drivers.db [None req-b85b424d-0d98-465a-af1f-9f2973d2cdf5 None None] DB_Driver: join new ServiceGroup member np0000007160 to the scheduler group, service = {{(pid=93371) join /opt/stack/nova/nova/servicegroup/drivers/db.py:44}}
Aug 13 05:49:09.865503 np0000007160 nova-scheduler[93371]: DEBUG oslo.service.backend._threading.loopingcall [None req-a048275f-701f-425f-90aa-40151b11aa57 None None] Dynamic interval looping call 'nova.service.Service.periodic_tasks' sleeping for 60.00 seconds {{(pid=93371) _run_loop /opt/stack/data/venv/lib/python3.12/site-packages/oslo_service/backend/_threading/loopingcall.py:125}}
Aug 13 05:49:09.869275 np0000007160 nova-scheduler[93373]: DEBUG nova.service [None req-9bae9b25-86ce-4099-95f7-7c104c9783b2 None None] Join ServiceGroup membership for this service scheduler {{(pid=93373) start /opt/stack/nova/nova/service.py:222}}
Aug 13 05:49:09.869275 np0000007160 nova-scheduler[93373]: DEBUG nova.servicegroup.drivers.db [None req-9bae9b25-86ce-4099-95f7-7c104c9783b2 None None] DB_Driver: join new ServiceGroup member np0000007160 to the scheduler group, service = {{(pid=93373) join /opt/stack/nova/nova/servicegroup/drivers/db.py:44}}
Aug 13 05:49:09.877891 np0000007160 nova-scheduler[93375]: DEBUG nova.service [None req-dce3db7a-4939-4c0d-ab39-5edd6ac97234 None None] Join ServiceGroup membership for this service scheduler {{(pid=93375) start /opt/stack/nova/nova/service.py:222}}
Aug 13 05:49:09.878062 np0000007160 nova-scheduler[93375]: DEBUG nova.servicegroup.drivers.db [None req-dce3db7a-4939-4c0d-ab39-5edd6ac97234 None None] DB_Driver: join new ServiceGroup member np0000007160 to the scheduler group, service = {{(pid=93375) join /opt/stack/nova/nova/servicegroup/drivers/db.py:44}}
Aug 13 05:49:14.879170 np0000007160 nova-scheduler[93371]: DEBUG oslo.service.backend._threading.loopingcall [-] Fixed interval looping call 'nova.servicegroup.drivers.db.DbDriver._report_state' sleeping for 119.99 seconds {{(pid=93371) _run_loop /opt/stack/data/venv/lib/python3.12/site-packages/oslo_service/backend/_threading/loopingcall.py:125}}
Aug 13 05:49:14.884571 np0000007160 nova-scheduler[93373]: DEBUG oslo.service.backend._threading.loopingcall [-] Fixed interval looping call 'nova.servicegroup.drivers.db.DbDriver._report_state' sleeping for 119.99 seconds {{(pid=93373) _run_loop /opt/stack/data/venv/lib/python3.12/site-packages/oslo_service/backend/_threading/loopingcall.py:125}}
Aug 13 05:49:14.890588 np0000007160 nova-scheduler[93375]: DEBUG oslo.service.backend._threading.loopingcall [-] Fixed interval looping call 'nova.servicegroup.drivers.db.DbDriver._report_state' sleeping for 119.99 seconds {{(pid=93375) _run_loop /opt/stack/data/venv/lib/python3.12/site-packages/oslo_service/backend/_threading/loopingcall.py:125}}
Aug 13 05:49:18.470368 np0000007160 nova-scheduler[92167]: DEBUG dbcounter [-] [92167] Writing DB stats nova_api:SELECT=3 {{(pid=92167) stat_writer /opt/stack/data/venv/lib/python3.12/site-packages/dbcounter.py:115}}
Aug 13 05:49:18.589402 np0000007160 nova-scheduler[92167]: DEBUG dbcounter [-] [92167] Writing DB stats nova_cell0:SELECT=1 {{(pid=92167) stat_writer /opt/stack/data/venv/lib/python3.12/site-packages/dbcounter.py:115}}
Aug 13 05:49:18.593482 np0000007160 nova-scheduler[92167]: DEBUG dbcounter [-] [92167] Writing DB stats nova_cell1:SELECT=1 {{(pid=92167) stat_writer /opt/stack/data/venv/lib/python3.12/site-packages/dbcounter.py:115}}
Aug 13 05:49:18.880018 np0000007160 nova-scheduler[93375]: DEBUG oslo.service.backend._threading.loopingcall [None req-7c06cc39-e485-445a-ab92-afc3bfda7e7f None None] Dynamic interval looping call 'nova.service.Service.periodic_tasks' sleeping for 60.00 seconds {{(pid=93375) _run_loop /opt/stack/data/venv/lib/python3.12/site-packages/oslo_service/backend/_threading/loopingcall.py:125}}
Aug 13 05:49:24.874940 np0000007160 nova-scheduler[93371]: DEBUG dbcounter [-] [93371] Writing DB stats nova_cell0:SELECT=4,nova_cell0:INSERT=1,nova_cell0:UPDATE=1 {{(pid=93371) stat_writer /opt/stack/data/venv/lib/python3.12/site-packages/dbcounter.py:115}}
Aug 13 05:49:24.883998 np0000007160 nova-scheduler[93373]: DEBUG dbcounter [-] [93373] Writing DB stats nova_cell0:SELECT=4,nova_cell0:INSERT=1 {{(pid=93373) stat_writer /opt/stack/data/venv/lib/python3.12/site-packages/dbcounter.py:115}}
Aug 13 05:49:24.887359 np0000007160 nova-scheduler[93375]: DEBUG dbcounter [-] [93375] Writing DB stats nova_cell0:SELECT=3 {{(pid=93375) stat_writer /opt/stack/data/venv/lib/python3.12/site-packages/dbcounter.py:115}}
Aug 13 05:49:38.871096 np0000007160 nova-scheduler[93373]: DEBUG oslo.service.backend._threading.loopingcall [None req-5efb8ed1-bb2c-41b2-9cce-8751016d2da8 None None] Dynamic interval looping call 'nova.service.Service.periodic_tasks' sleeping for 60.00 seconds {{(pid=93373) _run_loop /opt/stack/data/venv/lib/python3.12/site-packages/oslo_service/backend/_threading/loopingcall.py:125}}
Aug 13 05:50:09.866088 np0000007160 nova-scheduler[93371]: DEBUG oslo.service.backend._threading.loopingcall [None req-a048275f-701f-425f-90aa-40151b11aa57 None None] Dynamic interval looping call 'nova.service.Service.periodic_tasks' sleeping for 60.00 seconds {{(pid=93371) _run_loop /opt/stack/data/venv/lib/python3.12/site-packages/oslo_service/backend/_threading/loopingcall.py:125}}
Aug 13 05:50:18.880497 np0000007160 nova-scheduler[93375]: DEBUG oslo.service.backend._threading.loopingcall [None req-7c06cc39-e485-445a-ab92-afc3bfda7e7f None None] Dynamic interval looping call 'nova.service.Service.periodic_tasks' sleeping for 60.00 seconds {{(pid=93375) _run_loop /opt/stack/data/venv/lib/python3.12/site-packages/oslo_service/backend/_threading/loopingcall.py:125}}
Aug 13 05:50:38.871563 np0000007160 nova-scheduler[93373]: DEBUG oslo.service.backend._threading.loopingcall [None req-5efb8ed1-bb2c-41b2-9cce-8751016d2da8 None None] Dynamic interval looping call 'nova.service.Service.periodic_tasks' sleeping for 60.00 seconds {{(pid=93373) _run_loop /opt/stack/data/venv/lib/python3.12/site-packages/oslo_service/backend/_threading/loopingcall.py:125}}
Aug 13 05:51:09.866641 np0000007160 nova-scheduler[93371]: DEBUG oslo.service.backend._threading.loopingcall [None req-a048275f-701f-425f-90aa-40151b11aa57 None None] Dynamic interval looping call 'nova.service.Service.periodic_tasks' sleeping for 60.00 seconds {{(pid=93371) _run_loop /opt/stack/data/venv/lib/python3.12/site-packages/oslo_service/backend/_threading/loopingcall.py:125}}
Aug 13 05:51:14.878762 np0000007160 nova-scheduler[93371]: DEBUG oslo.service.backend._threading.loopingcall [-] Fixed interval looping call 'nova.servicegroup.drivers.db.DbDriver._report_state' sleeping for 119.99 seconds {{(pid=93371) _run_loop /opt/stack/data/venv/lib/python3.12/site-packages/oslo_service/backend/_threading/loopingcall.py:125}}
Aug 13 05:51:14.879533 np0000007160 nova-scheduler[93373]: DEBUG oslo.service.backend._threading.loopingcall [-] Fixed interval looping call 'nova.servicegroup.drivers.db.DbDriver._report_state' sleeping for 120.00 seconds {{(pid=93373) _run_loop /opt/stack/data/venv/lib/python3.12/site-packages/oslo_service/backend/_threading/loopingcall.py:125}}
Aug 13 05:51:14.886946 np0000007160 nova-scheduler[93375]: DEBUG oslo.service.backend._threading.loopingcall [-] Fixed interval looping call 'nova.servicegroup.drivers.db.DbDriver._report_state' sleeping for 119.99 seconds {{(pid=93375) _run_loop /opt/stack/data/venv/lib/python3.12/site-packages/oslo_service/backend/_threading/loopingcall.py:125}}
Aug 13 05:51:18.881914 np0000007160 nova-scheduler[93375]: DEBUG oslo.service.backend._threading.loopingcall [None req-7c06cc39-e485-445a-ab92-afc3bfda7e7f None None] Dynamic interval looping call 'nova.service.Service.periodic_tasks' sleeping for 60.00 seconds {{(pid=93375) _run_loop /opt/stack/data/venv/lib/python3.12/site-packages/oslo_service/backend/_threading/loopingcall.py:125}}
Aug 13 05:51:24.874878 np0000007160 nova-scheduler[93371]: DEBUG dbcounter [-] [93371] Writing DB stats nova_cell0:SELECT=1,nova_cell0:UPDATE=1 {{(pid=93371) stat_writer /opt/stack/data/venv/lib/python3.12/site-packages/dbcounter.py:115}}
Aug 13 05:51:24.878487 np0000007160 nova-scheduler[93373]: DEBUG dbcounter [-] [93373] Writing DB stats nova_cell0:SELECT=1,nova_cell0:UPDATE=1 {{(pid=93373) stat_writer /opt/stack/data/venv/lib/python3.12/site-packages/dbcounter.py:115}}
Aug 13 05:51:24.885032 np0000007160 nova-scheduler[93375]: DEBUG dbcounter [-] [93375] Writing DB stats nova_cell0:SELECT=1 {{(pid=93375) stat_writer /opt/stack/data/venv/lib/python3.12/site-packages/dbcounter.py:115}}
Aug 13 05:51:34.905394 np0000007160 nova-scheduler[93371]: DEBUG nova.scheduler.manager [None req-65874dce-d99e-4195-b322-cfdf3d0c92f3 tempest-DeleteServersTestJSON-1515790013 tempest-DeleteServersTestJSON-1515790013-project-member] Starting to schedule for instances: ['4d7b1b12-b842-4f46-8c32-dc1c1ec1d17e'] {{(pid=93371) select_destinations /opt/stack/nova/nova/scheduler/manager.py:209}}
Aug 13 05:51:34.906318 np0000007160 nova-scheduler[93371]: DEBUG nova.scheduler.request_filter [None req-65874dce-d99e-4195-b322-cfdf3d0c92f3 tempest-DeleteServersTestJSON-1515790013 tempest-DeleteServersTestJSON-1515790013-project-member] compute_status_filter request filter added forbidden trait COMPUTE_STATUS_DISABLED {{(pid=93371) compute_status_filter /opt/stack/nova/nova/scheduler/request_filter.py:253}}
Aug 13 05:51:34.906318 np0000007160 nova-scheduler[93371]: DEBUG nova.scheduler.request_filter [None req-65874dce-d99e-4195-b322-cfdf3d0c92f3 tempest-DeleteServersTestJSON-1515790013 tempest-DeleteServersTestJSON-1515790013-project-member] Request filter 'compute_status_filter' took 0.0 seconds {{(pid=93371) wrapper /opt/stack/nova/nova/scheduler/request_filter.py:46}}
Aug 13 05:51:34.906594 np0000007160 nova-scheduler[93371]: DEBUG nova.scheduler.request_filter [None req-65874dce-d99e-4195-b322-cfdf3d0c92f3 tempest-DeleteServersTestJSON-1515790013 tempest-DeleteServersTestJSON-1515790013-project-member] Request filter 'accelerators_filter' took 0.0 seconds {{(pid=93371) wrapper /opt/stack/nova/nova/scheduler/request_filter.py:46}}
Aug 13 05:51:34.906772 np0000007160 nova-scheduler[93371]: DEBUG nova.scheduler.request_filter [None req-65874dce-d99e-4195-b322-cfdf3d0c92f3 tempest-DeleteServersTestJSON-1515790013 tempest-DeleteServersTestJSON-1515790013-project-member] Request filter 'packed_virtqueue_filter' took 0.0 seconds {{(pid=93371) wrapper /opt/stack/nova/nova/scheduler/request_filter.py:46}}
Aug 13 05:51:34.907118 np0000007160 nova-scheduler[93371]: DEBUG nova.scheduler.request_filter [None req-65874dce-d99e-4195-b322-cfdf3d0c92f3 tempest-DeleteServersTestJSON-1515790013 tempest-DeleteServersTestJSON-1515790013-project-member] Request filter 'remote_managed_ports_filter' took 0.0 seconds {{(pid=93371) wrapper /opt/stack/nova/nova/scheduler/request_filter.py:46}}
Aug 13 05:51:34.907298 np0000007160 nova-scheduler[93371]: DEBUG nova.scheduler.request_filter [None req-65874dce-d99e-4195-b322-cfdf3d0c92f3 tempest-DeleteServersTestJSON-1515790013 tempest-DeleteServersTestJSON-1515790013-project-member] ephemeral_encryption_filter skipped {{(pid=93371) ephemeral_encryption_filter /opt/stack/nova/nova/scheduler/request_filter.py:426}}
Aug 13 05:51:34.910838 np0000007160 nova-scheduler[93371]: DEBUG nova.scheduler.request_filter [None req-65874dce-d99e-4195-b322-cfdf3d0c92f3 tempest-DeleteServersTestJSON-1515790013 tempest-DeleteServersTestJSON-1515790013-project-member] virtio_sound_filter skipped {{(pid=93371) virtio_sound_filter /opt/stack/nova/nova/scheduler/request_filter.py:460}}
Aug 13 05:51:34.910838 np0000007160 nova-scheduler[93371]: DEBUG nova.scheduler.request_filter [None req-65874dce-d99e-4195-b322-cfdf3d0c92f3 tempest-DeleteServersTestJSON-1515790013 tempest-DeleteServersTestJSON-1515790013-project-member] tpm_secret_security_filter skipped {{(pid=93371) tpm_secret_security_filter /opt/stack/nova/nova/scheduler/request_filter.py:477}}
Aug 13 05:51:35.474595 np0000007160 nova-scheduler[93371]: INFO nova.utils [None req-65874dce-d99e-4195-b322-cfdf3d0c92f3 tempest-DeleteServersTestJSON-1515790013 tempest-DeleteServersTestJSON-1515790013-project-member] The cell worker thread pool ForkProcess-1.cell_worker is initialized
Aug 13 05:51:35.474982 np0000007160 nova-scheduler[93371]: DEBUG oslo_concurrency.lockutils [None req-65874dce-d99e-4195-b322-cfdf3d0c92f3 tempest-DeleteServersTestJSON-1515790013 tempest-DeleteServersTestJSON-1515790013-project-member] Acquiring lock "44de5061-fa34-4b31-8816-4f6b40e3c1b3" by "nova.context.set_target_cell..get_or_set_cached_cell_and_set_connections" {{(pid=93371) inner /opt/stack/data/venv/lib/python3.12/site-packages/oslo_concurrency/lockutils.py:512}}
Aug 13 05:51:35.475217 np0000007160 nova-scheduler[93371]: DEBUG oslo_concurrency.lockutils [None req-65874dce-d99e-4195-b322-cfdf3d0c92f3 tempest-DeleteServersTestJSON-1515790013 tempest-DeleteServersTestJSON-1515790013-project-member] Lock "44de5061-fa34-4b31-8816-4f6b40e3c1b3" acquired by "nova.context.set_target_cell..get_or_set_cached_cell_and_set_connections" :: waited 0.000s {{(pid=93371) inner /opt/stack/data/venv/lib/python3.12/site-packages/oslo_concurrency/lockutils.py:525}}
Aug 13 05:51:35.476481 np0000007160 nova-scheduler[93371]: DEBUG oslo_concurrency.lockutils [None req-65874dce-d99e-4195-b322-cfdf3d0c92f3 tempest-DeleteServersTestJSON-1515790013 tempest-DeleteServersTestJSON-1515790013-project-member] Lock "44de5061-fa34-4b31-8816-4f6b40e3c1b3" "released" by "nova.context.set_target_cell..get_or_set_cached_cell_and_set_connections" :: held 0.001s {{(pid=93371) inner /opt/stack/data/venv/lib/python3.12/site-packages/oslo_concurrency/lockutils.py:544}}
Aug 13 05:51:35.479844 np0000007160 nova-scheduler[93371]: INFO dbcounter [None req-65874dce-d99e-4195-b322-cfdf3d0c92f3 tempest-DeleteServersTestJSON-1515790013 tempest-DeleteServersTestJSON-1515790013-project-member] Registered counter for database nova_cell1
Aug 13 05:51:35.514178 np0000007160 nova-scheduler[93371]: DEBUG oslo_db.sqlalchemy.engines [None req-65874dce-d99e-4195-b322-cfdf3d0c92f3 tempest-DeleteServersTestJSON-1515790013 tempest-DeleteServersTestJSON-1515790013-project-member] MySQL server mode set to STRICT_TRANS_TABLES,STRICT_ALL_TABLES,NO_ZERO_IN_DATE,NO_ZERO_DATE,ERROR_FOR_DIVISION_BY_ZERO,TRADITIONAL,NO_ENGINE_SUBSTITUTION {{(pid=93371) _check_effective_sql_mode /opt/stack/data/venv/lib/python3.12/site-packages/oslo_db/sqlalchemy/engines.py:325}}
Aug 13 05:51:35.519670 np0000007160 nova-scheduler[93371]: DEBUG dbcounter [-] [93371] Writer thread running {{(pid=93371) stat_writer /opt/stack/data/venv/lib/python3.12/site-packages/dbcounter.py:102}}
Aug 13 05:51:35.530595 np0000007160 nova-scheduler[93371]: DEBUG oslo_db.sqlalchemy.engines [None req-65874dce-d99e-4195-b322-cfdf3d0c92f3 tempest-DeleteServersTestJSON-1515790013 tempest-DeleteServersTestJSON-1515790013-project-member] Parent process 92167 forked (93371) with an open database connection, which is being discarded and recreated. {{(pid=93371) checkout /opt/stack/data/venv/lib/python3.12/site-packages/oslo_db/sqlalchemy/engines.py:402}}
Aug 13 05:51:35.574683 np0000007160 nova-scheduler[93371]: DEBUG dbcounter [-] [93371] Writer thread running {{(pid=93371) stat_writer /opt/stack/data/venv/lib/python3.12/site-packages/dbcounter.py:102}}
Aug 13 05:51:35.577668 np0000007160 nova-scheduler[93371]: DEBUG oslo_concurrency.lockutils [None req-65874dce-d99e-4195-b322-cfdf3d0c92f3 tempest-DeleteServersTestJSON-1515790013 tempest-DeleteServersTestJSON-1515790013-project-member] Acquiring lock "44de5061-fa34-4b31-8816-4f6b40e3c1b3" by "nova.context.set_target_cell..get_or_set_cached_cell_and_set_connections" {{(pid=93371) inner /opt/stack/data/venv/lib/python3.12/site-packages/oslo_concurrency/lockutils.py:512}}
Aug 13 05:51:35.577902 np0000007160 nova-scheduler[93371]: DEBUG oslo_concurrency.lockutils [None req-65874dce-d99e-4195-b322-cfdf3d0c92f3 tempest-DeleteServersTestJSON-1515790013 tempest-DeleteServersTestJSON-1515790013-project-member] Lock "44de5061-fa34-4b31-8816-4f6b40e3c1b3" acquired by "nova.context.set_target_cell..get_or_set_cached_cell_and_set_connections" :: waited 0.000s {{(pid=93371) inner /opt/stack/data/venv/lib/python3.12/site-packages/oslo_concurrency/lockutils.py:525}}
Aug 13 05:51:35.578071 np0000007160 nova-scheduler[93371]: DEBUG oslo_concurrency.lockutils [None req-65874dce-d99e-4195-b322-cfdf3d0c92f3 tempest-DeleteServersTestJSON-1515790013 tempest-DeleteServersTestJSON-1515790013-project-member] Lock "44de5061-fa34-4b31-8816-4f6b40e3c1b3" "released" by "nova.context.set_target_cell..get_or_set_cached_cell_and_set_connections" :: held 0.000s {{(pid=93371) inner /opt/stack/data/venv/lib/python3.12/site-packages/oslo_concurrency/lockutils.py:544}}
Aug 13 05:51:35.581691 np0000007160 nova-scheduler[93371]: DEBUG oslo_concurrency.lockutils [None req-65874dce-d99e-4195-b322-cfdf3d0c92f3 tempest-DeleteServersTestJSON-1515790013 tempest-DeleteServersTestJSON-1515790013-project-member] Acquiring lock "np0000007160-np0000007160" by "nova.scheduler.host_manager.HostState.update.._locked_update" {{(pid=93371) inner /opt/stack/data/venv/lib/python3.12/site-packages/oslo_concurrency/lockutils.py:512}}
Aug 13 05:51:35.581691 np0000007160 nova-scheduler[93371]: DEBUG oslo_concurrency.lockutils [None req-65874dce-d99e-4195-b322-cfdf3d0c92f3 tempest-DeleteServersTestJSON-1515790013 tempest-DeleteServersTestJSON-1515790013-project-member] Lock "np0000007160-np0000007160" acquired by "nova.scheduler.host_manager.HostState.update.._locked_update" :: waited 0.000s {{(pid=93371) inner /opt/stack/data/venv/lib/python3.12/site-packages/oslo_concurrency/lockutils.py:525}}
Aug 13 05:51:35.582611 np0000007160 nova-scheduler[93371]: DEBUG nova.scheduler.host_manager [None req-65874dce-d99e-4195-b322-cfdf3d0c92f3 tempest-DeleteServersTestJSON-1515790013 tempest-DeleteServersTestJSON-1515790013-project-member] Update host state from compute node: ComputeNode(cpu_allocation_ratio=4.0,cpu_info='{"arch": "x86_64", "model": "EPYC-Milan", "vendor": "AMD", "topology": {"cells": 1, "sockets": 16, "cores": 1, "threads": 1}, "maxphysaddr": {"mode": "emulate", "bits": 40}, "features": ["syscall", "tsc-deadline", "arat", "fma", "vpclmulqdq", "mds-no", "sse", "vgif", "lbrv", "flushbyasid", "fxsr", "lfence-always-serializing", "cmov", "avx", "spec-ctrl", "pku", "pclmuldq", "pause-filter", "hypervisor", "pat", "pae", "lahf_lm", "clwb", "stibp-always-on", "apic", "rdpid", "f16c", "pschange-mc-no", "xsaves", "rdctl-no", "ssse3", "pcid", "stibp", "xsave", "sse2", "fpu", "pdpe1gb", "lm", "tsc_adjust", "aes", "3dnowprefetch", "vaes", "vme", "erms", "ibpb", "pge", "skip-l1dfl-vmentry", "bmi1", "x2apic", "v-vmsave-vmload", "abm", "bmi2", "sep", "osvw", "fsgsbase", "arch-capabilities", "xsavec", "clzero", "pse", "rdtscp", "tsc", "nrip-save", "movbe", "ibrs", "wbnoinvd", "sse4a", "xsaveerptr", "pfthreshold", "sse4.2", "topoext", "mtrr", "smep", "perfctr_core", "cx16", "adx", "pni", "tsc-scale", "smap", "sha-ni", "svm", "svme-addr-chk", "mca", "msr", "clflush", "misalignsse", "virt-ssbd", "clflushopt", "fsrm", "mce", "umip", "no-nested-data-bp", "amd-ssbd", "rdrand", "avx2", "ssbd", "invpcid", "xgetbv1", "amd-psfd", "cmp_legacy", "pse36", "xsaveopt", "npt", "mmxext", "rdseed", "null-sel-clr-base", "cr8legacy", "mmx", "vmcb-clean", "amd-stibp", "nx", "popcnt", "gds-no", "sse4.1", "de", "cx8", "fxsr_opt"]}',created_at=2026-08-13T05:49:30Z,current_workload=0,deleted=False,deleted_at=None,disk_allocation_ratio=1.0,disk_available_least=73,free_disk_gb=95,free_ram_mb=62765,host='np0000007160',host_ip=10.4.3.101,hypervisor_hostname='np0000007160',hypervisor_type='QEMU',hypervisor_version=8002002,id=1,local_gb=95,local_gb_used=0,mapped=1,memory_mb=63277,memory_mb_used=512,metrics='[]',numa_topology='{"nova_object.name": "NUMATopology", "nova_object.namespace": "nova", "nova_object.version": "1.2", "nova_object.data": {"cells": [{"nova_object.name": "NUMACell", "nova_object.namespace": "nova", "nova_object.version": "1.5", "nova_object.data": {"id": 0, "cpuset": [0, 1, 2, 3, 4, 5, 6, 7, 8, 9, 10, 11, 12, 13, 14, 15], "pcpuset": [0, 1, 2, 3, 4, 5, 6, 7, 8, 9, 10, 11, 12, 13, 14, 15], "memory": 63277, "cpu_usage": 0, "memory_usage": 0, "pinned_cpus": [], "siblings": [[6], [12], [2], [15], [5], [11], [8], [14], [4], [1], [7], [10], [0], [13], [3], [9]], "mempages": [{"nova_object.name": "NUMAPagesTopology", "nova_object.namespace": "nova", "nova_object.version": "1.1", "nova_object.data": {"size_kb": 4, "total": 16177928, "used": 0, "reserved": 0}, "nova_object.changes": ["total", "used", "reserved", "size_kb"]}, {"nova_object.name": "NUMAPagesTopology", "nova_object.namespace": "nova", "nova_object.version": "1.1", "nova_object.data": {"size_kb": 2048, "total": 41, "used": 0, "reserved": 0}, "nova_object.changes": ["total", "used", "reserved", "size_kb"]}, {"nova_object.name": "NUMAPagesTopology", "nova_object.namespace": "nova", "nova_object.version": "1.1", "nova_object.data": {"size_kb": 1048576, "total": 0, "used": 0, "reserved": 0}, "nova_object.changes": ["total", "used", "reserved", "size_kb"]}], "network_metadata": {"nova_object.name": "NetworkMetadata", "nova_object.namespace": "nova", "nova_object.version": "1.0", "nova_object.data": {"physnets": [], "tunneled": false}, "nova_object.changes": ["tunneled", "physnets"]}, "socket": null}, "nova_object.changes": ["mempages", "siblings", "pcpuset", "network_metadata", "memory", "cpuset", "cpu_usage", "socket", "memory_usage", "pinned_cpus", "id"]}]}, "nova_object.changes": ["cells"]}',pci_device_pools=PciDevicePoolList,ram_allocation_ratio=1.0,running_vms=0,service_id=2,stats={failed_builds='0',uptime=' 05:51:18 up 13 min, 2 users, load average: 1.37, 1.33, 0.74
Aug 13 05:51:35.582611 np0000007160 nova-scheduler[93371]: '},supported_hv_specs=[HVSpec,HVSpec,HVSpec,HVSpec,HVSpec,HVSpec,HVSpec,HVSpec,HVSpec,HVSpec,HVSpec,HVSpec,HVSpec,HVSpec,HVSpec,HVSpec,HVSpec,HVSpec,HVSpec,HVSpec,HVSpec,HVSpec,HVSpec,HVSpec,HVSpec],updated_at=2026-08-13T05:51:18Z,uuid=3f87e31c-e9c8-4ee5-8f64-06a71fa33e8a,vcpus=16,vcpus_used=0) {{(pid=93371) _locked_update /opt/stack/nova/nova/scheduler/host_manager.py:168}}
Aug 13 05:51:35.583532 np0000007160 nova-scheduler[93371]: DEBUG nova.scheduler.host_manager [None req-65874dce-d99e-4195-b322-cfdf3d0c92f3 tempest-DeleteServersTestJSON-1515790013 tempest-DeleteServersTestJSON-1515790013-project-member] Update host state with aggregates: [] {{(pid=93371) _locked_update /opt/stack/nova/nova/scheduler/host_manager.py:171}}
Aug 13 05:51:35.583656 np0000007160 nova-scheduler[93371]: DEBUG nova.scheduler.host_manager [None req-65874dce-d99e-4195-b322-cfdf3d0c92f3 tempest-DeleteServersTestJSON-1515790013 tempest-DeleteServersTestJSON-1515790013-project-member] Update host state with service dict: {'id': 2, 'uuid': '5ef2c029-0b45-43ee-8976-3b46b2806ffa', 'host': 'np0000007160', 'binary': 'nova-compute', 'topic': 'compute', 'report_count': 1, 'disabled': False, 'disabled_reason': None, 'last_seen_up': datetime.datetime(2026, 8, 13, 5, 49, 36, tzinfo=datetime.timezone.utc), 'forced_down': False, 'version': 72, 'created_at': datetime.datetime(2026, 8, 13, 5, 49, 30, tzinfo=datetime.timezone.utc), 'updated_at': datetime.datetime(2026, 8, 13, 5, 49, 36, tzinfo=datetime.timezone.utc), 'deleted_at': None, 'deleted': False} {{(pid=93371) _locked_update /opt/stack/nova/nova/scheduler/host_manager.py:174}}
Aug 13 05:51:35.583786 np0000007160 nova-scheduler[93371]: DEBUG nova.scheduler.host_manager [None req-65874dce-d99e-4195-b322-cfdf3d0c92f3 tempest-DeleteServersTestJSON-1515790013 tempest-DeleteServersTestJSON-1515790013-project-member] Update host state with instances: [] {{(pid=93371) _locked_update /opt/stack/nova/nova/scheduler/host_manager.py:177}}
Aug 13 05:51:35.583877 np0000007160 nova-scheduler[93371]: DEBUG oslo_concurrency.lockutils [None req-65874dce-d99e-4195-b322-cfdf3d0c92f3 tempest-DeleteServersTestJSON-1515790013 tempest-DeleteServersTestJSON-1515790013-project-member] Lock "np0000007160-np0000007160" "released" by "nova.scheduler.host_manager.HostState.update.._locked_update" :: held 0.002s {{(pid=93371) inner /opt/stack/data/venv/lib/python3.12/site-packages/oslo_concurrency/lockutils.py:544}}
Aug 13 05:51:35.584471 np0000007160 nova-scheduler[93371]: DEBUG nova.filters [None req-65874dce-d99e-4195-b322-cfdf3d0c92f3 tempest-DeleteServersTestJSON-1515790013 tempest-DeleteServersTestJSON-1515790013-project-member] Starting with 1 host(s) {{(pid=93371) get_filtered_objects /opt/stack/nova/nova/filters.py:70}}
Aug 13 05:51:35.584632 np0000007160 nova-scheduler[93371]: DEBUG nova.filters [None req-65874dce-d99e-4195-b322-cfdf3d0c92f3 tempest-DeleteServersTestJSON-1515790013 tempest-DeleteServersTestJSON-1515790013-project-member] Filter ComputeFilter returned 1 host(s) {{(pid=93371) get_filtered_objects /opt/stack/nova/nova/filters.py:102}}
Aug 13 05:51:35.584863 np0000007160 nova-scheduler[93371]: DEBUG nova.filters [None req-65874dce-d99e-4195-b322-cfdf3d0c92f3 tempest-DeleteServersTestJSON-1515790013 tempest-DeleteServersTestJSON-1515790013-project-member] Filter ComputeCapabilitiesFilter returned 1 host(s) {{(pid=93371) get_filtered_objects /opt/stack/nova/nova/filters.py:102}}
Aug 13 05:51:35.585414 np0000007160 nova-scheduler[93371]: DEBUG nova.filters [None req-65874dce-d99e-4195-b322-cfdf3d0c92f3 tempest-DeleteServersTestJSON-1515790013 tempest-DeleteServersTestJSON-1515790013-project-member] Filter ImagePropertiesFilter returned 1 host(s) {{(pid=93371) get_filtered_objects /opt/stack/nova/nova/filters.py:102}}
Aug 13 05:51:35.585550 np0000007160 nova-scheduler[93371]: DEBUG nova.filters [None req-65874dce-d99e-4195-b322-cfdf3d0c92f3 tempest-DeleteServersTestJSON-1515790013 tempest-DeleteServersTestJSON-1515790013-project-member] Filter ServerGroupAntiAffinityFilter returned 1 host(s) {{(pid=93371) get_filtered_objects /opt/stack/nova/nova/filters.py:102}}
Aug 13 05:51:35.585645 np0000007160 nova-scheduler[93371]: DEBUG nova.filters [None req-65874dce-d99e-4195-b322-cfdf3d0c92f3 tempest-DeleteServersTestJSON-1515790013 tempest-DeleteServersTestJSON-1515790013-project-member] Filter ServerGroupAffinityFilter returned 1 host(s) {{(pid=93371) get_filtered_objects /opt/stack/nova/nova/filters.py:102}}
Aug 13 05:51:35.585761 np0000007160 nova-scheduler[93371]: DEBUG nova.filters [None req-65874dce-d99e-4195-b322-cfdf3d0c92f3 tempest-DeleteServersTestJSON-1515790013 tempest-DeleteServersTestJSON-1515790013-project-member] Filter SameHostFilter returned 1 host(s) {{(pid=93371) get_filtered_objects /opt/stack/nova/nova/filters.py:102}}
Aug 13 05:51:35.585905 np0000007160 nova-scheduler[93371]: DEBUG nova.filters [None req-65874dce-d99e-4195-b322-cfdf3d0c92f3 tempest-DeleteServersTestJSON-1515790013 tempest-DeleteServersTestJSON-1515790013-project-member] Filter DifferentHostFilter returned 1 host(s) {{(pid=93371) get_filtered_objects /opt/stack/nova/nova/filters.py:102}}
Aug 13 05:51:35.586051 np0000007160 nova-scheduler[93371]: DEBUG nova.scheduler.manager [None req-65874dce-d99e-4195-b322-cfdf3d0c92f3 tempest-DeleteServersTestJSON-1515790013 tempest-DeleteServersTestJSON-1515790013-project-member] Filtered [(np0000007160, np0000007160) ram: 62765MB disk: 74752MB io_ops: 0 instances: 0, allocation_candidates: 1] {{(pid=93371) _get_sorted_hosts /opt/stack/nova/nova/scheduler/manager.py:742}}
Aug 13 05:51:35.586227 np0000007160 nova-scheduler[93371]: DEBUG nova.scheduler.manager [None req-65874dce-d99e-4195-b322-cfdf3d0c92f3 tempest-DeleteServersTestJSON-1515790013 tempest-DeleteServersTestJSON-1515790013-project-member] Weighed [WeighedHost [host: (np0000007160, np0000007160) ram: 62765MB disk: 74752MB io_ops: 0 instances: 0, allocation_candidates: 1, weight: 0.0]] {{(pid=93371) _get_sorted_hosts /opt/stack/nova/nova/scheduler/manager.py:764}}
Aug 13 05:51:35.586387 np0000007160 nova-scheduler[93371]: DEBUG nova.scheduler.utils [None req-65874dce-d99e-4195-b322-cfdf3d0c92f3 tempest-DeleteServersTestJSON-1515790013 tempest-DeleteServersTestJSON-1515790013-project-member] Attempting to claim resources in the placement API for instance 4d7b1b12-b842-4f46-8c32-dc1c1ec1d17e {{(pid=93371) claim_resources /opt/stack/nova/nova/scheduler/utils.py:1345}}
Aug 13 05:51:35.717041 np0000007160 nova-scheduler[93371]: DEBUG nova.scheduler.manager [None req-65874dce-d99e-4195-b322-cfdf3d0c92f3 tempest-DeleteServersTestJSON-1515790013 tempest-DeleteServersTestJSON-1515790013-project-member] [instance: 4d7b1b12-b842-4f46-8c32-dc1c1ec1d17e] Selected host: (np0000007160, np0000007160) ram: 62765MB disk: 74752MB io_ops: 0 instances: 0, allocation_candidates: 1 {{(pid=93371) _consume_selected_host /opt/stack/nova/nova/scheduler/manager.py:624}}
Aug 13 05:51:35.717318 np0000007160 nova-scheduler[93371]: DEBUG oslo_concurrency.lockutils [None req-65874dce-d99e-4195-b322-cfdf3d0c92f3 tempest-DeleteServersTestJSON-1515790013 tempest-DeleteServersTestJSON-1515790013-project-member] Acquiring lock "np0000007160-np0000007160" by "nova.scheduler.host_manager.HostState.consume_from_request.._locked" {{(pid=93371) inner /opt/stack/data/venv/lib/python3.12/site-packages/oslo_concurrency/lockutils.py:512}}
Aug 13 05:51:35.717484 np0000007160 nova-scheduler[93371]: DEBUG oslo_concurrency.lockutils [None req-65874dce-d99e-4195-b322-cfdf3d0c92f3 tempest-DeleteServersTestJSON-1515790013 tempest-DeleteServersTestJSON-1515790013-project-member] Lock "np0000007160-np0000007160" acquired by "nova.scheduler.host_manager.HostState.consume_from_request.._locked" :: waited 0.000s {{(pid=93371) inner /opt/stack/data/venv/lib/python3.12/site-packages/oslo_concurrency/lockutils.py:525}}
Aug 13 05:51:35.717643 np0000007160 nova-scheduler[93371]: DEBUG oslo_concurrency.lockutils [None req-65874dce-d99e-4195-b322-cfdf3d0c92f3 tempest-DeleteServersTestJSON-1515790013 tempest-DeleteServersTestJSON-1515790013-project-member] Lock "np0000007160-np0000007160" "released" by "nova.scheduler.host_manager.HostState.consume_from_request.._locked" :: held 0.000s {{(pid=93371) inner /opt/stack/data/venv/lib/python3.12/site-packages/oslo_concurrency/lockutils.py:544}}
Aug 13 05:51:38.872193 np0000007160 nova-scheduler[93373]: DEBUG oslo.service.backend._threading.loopingcall [None req-5efb8ed1-bb2c-41b2-9cce-8751016d2da8 None None] Dynamic interval looping call 'nova.service.Service.periodic_tasks' sleeping for 60.00 seconds {{(pid=93373) _run_loop /opt/stack/data/venv/lib/python3.12/site-packages/oslo_service/backend/_threading/loopingcall.py:125}}
Aug 13 05:51:39.538329 np0000007160 nova-scheduler[93373]: DEBUG nova.scheduler.manager [None req-77b1231a-16d1-42d6-b739-202b52e6efdf tempest-ServerActionsTestOtherB-1704945032 tempest-ServerActionsTestOtherB-1704945032-project-member] Starting to schedule for instances: ['c529e35e-a119-4b63-9bba-b51d44b8a624'] {{(pid=93373) select_destinations /opt/stack/nova/nova/scheduler/manager.py:209}}
Aug 13 05:51:39.538773 np0000007160 nova-scheduler[93373]: DEBUG nova.scheduler.request_filter [None req-77b1231a-16d1-42d6-b739-202b52e6efdf tempest-ServerActionsTestOtherB-1704945032 tempest-ServerActionsTestOtherB-1704945032-project-member] compute_status_filter request filter added forbidden trait COMPUTE_STATUS_DISABLED {{(pid=93373) compute_status_filter /opt/stack/nova/nova/scheduler/request_filter.py:253}}
Aug 13 05:51:39.538928 np0000007160 nova-scheduler[93373]: DEBUG nova.scheduler.request_filter [None req-77b1231a-16d1-42d6-b739-202b52e6efdf tempest-ServerActionsTestOtherB-1704945032 tempest-ServerActionsTestOtherB-1704945032-project-member] Request filter 'compute_status_filter' took 0.0 seconds {{(pid=93373) wrapper /opt/stack/nova/nova/scheduler/request_filter.py:46}}
Aug 13 05:51:39.539126 np0000007160 nova-scheduler[93373]: DEBUG nova.scheduler.request_filter [None req-77b1231a-16d1-42d6-b739-202b52e6efdf tempest-ServerActionsTestOtherB-1704945032 tempest-ServerActionsTestOtherB-1704945032-project-member] Request filter 'accelerators_filter' took 0.0 seconds {{(pid=93373) wrapper /opt/stack/nova/nova/scheduler/request_filter.py:46}}
Aug 13 05:51:39.539300 np0000007160 nova-scheduler[93373]: DEBUG nova.scheduler.request_filter [None req-77b1231a-16d1-42d6-b739-202b52e6efdf tempest-ServerActionsTestOtherB-1704945032 tempest-ServerActionsTestOtherB-1704945032-project-member] Request filter 'packed_virtqueue_filter' took 0.0 seconds {{(pid=93373) wrapper /opt/stack/nova/nova/scheduler/request_filter.py:46}}
Aug 13 05:51:39.539563 np0000007160 nova-scheduler[93373]: DEBUG nova.scheduler.request_filter [None req-77b1231a-16d1-42d6-b739-202b52e6efdf tempest-ServerActionsTestOtherB-1704945032 tempest-ServerActionsTestOtherB-1704945032-project-member] Request filter 'remote_managed_ports_filter' took 0.0 seconds {{(pid=93373) wrapper /opt/stack/nova/nova/scheduler/request_filter.py:46}}
Aug 13 05:51:39.539693 np0000007160 nova-scheduler[93373]: DEBUG nova.scheduler.request_filter [None req-77b1231a-16d1-42d6-b739-202b52e6efdf tempest-ServerActionsTestOtherB-1704945032 tempest-ServerActionsTestOtherB-1704945032-project-member] ephemeral_encryption_filter skipped {{(pid=93373) ephemeral_encryption_filter /opt/stack/nova/nova/scheduler/request_filter.py:426}}
Aug 13 05:51:39.539963 np0000007160 nova-scheduler[93373]: DEBUG nova.scheduler.request_filter [None req-77b1231a-16d1-42d6-b739-202b52e6efdf tempest-ServerActionsTestOtherB-1704945032 tempest-ServerActionsTestOtherB-1704945032-project-member] virtio_sound_filter skipped {{(pid=93373) virtio_sound_filter /opt/stack/nova/nova/scheduler/request_filter.py:460}}
