Aug 07 20:58:11.538709 np0000006752 devstack@g-api.service[99777]: DEBUG glance.api.middleware.version_negotiation [None req-17d9ce44-5d79-4e1f-a46c-30782f6a6599 tempest-ServerActionsTestOtherA-2022919392 tempest-ServerActionsTestOtherA-2022919392-project-member] new path /v2/schemas/image {{(pid=99777) process_request /opt/stack/glance/glance/api/middleware/version_negotiation.py:70}}
Aug 07 20:58:11.544817 np0000006752 devstack@g-api.service[99777]: [pid: 99777|app: 0|req: 105/336] 127.0.0.1 () {44 vars in 1051 bytes} [Fri Aug 7 20:58:11 2026] GET /v2/schemas/image => generated 6083 bytes in 7 msecs (HTTP/1.1 200) 4 headers in 158 bytes (1 switches on core 0)
Aug 07 20:58:12.197793 np0000006752 devstack@g-api.service[99779]: DEBUG glance.api.middleware.version_negotiation [None req-17d9ce44-5d79-4e1f-a46c-30782f6a6599 tempest-ServerActionsTestOtherA-2022919392 tempest-ServerActionsTestOtherA-2022919392-project-member] Determining version of request: GET /v2/schemas/image Accept: */* {{(pid=99779) process_request /opt/stack/glance/glance/api/middleware/version_negotiation.py:44}}
Aug 07 20:58:12.197793 np0000006752 devstack@g-api.service[99779]: DEBUG glance.api.middleware.version_negotiation [None req-17d9ce44-5d79-4e1f-a46c-30782f6a6599 tempest-ServerActionsTestOtherA-2022919392 tempest-ServerActionsTestOtherA-2022919392-project-member] Using url versioning {{(pid=99779) process_request /opt/stack/glance/glance/api/middleware/version_negotiation.py:57}}
Aug 07 20:58:12.197793 np0000006752 devstack@g-api.service[99779]: DEBUG glance.api.middleware.version_negotiation [None req-17d9ce44-5d79-4e1f-a46c-30782f6a6599 tempest-ServerActionsTestOtherA-2022919392 tempest-ServerActionsTestOtherA-2022919392-project-member] Matched version: v2 {{(pid=99779) process_request /opt/stack/glance/glance/api/middleware/version_negotiation.py:69}}
Aug 07 20:58:12.199728 np0000006752 devstack@g-api.service[99779]: DEBUG glance.api.middleware.version_negotiation [None req-17d9ce44-5d79-4e1f-a46c-30782f6a6599 tempest-ServerActionsTestOtherA-2022919392 tempest-ServerActionsTestOtherA-2022919392-project-member] new path /v2/schemas/image {{(pid=99779) process_request /opt/stack/glance/glance/api/middleware/version_negotiation.py:70}}
Aug 07 20:58:12.203102 np0000006752 devstack@g-api.service[99779]: [pid: 99779|app: 0|req: 117/337] 127.0.0.1 () {44 vars in 1051 bytes} [Fri Aug 7 20:58:12 2026] GET /v2/schemas/image => generated 6083 bytes in 6 msecs (HTTP/1.1 200) 4 headers in 158 bytes (1 switches on core 0)
Aug 07 20:58:12.217568 np0000006752 devstack@g-api.service[99778]: DEBUG glance.api.middleware.version_negotiation [None req-17d9ce44-5d79-4e1f-a46c-30782f6a6599 tempest-ServerActionsTestOtherA-2022919392 tempest-ServerActionsTestOtherA-2022919392-project-member] Determining version of request: POST /v2/images Accept: */* {{(pid=99778) process_request /opt/stack/glance/glance/api/middleware/version_negotiation.py:44}}
Aug 07 20:58:12.218271 np0000006752 devstack@g-api.service[99778]: DEBUG glance.api.middleware.version_negotiation [None req-17d9ce44-5d79-4e1f-a46c-30782f6a6599 tempest-ServerActionsTestOtherA-2022919392 tempest-ServerActionsTestOtherA-2022919392-project-member] Using url versioning {{(pid=99778) process_request /opt/stack/glance/glance/api/middleware/version_negotiation.py:57}}
Aug 07 20:58:12.218271 np0000006752 devstack@g-api.service[99778]: DEBUG glance.api.middleware.version_negotiation [None req-17d9ce44-5d79-4e1f-a46c-30782f6a6599 tempest-ServerActionsTestOtherA-2022919392 tempest-ServerActionsTestOtherA-2022919392-project-member] Matched version: v2 {{(pid=99778) process_request /opt/stack/glance/glance/api/middleware/version_negotiation.py:69}}
Aug 07 20:58:12.218271 np0000006752 devstack@g-api.service[99778]: DEBUG glance.api.middleware.version_negotiation [None req-17d9ce44-5d79-4e1f-a46c-30782f6a6599 tempest-ServerActionsTestOtherA-2022919392 tempest-ServerActionsTestOtherA-2022919392-project-member] new path /v2/images {{(pid=99778) process_request /opt/stack/glance/glance/api/middleware/version_negotiation.py:70}}
Aug 07 20:58:12.909402 np0000006752 devstack@g-api.service[99778]: [pid: 99778|app: 0|req: 116/338] 127.0.0.1 () {46 vars in 1051 bytes} [Fri Aug 7 20:58:12 2026] POST /v2/images => generated 650 bytes in 692 msecs (HTTP/1.1 201) 6 headers in 315 bytes (1 switches on core 0)
Aug 07 20:58:12.924380 np0000006752 devstack@g-api.service[99777]: DEBUG glance.api.middleware.version_negotiation [None req-17d9ce44-5d79-4e1f-a46c-30782f6a6599 tempest-ServerActionsTestOtherA-2022919392 tempest-ServerActionsTestOtherA-2022919392-project-member] Determining version of request: GET /v2/images/2b41f9f2-4c08-4452-a21f-b04527984070 Accept: application/json {{(pid=99777) process_request /opt/stack/glance/glance/api/middleware/version_negotiation.py:44}}
Aug 07 20:58:12.924793 np0000006752 devstack@g-api.service[99777]: DEBUG glance.api.middleware.version_negotiation [None req-17d9ce44-5d79-4e1f-a46c-30782f6a6599 tempest-ServerActionsTestOtherA-2022919392 tempest-ServerActionsTestOtherA-2022919392-project-member] Using url versioning {{(pid=99777) process_request /opt/stack/glance/glance/api/middleware/version_negotiation.py:57}}
Aug 07 20:58:12.925062 np0000006752 devstack@g-api.service[99777]: DEBUG glance.api.middleware.version_negotiation [None req-17d9ce44-5d79-4e1f-a46c-30782f6a6599 tempest-ServerActionsTestOtherA-2022919392 tempest-ServerActionsTestOtherA-2022919392-project-member] Matched version: v2 {{(pid=99777) process_request /opt/stack/glance/glance/api/middleware/version_negotiation.py:69}}
Aug 07 20:58:12.925240 np0000006752 devstack@g-api.service[99777]: DEBUG glance.api.middleware.version_negotiation [None req-17d9ce44-5d79-4e1f-a46c-30782f6a6599 tempest-ServerActionsTestOtherA-2022919392 tempest-ServerActionsTestOtherA-2022919392-project-member] new path /v2/images/2b41f9f2-4c08-4452-a21f-b04527984070 {{(pid=99777) process_request /opt/stack/glance/glance/api/middleware/version_negotiation.py:70}}
Aug 07 20:58:12.936885 np0000006752 devstack@g-api.service[99777]: [pid: 99777|app: 0|req: 106/339] 127.0.0.1 () {40 vars in 834 bytes} [Fri Aug 7 20:58:12 2026] GET /v2/images/2b41f9f2-4c08-4452-a21f-b04527984070 => generated 650 bytes in 13 msecs (HTTP/1.1 200) 4 headers in 157 bytes (1 switches on core 0)
Aug 07 20:58:13.256444 np0000006752 devstack@g-api.service[99779]: DEBUG glance.api.middleware.version_negotiation [None req-be74b887-4b22-4f9b-9b73-faf024265d7b tempest-VolumesActionsTest-457206584 tempest-VolumesActionsTest-457206584-project-member] Determining version of request: GET /v2/images/e86ad74d-6cdf-473f-ab70-50dee7d240c1 Accept: */* {{(pid=99779) process_request /opt/stack/glance/glance/api/middleware/version_negotiation.py:44}}
Aug 07 20:58:13.256444 np0000006752 devstack@g-api.service[99779]: DEBUG glance.api.middleware.version_negotiation [None req-be74b887-4b22-4f9b-9b73-faf024265d7b tempest-VolumesActionsTest-457206584 tempest-VolumesActionsTest-457206584-project-member] Using url versioning {{(pid=99779) process_request /opt/stack/glance/glance/api/middleware/version_negotiation.py:57}}
Aug 07 20:58:13.256444 np0000006752 devstack@g-api.service[99779]: DEBUG glance.api.middleware.version_negotiation [None req-be74b887-4b22-4f9b-9b73-faf024265d7b tempest-VolumesActionsTest-457206584 tempest-VolumesActionsTest-457206584-project-member] Matched version: v2 {{(pid=99779) process_request /opt/stack/glance/glance/api/middleware/version_negotiation.py:69}}
Aug 07 20:58:13.256444 np0000006752 devstack@g-api.service[99779]: DEBUG glance.api.middleware.version_negotiation [None req-be74b887-4b22-4f9b-9b73-faf024265d7b tempest-VolumesActionsTest-457206584 tempest-VolumesActionsTest-457206584-project-member] new path /v2/images/e86ad74d-6cdf-473f-ab70-50dee7d240c1 {{(pid=99779) process_request /opt/stack/glance/glance/api/middleware/version_negotiation.py:70}}
Aug 07 20:58:13.272619 np0000006752 devstack@g-api.service[99779]: [pid: 99779|app: 0|req: 118/340] 127.0.0.1 () {44 vars in 1111 bytes} [Fri Aug 7 20:58:13 2026] GET /v2/images/e86ad74d-6cdf-473f-ab70-50dee7d240c1 => generated 1044 bytes in 17 msecs (HTTP/1.1 200) 4 headers in 158 bytes (1 switches on core 0)
Aug 07 20:58:13.303069 np0000006752 devstack@g-api.service[99777]: DEBUG glance.api.middleware.version_negotiation [None req-87fcfa12-9415-4cda-ace2-25b4a1ef33fb tempest-VolumesActionsTest-457206584 tempest-VolumesActionsTest-457206584-project-member] Determining version of request: GET /v2/images/e86ad74d-6cdf-473f-ab70-50dee7d240c1/file Accept: */* {{(pid=99777) process_request /opt/stack/glance/glance/api/middleware/version_negotiation.py:44}}
Aug 07 20:58:13.303317 np0000006752 devstack@g-api.service[99778]: DEBUG glance.api.middleware.version_negotiation [None req-be74b887-4b22-4f9b-9b73-faf024265d7b tempest-VolumesActionsTest-457206584 tempest-VolumesActionsTest-457206584-project-member] Determining version of request: PUT /v2/images/2b41f9f2-4c08-4452-a21f-b04527984070/file Accept: */* {{(pid=99778) process_request /opt/stack/glance/glance/api/middleware/version_negotiation.py:44}}
Aug 07 20:58:13.303752 np0000006752 devstack@g-api.service[99777]: DEBUG glance.api.middleware.version_negotiation [None req-87fcfa12-9415-4cda-ace2-25b4a1ef33fb tempest-VolumesActionsTest-457206584 tempest-VolumesActionsTest-457206584-project-member] Using url versioning {{(pid=99777) process_request /opt/stack/glance/glance/api/middleware/version_negotiation.py:57}}
Aug 07 20:58:13.303843 np0000006752 devstack@g-api.service[99778]: DEBUG glance.api.middleware.version_negotiation [None req-be74b887-4b22-4f9b-9b73-faf024265d7b tempest-VolumesActionsTest-457206584 tempest-VolumesActionsTest-457206584-project-member] Using url versioning {{(pid=99778) process_request /opt/stack/glance/glance/api/middleware/version_negotiation.py:57}}
Aug 07 20:58:13.303843 np0000006752 devstack@g-api.service[99778]: DEBUG glance.api.middleware.version_negotiation [None req-be74b887-4b22-4f9b-9b73-faf024265d7b tempest-VolumesActionsTest-457206584 tempest-VolumesActionsTest-457206584-project-member] Matched version: v2 {{(pid=99778) process_request /opt/stack/glance/glance/api/middleware/version_negotiation.py:69}}
Aug 07 20:58:13.303843 np0000006752 devstack@g-api.service[99778]: DEBUG glance.api.middleware.version_negotiation [None req-be74b887-4b22-4f9b-9b73-faf024265d7b tempest-VolumesActionsTest-457206584 tempest-VolumesActionsTest-457206584-project-member] new path /v2/images/2b41f9f2-4c08-4452-a21f-b04527984070/file {{(pid=99778) process_request /opt/stack/glance/glance/api/middleware/version_negotiation.py:70}}
Aug 07 20:58:13.304122 np0000006752 devstack@g-api.service[99777]: DEBUG glance.api.middleware.version_negotiation [None req-87fcfa12-9415-4cda-ace2-25b4a1ef33fb tempest-VolumesActionsTest-457206584 tempest-VolumesActionsTest-457206584-project-member] Matched version: v2 {{(pid=99777) process_request /opt/stack/glance/glance/api/middleware/version_negotiation.py:69}}
Aug 07 20:58:13.304122 np0000006752 devstack@g-api.service[99777]: DEBUG glance.api.middleware.version_negotiation [None req-87fcfa12-9415-4cda-ace2-25b4a1ef33fb tempest-VolumesActionsTest-457206584 tempest-VolumesActionsTest-457206584-project-member] new path /v2/images/e86ad74d-6cdf-473f-ab70-50dee7d240c1/file {{(pid=99777) process_request /opt/stack/glance/glance/api/middleware/version_negotiation.py:70}}
Aug 07 20:58:13.319458 np0000006752 devstack@g-api.service[99777]: DEBUG glance.api.middleware.cache [None req-17d9ce44-5d79-4e1f-a46c-30782f6a6599 tempest-ServerActionsTestOtherA-2022919392 tempest-ServerActionsTestOtherA-2022919392-project-member] Cache hit for image 'e86ad74d-6cdf-473f-ab70-50dee7d240c1' {{(pid=99777) process_request /opt/stack/glance/glance/api/middleware/cache.py:160}}
Aug 07 20:58:13.406745 np0000006752 devstack@g-api.service[99777]: [pid: 99777|app: 0|req: 107/341] 127.0.0.1 () {44 vars in 1121 bytes} [Fri Aug 7 20:58:13 2026] GET /v2/images/e86ad74d-6cdf-473f-ab70-50dee7d240c1/file => generated 21233664 bytes in 103 msecs (HTTP/1.1 200) 5 headers in 217 bytes (330 switches on core 0)
Aug 07 20:58:13.537862 np0000006752 devstack@g-api.service[99779]: DEBUG glance.api.middleware.version_negotiation [None req-17d9ce44-5d79-4e1f-a46c-30782f6a6599 tempest-ServerActionsTestOtherA-2022919392 tempest-ServerActionsTestOtherA-2022919392-project-member] Determining version of request: GET /v2/images/e86ad74d-6cdf-473f-ab70-50dee7d240c1 Accept: */* {{(pid=99779) process_request /opt/stack/glance/glance/api/middleware/version_negotiation.py:44}}
Aug 07 20:58:13.537862 np0000006752 devstack@g-api.service[99779]: DEBUG glance.api.middleware.version_negotiation [None req-17d9ce44-5d79-4e1f-a46c-30782f6a6599 tempest-ServerActionsTestOtherA-2022919392 tempest-ServerActionsTestOtherA-2022919392-project-member] Using url versioning {{(pid=99779) process_request /opt/stack/glance/glance/api/middleware/version_negotiation.py:57}}
Aug 07 20:58:13.537862 np0000006752 devstack@g-api.service[99779]: DEBUG glance.api.middleware.version_negotiation [None req-17d9ce44-5d79-4e1f-a46c-30782f6a6599 tempest-ServerActionsTestOtherA-2022919392 tempest-ServerActionsTestOtherA-2022919392-project-member] Matched version: v2 {{(pid=99779) process_request /opt/stack/glance/glance/api/middleware/version_negotiation.py:69}}
Aug 07 20:58:13.538078 np0000006752 devstack@g-api.service[99779]: DEBUG glance.api.middleware.version_negotiation [None req-17d9ce44-5d79-4e1f-a46c-30782f6a6599 tempest-ServerActionsTestOtherA-2022919392 tempest-ServerActionsTestOtherA-2022919392-project-member] new path /v2/images/e86ad74d-6cdf-473f-ab70-50dee7d240c1 {{(pid=99779) process_request /opt/stack/glance/glance/api/middleware/version_negotiation.py:70}}
Aug 07 20:58:13.564739 np0000006752 devstack@g-api.service[99779]: [pid: 99779|app: 0|req: 119/342] 127.0.0.1 () {44 vars in 1111 bytes} [Fri Aug 7 20:58:13 2026] GET /v2/images/e86ad74d-6cdf-473f-ab70-50dee7d240c1 => generated 1044 bytes in 27 msecs (HTTP/1.1 200) 4 headers in 158 bytes (1 switches on core 0)
Aug 07 20:58:13.605229 np0000006752 devstack@g-api.service[99777]: DEBUG glance.api.middleware.version_negotiation [None req-17d9ce44-5d79-4e1f-a46c-30782f6a6599 tempest-ServerActionsTestOtherA-2022919392 tempest-ServerActionsTestOtherA-2022919392-project-member] Determining version of request: GET /v2/schemas/image Accept: */* {{(pid=99777) process_request /opt/stack/glance/glance/api/middleware/version_negotiation.py:44}}
Aug 07 20:58:13.605393 np0000006752 devstack@g-api.service[99777]: DEBUG glance.api.middleware.version_negotiation [None req-17d9ce44-5d79-4e1f-a46c-30782f6a6599 tempest-ServerActionsTestOtherA-2022919392 tempest-ServerActionsTestOtherA-2022919392-project-member] Using url versioning {{(pid=99777) process_request /opt/stack/glance/glance/api/middleware/version_negotiation.py:57}}
Aug 07 20:58:13.605559 np0000006752 devstack@g-api.service[99777]: DEBUG glance.api.middleware.version_negotiation [None req-17d9ce44-5d79-4e1f-a46c-30782f6a6599 tempest-ServerActionsTestOtherA-2022919392 tempest-ServerActionsTestOtherA-2022919392-project-member] Matched version: v2 {{(pid=99777) process_request /opt/stack/glance/glance/api/middleware/version_negotiation.py:69}}
Aug 07 20:58:13.605669 np0000006752 devstack@g-api.service[99777]: DEBUG glance.api.middleware.version_negotiation [None req-17d9ce44-5d79-4e1f-a46c-30782f6a6599 tempest-ServerActionsTestOtherA-2022919392 tempest-ServerActionsTestOtherA-2022919392-project-member] new path /v2/schemas/image {{(pid=99777) process_request /opt/stack/glance/glance/api/middleware/version_negotiation.py:70}}
Aug 07 20:58:13.608963 np0000006752 devstack@g-api.service[99777]: [pid: 99777|app: 0|req: 108/343] 127.0.0.1 () {44 vars in 1051 bytes} [Fri Aug 7 20:58:13 2026] GET /v2/schemas/image => generated 6083 bytes in 4 msecs (HTTP/1.1 200) 4 headers in 158 bytes (1 switches on core 0)
Aug 07 20:58:13.947144 np0000006752 devstack@g-api.service[99779]: DEBUG glance.api.middleware.version_negotiation [None req-17d9ce44-5d79-4e1f-a46c-30782f6a6599 tempest-ServerActionsTestOtherA-2022919392 tempest-ServerActionsTestOtherA-2022919392-project-member] Determining version of request: GET /v2/images/2b41f9f2-4c08-4452-a21f-b04527984070 Accept: application/json {{(pid=99779) process_request /opt/stack/glance/glance/api/middleware/version_negotiation.py:44}}
Aug 07 20:58:13.947465 np0000006752 devstack@g-api.service[99779]: DEBUG glance.api.middleware.version_negotiation [None req-17d9ce44-5d79-4e1f-a46c-30782f6a6599 tempest-ServerActionsTestOtherA-2022919392 tempest-ServerActionsTestOtherA-2022919392-project-member] Using url versioning {{(pid=99779) process_request /opt/stack/glance/glance/api/middleware/version_negotiation.py:57}}
Aug 07 20:58:13.947695 np0000006752 devstack@g-api.service[99779]: DEBUG glance.api.middleware.version_negotiation [None req-17d9ce44-5d79-4e1f-a46c-30782f6a6599 tempest-ServerActionsTestOtherA-2022919392 tempest-ServerActionsTestOtherA-2022919392-project-member] Matched version: v2 {{(pid=99779) process_request /opt/stack/glance/glance/api/middleware/version_negotiation.py:69}}
Aug 07 20:58:13.947795 np0000006752 devstack@g-api.service[99779]: DEBUG glance.api.middleware.version_negotiation [None req-17d9ce44-5d79-4e1f-a46c-30782f6a6599 tempest-ServerActionsTestOtherA-2022919392 tempest-ServerActionsTestOtherA-2022919392-project-member] new path /v2/images/2b41f9f2-4c08-4452-a21f-b04527984070 {{(pid=99779) process_request /opt/stack/glance/glance/api/middleware/version_negotiation.py:70}}
Aug 07 20:58:13.953325 np0000006752 devstack@g-api.service[99778]: INFO glance.api.v2.image_data [None req-be74b887-4b22-4f9b-9b73-faf024265d7b tempest-VolumesActionsTest-457206584 tempest-VolumesActionsTest-457206584-project-member] Unable to create trust: no such option collect_timing in group [keystone_authtoken] Use the existing user token.
Aug 07 20:58:13.960731 np0000006752 devstack@g-api.service[99779]: [pid: 99779|app: 0|req: 120/344] 127.0.0.1 () {40 vars in 834 bytes} [Fri Aug 7 20:58:13 2026] GET /v2/images/2b41f9f2-4c08-4452-a21f-b04527984070 => generated 650 bytes in 14 msecs (HTTP/1.1 200) 4 headers in 157 bytes (1 switches on core 0)
Aug 07 20:58:14.526074 np0000006752 devstack@g-api.service[99778]: DEBUG glance.location [None req-be74b887-4b22-4f9b-9b73-faf024265d7b tempest-VolumesActionsTest-457206584 tempest-VolumesActionsTest-457206584-project-member] Enabling in-flight format inspection for raw {{(pid=99778) set_data /opt/stack/glance/glance/location.py:596}}
Aug 07 20:58:14.526648 np0000006752 devstack@g-api.service[99778]: DEBUG glance_store.backend [None req-be74b887-4b22-4f9b-9b73-faf024265d7b tempest-VolumesActionsTest-457206584 tempest-VolumesActionsTest-457206584-project-member] Attempting to import store swift {{(pid=99778) _load_store /opt/stack/data/venv/lib/python3.12/site-packages/glance_store/backend.py:215}}
Aug 07 20:58:14.529049 np0000006752 devstack@g-api.service[99778]: DEBUG glance_store.capabilities [None req-be74b887-4b22-4f9b-9b73-faf024265d7b tempest-VolumesActionsTest-457206584 tempest-VolumesActionsTest-457206584-project-member] Store glance_store._drivers.swift.store.SingleTenantStore doesn't support updating dynamic storage capabilities. Please overwrite 'update_capabilities' method of the store to implement updating logics if needed. {{(pid=99778) update_capabilities /opt/stack/data/venv/lib/python3.12/site-packages/glance_store/capabilities.py:91}}
Aug 07 20:58:14.529049 np0000006752 devstack@g-api.service[99778]: DEBUG glance_store.driver [None req-be74b887-4b22-4f9b-9b73-faf024265d7b tempest-VolumesActionsTest-457206584 tempest-VolumesActionsTest-457206584-project-member] Late loading location class glance_store._drivers.swift.store.StoreLocation {{(pid=99778) get_store_location_class /opt/stack/data/venv/lib/python3.12/site-packages/glance_store/driver.py:134}}
Aug 07 20:58:14.529049 np0000006752 devstack@g-api.service[99778]: DEBUG glance_store.location [None req-be74b887-4b22-4f9b-9b73-faf024265d7b tempest-VolumesActionsTest-457206584 tempest-VolumesActionsTest-457206584-project-member] Registering scheme swift+https with {'store': , 'location_class': , 'store_entry': 'swift'} {{(pid=99778) register_scheme_map /opt/stack/data/venv/lib/python3.12/site-packages/glance_store/location.py:146}}
Aug 07 20:58:14.529049 np0000006752 devstack@g-api.service[99778]: DEBUG glance_store.location [None req-be74b887-4b22-4f9b-9b73-faf024265d7b tempest-VolumesActionsTest-457206584 tempest-VolumesActionsTest-457206584-project-member] Registering scheme swift+https with {'store': , 'location_class': , 'store_entry': 'swift'} {{(pid=99778) register_scheme_map /opt/stack/data/venv/lib/python3.12/site-packages/glance_store/location.py:146}}
Aug 07 20:58:14.529659 np0000006752 devstack@g-api.service[99778]: DEBUG glance_store.location [None req-be74b887-4b22-4f9b-9b73-faf024265d7b tempest-VolumesActionsTest-457206584 tempest-VolumesActionsTest-457206584-project-member] Registering scheme swift with {'store': , 'location_class': , 'store_entry': 'swift'} {{(pid=99778) register_scheme_map /opt/stack/data/venv/lib/python3.12/site-packages/glance_store/location.py:146}}
Aug 07 20:58:14.529659 np0000006752 devstack@g-api.service[99778]: DEBUG glance_store.location [None req-be74b887-4b22-4f9b-9b73-faf024265d7b tempest-VolumesActionsTest-457206584 tempest-VolumesActionsTest-457206584-project-member] Registering scheme swift+https with {'store': , 'location_class': , 'store_entry': 'swift'} {{(pid=99778) register_scheme_map /opt/stack/data/venv/lib/python3.12/site-packages/glance_store/location.py:146}}
Aug 07 20:58:14.529659 np0000006752 devstack@g-api.service[99778]: DEBUG glance_store.location [None req-be74b887-4b22-4f9b-9b73-faf024265d7b tempest-VolumesActionsTest-457206584 tempest-VolumesActionsTest-457206584-project-member] Registering scheme swift with {'store': , 'location_class': , 'store_entry': 'swift'} {{(pid=99778) register_scheme_map /opt/stack/data/venv/lib/python3.12/site-packages/glance_store/location.py:146}}
Aug 07 20:58:14.529659 np0000006752 devstack@g-api.service[99778]: DEBUG glance_store.location [None req-be74b887-4b22-4f9b-9b73-faf024265d7b tempest-VolumesActionsTest-457206584 tempest-VolumesActionsTest-457206584-project-member] Registering scheme swift+http with {'store': , 'location_class': , 'store_entry': 'swift'} {{(pid=99778) register_scheme_map /opt/stack/data/venv/lib/python3.12/site-packages/glance_store/location.py:146}}
Aug 07 20:58:14.529659 np0000006752 devstack@g-api.service[99778]: DEBUG glance_store.location [None req-be74b887-4b22-4f9b-9b73-faf024265d7b tempest-VolumesActionsTest-457206584 tempest-VolumesActionsTest-457206584-project-member] Registering scheme swift+https with {'store': , 'location_class': , 'store_entry': 'swift'} {{(pid=99778) register_scheme_map /opt/stack/data/venv/lib/python3.12/site-packages/glance_store/location.py:146}}
Aug 07 20:58:14.529895 np0000006752 devstack@g-api.service[99778]: DEBUG glance_store.location [None req-be74b887-4b22-4f9b-9b73-faf024265d7b tempest-VolumesActionsTest-457206584 tempest-VolumesActionsTest-457206584-project-member] Registering scheme swift with {'store': , 'location_class': , 'store_entry': 'swift'} {{(pid=99778) register_scheme_map /opt/stack/data/venv/lib/python3.12/site-packages/glance_store/location.py:146}}
Aug 07 20:58:14.529895 np0000006752 devstack@g-api.service[99778]: DEBUG glance_store.location [None req-be74b887-4b22-4f9b-9b73-faf024265d7b tempest-VolumesActionsTest-457206584 tempest-VolumesActionsTest-457206584-project-member] Registering scheme swift+http with {'store': , 'location_class': , 'store_entry': 'swift'} {{(pid=99778) register_scheme_map /opt/stack/data/venv/lib/python3.12/site-packages/glance_store/location.py:146}}
Aug 07 20:58:14.529895 np0000006752 devstack@g-api.service[99778]: DEBUG glance_store.location [None req-be74b887-4b22-4f9b-9b73-faf024265d7b tempest-VolumesActionsTest-457206584 tempest-VolumesActionsTest-457206584-project-member] Registering scheme swift+config with {'store': , 'location_class': , 'store_entry': 'swift'} {{(pid=99778) register_scheme_map /opt/stack/data/venv/lib/python3.12/site-packages/glance_store/location.py:146}}
Aug 07 20:58:14.663138 np0000006752 devstack@g-api.service[99778]: DEBUG swiftclient [None req-be74b887-4b22-4f9b-9b73-faf024265d7b tempest-VolumesActionsTest-457206584 tempest-VolumesActionsTest-457206584-project-member] REQ: curl -i https://10.4.3.83:8080/v1/AUTH_1646da6699f54b408bb8106dee7403d8/glance -I -H "X-Auth-Token: gAAAAABqdkbmoLuZ..." {{(pid=99778) http_log /opt/stack/data/venv/lib/python3.12/site-packages/swiftclient/client.py:160}}
Aug 07 20:58:14.663359 np0000006752 devstack@g-api.service[99778]: DEBUG swiftclient [None req-be74b887-4b22-4f9b-9b73-faf024265d7b tempest-VolumesActionsTest-457206584 tempest-VolumesActionsTest-457206584-project-member] RESP STATUS: 204 No Content {{(pid=99778) http_log /opt/stack/data/venv/lib/python3.12/site-packages/swiftclient/client.py:161}}
Aug 07 20:58:14.663563 np0000006752 devstack@g-api.service[99778]: DEBUG swiftclient [None req-be74b887-4b22-4f9b-9b73-faf024265d7b tempest-VolumesActionsTest-457206584 tempest-VolumesActionsTest-457206584-project-member] RESP HEADERS: {'Date': 'Fri, 07 Aug 2026 20:58:14 GMT', 'Server': 'Apache/2.4.58 (Ubuntu)', 'Content-Type': 'text/plain; charset=utf-8', 'X-Container-Object-Count': '3', 'X-Container-Bytes-Used': '64356352', 'X-Timestamp': '1786135902.92215', 'Last-Modified': 'Fri, 07 Aug 2026 20:51:43 GMT', 'Accept-Ranges': 'bytes', 'X-Storage-Policy': 'Policy-0', 'X-Container-Sharding': 'False', 'Vary': 'Accept', 'X-Trans-Id': 'tx37391fddb03d4d0e8a4e7-006a7646e6', 'X-Openstack-Request-Id': 'tx37391fddb03d4d0e8a4e7-006a7646e6', 'Connection': 'close'} {{(pid=99778) http_log /opt/stack/data/venv/lib/python3.12/site-packages/swiftclient/client.py:162}}
Aug 07 20:58:14.663735 np0000006752 devstack@g-api.service[99778]: DEBUG glance_store._drivers.swift.store [None req-be74b887-4b22-4f9b-9b73-faf024265d7b tempest-VolumesActionsTest-457206584 tempest-VolumesActionsTest-457206584-project-member] Adding image object '2b41f9f2-4c08-4452-a21f-b04527984070' to Swift {{(pid=99778) add /opt/stack/data/venv/lib/python3.12/site-packages/glance_store/_drivers/swift/store.py:970}}
Aug 07 20:58:14.663869 np0000006752 devstack@g-api.service[99778]: DEBUG glance_store._drivers.swift.store [None req-be74b887-4b22-4f9b-9b73-faf024265d7b tempest-VolumesActionsTest-457206584 tempest-VolumesActionsTest-457206584-project-member] Cannot determine image size because it is either not provided in the request or chunked-transfer encoding is used. Adding image as a segmented object to Swift. {{(pid=99778) add /opt/stack/data/venv/lib/python3.12/site-packages/glance_store/_drivers/swift/store.py:994}}
Aug 07 20:58:14.673451 np0000006752 devstack@g-api.service[99778]: DEBUG oslo_utils.imageutils.format_inspector [None req-be74b887-4b22-4f9b-9b73-faf024265d7b tempest-VolumesActionsTest-457206584 tempest-VolumesActionsTest-457206584-project-member] Format inspector for vmdk does not match, excluding from consideration (Signature KDMV not found: b'\x00\x00\x00\x00') {{(pid=99778) _process_chunk /opt/stack/data/venv/lib/python3.12/site-packages/oslo_utils/imageutils/format_inspector.py:1758}}
Aug 07 20:58:14.676983 np0000006752 devstack@g-api.service[99778]: DEBUG oslo_utils.imageutils.format_inspector [None req-be74b887-4b22-4f9b-9b73-faf024265d7b tempest-VolumesActionsTest-457206584 tempest-VolumesActionsTest-457206584-project-member] Format inspector for vhdx does not match, excluding from consideration (Region signature not found at 30000) {{(pid=99778) _process_chunk /opt/stack/data/venv/lib/python3.12/site-packages/oslo_utils/imageutils/format_inspector.py:1758}}
Aug 07 20:58:14.972626 np0000006752 devstack@g-api.service[99777]: DEBUG glance.api.middleware.version_negotiation [None req-17d9ce44-5d79-4e1f-a46c-30782f6a6599 tempest-ServerActionsTestOtherA-2022919392 tempest-ServerActionsTestOtherA-2022919392-project-member] Determining version of request: GET /v2/images/2b41f9f2-4c08-4452-a21f-b04527984070 Accept: application/json {{(pid=99777) process_request /opt/stack/glance/glance/api/middleware/version_negotiation.py:44}}
Aug 07 20:58:14.973093 np0000006752 devstack@g-api.service[99777]: DEBUG glance.api.middleware.version_negotiation [None req-17d9ce44-5d79-4e1f-a46c-30782f6a6599 tempest-ServerActionsTestOtherA-2022919392 tempest-ServerActionsTestOtherA-2022919392-project-member] Using url versioning {{(pid=99777) process_request /opt/stack/glance/glance/api/middleware/version_negotiation.py:57}}
Aug 07 20:58:14.973213 np0000006752 devstack@g-api.service[99777]: DEBUG glance.api.middleware.version_negotiation [None req-17d9ce44-5d79-4e1f-a46c-30782f6a6599 tempest-ServerActionsTestOtherA-2022919392 tempest-ServerActionsTestOtherA-2022919392-project-member] Matched version: v2 {{(pid=99777) process_request /opt/stack/glance/glance/api/middleware/version_negotiation.py:69}}
Aug 07 20:58:14.973401 np0000006752 devstack@g-api.service[99777]: DEBUG glance.api.middleware.version_negotiation [None req-17d9ce44-5d79-4e1f-a46c-30782f6a6599 tempest-ServerActionsTestOtherA-2022919392 tempest-ServerActionsTestOtherA-2022919392-project-member] new path /v2/images/2b41f9f2-4c08-4452-a21f-b04527984070 {{(pid=99777) process_request /opt/stack/glance/glance/api/middleware/version_negotiation.py:70}}
Aug 07 20:58:14.985232 np0000006752 devstack@g-api.service[99777]: [pid: 99777|app: 0|req: 109/345] 127.0.0.1 () {40 vars in 834 bytes} [Fri Aug 7 20:58:14 2026] GET /v2/images/2b41f9f2-4c08-4452-a21f-b04527984070 => generated 650 bytes in 13 msecs (HTTP/1.1 200) 4 headers in 157 bytes (1 switches on core 0)
Aug 07 20:58:15.997967 np0000006752 devstack@g-api.service[99779]: DEBUG glance.api.middleware.version_negotiation [None req-a5359047-15fc-436d-985b-f2dc080aad18 tempest-VolumesActionsTest-457206584 tempest-VolumesActionsTest-457206584-project-member] Determining version of request: GET /v2/images/2b41f9f2-4c08-4452-a21f-b04527984070 Accept: application/json {{(pid=99779) process_request /opt/stack/glance/glance/api/middleware/version_negotiation.py:44}}
Aug 07 20:58:15.998671 np0000006752 devstack@g-api.service[99779]: DEBUG glance.api.middleware.version_negotiation [None req-a5359047-15fc-436d-985b-f2dc080aad18 tempest-VolumesActionsTest-457206584 tempest-VolumesActionsTest-457206584-project-member] Using url versioning {{(pid=99779) process_request /opt/stack/glance/glance/api/middleware/version_negotiation.py:57}}
Aug 07 20:58:15.998671 np0000006752 devstack@g-api.service[99779]: DEBUG glance.api.middleware.version_negotiation [None req-a5359047-15fc-436d-985b-f2dc080aad18 tempest-VolumesActionsTest-457206584 tempest-VolumesActionsTest-457206584-project-member] Matched version: v2 {{(pid=99779) process_request /opt/stack/glance/glance/api/middleware/version_negotiation.py:69}}
Aug 07 20:58:15.998671 np0000006752 devstack@g-api.service[99779]: DEBUG glance.api.middleware.version_negotiation [None req-a5359047-15fc-436d-985b-f2dc080aad18 tempest-VolumesActionsTest-457206584 tempest-VolumesActionsTest-457206584-project-member] new path /v2/images/2b41f9f2-4c08-4452-a21f-b04527984070 {{(pid=99779) process_request /opt/stack/glance/glance/api/middleware/version_negotiation.py:70}}
Aug 07 20:58:16.027426 np0000006752 devstack@g-api.service[99779]: [pid: 99779|app: 0|req: 121/346] 127.0.0.1 () {40 vars in 834 bytes} [Fri Aug 7 20:58:15 2026] GET /v2/images/2b41f9f2-4c08-4452-a21f-b04527984070 => generated 650 bytes in 30 msecs (HTTP/1.1 200) 4 headers in 157 bytes (1 switches on core 0)
Aug 07 20:58:17.039304 np0000006752 devstack@g-api.service[99777]: DEBUG glance.api.middleware.version_negotiation [None req-083e7060-9150-4077-8a75-d05c759fa6b6 tempest-VolumesActionsTest-457206584 tempest-VolumesActionsTest-457206584-project-member] Determining version of request: GET /v2/images/2b41f9f2-4c08-4452-a21f-b04527984070 Accept: application/json {{(pid=99777) process_request /opt/stack/glance/glance/api/middleware/version_negotiation.py:44}}
Aug 07 20:58:17.040185 np0000006752 devstack@g-api.service[99777]: DEBUG glance.api.middleware.version_negotiation [None req-083e7060-9150-4077-8a75-d05c759fa6b6 tempest-VolumesActionsTest-457206584 tempest-VolumesActionsTest-457206584-project-member] Using url versioning {{(pid=99777) process_request /opt/stack/glance/glance/api/middleware/version_negotiation.py:57}}
Aug 07 20:58:17.040185 np0000006752 devstack@g-api.service[99777]: DEBUG glance.api.middleware.version_negotiation [None req-083e7060-9150-4077-8a75-d05c759fa6b6 tempest-VolumesActionsTest-457206584 tempest-VolumesActionsTest-457206584-project-member] Matched version: v2 {{(pid=99777) process_request /opt/stack/glance/glance/api/middleware/version_negotiation.py:69}}
Aug 07 20:58:17.040185 np0000006752 devstack@g-api.service[99777]: DEBUG glance.api.middleware.version_negotiation [None req-083e7060-9150-4077-8a75-d05c759fa6b6 tempest-VolumesActionsTest-457206584 tempest-VolumesActionsTest-457206584-project-member] new path /v2/images/2b41f9f2-4c08-4452-a21f-b04527984070 {{(pid=99777) process_request /opt/stack/glance/glance/api/middleware/version_negotiation.py:70}}
Aug 07 20:58:17.066334 np0000006752 devstack@g-api.service[99777]: [pid: 99777|app: 0|req: 110/347] 127.0.0.1 () {40 vars in 834 bytes} [Fri Aug 7 20:58:17 2026] GET /v2/images/2b41f9f2-4c08-4452-a21f-b04527984070 => generated 650 bytes in 27 msecs (HTTP/1.1 200) 4 headers in 157 bytes (1 switches on core 0)
Aug 07 20:58:17.540756 np0000006752 devstack@g-api.service[99778]: DEBUG swiftclient [None req-be74b887-4b22-4f9b-9b73-faf024265d7b tempest-VolumesActionsTest-457206584 tempest-VolumesActionsTest-457206584-project-member] REQ: curl -i https://10.4.3.83:8080/v1/AUTH_1646da6699f54b408bb8106dee7403d8/glance/2b41f9f2-4c08-4452-a21f-b04527984070-00001 -X PUT -H "X-Auth-Token: gAAAAABqdkbmoLuZ..." {{(pid=99778) http_log /opt/stack/data/venv/lib/python3.12/site-packages/swiftclient/client.py:160}}
Aug 07 20:58:17.541332 np0000006752 devstack@g-api.service[99778]: DEBUG swiftclient [None req-be74b887-4b22-4f9b-9b73-faf024265d7b tempest-VolumesActionsTest-457206584 tempest-VolumesActionsTest-457206584-project-member] RESP STATUS: 201 Created {{(pid=99778) http_log /opt/stack/data/venv/lib/python3.12/site-packages/swiftclient/client.py:161}}
Aug 07 20:58:17.541332 np0000006752 devstack@g-api.service[99778]: DEBUG swiftclient [None req-be74b887-4b22-4f9b-9b73-faf024265d7b tempest-VolumesActionsTest-457206584 tempest-VolumesActionsTest-457206584-project-member] RESP HEADERS: {'Date': 'Fri, 07 Aug 2026 20:58:17 GMT', 'Server': 'Apache/2.4.58 (Ubuntu)', 'Content-Type': 'text/html; charset=UTF-8', 'Content-Length': '0', 'Etag': 'eda9a9889837ac4bc81d6387d92c1bec', 'Last-Modified': 'Fri, 07 Aug 2026 20:58:15 GMT', 'X-Trans-Id': 'txb83a921e28da409894be0-006a7646e6', 'X-Openstack-Request-Id': 'txb83a921e28da409894be0-006a7646e6', 'Connection': 'close'} {{(pid=99778) http_log /opt/stack/data/venv/lib/python3.12/site-packages/swiftclient/client.py:162}}
Aug 07 20:58:17.541332 np0000006752 devstack@g-api.service[99778]: DEBUG glance_store._drivers.swift.store [None req-be74b887-4b22-4f9b-9b73-faf024265d7b tempest-VolumesActionsTest-457206584 tempest-VolumesActionsTest-457206584-project-member] Wrote chunk 2b41f9f2-4c08-4452-a21f-b04527984070-00001 (1/?) of length 204800000 to Swift returning MD5 of content: eda9a9889837ac4bc81d6387d92c1bec {{(pid=99778) add /opt/stack/data/venv/lib/python3.12/site-packages/glance_store/_drivers/swift/store.py:1059}}
Aug 07 20:58:18.079855 np0000006752 devstack@g-api.service[99779]: DEBUG glance.api.middleware.version_negotiation [None req-ddafa31d-06ce-439c-afc3-8017944c0842 tempest-VolumesActionsTest-457206584 tempest-VolumesActionsTest-457206584-project-member] Determining version of request: GET /v2/images/2b41f9f2-4c08-4452-a21f-b04527984070 Accept: application/json {{(pid=99779) process_request /opt/stack/glance/glance/api/middleware/version_negotiation.py:44}}
Aug 07 20:58:18.080956 np0000006752 devstack@g-api.service[99779]: DEBUG glance.api.middleware.version_negotiation [None req-ddafa31d-06ce-439c-afc3-8017944c0842 tempest-VolumesActionsTest-457206584 tempest-VolumesActionsTest-457206584-project-member] Using url versioning {{(pid=99779) process_request /opt/stack/glance/glance/api/middleware/version_negotiation.py:57}}
Aug 07 20:58:18.080956 np0000006752 devstack@g-api.service[99779]: DEBUG glance.api.middleware.version_negotiation [None req-ddafa31d-06ce-439c-afc3-8017944c0842 tempest-VolumesActionsTest-457206584 tempest-VolumesActionsTest-457206584-project-member] Matched version: v2 {{(pid=99779) process_request /opt/stack/glance/glance/api/middleware/version_negotiation.py:69}}
Aug 07 20:58:18.080956 np0000006752 devstack@g-api.service[99779]: DEBUG glance.api.middleware.version_negotiation [None req-ddafa31d-06ce-439c-afc3-8017944c0842 tempest-VolumesActionsTest-457206584 tempest-VolumesActionsTest-457206584-project-member] new path /v2/images/2b41f9f2-4c08-4452-a21f-b04527984070 {{(pid=99779) process_request /opt/stack/glance/glance/api/middleware/version_negotiation.py:70}}
Aug 07 20:58:18.097758 np0000006752 devstack@g-api.service[99779]: [pid: 99779|app: 0|req: 122/348] 127.0.0.1 () {40 vars in 834 bytes} [Fri Aug 7 20:58:18 2026] GET /v2/images/2b41f9f2-4c08-4452-a21f-b04527984070 => generated 650 bytes in 18 msecs (HTTP/1.1 200) 4 headers in 157 bytes (1 switches on core 0)
Aug 07 20:58:19.110760 np0000006752 devstack@g-api.service[99777]: DEBUG glance.api.middleware.version_negotiation [None req-26ddecf0-33bb-443e-a663-ce9e4c57ac89 tempest-VolumesActionsTest-457206584 tempest-VolumesActionsTest-457206584-project-member] Determining version of request: GET /v2/images/2b41f9f2-4c08-4452-a21f-b04527984070 Accept: application/json {{(pid=99777) process_request /opt/stack/glance/glance/api/middleware/version_negotiation.py:44}}
Aug 07 20:58:19.111283 np0000006752 devstack@g-api.service[99777]: DEBUG glance.api.middleware.version_negotiation [None req-26ddecf0-33bb-443e-a663-ce9e4c57ac89 tempest-VolumesActionsTest-457206584 tempest-VolumesActionsTest-457206584-project-member] Using url versioning {{(pid=99777) process_request /opt/stack/glance/glance/api/middleware/version_negotiation.py:57}}
Aug 07 20:58:19.111283 np0000006752 devstack@g-api.service[99777]: DEBUG glance.api.middleware.version_negotiation [None req-26ddecf0-33bb-443e-a663-ce9e4c57ac89 tempest-VolumesActionsTest-457206584 tempest-VolumesActionsTest-457206584-project-member] Matched version: v2 {{(pid=99777) process_request /opt/stack/glance/glance/api/middleware/version_negotiation.py:69}}
Aug 07 20:58:19.112513 np0000006752 devstack@g-api.service[99777]: DEBUG glance.api.middleware.version_negotiation [None req-26ddecf0-33bb-443e-a663-ce9e4c57ac89 tempest-VolumesActionsTest-457206584 tempest-VolumesActionsTest-457206584-project-member] new path /v2/images/2b41f9f2-4c08-4452-a21f-b04527984070 {{(pid=99777) process_request /opt/stack/glance/glance/api/middleware/version_negotiation.py:70}}
Aug 07 20:58:19.128520 np0000006752 devstack@g-api.service[99777]: [pid: 99777|app: 0|req: 111/349] 127.0.0.1 () {40 vars in 834 bytes} [Fri Aug 7 20:58:19 2026] GET /v2/images/2b41f9f2-4c08-4452-a21f-b04527984070 => generated 650 bytes in 18 msecs (HTTP/1.1 200) 4 headers in 157 bytes (1 switches on core 0)
Aug 07 20:58:20.027811 np0000006752 devstack@g-api.service[99778]: DEBUG swiftclient [None req-be74b887-4b22-4f9b-9b73-faf024265d7b tempest-VolumesActionsTest-457206584 tempest-VolumesActionsTest-457206584-project-member] REQ: curl -i https://10.4.3.83:8080/v1/AUTH_1646da6699f54b408bb8106dee7403d8/glance/2b41f9f2-4c08-4452-a21f-b04527984070-00002 -X PUT -H "X-Auth-Token: gAAAAABqdkbmoLuZ..." {{(pid=99778) http_log /opt/stack/data/venv/lib/python3.12/site-packages/swiftclient/client.py:160}}
Aug 07 20:58:20.028456 np0000006752 devstack@g-api.service[99778]: DEBUG swiftclient [None req-be74b887-4b22-4f9b-9b73-faf024265d7b tempest-VolumesActionsTest-457206584 tempest-VolumesActionsTest-457206584-project-member] RESP STATUS: 201 Created {{(pid=99778) http_log /opt/stack/data/venv/lib/python3.12/site-packages/swiftclient/client.py:161}}
Aug 07 20:58:20.028456 np0000006752 devstack@g-api.service[99778]: DEBUG swiftclient [None req-be74b887-4b22-4f9b-9b73-faf024265d7b tempest-VolumesActionsTest-457206584 tempest-VolumesActionsTest-457206584-project-member] RESP HEADERS: {'Date': 'Fri, 07 Aug 2026 20:58:20 GMT', 'Server': 'Apache/2.4.58 (Ubuntu)', 'Content-Type': 'text/html; charset=UTF-8', 'Content-Length': '0', 'Etag': 'eda9a9889837ac4bc81d6387d92c1bec', 'Last-Modified': 'Fri, 07 Aug 2026 20:58:18 GMT', 'X-Trans-Id': 'tx788852eb40d24e3a83c23-006a7646e9', 'X-Openstack-Request-Id': 'tx788852eb40d24e3a83c23-006a7646e9', 'Connection': 'close'} {{(pid=99778) http_log /opt/stack/data/venv/lib/python3.12/site-packages/swiftclient/client.py:162}}
Aug 07 20:58:20.028456 np0000006752 devstack@g-api.service[99778]: DEBUG glance_store._drivers.swift.store [None req-be74b887-4b22-4f9b-9b73-faf024265d7b tempest-VolumesActionsTest-457206584 tempest-VolumesActionsTest-457206584-project-member] Wrote chunk 2b41f9f2-4c08-4452-a21f-b04527984070-00002 (2/?) of length 204800000 to Swift returning MD5 of content: eda9a9889837ac4bc81d6387d92c1bec {{(pid=99778) add /opt/stack/data/venv/lib/python3.12/site-packages/glance_store/_drivers/swift/store.py:1059}}
Aug 07 20:58:20.139321 np0000006752 devstack@g-api.service[99779]: DEBUG glance.api.middleware.version_negotiation [None req-a2526318-4076-4855-b70a-6b1e4eb8ef1b tempest-VolumesActionsTest-457206584 tempest-VolumesActionsTest-457206584-project-member] Determining version of request: GET /v2/images/2b41f9f2-4c08-4452-a21f-b04527984070 Accept: application/json {{(pid=99779) process_request /opt/stack/glance/glance/api/middleware/version_negotiation.py:44}}
Aug 07 20:58:20.139884 np0000006752 devstack@g-api.service[99779]: DEBUG glance.api.middleware.version_negotiation [None req-a2526318-4076-4855-b70a-6b1e4eb8ef1b tempest-VolumesActionsTest-457206584 tempest-VolumesActionsTest-457206584-project-member] Using url versioning {{(pid=99779) process_request /opt/stack/glance/glance/api/middleware/version_negotiation.py:57}}
Aug 07 20:58:20.139884 np0000006752 devstack@g-api.service[99779]: DEBUG glance.api.middleware.version_negotiation [None req-a2526318-4076-4855-b70a-6b1e4eb8ef1b tempest-VolumesActionsTest-457206584 tempest-VolumesActionsTest-457206584-project-member] Matched version: v2 {{(pid=99779) process_request /opt/stack/glance/glance/api/middleware/version_negotiation.py:69}}
Aug 07 20:58:20.140057 np0000006752 devstack@g-api.service[99779]: DEBUG glance.api.middleware.version_negotiation [None req-a2526318-4076-4855-b70a-6b1e4eb8ef1b tempest-VolumesActionsTest-457206584 tempest-VolumesActionsTest-457206584-project-member] new path /v2/images/2b41f9f2-4c08-4452-a21f-b04527984070 {{(pid=99779) process_request /opt/stack/glance/glance/api/middleware/version_negotiation.py:70}}
Aug 07 20:58:20.158084 np0000006752 devstack@g-api.service[99779]: [pid: 99779|app: 0|req: 123/350] 127.0.0.1 () {40 vars in 834 bytes} [Fri Aug 7 20:58:20 2026] GET /v2/images/2b41f9f2-4c08-4452-a21f-b04527984070 => generated 650 bytes in 19 msecs (HTTP/1.1 200) 4 headers in 157 bytes (1 switches on core 0)
Aug 07 20:58:21.177825 np0000006752 devstack@g-api.service[99777]: DEBUG glance.api.middleware.version_negotiation [None req-125a8c31-30db-4d89-9a95-18b92c97239e tempest-VolumesActionsTest-457206584 tempest-VolumesActionsTest-457206584-project-member] Determining version of request: GET /v2/images/2b41f9f2-4c08-4452-a21f-b04527984070 Accept: application/json {{(pid=99777) process_request /opt/stack/glance/glance/api/middleware/version_negotiation.py:44}}
Aug 07 20:58:21.177825 np0000006752 devstack@g-api.service[99777]: DEBUG glance.api.middleware.version_negotiation [None req-125a8c31-30db-4d89-9a95-18b92c97239e tempest-VolumesActionsTest-457206584 tempest-VolumesActionsTest-457206584-project-member] Using url versioning {{(pid=99777) process_request /opt/stack/glance/glance/api/middleware/version_negotiation.py:57}}
Aug 07 20:58:21.178800 np0000006752 devstack@g-api.service[99777]: DEBUG glance.api.middleware.version_negotiation [None req-125a8c31-30db-4d89-9a95-18b92c97239e tempest-VolumesActionsTest-457206584 tempest-VolumesActionsTest-457206584-project-member] Matched version: v2 {{(pid=99777) process_request /opt/stack/glance/glance/api/middleware/version_negotiation.py:69}}
Aug 07 20:58:21.179040 np0000006752 devstack@g-api.service[99777]: DEBUG glance.api.middleware.version_negotiation [None req-125a8c31-30db-4d89-9a95-18b92c97239e tempest-VolumesActionsTest-457206584 tempest-VolumesActionsTest-457206584-project-member] new path /v2/images/2b41f9f2-4c08-4452-a21f-b04527984070 {{(pid=99777) process_request /opt/stack/glance/glance/api/middleware/version_negotiation.py:70}}
Aug 07 20:58:21.207350 np0000006752 devstack@g-api.service[99777]: [pid: 99777|app: 0|req: 112/351] 127.0.0.1 () {40 vars in 834 bytes} [Fri Aug 7 20:58:21 2026] GET /v2/images/2b41f9f2-4c08-4452-a21f-b04527984070 => generated 650 bytes in 30 msecs (HTTP/1.1 200) 4 headers in 157 bytes (1 switches on core 0)
Aug 07 20:58:22.225393 np0000006752 devstack@g-api.service[99779]: DEBUG glance.api.middleware.version_negotiation [None req-edbadb6a-caa0-4d05-b71a-45221dbf5662 tempest-VolumesActionsTest-457206584 tempest-VolumesActionsTest-457206584-project-member] Determining version of request: GET /v2/images/2b41f9f2-4c08-4452-a21f-b04527984070 Accept: application/json {{(pid=99779) process_request /opt/stack/glance/glance/api/middleware/version_negotiation.py:44}}
Aug 07 20:58:22.225393 np0000006752 devstack@g-api.service[99779]: DEBUG glance.api.middleware.version_negotiation [None req-edbadb6a-caa0-4d05-b71a-45221dbf5662 tempest-VolumesActionsTest-457206584 tempest-VolumesActionsTest-457206584-project-member] Using url versioning {{(pid=99779) process_request /opt/stack/glance/glance/api/middleware/version_negotiation.py:57}}
Aug 07 20:58:22.225393 np0000006752 devstack@g-api.service[99779]: DEBUG glance.api.middleware.version_negotiation [None req-edbadb6a-caa0-4d05-b71a-45221dbf5662 tempest-VolumesActionsTest-457206584 tempest-VolumesActionsTest-457206584-project-member] Matched version: v2 {{(pid=99779) process_request /opt/stack/glance/glance/api/middleware/version_negotiation.py:69}}
Aug 07 20:58:22.225393 np0000006752 devstack@g-api.service[99779]: DEBUG glance.api.middleware.version_negotiation [None req-edbadb6a-caa0-4d05-b71a-45221dbf5662 tempest-VolumesActionsTest-457206584 tempest-VolumesActionsTest-457206584-project-member] new path /v2/images/2b41f9f2-4c08-4452-a21f-b04527984070 {{(pid=99779) process_request /opt/stack/glance/glance/api/middleware/version_negotiation.py:70}}
Aug 07 20:58:22.246616 np0000006752 devstack@g-api.service[99779]: [pid: 99779|app: 0|req: 124/352] 127.0.0.1 () {40 vars in 834 bytes} [Fri Aug 7 20:58:22 2026] GET /v2/images/2b41f9f2-4c08-4452-a21f-b04527984070 => generated 650 bytes in 20 msecs (HTTP/1.1 200) 4 headers in 157 bytes (1 switches on core 0)
Aug 07 20:58:22.966564 np0000006752 devstack@g-api.service[99778]: DEBUG swiftclient [None req-be74b887-4b22-4f9b-9b73-faf024265d7b tempest-VolumesActionsTest-457206584 tempest-VolumesActionsTest-457206584-project-member] REQ: curl -i https://10.4.3.83:8080/v1/AUTH_1646da6699f54b408bb8106dee7403d8/glance/2b41f9f2-4c08-4452-a21f-b04527984070-00003 -X PUT -H "X-Auth-Token: gAAAAABqdkbmoLuZ..." {{(pid=99778) http_log /opt/stack/data/venv/lib/python3.12/site-packages/swiftclient/client.py:160}}
Aug 07 20:58:22.967174 np0000006752 devstack@g-api.service[99778]: DEBUG swiftclient [None req-be74b887-4b22-4f9b-9b73-faf024265d7b tempest-VolumesActionsTest-457206584 tempest-VolumesActionsTest-457206584-project-member] RESP STATUS: 201 Created {{(pid=99778) http_log /opt/stack/data/venv/lib/python3.12/site-packages/swiftclient/client.py:161}}
Aug 07 20:58:22.967174 np0000006752 devstack@g-api.service[99778]: DEBUG swiftclient [None req-be74b887-4b22-4f9b-9b73-faf024265d7b tempest-VolumesActionsTest-457206584 tempest-VolumesActionsTest-457206584-project-member] RESP HEADERS: {'Date': 'Fri, 07 Aug 2026 20:58:22 GMT', 'Server': 'Apache/2.4.58 (Ubuntu)', 'Content-Type': 'text/html; charset=UTF-8', 'Content-Length': '0', 'Etag': 'eda9a9889837ac4bc81d6387d92c1bec', 'Last-Modified': 'Fri, 07 Aug 2026 20:58:21 GMT', 'X-Trans-Id': 'tx9361b353b84446aa8aeec-006a7646ec', 'X-Openstack-Request-Id': 'tx9361b353b84446aa8aeec-006a7646ec', 'Connection': 'close'} {{(pid=99778) http_log /opt/stack/data/venv/lib/python3.12/site-packages/swiftclient/client.py:162}}
Aug 07 20:58:22.967174 np0000006752 devstack@g-api.service[99778]: DEBUG glance_store._drivers.swift.store [None req-be74b887-4b22-4f9b-9b73-faf024265d7b tempest-VolumesActionsTest-457206584 tempest-VolumesActionsTest-457206584-project-member] Wrote chunk 2b41f9f2-4c08-4452-a21f-b04527984070-00003 (3/?) of length 204800000 to Swift returning MD5 of content: eda9a9889837ac4bc81d6387d92c1bec {{(pid=99778) add /opt/stack/data/venv/lib/python3.12/site-packages/glance_store/_drivers/swift/store.py:1059}}
Aug 07 20:58:23.264407 np0000006752 devstack@g-api.service[99777]: DEBUG glance.api.middleware.version_negotiation [None req-c8c7f105-d3fd-412b-94bb-771598c5da83 tempest-VolumesActionsTest-457206584 tempest-VolumesActionsTest-457206584-project-member] Determining version of request: GET /v2/images/2b41f9f2-4c08-4452-a21f-b04527984070 Accept: application/json {{(pid=99777) process_request /opt/stack/glance/glance/api/middleware/version_negotiation.py:44}}
