Aug 07 20:51:13.301183 np0000006752 nova-scheduler[93506]: DEBUG cotyledon.oslo_config_glue [-] oslo_messaging_rabbit.rabbit_quorum_max_memory_length = 0 {{(pid=93506) log_opt_values /opt/stack/data/venv/lib/python3.12/site-packages/oslo_config/cfg.py:3545}}
Aug 07 20:51:13.301183 np0000006752 nova-scheduler[93506]: DEBUG cotyledon.oslo_config_glue [-] oslo_messaging_rabbit.rabbit_quorum_queue = False {{(pid=93506) log_opt_values /opt/stack/data/venv/lib/python3.12/site-packages/oslo_config/cfg.py:3545}}
Aug 07 20:51:13.301183 np0000006752 nova-scheduler[93506]: DEBUG cotyledon.oslo_config_glue [-] oslo_messaging_rabbit.rabbit_retry_backoff = 2 {{(pid=93506) log_opt_values /opt/stack/data/venv/lib/python3.12/site-packages/oslo_config/cfg.py:3545}}
Aug 07 20:51:13.301183 np0000006752 nova-scheduler[93506]: DEBUG cotyledon.oslo_config_glue [-] oslo_messaging_rabbit.rabbit_retry_interval = 1 {{(pid=93506) log_opt_values /opt/stack/data/venv/lib/python3.12/site-packages/oslo_config/cfg.py:3545}}
Aug 07 20:51:13.301183 np0000006752 nova-scheduler[93506]: DEBUG cotyledon.oslo_config_glue [-] oslo_messaging_rabbit.rabbit_stream_fanout = False {{(pid=93506) log_opt_values /opt/stack/data/venv/lib/python3.12/site-packages/oslo_config/cfg.py:3545}}
Aug 07 20:51:13.301183 np0000006752 nova-scheduler[93506]: DEBUG cotyledon.oslo_config_glue [-] oslo_messaging_rabbit.rabbit_transient_queues_ttl = 1800 {{(pid=93506) log_opt_values /opt/stack/data/venv/lib/python3.12/site-packages/oslo_config/cfg.py:3545}}
Aug 07 20:51:13.301183 np0000006752 nova-scheduler[93506]: DEBUG cotyledon.oslo_config_glue [-] oslo_messaging_rabbit.rabbit_transient_quorum_queue = False {{(pid=93506) log_opt_values /opt/stack/data/venv/lib/python3.12/site-packages/oslo_config/cfg.py:3545}}
Aug 07 20:51:13.301413 np0000006752 nova-scheduler[93506]: DEBUG cotyledon.oslo_config_glue [-] oslo_messaging_rabbit.rpc_conn_pool_size = 30 {{(pid=93506) log_opt_values /opt/stack/data/venv/lib/python3.12/site-packages/oslo_config/cfg.py:3545}}
Aug 07 20:51:13.301413 np0000006752 nova-scheduler[93506]: DEBUG cotyledon.oslo_config_glue [-] oslo_messaging_rabbit.ssl = False {{(pid=93506) log_opt_values /opt/stack/data/venv/lib/python3.12/site-packages/oslo_config/cfg.py:3545}}
Aug 07 20:51:13.301413 np0000006752 nova-scheduler[93506]: DEBUG cotyledon.oslo_config_glue [-] oslo_messaging_rabbit.ssl_ca_file = {{(pid=93506) log_opt_values /opt/stack/data/venv/lib/python3.12/site-packages/oslo_config/cfg.py:3545}}
Aug 07 20:51:13.301413 np0000006752 nova-scheduler[93506]: DEBUG cotyledon.oslo_config_glue [-] oslo_messaging_rabbit.ssl_cert_file = {{(pid=93506) log_opt_values /opt/stack/data/venv/lib/python3.12/site-packages/oslo_config/cfg.py:3545}}
Aug 07 20:51:13.301413 np0000006752 nova-scheduler[93506]: DEBUG cotyledon.oslo_config_glue [-] oslo_messaging_rabbit.ssl_enforce_fips_mode = False {{(pid=93506) log_opt_values /opt/stack/data/venv/lib/python3.12/site-packages/oslo_config/cfg.py:3545}}
Aug 07 20:51:13.301413 np0000006752 nova-scheduler[93506]: DEBUG cotyledon.oslo_config_glue [-] oslo_messaging_rabbit.ssl_enforce_hostname_verification = True {{(pid=93506) log_opt_values /opt/stack/data/venv/lib/python3.12/site-packages/oslo_config/cfg.py:3545}}
Aug 07 20:51:13.301413 np0000006752 nova-scheduler[93506]: DEBUG cotyledon.oslo_config_glue [-] oslo_messaging_rabbit.ssl_key_file = {{(pid=93506) log_opt_values /opt/stack/data/venv/lib/python3.12/site-packages/oslo_config/cfg.py:3545}}
Aug 07 20:51:13.301413 np0000006752 nova-scheduler[93506]: DEBUG cotyledon.oslo_config_glue [-] oslo_messaging_rabbit.ssl_version = {{(pid=93506) log_opt_values /opt/stack/data/venv/lib/python3.12/site-packages/oslo_config/cfg.py:3545}}
Aug 07 20:51:13.301413 np0000006752 nova-scheduler[93506]: DEBUG cotyledon.oslo_config_glue [-] oslo_messaging_rabbit.use_queue_manager = False {{(pid=93506) log_opt_values /opt/stack/data/venv/lib/python3.12/site-packages/oslo_config/cfg.py:3545}}
Aug 07 20:51:13.301707 np0000006752 nova-scheduler[93506]: DEBUG cotyledon.oslo_config_glue [-] oslo_messaging_notifications.driver = ['messagingv2'] {{(pid=93506) log_opt_values /opt/stack/data/venv/lib/python3.12/site-packages/oslo_config/cfg.py:3545}}
Aug 07 20:51:13.301707 np0000006752 nova-scheduler[93506]: DEBUG cotyledon.oslo_config_glue [-] oslo_messaging_notifications.retry = -1 {{(pid=93506) log_opt_values /opt/stack/data/venv/lib/python3.12/site-packages/oslo_config/cfg.py:3545}}
Aug 07 20:51:13.301707 np0000006752 nova-scheduler[93506]: DEBUG cotyledon.oslo_config_glue [-] oslo_messaging_notifications.topics = ['notifications'] {{(pid=93506) log_opt_values /opt/stack/data/venv/lib/python3.12/site-packages/oslo_config/cfg.py:3545}}
Aug 07 20:51:13.301707 np0000006752 nova-scheduler[93506]: DEBUG cotyledon.oslo_config_glue [-] oslo_messaging_notifications.transport_url = **** {{(pid=93506) log_opt_values /opt/stack/data/venv/lib/python3.12/site-packages/oslo_config/cfg.py:3545}}
Aug 07 20:51:13.301707 np0000006752 nova-scheduler[93506]: DEBUG cotyledon.oslo_config_glue [-] oslo_limit.auth_section = None {{(pid=93506) log_opt_values /opt/stack/data/venv/lib/python3.12/site-packages/oslo_config/cfg.py:3545}}
Aug 07 20:51:13.301707 np0000006752 nova-scheduler[93506]: DEBUG cotyledon.oslo_config_glue [-] oslo_limit.auth_type = None {{(pid=93506) log_opt_values /opt/stack/data/venv/lib/python3.12/site-packages/oslo_config/cfg.py:3545}}
Aug 07 20:51:13.301707 np0000006752 nova-scheduler[93506]: DEBUG cotyledon.oslo_config_glue [-] oslo_limit.cafile = None {{(pid=93506) log_opt_values /opt/stack/data/venv/lib/python3.12/site-packages/oslo_config/cfg.py:3545}}
Aug 07 20:51:13.301707 np0000006752 nova-scheduler[93506]: DEBUG cotyledon.oslo_config_glue [-] oslo_limit.certfile = None {{(pid=93506) log_opt_values /opt/stack/data/venv/lib/python3.12/site-packages/oslo_config/cfg.py:3545}}
Aug 07 20:51:13.301707 np0000006752 nova-scheduler[93506]: DEBUG cotyledon.oslo_config_glue [-] oslo_limit.collect_timing = False {{(pid=93506) log_opt_values /opt/stack/data/venv/lib/python3.12/site-packages/oslo_config/cfg.py:3545}}
Aug 07 20:51:13.301978 np0000006752 nova-scheduler[93506]: DEBUG cotyledon.oslo_config_glue [-] oslo_limit.connect_retries = None {{(pid=93506) log_opt_values /opt/stack/data/venv/lib/python3.12/site-packages/oslo_config/cfg.py:3545}}
Aug 07 20:51:13.301978 np0000006752 nova-scheduler[93506]: DEBUG cotyledon.oslo_config_glue [-] oslo_limit.connect_retry_delay = None {{(pid=93506) log_opt_values /opt/stack/data/venv/lib/python3.12/site-packages/oslo_config/cfg.py:3545}}
Aug 07 20:51:13.301978 np0000006752 nova-scheduler[93506]: DEBUG cotyledon.oslo_config_glue [-] oslo_limit.endpoint_id = None {{(pid=93506) log_opt_values /opt/stack/data/venv/lib/python3.12/site-packages/oslo_config/cfg.py:3545}}
Aug 07 20:51:13.301978 np0000006752 nova-scheduler[93506]: DEBUG cotyledon.oslo_config_glue [-] oslo_limit.endpoint_interface = public {{(pid=93506) log_opt_values /opt/stack/data/venv/lib/python3.12/site-packages/oslo_config/cfg.py:3545}}
Aug 07 20:51:13.301978 np0000006752 nova-scheduler[93506]: DEBUG cotyledon.oslo_config_glue [-] oslo_limit.endpoint_override = None {{(pid=93506) log_opt_values /opt/stack/data/venv/lib/python3.12/site-packages/oslo_config/cfg.py:3545}}
Aug 07 20:51:13.301978 np0000006752 nova-scheduler[93506]: DEBUG cotyledon.oslo_config_glue [-] oslo_limit.endpoint_region_name = None {{(pid=93506) log_opt_values /opt/stack/data/venv/lib/python3.12/site-packages/oslo_config/cfg.py:3545}}
Aug 07 20:51:13.301978 np0000006752 nova-scheduler[93506]: DEBUG cotyledon.oslo_config_glue [-] oslo_limit.endpoint_service_name = None {{(pid=93506) log_opt_values /opt/stack/data/venv/lib/python3.12/site-packages/oslo_config/cfg.py:3545}}
Aug 07 20:51:13.301978 np0000006752 nova-scheduler[93506]: DEBUG cotyledon.oslo_config_glue [-] oslo_limit.endpoint_service_type = None {{(pid=93506) log_opt_values /opt/stack/data/venv/lib/python3.12/site-packages/oslo_config/cfg.py:3545}}
Aug 07 20:51:13.301978 np0000006752 nova-scheduler[93506]: DEBUG cotyledon.oslo_config_glue [-] oslo_limit.insecure = False {{(pid=93506) log_opt_values /opt/stack/data/venv/lib/python3.12/site-packages/oslo_config/cfg.py:3545}}
Aug 07 20:51:13.302253 np0000006752 nova-scheduler[93506]: DEBUG cotyledon.oslo_config_glue [-] oslo_limit.keyfile = None {{(pid=93506) log_opt_values /opt/stack/data/venv/lib/python3.12/site-packages/oslo_config/cfg.py:3545}}
Aug 07 20:51:13.302253 np0000006752 nova-scheduler[93506]: DEBUG cotyledon.oslo_config_glue [-] oslo_limit.max_version = None {{(pid=93506) log_opt_values /opt/stack/data/venv/lib/python3.12/site-packages/oslo_config/cfg.py:3545}}
Aug 07 20:51:13.302253 np0000006752 nova-scheduler[93506]: DEBUG cotyledon.oslo_config_glue [-] oslo_limit.min_version = None {{(pid=93506) log_opt_values /opt/stack/data/venv/lib/python3.12/site-packages/oslo_config/cfg.py:3545}}
Aug 07 20:51:13.302253 np0000006752 nova-scheduler[93506]: DEBUG cotyledon.oslo_config_glue [-] oslo_limit.region_name = None {{(pid=93506) log_opt_values /opt/stack/data/venv/lib/python3.12/site-packages/oslo_config/cfg.py:3545}}
Aug 07 20:51:13.302253 np0000006752 nova-scheduler[93506]: DEBUG cotyledon.oslo_config_glue [-] oslo_limit.retriable_status_codes = None {{(pid=93506) log_opt_values /opt/stack/data/venv/lib/python3.12/site-packages/oslo_config/cfg.py:3545}}
Aug 07 20:51:13.302253 np0000006752 nova-scheduler[93506]: DEBUG cotyledon.oslo_config_glue [-] oslo_limit.service_name = None {{(pid=93506) log_opt_values /opt/stack/data/venv/lib/python3.12/site-packages/oslo_config/cfg.py:3545}}
Aug 07 20:51:13.302253 np0000006752 nova-scheduler[93506]: DEBUG cotyledon.oslo_config_glue [-] oslo_limit.service_type = None {{(pid=93506) log_opt_values /opt/stack/data/venv/lib/python3.12/site-packages/oslo_config/cfg.py:3545}}
Aug 07 20:51:13.302253 np0000006752 nova-scheduler[93506]: DEBUG cotyledon.oslo_config_glue [-] oslo_limit.split_loggers = False {{(pid=93506) log_opt_values /opt/stack/data/venv/lib/python3.12/site-packages/oslo_config/cfg.py:3545}}
Aug 07 20:51:13.302253 np0000006752 nova-scheduler[93506]: DEBUG cotyledon.oslo_config_glue [-] oslo_limit.status_code_retries = None {{(pid=93506) log_opt_values /opt/stack/data/venv/lib/python3.12/site-packages/oslo_config/cfg.py:3545}}
Aug 07 20:51:13.302543 np0000006752 nova-scheduler[93506]: DEBUG cotyledon.oslo_config_glue [-] oslo_limit.status_code_retry_delay = None {{(pid=93506) log_opt_values /opt/stack/data/venv/lib/python3.12/site-packages/oslo_config/cfg.py:3545}}
Aug 07 20:51:13.302543 np0000006752 nova-scheduler[93506]: DEBUG cotyledon.oslo_config_glue [-] oslo_limit.timeout = None {{(pid=93506) log_opt_values /opt/stack/data/venv/lib/python3.12/site-packages/oslo_config/cfg.py:3545}}
Aug 07 20:51:13.302612 np0000006752 nova-scheduler[93465]: INFO dbcounter [None req-10bb437c-1aef-4ce9-b590-3cd6de9792cc None None] Registered counter for database nova_cell0
Aug 07 20:51:13.302650 np0000006752 nova-scheduler[93506]: DEBUG cotyledon.oslo_config_glue [-] oslo_limit.valid_interfaces = None {{(pid=93506) log_opt_values /opt/stack/data/venv/lib/python3.12/site-packages/oslo_config/cfg.py:3545}}
Aug 07 20:51:13.302650 np0000006752 nova-scheduler[93506]: DEBUG cotyledon.oslo_config_glue [-] oslo_limit.version = None {{(pid=93506) log_opt_values /opt/stack/data/venv/lib/python3.12/site-packages/oslo_config/cfg.py:3545}}
Aug 07 20:51:13.302650 np0000006752 nova-scheduler[93506]: DEBUG cotyledon.oslo_config_glue [-] oslo_reports.file_event_handler = None {{(pid=93506) log_opt_values /opt/stack/data/venv/lib/python3.12/site-packages/oslo_config/cfg.py:3545}}
Aug 07 20:51:13.302650 np0000006752 nova-scheduler[93506]: DEBUG cotyledon.oslo_config_glue [-] oslo_reports.file_event_handler_interval = 1 {{(pid=93506) log_opt_values /opt/stack/data/venv/lib/python3.12/site-packages/oslo_config/cfg.py:3545}}
Aug 07 20:51:13.302650 np0000006752 nova-scheduler[93506]: DEBUG cotyledon.oslo_config_glue [-] oslo_reports.log_dir = None {{(pid=93506) log_opt_values /opt/stack/data/venv/lib/python3.12/site-packages/oslo_config/cfg.py:3545}}
Aug 07 20:51:13.302650 np0000006752 nova-scheduler[93506]: DEBUG cotyledon.oslo_config_glue [-] ******************************************************************************** {{(pid=93506) log_opt_values /opt/stack/data/venv/lib/python3.12/site-packages/oslo_config/cfg.py:3552}}
Aug 07 20:51:13.302650 np0000006752 nova-scheduler[93506]: DEBUG cotyledon._service_worker [-] Run service ServiceWrapper(2) [93506] {{(pid=93506) wait_forever /opt/stack/data/venv/lib/python3.12/site-packages/cotyledon/_service_worker.py:218}}
Aug 07 20:51:13.302650 np0000006752 nova-scheduler[93506]: INFO nova.service [-] Starting scheduler node (version 33.1.0)
Aug 07 20:51:13.302650 np0000006752 nova-scheduler[93506]: INFO dbcounter [None req-f88fa4e2-3bc1-405f-81fb-10ead3c7de91 None None] Registered counter for database nova_cell0
Aug 07 20:51:13.317768 np0000006752 nova-scheduler[93503]: DEBUG oslo_db.sqlalchemy.engines [None req-82b0c25b-21af-4965-8688-3816e7d5679a None None] MySQL server mode set to STRICT_TRANS_TABLES,STRICT_ALL_TABLES,NO_ZERO_IN_DATE,NO_ZERO_DATE,ERROR_FOR_DIVISION_BY_ZERO,TRADITIONAL,NO_ENGINE_SUBSTITUTION {{(pid=93503) _check_effective_sql_mode /opt/stack/data/venv/lib/python3.12/site-packages/oslo_db/sqlalchemy/engines.py:325}}
Aug 07 20:51:13.325302 np0000006752 nova-scheduler[93465]: DEBUG oslo_db.sqlalchemy.engines [None req-10bb437c-1aef-4ce9-b590-3cd6de9792cc None None] MySQL server mode set to STRICT_TRANS_TABLES,STRICT_ALL_TABLES,NO_ZERO_IN_DATE,NO_ZERO_DATE,ERROR_FOR_DIVISION_BY_ZERO,TRADITIONAL,NO_ENGINE_SUBSTITUTION {{(pid=93465) _check_effective_sql_mode /opt/stack/data/venv/lib/python3.12/site-packages/oslo_db/sqlalchemy/engines.py:325}}
Aug 07 20:51:13.330429 np0000006752 nova-scheduler[93503]: DEBUG dbcounter [-] [93503] Writer thread running {{(pid=93503) stat_writer /opt/stack/data/venv/lib/python3.12/site-packages/dbcounter.py:102}}
Aug 07 20:51:13.336304 np0000006752 nova-scheduler[93465]: DEBUG dbcounter [-] [93465] Writer thread running {{(pid=93465) stat_writer /opt/stack/data/venv/lib/python3.12/site-packages/dbcounter.py:102}}
Aug 07 20:51:13.345461 np0000006752 nova-scheduler[93506]: DEBUG oslo_db.sqlalchemy.engines [None req-f88fa4e2-3bc1-405f-81fb-10ead3c7de91 None None] MySQL server mode set to STRICT_TRANS_TABLES,STRICT_ALL_TABLES,NO_ZERO_IN_DATE,NO_ZERO_DATE,ERROR_FOR_DIVISION_BY_ZERO,TRADITIONAL,NO_ENGINE_SUBSTITUTION {{(pid=93506) _check_effective_sql_mode /opt/stack/data/venv/lib/python3.12/site-packages/oslo_db/sqlalchemy/engines.py:325}}
Aug 07 20:51:13.348279 np0000006752 nova-scheduler[93503]: DEBUG nova.service [None req-82b0c25b-21af-4965-8688-3816e7d5679a None None] Creating RPC server for service: nova-scheduler on topic: scheduler {{(pid=93503) start /opt/stack/nova/nova/service.py:196}}
Aug 07 20:51:13.351899 np0000006752 nova-scheduler[93465]: DEBUG nova.service [None req-10bb437c-1aef-4ce9-b590-3cd6de9792cc None None] Creating RPC server for service: nova-scheduler on topic: scheduler {{(pid=93465) start /opt/stack/nova/nova/service.py:196}}
Aug 07 20:51:13.354803 np0000006752 nova-scheduler[93506]: DEBUG dbcounter [-] [93506] Writer thread running {{(pid=93506) stat_writer /opt/stack/data/venv/lib/python3.12/site-packages/dbcounter.py:102}}
Aug 07 20:51:13.358039 np0000006752 nova-scheduler[93506]: DEBUG nova.service [None req-f88fa4e2-3bc1-405f-81fb-10ead3c7de91 None None] Creating RPC server for service: nova-scheduler on topic: scheduler {{(pid=93506) start /opt/stack/nova/nova/service.py:196}}
Aug 07 20:51:13.376872 np0000006752 nova-scheduler[93465]: DEBUG nova.service [None req-10bb437c-1aef-4ce9-b590-3cd6de9792cc None None] Join ServiceGroup membership for this service scheduler {{(pid=93465) start /opt/stack/nova/nova/service.py:222}}
Aug 07 20:51:13.376872 np0000006752 nova-scheduler[93465]: DEBUG nova.servicegroup.drivers.db [None req-10bb437c-1aef-4ce9-b590-3cd6de9792cc None None] DB_Driver: join new ServiceGroup member np0000006752 to the scheduler group, service = {{(pid=93465) join /opt/stack/nova/nova/servicegroup/drivers/db.py:44}}
Aug 07 20:51:13.377337 np0000006752 nova-scheduler[93503]: DEBUG nova.service [None req-82b0c25b-21af-4965-8688-3816e7d5679a None None] Join ServiceGroup membership for this service scheduler {{(pid=93503) start /opt/stack/nova/nova/service.py:222}}
Aug 07 20:51:13.377618 np0000006752 nova-scheduler[93503]: DEBUG nova.servicegroup.drivers.db [None req-82b0c25b-21af-4965-8688-3816e7d5679a None None] DB_Driver: join new ServiceGroup member np0000006752 to the scheduler group, service = {{(pid=93503) join /opt/stack/nova/nova/servicegroup/drivers/db.py:44}}
Aug 07 20:51:13.377683 np0000006752 nova-scheduler[93506]: DEBUG nova.service [None req-f88fa4e2-3bc1-405f-81fb-10ead3c7de91 None None] Join ServiceGroup membership for this service scheduler {{(pid=93506) start /opt/stack/nova/nova/service.py:222}}
Aug 07 20:51:13.377912 np0000006752 nova-scheduler[93506]: DEBUG nova.servicegroup.drivers.db [None req-f88fa4e2-3bc1-405f-81fb-10ead3c7de91 None None] DB_Driver: join new ServiceGroup member np0000006752 to the scheduler group, service = {{(pid=93506) join /opt/stack/nova/nova/servicegroup/drivers/db.py:44}}
Aug 07 20:51:18.390421 np0000006752 nova-scheduler[93465]: DEBUG oslo.service.backend._threading.loopingcall [-] Fixed interval looping call 'nova.servicegroup.drivers.db.DbDriver._report_state' sleeping for 119.99 seconds {{(pid=93465) _run_loop /opt/stack/data/venv/lib/python3.12/site-packages/oslo_service/backend/_threading/loopingcall.py:125}}
Aug 07 20:51:18.392404 np0000006752 nova-scheduler[93503]: DEBUG oslo.service.backend._threading.loopingcall [-] Fixed interval looping call 'nova.servicegroup.drivers.db.DbDriver._report_state' sleeping for 119.99 seconds {{(pid=93503) _run_loop /opt/stack/data/venv/lib/python3.12/site-packages/oslo_service/backend/_threading/loopingcall.py:125}}
Aug 07 20:51:18.395914 np0000006752 nova-scheduler[93506]: DEBUG oslo.service.backend._threading.loopingcall [-] Fixed interval looping call 'nova.servicegroup.drivers.db.DbDriver._report_state' sleeping for 119.98 seconds {{(pid=93506) _run_loop /opt/stack/data/venv/lib/python3.12/site-packages/oslo_service/backend/_threading/loopingcall.py:125}}
Aug 07 20:51:19.379361 np0000006752 nova-scheduler[93465]: DEBUG oslo.service.backend._threading.loopingcall [None req-b9ef2a5b-707b-4c19-b826-8f4bf2089908 None None] Dynamic interval looping call 'nova.service.Service.periodic_tasks' sleeping for 60.00 seconds {{(pid=93465) _run_loop /opt/stack/data/venv/lib/python3.12/site-packages/oslo_service/backend/_threading/loopingcall.py:125}}
Aug 07 20:51:21.380047 np0000006752 nova-scheduler[93506]: DEBUG oslo.service.backend._threading.loopingcall [None req-1d7f854b-581e-4b36-8dc7-aa3561b51d1a None None] Dynamic interval looping call 'nova.service.Service.periodic_tasks' sleeping for 60.00 seconds {{(pid=93506) _run_loop /opt/stack/data/venv/lib/python3.12/site-packages/oslo_service/backend/_threading/loopingcall.py:125}}
Aug 07 20:51:21.904637 np0000006752 nova-scheduler[92250]: DEBUG dbcounter [-] [92250] Writing DB stats nova_api:SELECT=3 {{(pid=92250) stat_writer /opt/stack/data/venv/lib/python3.12/site-packages/dbcounter.py:115}}
Aug 07 20:51:22.027512 np0000006752 nova-scheduler[92250]: DEBUG dbcounter [-] [92250] Writing DB stats nova_cell0:SELECT=1 {{(pid=92250) stat_writer /opt/stack/data/venv/lib/python3.12/site-packages/dbcounter.py:115}}
Aug 07 20:51:22.030575 np0000006752 nova-scheduler[92250]: DEBUG dbcounter [-] [92250] Writing DB stats nova_cell1:SELECT=1 {{(pid=92250) stat_writer /opt/stack/data/venv/lib/python3.12/site-packages/dbcounter.py:115}}
Aug 07 20:51:28.387184 np0000006752 nova-scheduler[93465]: DEBUG dbcounter [-] [93465] Writing DB stats nova_cell0:SELECT=5,nova_cell0:INSERT=1,nova_cell0:UPDATE=1 {{(pid=93465) stat_writer /opt/stack/data/venv/lib/python3.12/site-packages/dbcounter.py:115}}
Aug 07 20:51:28.391683 np0000006752 nova-scheduler[93506]: DEBUG dbcounter [-] [93506] Writing DB stats nova_cell0:SELECT=3 {{(pid=93506) stat_writer /opt/stack/data/venv/lib/python3.12/site-packages/dbcounter.py:115}}
Aug 07 20:51:28.392202 np0000006752 nova-scheduler[93503]: DEBUG dbcounter [-] [93503] Writing DB stats nova_cell0:SELECT=4,nova_cell0:INSERT=1,nova_cell0:UPDATE=1 {{(pid=93503) stat_writer /opt/stack/data/venv/lib/python3.12/site-packages/dbcounter.py:115}}
Aug 07 20:51:51.379756 np0000006752 nova-scheduler[93503]: DEBUG oslo.service.backend._threading.loopingcall [None req-03d7a621-abe3-4888-81c2-ebf376a444f3 None None] Dynamic interval looping call 'nova.service.Service.periodic_tasks' sleeping for 60.00 seconds {{(pid=93503) _run_loop /opt/stack/data/venv/lib/python3.12/site-packages/oslo_service/backend/_threading/loopingcall.py:125}}
Aug 07 20:52:19.379763 np0000006752 nova-scheduler[93465]: DEBUG oslo.service.backend._threading.loopingcall [None req-b9ef2a5b-707b-4c19-b826-8f4bf2089908 None None] Dynamic interval looping call 'nova.service.Service.periodic_tasks' sleeping for 60.00 seconds {{(pid=93465) _run_loop /opt/stack/data/venv/lib/python3.12/site-packages/oslo_service/backend/_threading/loopingcall.py:125}}
Aug 07 20:52:21.380542 np0000006752 nova-scheduler[93506]: DEBUG oslo.service.backend._threading.loopingcall [None req-1d7f854b-581e-4b36-8dc7-aa3561b51d1a None None] Dynamic interval looping call 'nova.service.Service.periodic_tasks' sleeping for 60.00 seconds {{(pid=93506) _run_loop /opt/stack/data/venv/lib/python3.12/site-packages/oslo_service/backend/_threading/loopingcall.py:125}}
Aug 07 20:52:51.380167 np0000006752 nova-scheduler[93503]: DEBUG oslo.service.backend._threading.loopingcall [None req-03d7a621-abe3-4888-81c2-ebf376a444f3 None None] Dynamic interval looping call 'nova.service.Service.periodic_tasks' sleeping for 60.00 seconds {{(pid=93503) _run_loop /opt/stack/data/venv/lib/python3.12/site-packages/oslo_service/backend/_threading/loopingcall.py:125}}
Aug 07 20:53:18.388109 np0000006752 nova-scheduler[93465]: DEBUG oslo.service.backend._threading.loopingcall [-] Fixed interval looping call 'nova.servicegroup.drivers.db.DbDriver._report_state' sleeping for 119.99 seconds {{(pid=93465) _run_loop /opt/stack/data/venv/lib/python3.12/site-packages/oslo_service/backend/_threading/loopingcall.py:125}}
Aug 07 20:53:18.389075 np0000006752 nova-scheduler[93506]: DEBUG oslo.service.backend._threading.loopingcall [-] Fixed interval looping call 'nova.servicegroup.drivers.db.DbDriver._report_state' sleeping for 119.99 seconds {{(pid=93506) _run_loop /opt/stack/data/venv/lib/python3.12/site-packages/oslo_service/backend/_threading/loopingcall.py:125}}
Aug 07 20:53:18.389629 np0000006752 nova-scheduler[93503]: DEBUG oslo.service.backend._threading.loopingcall [-] Fixed interval looping call 'nova.servicegroup.drivers.db.DbDriver._report_state' sleeping for 119.99 seconds {{(pid=93503) _run_loop /opt/stack/data/venv/lib/python3.12/site-packages/oslo_service/backend/_threading/loopingcall.py:125}}
Aug 07 20:53:19.380265 np0000006752 nova-scheduler[93465]: DEBUG oslo.service.backend._threading.loopingcall [None req-b9ef2a5b-707b-4c19-b826-8f4bf2089908 None None] Dynamic interval looping call 'nova.service.Service.periodic_tasks' sleeping for 60.00 seconds {{(pid=93465) _run_loop /opt/stack/data/venv/lib/python3.12/site-packages/oslo_service/backend/_threading/loopingcall.py:125}}
Aug 07 20:53:21.380962 np0000006752 nova-scheduler[93506]: DEBUG oslo.service.backend._threading.loopingcall [None req-1d7f854b-581e-4b36-8dc7-aa3561b51d1a None None] Dynamic interval looping call 'nova.service.Service.periodic_tasks' sleeping for 60.00 seconds {{(pid=93506) _run_loop /opt/stack/data/venv/lib/python3.12/site-packages/oslo_service/backend/_threading/loopingcall.py:125}}
Aug 07 20:53:28.383185 np0000006752 nova-scheduler[93465]: DEBUG dbcounter [-] [93465] Writing DB stats nova_cell0:SELECT=1,nova_cell0:UPDATE=1 {{(pid=93465) stat_writer /opt/stack/data/venv/lib/python3.12/site-packages/dbcounter.py:115}}
Aug 07 20:53:28.383610 np0000006752 nova-scheduler[93506]: DEBUG dbcounter [-] [93506] Writing DB stats nova_cell0:SELECT=1,nova_cell0:UPDATE=1 {{(pid=93506) stat_writer /opt/stack/data/venv/lib/python3.12/site-packages/dbcounter.py:115}}
Aug 07 20:53:28.385830 np0000006752 nova-scheduler[93503]: DEBUG dbcounter [-] [93503] Writing DB stats nova_cell0:SELECT=1,nova_cell0:UPDATE=1 {{(pid=93503) stat_writer /opt/stack/data/venv/lib/python3.12/site-packages/dbcounter.py:115}}
Aug 07 20:53:45.159840 np0000006752 nova-scheduler[93465]: DEBUG nova.scheduler.manager [None req-36017a94-9a99-4c9b-bb31-4fce69aac6cd tempest-DeleteServersTestJSON-1222449963 tempest-DeleteServersTestJSON-1222449963-project-member] Starting to schedule for instances: ['83b9415a-fbc1-49c9-ad95-c8e661e9103a'] {{(pid=93465) select_destinations /opt/stack/nova/nova/scheduler/manager.py:209}}
Aug 07 20:53:45.160705 np0000006752 nova-scheduler[93465]: DEBUG nova.scheduler.request_filter [None req-36017a94-9a99-4c9b-bb31-4fce69aac6cd tempest-DeleteServersTestJSON-1222449963 tempest-DeleteServersTestJSON-1222449963-project-member] compute_status_filter request filter added forbidden trait COMPUTE_STATUS_DISABLED {{(pid=93465) compute_status_filter /opt/stack/nova/nova/scheduler/request_filter.py:253}}
Aug 07 20:53:45.160705 np0000006752 nova-scheduler[93465]: DEBUG nova.scheduler.request_filter [None req-36017a94-9a99-4c9b-bb31-4fce69aac6cd tempest-DeleteServersTestJSON-1222449963 tempest-DeleteServersTestJSON-1222449963-project-member] Request filter 'compute_status_filter' took 0.0 seconds {{(pid=93465) wrapper /opt/stack/nova/nova/scheduler/request_filter.py:46}}
Aug 07 20:53:45.160705 np0000006752 nova-scheduler[93465]: DEBUG nova.scheduler.request_filter [None req-36017a94-9a99-4c9b-bb31-4fce69aac6cd tempest-DeleteServersTestJSON-1222449963 tempest-DeleteServersTestJSON-1222449963-project-member] Request filter 'accelerators_filter' took 0.0 seconds {{(pid=93465) wrapper /opt/stack/nova/nova/scheduler/request_filter.py:46}}
Aug 07 20:53:45.161037 np0000006752 nova-scheduler[93465]: DEBUG nova.scheduler.request_filter [None req-36017a94-9a99-4c9b-bb31-4fce69aac6cd tempest-DeleteServersTestJSON-1222449963 tempest-DeleteServersTestJSON-1222449963-project-member] Request filter 'packed_virtqueue_filter' took 0.0 seconds {{(pid=93465) wrapper /opt/stack/nova/nova/scheduler/request_filter.py:46}}
Aug 07 20:53:45.161327 np0000006752 nova-scheduler[93465]: DEBUG nova.scheduler.request_filter [None req-36017a94-9a99-4c9b-bb31-4fce69aac6cd tempest-DeleteServersTestJSON-1222449963 tempest-DeleteServersTestJSON-1222449963-project-member] Request filter 'remote_managed_ports_filter' took 0.0 seconds {{(pid=93465) wrapper /opt/stack/nova/nova/scheduler/request_filter.py:46}}
Aug 07 20:53:45.161505 np0000006752 nova-scheduler[93465]: DEBUG nova.scheduler.request_filter [None req-36017a94-9a99-4c9b-bb31-4fce69aac6cd tempest-DeleteServersTestJSON-1222449963 tempest-DeleteServersTestJSON-1222449963-project-member] ephemeral_encryption_filter skipped {{(pid=93465) ephemeral_encryption_filter /opt/stack/nova/nova/scheduler/request_filter.py:426}}
Aug 07 20:53:45.161644 np0000006752 nova-scheduler[93465]: DEBUG nova.scheduler.request_filter [None req-36017a94-9a99-4c9b-bb31-4fce69aac6cd tempest-DeleteServersTestJSON-1222449963 tempest-DeleteServersTestJSON-1222449963-project-member] virtio_sound_filter skipped {{(pid=93465) virtio_sound_filter /opt/stack/nova/nova/scheduler/request_filter.py:460}}
Aug 07 20:53:45.161800 np0000006752 nova-scheduler[93465]: DEBUG nova.scheduler.request_filter [None req-36017a94-9a99-4c9b-bb31-4fce69aac6cd tempest-DeleteServersTestJSON-1222449963 tempest-DeleteServersTestJSON-1222449963-project-member] tpm_secret_security_filter skipped {{(pid=93465) tpm_secret_security_filter /opt/stack/nova/nova/scheduler/request_filter.py:477}}
Aug 07 20:53:45.788550 np0000006752 nova-scheduler[93465]: INFO nova.utils [None req-36017a94-9a99-4c9b-bb31-4fce69aac6cd tempest-DeleteServersTestJSON-1222449963 tempest-DeleteServersTestJSON-1222449963-project-member] The cell worker thread pool ForkProcess-1.cell_worker is initialized
Aug 07 20:53:45.789035 np0000006752 nova-scheduler[93465]: DEBUG oslo_concurrency.lockutils [None req-36017a94-9a99-4c9b-bb31-4fce69aac6cd tempest-DeleteServersTestJSON-1222449963 tempest-DeleteServersTestJSON-1222449963-project-member] Acquiring lock "04f8dfbd-fef2-44c0-94f5-13e40c1d6ca0" by "nova.context.set_target_cell..get_or_set_cached_cell_and_set_connections" {{(pid=93465) inner /opt/stack/data/venv/lib/python3.12/site-packages/oslo_concurrency/lockutils.py:512}}
Aug 07 20:53:45.789325 np0000006752 nova-scheduler[93465]: DEBUG oslo_concurrency.lockutils [None req-36017a94-9a99-4c9b-bb31-4fce69aac6cd tempest-DeleteServersTestJSON-1222449963 tempest-DeleteServersTestJSON-1222449963-project-member] Lock "04f8dfbd-fef2-44c0-94f5-13e40c1d6ca0" acquired by "nova.context.set_target_cell..get_or_set_cached_cell_and_set_connections" :: waited 0.000s {{(pid=93465) inner /opt/stack/data/venv/lib/python3.12/site-packages/oslo_concurrency/lockutils.py:525}}
Aug 07 20:53:45.791748 np0000006752 nova-scheduler[93465]: DEBUG oslo_concurrency.lockutils [None req-36017a94-9a99-4c9b-bb31-4fce69aac6cd tempest-DeleteServersTestJSON-1222449963 tempest-DeleteServersTestJSON-1222449963-project-member] Lock "04f8dfbd-fef2-44c0-94f5-13e40c1d6ca0" "released" by "nova.context.set_target_cell..get_or_set_cached_cell_and_set_connections" :: held 0.002s {{(pid=93465) inner /opt/stack/data/venv/lib/python3.12/site-packages/oslo_concurrency/lockutils.py:544}}
Aug 07 20:53:45.793406 np0000006752 nova-scheduler[93465]: INFO dbcounter [None req-36017a94-9a99-4c9b-bb31-4fce69aac6cd tempest-DeleteServersTestJSON-1222449963 tempest-DeleteServersTestJSON-1222449963-project-member] Registered counter for database nova_cell1
Aug 07 20:53:45.830084 np0000006752 nova-scheduler[93465]: DEBUG oslo_db.sqlalchemy.engines [None req-36017a94-9a99-4c9b-bb31-4fce69aac6cd tempest-DeleteServersTestJSON-1222449963 tempest-DeleteServersTestJSON-1222449963-project-member] MySQL server mode set to STRICT_TRANS_TABLES,STRICT_ALL_TABLES,NO_ZERO_IN_DATE,NO_ZERO_DATE,ERROR_FOR_DIVISION_BY_ZERO,TRADITIONAL,NO_ENGINE_SUBSTITUTION {{(pid=93465) _check_effective_sql_mode /opt/stack/data/venv/lib/python3.12/site-packages/oslo_db/sqlalchemy/engines.py:325}}
Aug 07 20:53:45.836944 np0000006752 nova-scheduler[93465]: DEBUG dbcounter [-] [93465] Writer thread running {{(pid=93465) stat_writer /opt/stack/data/venv/lib/python3.12/site-packages/dbcounter.py:102}}
Aug 07 20:53:45.851272 np0000006752 nova-scheduler[93465]: DEBUG oslo_db.sqlalchemy.engines [None req-36017a94-9a99-4c9b-bb31-4fce69aac6cd tempest-DeleteServersTestJSON-1222449963 tempest-DeleteServersTestJSON-1222449963-project-member] Parent process 92250 forked (93465) with an open database connection, which is being discarded and recreated. {{(pid=93465) checkout /opt/stack/data/venv/lib/python3.12/site-packages/oslo_db/sqlalchemy/engines.py:402}}
Aug 07 20:53:45.898829 np0000006752 nova-scheduler[93465]: DEBUG dbcounter [-] [93465] Writer thread running {{(pid=93465) stat_writer /opt/stack/data/venv/lib/python3.12/site-packages/dbcounter.py:102}}
Aug 07 20:53:45.901706 np0000006752 nova-scheduler[93465]: DEBUG oslo_concurrency.lockutils [None req-36017a94-9a99-4c9b-bb31-4fce69aac6cd tempest-DeleteServersTestJSON-1222449963 tempest-DeleteServersTestJSON-1222449963-project-member] Acquiring lock "04f8dfbd-fef2-44c0-94f5-13e40c1d6ca0" by "nova.context.set_target_cell..get_or_set_cached_cell_and_set_connections" {{(pid=93465) inner /opt/stack/data/venv/lib/python3.12/site-packages/oslo_concurrency/lockutils.py:512}}
Aug 07 20:53:45.901934 np0000006752 nova-scheduler[93465]: DEBUG oslo_concurrency.lockutils [None req-36017a94-9a99-4c9b-bb31-4fce69aac6cd tempest-DeleteServersTestJSON-1222449963 tempest-DeleteServersTestJSON-1222449963-project-member] Lock "04f8dfbd-fef2-44c0-94f5-13e40c1d6ca0" acquired by "nova.context.set_target_cell..get_or_set_cached_cell_and_set_connections" :: waited 0.000s {{(pid=93465) inner /opt/stack/data/venv/lib/python3.12/site-packages/oslo_concurrency/lockutils.py:525}}
Aug 07 20:53:45.902151 np0000006752 nova-scheduler[93465]: DEBUG oslo_concurrency.lockutils [None req-36017a94-9a99-4c9b-bb31-4fce69aac6cd tempest-DeleteServersTestJSON-1222449963 tempest-DeleteServersTestJSON-1222449963-project-member] Lock "04f8dfbd-fef2-44c0-94f5-13e40c1d6ca0" "released" by "nova.context.set_target_cell..get_or_set_cached_cell_and_set_connections" :: held 0.000s {{(pid=93465) inner /opt/stack/data/venv/lib/python3.12/site-packages/oslo_concurrency/lockutils.py:544}}
Aug 07 20:53:45.906334 np0000006752 nova-scheduler[93465]: DEBUG oslo_concurrency.lockutils [None req-36017a94-9a99-4c9b-bb31-4fce69aac6cd tempest-DeleteServersTestJSON-1222449963 tempest-DeleteServersTestJSON-1222449963-project-member] Acquiring lock "np0000006752-np0000006752" by "nova.scheduler.host_manager.HostState.update.._locked_update" {{(pid=93465) inner /opt/stack/data/venv/lib/python3.12/site-packages/oslo_concurrency/lockutils.py:512}}
Aug 07 20:53:45.906729 np0000006752 nova-scheduler[93465]: DEBUG oslo_concurrency.lockutils [None req-36017a94-9a99-4c9b-bb31-4fce69aac6cd tempest-DeleteServersTestJSON-1222449963 tempest-DeleteServersTestJSON-1222449963-project-member] Lock "np0000006752-np0000006752" acquired by "nova.scheduler.host_manager.HostState.update.._locked_update" :: waited 0.000s {{(pid=93465) inner /opt/stack/data/venv/lib/python3.12/site-packages/oslo_concurrency/lockutils.py:525}}
Aug 07 20:53:45.908272 np0000006752 nova-scheduler[93465]: DEBUG nova.scheduler.host_manager [None req-36017a94-9a99-4c9b-bb31-4fce69aac6cd tempest-DeleteServersTestJSON-1222449963 tempest-DeleteServersTestJSON-1222449963-project-member] Update host state from compute node: ComputeNode(cpu_allocation_ratio=4.0,cpu_info='{"arch": "x86_64", "model": "EPYC-Milan", "vendor": "AMD", "topology": {"cells": 1, "sockets": 16, "cores": 1, "threads": 1}, "maxphysaddr": {"mode": "emulate", "bits": 40}, "features": ["xsave", "xgetbv1", "pause-filter", "syscall", "vmcb-clean", "mmx", "fsgsbase", "tsc-deadline", "smap", "topoext", "amd-psfd", "bmi2", "pse", "xsavec", "vme", "lm", "ibrs", "sha-ni", "sse4.1", "pfthreshold", "xsaves", "smep", "null-sel-clr-base", "pat", "pdpe1gb", "rdctl-no", "hypervisor", "ssse3", "misalignsse", "rdrand", "pku", "gds-no", "mmxext", "v-vmsave-vmload", "arat", "flushbyasid", "fxsr", "msr", "abm", "rdtscp", "nx", "amd-ssbd", "cmov", "mtrr", "tsc-scale", "vpclmulqdq", "rdpid", "clwb", "stibp", "clzero", "fsrm", "movbe", "xsaveerptr", "fma", "cmp_legacy", "pcid", "rdseed", "f16c", "bmi1", "apic", "pse36", "lfence-always-serializing", "de", "no-nested-data-bp", "skip-l1dfl-vmentry", "tsc_adjust", "clflushopt", "umip", "xsaveopt", "perfctr_core", "cr8legacy", "adx", "pge", "cx8", "svm", "pclmuldq", "svme-addr-chk", "tsc", "aes", "spec-ctrl", "mds-no", "ssbd", "popcnt", "sse", "sep", "vgif", "npt", "lbrv", "virt-ssbd", "avx2", "clflush", "pni", "wbnoinvd", "amd-stibp", "lahf_lm", "fpu", "nrip-save", "erms", "mca", "avx", "fxsr_opt", "arch-capabilities", "ibpb", "x2apic", "vaes", "pschange-mc-no", "3dnowprefetch", "sse4a", "mce", "osvw", "sse4.2", "stibp-always-on", "sse2", "invpcid", "pae", "cx16"]}',created_at=2026-08-07T20:51:34Z,current_workload=0,deleted=False,deleted_at=None,disk_allocation_ratio=1.0,disk_available_least=73,free_disk_gb=95,free_ram_mb=62765,host='np0000006752',host_ip=10.4.3.83,hypervisor_hostname='np0000006752',hypervisor_type='QEMU',hypervisor_version=8002002,id=1,local_gb=95,local_gb_used=0,mapped=1,memory_mb=63277,memory_mb_used=512,metrics='[]',numa_topology='{"nova_object.name": "NUMATopology", "nova_object.namespace": "nova", "nova_object.version": "1.2", "nova_object.data": {"cells": [{"nova_object.name": "NUMACell", "nova_object.namespace": "nova", "nova_object.version": "1.5", "nova_object.data": {"id": 0, "cpuset": [0, 1, 2, 3, 4, 5, 6, 7, 8, 9, 10, 11, 12, 13, 14, 15], "pcpuset": [0, 1, 2, 3, 4, 5, 6, 7, 8, 9, 10, 11, 12, 13, 14, 15], "memory": 63277, "cpu_usage": 0, "memory_usage": 0, "pinned_cpus": [], "siblings": [[6], [12], [2], [15], [5], [11], [8], [14], [4], [1], [7], [10], [0], [13], [3], [9]], "mempages": [{"nova_object.name": "NUMAPagesTopology", "nova_object.namespace": "nova", "nova_object.version": "1.1", "nova_object.data": {"size_kb": 4, "total": 16177929, "used": 0, "reserved": 0}, "nova_object.changes": ["size_kb", "total", "used", "reserved"]}, {"nova_object.name": "NUMAPagesTopology", "nova_object.namespace": "nova", "nova_object.version": "1.1", "nova_object.data": {"size_kb": 2048, "total": 41, "used": 0, "reserved": 0}, "nova_object.changes": ["size_kb", "total", "used", "reserved"]}, {"nova_object.name": "NUMAPagesTopology", "nova_object.namespace": "nova", "nova_object.version": "1.1", "nova_object.data": {"size_kb": 1048576, "total": 0, "used": 0, "reserved": 0}, "nova_object.changes": ["size_kb", "total", "used", "reserved"]}], "network_metadata": {"nova_object.name": "NetworkMetadata", "nova_object.namespace": "nova", "nova_object.version": "1.0", "nova_object.data": {"physnets": [], "tunneled": false}, "nova_object.changes": ["physnets", "tunneled"]}, "socket": null}, "nova_object.changes": ["pinned_cpus", "memory_usage", "network_metadata", "pcpuset", "id", "cpu_usage", "cpuset", "siblings", "mempages", "memory", "socket"]}]}, "nova_object.changes": ["cells"]}',pci_device_pools=PciDevicePoolList,ram_allocation_ratio=1.0,running_vms=0,service_id=2,stats={failed_builds='0',uptime=' 20:53:21 up 13 min, 2 users, load average: 1.59, 1.66, 0.91
Aug 07 20:53:45.908272 np0000006752 nova-scheduler[93465]: '},supported_hv_specs=[HVSpec,HVSpec,HVSpec,HVSpec,HVSpec,HVSpec,HVSpec,HVSpec,HVSpec,HVSpec,HVSpec,HVSpec,HVSpec,HVSpec,HVSpec,HVSpec,HVSpec,HVSpec,HVSpec,HVSpec,HVSpec,HVSpec,HVSpec,HVSpec,HVSpec],updated_at=2026-08-07T20:53:21Z,uuid=641b50e2-427e-449d-a782-98c22d527154,vcpus=16,vcpus_used=0) {{(pid=93465) _locked_update /opt/stack/nova/nova/scheduler/host_manager.py:168}}
Aug 07 20:53:45.908866 np0000006752 nova-scheduler[93465]: DEBUG nova.scheduler.host_manager [None req-36017a94-9a99-4c9b-bb31-4fce69aac6cd tempest-DeleteServersTestJSON-1222449963 tempest-DeleteServersTestJSON-1222449963-project-member] Update host state with aggregates: [] {{(pid=93465) _locked_update /opt/stack/nova/nova/scheduler/host_manager.py:171}}
Aug 07 20:53:45.909027 np0000006752 nova-scheduler[93465]: DEBUG nova.scheduler.host_manager [None req-36017a94-9a99-4c9b-bb31-4fce69aac6cd tempest-DeleteServersTestJSON-1222449963 tempest-DeleteServersTestJSON-1222449963-project-member] Update host state with service dict: {'id': 2, 'uuid': '8490cd4e-9d21-4b35-9ff5-9e3c223ac613', 'host': 'np0000006752', 'binary': 'nova-compute', 'topic': 'compute', 'report_count': 2, 'disabled': False, 'disabled_reason': None, 'last_seen_up': datetime.datetime(2026, 8, 7, 20, 53, 40, tzinfo=datetime.timezone.utc), 'forced_down': False, 'version': 72, 'created_at': datetime.datetime(2026, 8, 7, 20, 51, 34, tzinfo=datetime.timezone.utc), 'updated_at': datetime.datetime(2026, 8, 7, 20, 53, 40, tzinfo=datetime.timezone.utc), 'deleted_at': None, 'deleted': False} {{(pid=93465) _locked_update /opt/stack/nova/nova/scheduler/host_manager.py:174}}
Aug 07 20:53:45.909225 np0000006752 nova-scheduler[93465]: DEBUG nova.scheduler.host_manager [None req-36017a94-9a99-4c9b-bb31-4fce69aac6cd tempest-DeleteServersTestJSON-1222449963 tempest-DeleteServersTestJSON-1222449963-project-member] Update host state with instances: [] {{(pid=93465) _locked_update /opt/stack/nova/nova/scheduler/host_manager.py:177}}
Aug 07 20:53:45.909430 np0000006752 nova-scheduler[93465]: DEBUG oslo_concurrency.lockutils [None req-36017a94-9a99-4c9b-bb31-4fce69aac6cd tempest-DeleteServersTestJSON-1222449963 tempest-DeleteServersTestJSON-1222449963-project-member] Lock "np0000006752-np0000006752" "released" by "nova.scheduler.host_manager.HostState.update.._locked_update" :: held 0.003s {{(pid=93465) inner /opt/stack/data/venv/lib/python3.12/site-packages/oslo_concurrency/lockutils.py:544}}
Aug 07 20:53:45.910247 np0000006752 nova-scheduler[93465]: DEBUG nova.filters [None req-36017a94-9a99-4c9b-bb31-4fce69aac6cd tempest-DeleteServersTestJSON-1222449963 tempest-DeleteServersTestJSON-1222449963-project-member] Starting with 1 host(s) {{(pid=93465) get_filtered_objects /opt/stack/nova/nova/filters.py:70}}
Aug 07 20:53:45.910692 np0000006752 nova-scheduler[93465]: DEBUG nova.filters [None req-36017a94-9a99-4c9b-bb31-4fce69aac6cd tempest-DeleteServersTestJSON-1222449963 tempest-DeleteServersTestJSON-1222449963-project-member] Filter ComputeFilter returned 1 host(s) {{(pid=93465) get_filtered_objects /opt/stack/nova/nova/filters.py:102}}
Aug 07 20:53:45.910875 np0000006752 nova-scheduler[93465]: DEBUG nova.filters [None req-36017a94-9a99-4c9b-bb31-4fce69aac6cd tempest-DeleteServersTestJSON-1222449963 tempest-DeleteServersTestJSON-1222449963-project-member] Filter ComputeCapabilitiesFilter returned 1 host(s) {{(pid=93465) get_filtered_objects /opt/stack/nova/nova/filters.py:102}}
Aug 07 20:53:45.911070 np0000006752 nova-scheduler[93465]: DEBUG nova.filters [None req-36017a94-9a99-4c9b-bb31-4fce69aac6cd tempest-DeleteServersTestJSON-1222449963 tempest-DeleteServersTestJSON-1222449963-project-member] Filter ImagePropertiesFilter returned 1 host(s) {{(pid=93465) get_filtered_objects /opt/stack/nova/nova/filters.py:102}}
Aug 07 20:53:45.911232 np0000006752 nova-scheduler[93465]: DEBUG nova.filters [None req-36017a94-9a99-4c9b-bb31-4fce69aac6cd tempest-DeleteServersTestJSON-1222449963 tempest-DeleteServersTestJSON-1222449963-project-member] Filter ServerGroupAntiAffinityFilter returned 1 host(s) {{(pid=93465) get_filtered_objects /opt/stack/nova/nova/filters.py:102}}
Aug 07 20:53:45.911406 np0000006752 nova-scheduler[93465]: DEBUG nova.filters [None req-36017a94-9a99-4c9b-bb31-4fce69aac6cd tempest-DeleteServersTestJSON-1222449963 tempest-DeleteServersTestJSON-1222449963-project-member] Filter ServerGroupAffinityFilter returned 1 host(s) {{(pid=93465) get_filtered_objects /opt/stack/nova/nova/filters.py:102}}
Aug 07 20:53:45.911611 np0000006752 nova-scheduler[93465]: DEBUG nova.filters [None req-36017a94-9a99-4c9b-bb31-4fce69aac6cd tempest-DeleteServersTestJSON-1222449963 tempest-DeleteServersTestJSON-1222449963-project-member] Filter SameHostFilter returned 1 host(s) {{(pid=93465) get_filtered_objects /opt/stack/nova/nova/filters.py:102}}
Aug 07 20:53:45.911777 np0000006752 nova-scheduler[93465]: DEBUG nova.filters [None req-36017a94-9a99-4c9b-bb31-4fce69aac6cd tempest-DeleteServersTestJSON-1222449963 tempest-DeleteServersTestJSON-1222449963-project-member] Filter DifferentHostFilter returned 1 host(s) {{(pid=93465) get_filtered_objects /opt/stack/nova/nova/filters.py:102}}
Aug 07 20:53:45.911937 np0000006752 nova-scheduler[93465]: DEBUG nova.scheduler.manager [None req-36017a94-9a99-4c9b-bb31-4fce69aac6cd tempest-DeleteServersTestJSON-1222449963 tempest-DeleteServersTestJSON-1222449963-project-member] Filtered [(np0000006752, np0000006752) ram: 62765MB disk: 74752MB io_ops: 0 instances: 0, allocation_candidates: 1] {{(pid=93465) _get_sorted_hosts /opt/stack/nova/nova/scheduler/manager.py:742}}
Aug 07 20:53:45.912159 np0000006752 nova-scheduler[93465]: DEBUG nova.scheduler.manager [None req-36017a94-9a99-4c9b-bb31-4fce69aac6cd tempest-DeleteServersTestJSON-1222449963 tempest-DeleteServersTestJSON-1222449963-project-member] Weighed [WeighedHost [host: (np0000006752, np0000006752) ram: 62765MB disk: 74752MB io_ops: 0 instances: 0, allocation_candidates: 1, weight: 0.0]] {{(pid=93465) _get_sorted_hosts /opt/stack/nova/nova/scheduler/manager.py:764}}
Aug 07 20:53:45.912543 np0000006752 nova-scheduler[93465]: DEBUG nova.scheduler.utils [None req-36017a94-9a99-4c9b-bb31-4fce69aac6cd tempest-DeleteServersTestJSON-1222449963 tempest-DeleteServersTestJSON-1222449963-project-member] Attempting to claim resources in the placement API for instance 83b9415a-fbc1-49c9-ad95-c8e661e9103a {{(pid=93465) claim_resources /opt/stack/nova/nova/scheduler/utils.py:1345}}
Aug 07 20:53:46.091466 np0000006752 nova-scheduler[93465]: DEBUG nova.scheduler.manager [None req-36017a94-9a99-4c9b-bb31-4fce69aac6cd tempest-DeleteServersTestJSON-1222449963 tempest-DeleteServersTestJSON-1222449963-project-member] [instance: 83b9415a-fbc1-49c9-ad95-c8e661e9103a] Selected host: (np0000006752, np0000006752) ram: 62765MB disk: 74752MB io_ops: 0 instances: 0, allocation_candidates: 1 {{(pid=93465) _consume_selected_host /opt/stack/nova/nova/scheduler/manager.py:624}}
Aug 07 20:53:46.091800 np0000006752 nova-scheduler[93465]: DEBUG oslo_concurrency.lockutils [None req-36017a94-9a99-4c9b-bb31-4fce69aac6cd tempest-DeleteServersTestJSON-1222449963 tempest-DeleteServersTestJSON-1222449963-project-member] Acquiring lock "np0000006752-np0000006752" by "nova.scheduler.host_manager.HostState.consume_from_request.._locked" {{(pid=93465) inner /opt/stack/data/venv/lib/python3.12/site-packages/oslo_concurrency/lockutils.py:512}}
Aug 07 20:53:46.092067 np0000006752 nova-scheduler[93465]: DEBUG oslo_concurrency.lockutils [None req-36017a94-9a99-4c9b-bb31-4fce69aac6cd tempest-DeleteServersTestJSON-1222449963 tempest-DeleteServersTestJSON-1222449963-project-member] Lock "np0000006752-np0000006752" acquired by "nova.scheduler.host_manager.HostState.consume_from_request.._locked" :: waited 0.000s {{(pid=93465) inner /opt/stack/data/venv/lib/python3.12/site-packages/oslo_concurrency/lockutils.py:525}}
Aug 07 20:53:46.092219 np0000006752 nova-scheduler[93465]: DEBUG oslo_concurrency.lockutils [None req-36017a94-9a99-4c9b-bb31-4fce69aac6cd tempest-DeleteServersTestJSON-1222449963 tempest-DeleteServersTestJSON-1222449963-project-member] Lock "np0000006752-np0000006752" "released" by "nova.scheduler.host_manager.HostState.consume_from_request.._locked" :: held 0.000s {{(pid=93465) inner /opt/stack/data/venv/lib/python3.12/site-packages/oslo_concurrency/lockutils.py:544}}
Aug 07 20:53:47.653830 np0000006752 nova-scheduler[93503]: DEBUG nova.scheduler.manager [None req-2ea726ab-81ad-447a-a1a9-cd736b7a1d56 tempest-ServerBootFromVolumeStableRescueTest-974228529 tempest-ServerBootFromVolumeStableRescueTest-974228529-project-member] Starting to schedule for instances: ['67df27a4-4603-445d-bee3-d535eb9eda32'] {{(pid=93503) select_destinations /opt/stack/nova/nova/scheduler/manager.py:209}}
Aug 07 20:53:47.654563 np0000006752 nova-scheduler[93503]: DEBUG nova.scheduler.request_filter [None req-2ea726ab-81ad-447a-a1a9-cd736b7a1d56 tempest-ServerBootFromVolumeStableRescueTest-974228529 tempest-ServerBootFromVolumeStableRescueTest-974228529-project-member] compute_status_filter request filter added forbidden trait COMPUTE_STATUS_DISABLED {{(pid=93503) compute_status_filter /opt/stack/nova/nova/scheduler/request_filter.py:253}}
Aug 07 20:53:47.655022 np0000006752 nova-scheduler[93503]: DEBUG nova.scheduler.request_filter [None req-2ea726ab-81ad-447a-a1a9-cd736b7a1d56 tempest-ServerBootFromVolumeStableRescueTest-974228529 tempest-ServerBootFromVolumeStableRescueTest-974228529-project-member] Request filter 'compute_status_filter' took 0.0 seconds {{(pid=93503) wrapper /opt/stack/nova/nova/scheduler/request_filter.py:46}}
Aug 07 20:53:47.656226 np0000006752 nova-scheduler[93503]: DEBUG nova.scheduler.request_filter [None req-2ea726ab-81ad-447a-a1a9-cd736b7a1d56 tempest-ServerBootFromVolumeStableRescueTest-974228529 tempest-ServerBootFromVolumeStableRescueTest-974228529-project-member] Request filter 'accelerators_filter' took 0.0 seconds {{(pid=93503) wrapper /opt/stack/nova/nova/scheduler/request_filter.py:46}}
Aug 07 20:53:47.656226 np0000006752 nova-scheduler[93503]: DEBUG nova.scheduler.request_filter [None req-2ea726ab-81ad-447a-a1a9-cd736b7a1d56 tempest-ServerBootFromVolumeStableRescueTest-974228529 tempest-ServerBootFromVolumeStableRescueTest-974228529-project-member] Request filter 'packed_virtqueue_filter' took 0.0 seconds {{(pid=93503) wrapper /opt/stack/nova/nova/scheduler/request_filter.py:46}}
Aug 07 20:53:47.656226 np0000006752 nova-scheduler[93503]: DEBUG nova.scheduler.request_filter [None req-2ea726ab-81ad-447a-a1a9-cd736b7a1d56 tempest-ServerBootFromVolumeStableRescueTest-974228529 tempest-ServerBootFromVolumeStableRescueTest-974228529-project-member] Request filter 'remote_managed_ports_filter' took 0.0 seconds {{(pid=93503) wrapper /opt/stack/nova/nova/scheduler/request_filter.py:46}}
Aug 07 20:53:47.656522 np0000006752 nova-scheduler[93503]: DEBUG nova.scheduler.request_filter [None req-2ea726ab-81ad-447a-a1a9-cd736b7a1d56 tempest-ServerBootFromVolumeStableRescueTest-974228529 tempest-ServerBootFromVolumeStableRescueTest-974228529-project-member] ephemeral_encryption_filter skipped {{(pid=93503) ephemeral_encryption_filter /opt/stack/nova/nova/scheduler/request_filter.py:426}}
Aug 07 20:53:47.656606 np0000006752 nova-scheduler[93503]: DEBUG nova.scheduler.request_filter [None req-2ea726ab-81ad-447a-a1a9-cd736b7a1d56 tempest-ServerBootFromVolumeStableRescueTest-974228529 tempest-ServerBootFromVolumeStableRescueTest-974228529-project-member] virtio_sound_filter skipped {{(pid=93503) virtio_sound_filter /opt/stack/nova/nova/scheduler/request_filter.py:460}}
