Aug 19 21:24:14.000694 np0000007814 devstack@g-api.service[102944]: DEBUG glance.api.middleware.version_negotiation [None req-12afb3bb-9b3f-4037-8897-601e1a42d481 tempest-DeleteServersTestJSON-158089054 tempest-DeleteServersTestJSON-158089054-project-member] Using url versioning {{(pid=102944) process_request /opt/stack/glance/glance/api/middleware/version_negotiation.py:57}}
Aug 19 21:24:14.000694 np0000007814 devstack@g-api.service[102944]: DEBUG glance.api.middleware.version_negotiation [None req-12afb3bb-9b3f-4037-8897-601e1a42d481 tempest-DeleteServersTestJSON-158089054 tempest-DeleteServersTestJSON-158089054-project-member] Matched version: v2 {{(pid=102944) process_request /opt/stack/glance/glance/api/middleware/version_negotiation.py:69}}
Aug 19 21:24:14.000694 np0000007814 devstack@g-api.service[102944]: DEBUG glance.api.middleware.version_negotiation [None req-12afb3bb-9b3f-4037-8897-601e1a42d481 tempest-DeleteServersTestJSON-158089054 tempest-DeleteServersTestJSON-158089054-project-member] new path /v2/images/bf3bde8a-d908-4490-b337-4607d7b80bba {{(pid=102944) process_request /opt/stack/glance/glance/api/middleware/version_negotiation.py:70}}
Aug 19 21:24:14.011345 np0000007814 devstack@g-api.service[102944]: [pid: 102944|app: 0|req: 68/269] 127.0.0.1 () {40 vars in 838 bytes} [Wed Aug 19 21:24:13 2026] GET /v2/images/bf3bde8a-d908-4490-b337-4607d7b80bba => generated 1358 bytes in 11 msecs (HTTP/1.1 200) 4 headers in 158 bytes (1 switches on core 0)
Aug 19 21:24:14.115497 np0000007814 devstack@g-api.service[102943]: DEBUG dbcounter [-] [102943] Writing DB stats glance:SELECT=2 {{(pid=102943) stat_writer /opt/stack/data/venv/lib/python3.12/site-packages/dbcounter.py:115}}
Aug 19 21:24:14.137549 np0000007814 devstack@g-api.service[102946]: DEBUG glance.api.middleware.version_negotiation [None req-12afb3bb-9b3f-4037-8897-601e1a42d481 tempest-DeleteServersTestJSON-158089054 tempest-DeleteServersTestJSON-158089054-project-member] Determining version of request: GET /v2/images/bf3bde8a-d908-4490-b337-4607d7b80bba Accept: */* {{(pid=102946) process_request /opt/stack/glance/glance/api/middleware/version_negotiation.py:44}}
Aug 19 21:24:14.138032 np0000007814 devstack@g-api.service[102946]: DEBUG glance.api.middleware.version_negotiation [None req-12afb3bb-9b3f-4037-8897-601e1a42d481 tempest-DeleteServersTestJSON-158089054 tempest-DeleteServersTestJSON-158089054-project-member] Using url versioning {{(pid=102946) process_request /opt/stack/glance/glance/api/middleware/version_negotiation.py:57}}
Aug 19 21:24:14.138032 np0000007814 devstack@g-api.service[102946]: DEBUG glance.api.middleware.version_negotiation [None req-12afb3bb-9b3f-4037-8897-601e1a42d481 tempest-DeleteServersTestJSON-158089054 tempest-DeleteServersTestJSON-158089054-project-member] Matched version: v2 {{(pid=102946) process_request /opt/stack/glance/glance/api/middleware/version_negotiation.py:69}}
Aug 19 21:24:14.138032 np0000007814 devstack@g-api.service[102946]: DEBUG glance.api.middleware.version_negotiation [None req-12afb3bb-9b3f-4037-8897-601e1a42d481 tempest-DeleteServersTestJSON-158089054 tempest-DeleteServersTestJSON-158089054-project-member] new path /v2/images/bf3bde8a-d908-4490-b337-4607d7b80bba {{(pid=102946) process_request /opt/stack/glance/glance/api/middleware/version_negotiation.py:70}}
Aug 19 21:24:14.149257 np0000007814 devstack@g-api.service[102946]: [pid: 102946|app: 0|req: 67/270] 127.0.0.1 () {44 vars in 1115 bytes} [Wed Aug 19 21:24:14 2026] GET /v2/images/bf3bde8a-d908-4490-b337-4607d7b80bba => generated 1358 bytes in 12 msecs (HTTP/1.1 200) 4 headers in 158 bytes (1 switches on core 0)
Aug 19 21:24:14.186085 np0000007814 devstack@g-api.service[102943]: DEBUG glance.api.middleware.version_negotiation [None req-cfd1e805-10dd-495f-ae34-2977a179db98 tempest-ServerBootFromVolumeStableRescueTest-1978309405 tempest-ServerBootFromVolumeStableRescueTest-1978309405-project-member] Determining version of request: GET /v2/schemas/image Accept: */* {{(pid=102943) process_request /opt/stack/glance/glance/api/middleware/version_negotiation.py:44}}
Aug 19 21:24:14.186329 np0000007814 devstack@g-api.service[102943]: DEBUG glance.api.middleware.version_negotiation [None req-cfd1e805-10dd-495f-ae34-2977a179db98 tempest-ServerBootFromVolumeStableRescueTest-1978309405 tempest-ServerBootFromVolumeStableRescueTest-1978309405-project-member] Using url versioning {{(pid=102943) process_request /opt/stack/glance/glance/api/middleware/version_negotiation.py:57}}
Aug 19 21:24:14.186510 np0000007814 devstack@g-api.service[102943]: DEBUG glance.api.middleware.version_negotiation [None req-cfd1e805-10dd-495f-ae34-2977a179db98 tempest-ServerBootFromVolumeStableRescueTest-1978309405 tempest-ServerBootFromVolumeStableRescueTest-1978309405-project-member] Matched version: v2 {{(pid=102943) process_request /opt/stack/glance/glance/api/middleware/version_negotiation.py:69}}
Aug 19 21:24:14.186658 np0000007814 devstack@g-api.service[102943]: DEBUG glance.api.middleware.version_negotiation [None req-cfd1e805-10dd-495f-ae34-2977a179db98 tempest-ServerBootFromVolumeStableRescueTest-1978309405 tempest-ServerBootFromVolumeStableRescueTest-1978309405-project-member] new path /v2/schemas/image {{(pid=102943) process_request /opt/stack/glance/glance/api/middleware/version_negotiation.py:70}}
Aug 19 21:24:14.189157 np0000007814 devstack@g-api.service[102943]: [pid: 102943|app: 0|req: 70/271] 127.0.0.1 () {44 vars in 1055 bytes} [Wed Aug 19 21:24:14 2026] GET /v2/schemas/image => generated 6083 bytes in 3 msecs (HTTP/1.1 200) 4 headers in 158 bytes (1 switches on core 0)
Aug 19 21:24:15.024760 np0000007814 devstack@g-api.service[102945]: DEBUG glance.api.middleware.version_negotiation [None req-cfd1e805-10dd-495f-ae34-2977a179db98 tempest-ServerBootFromVolumeStableRescueTest-1978309405 tempest-ServerBootFromVolumeStableRescueTest-1978309405-project-member] Determining version of request: GET /v2/images/bf3bde8a-d908-4490-b337-4607d7b80bba Accept: application/json {{(pid=102945) process_request /opt/stack/glance/glance/api/middleware/version_negotiation.py:44}}
Aug 19 21:24:15.025132 np0000007814 devstack@g-api.service[102945]: DEBUG glance.api.middleware.version_negotiation [None req-cfd1e805-10dd-495f-ae34-2977a179db98 tempest-ServerBootFromVolumeStableRescueTest-1978309405 tempest-ServerBootFromVolumeStableRescueTest-1978309405-project-member] Using url versioning {{(pid=102945) process_request /opt/stack/glance/glance/api/middleware/version_negotiation.py:57}}
Aug 19 21:24:15.025132 np0000007814 devstack@g-api.service[102945]: DEBUG glance.api.middleware.version_negotiation [None req-cfd1e805-10dd-495f-ae34-2977a179db98 tempest-ServerBootFromVolumeStableRescueTest-1978309405 tempest-ServerBootFromVolumeStableRescueTest-1978309405-project-member] Matched version: v2 {{(pid=102945) process_request /opt/stack/glance/glance/api/middleware/version_negotiation.py:69}}
Aug 19 21:24:15.025285 np0000007814 devstack@g-api.service[102945]: DEBUG glance.api.middleware.version_negotiation [None req-cfd1e805-10dd-495f-ae34-2977a179db98 tempest-ServerBootFromVolumeStableRescueTest-1978309405 tempest-ServerBootFromVolumeStableRescueTest-1978309405-project-member] new path /v2/images/bf3bde8a-d908-4490-b337-4607d7b80bba {{(pid=102945) process_request /opt/stack/glance/glance/api/middleware/version_negotiation.py:70}}
Aug 19 21:24:15.036817 np0000007814 devstack@g-api.service[102945]: [pid: 102945|app: 0|req: 67/272] 127.0.0.1 () {40 vars in 838 bytes} [Wed Aug 19 21:24:15 2026] GET /v2/images/bf3bde8a-d908-4490-b337-4607d7b80bba => generated 1358 bytes in 12 msecs (HTTP/1.1 200) 4 headers in 158 bytes (1 switches on core 0)
Aug 19 21:24:15.267216 np0000007814 devstack@g-api.service[102944]: DEBUG glance.api.middleware.version_negotiation [None req-a6b1c892-30d1-4796-8875-1e03e32796a3 tempest-ServerBootFromVolumeStableRescueTest-1978309405 tempest-ServerBootFromVolumeStableRescueTest-1978309405-project-member] Determining version of request: GET /v2/images/bf3bde8a-d908-4490-b337-4607d7b80bba Accept: */* {{(pid=102944) process_request /opt/stack/glance/glance/api/middleware/version_negotiation.py:44}}
Aug 19 21:24:15.267669 np0000007814 devstack@g-api.service[102944]: DEBUG glance.api.middleware.version_negotiation [None req-a6b1c892-30d1-4796-8875-1e03e32796a3 tempest-ServerBootFromVolumeStableRescueTest-1978309405 tempest-ServerBootFromVolumeStableRescueTest-1978309405-project-member] Using url versioning {{(pid=102944) process_request /opt/stack/glance/glance/api/middleware/version_negotiation.py:57}}
Aug 19 21:24:15.267669 np0000007814 devstack@g-api.service[102944]: DEBUG glance.api.middleware.version_negotiation [None req-a6b1c892-30d1-4796-8875-1e03e32796a3 tempest-ServerBootFromVolumeStableRescueTest-1978309405 tempest-ServerBootFromVolumeStableRescueTest-1978309405-project-member] Matched version: v2 {{(pid=102944) process_request /opt/stack/glance/glance/api/middleware/version_negotiation.py:69}}
Aug 19 21:24:15.267843 np0000007814 devstack@g-api.service[102944]: DEBUG glance.api.middleware.version_negotiation [None req-a6b1c892-30d1-4796-8875-1e03e32796a3 tempest-ServerBootFromVolumeStableRescueTest-1978309405 tempest-ServerBootFromVolumeStableRescueTest-1978309405-project-member] new path /v2/images/bf3bde8a-d908-4490-b337-4607d7b80bba {{(pid=102944) process_request /opt/stack/glance/glance/api/middleware/version_negotiation.py:70}}
Aug 19 21:24:15.285835 np0000007814 devstack@g-api.service[102944]: [pid: 102944|app: 0|req: 69/273] 127.0.0.1 () {44 vars in 1115 bytes} [Wed Aug 19 21:24:15 2026] GET /v2/images/bf3bde8a-d908-4490-b337-4607d7b80bba => generated 1358 bytes in 19 msecs (HTTP/1.1 200) 4 headers in 158 bytes (1 switches on core 0)
Aug 19 21:24:15.330300 np0000007814 devstack@g-api.service[102946]: DEBUG glance.api.middleware.version_negotiation [None req-cfd1e805-10dd-495f-ae34-2977a179db98 tempest-ServerBootFromVolumeStableRescueTest-1978309405 tempest-ServerBootFromVolumeStableRescueTest-1978309405-project-member] Determining version of request: GET /v2/schemas/image Accept: */* {{(pid=102946) process_request /opt/stack/glance/glance/api/middleware/version_negotiation.py:44}}
Aug 19 21:24:15.330751 np0000007814 devstack@g-api.service[102946]: DEBUG glance.api.middleware.version_negotiation [None req-cfd1e805-10dd-495f-ae34-2977a179db98 tempest-ServerBootFromVolumeStableRescueTest-1978309405 tempest-ServerBootFromVolumeStableRescueTest-1978309405-project-member] Using url versioning {{(pid=102946) process_request /opt/stack/glance/glance/api/middleware/version_negotiation.py:57}}
Aug 19 21:24:15.331250 np0000007814 devstack@g-api.service[102946]: DEBUG glance.api.middleware.version_negotiation [None req-cfd1e805-10dd-495f-ae34-2977a179db98 tempest-ServerBootFromVolumeStableRescueTest-1978309405 tempest-ServerBootFromVolumeStableRescueTest-1978309405-project-member] Matched version: v2 {{(pid=102946) process_request /opt/stack/glance/glance/api/middleware/version_negotiation.py:69}}
Aug 19 21:24:15.331250 np0000007814 devstack@g-api.service[102946]: DEBUG glance.api.middleware.version_negotiation [None req-cfd1e805-10dd-495f-ae34-2977a179db98 tempest-ServerBootFromVolumeStableRescueTest-1978309405 tempest-ServerBootFromVolumeStableRescueTest-1978309405-project-member] new path /v2/schemas/image {{(pid=102946) process_request /opt/stack/glance/glance/api/middleware/version_negotiation.py:70}}
Aug 19 21:24:15.335400 np0000007814 devstack@g-api.service[102946]: [pid: 102946|app: 0|req: 68/274] 127.0.0.1 () {44 vars in 1055 bytes} [Wed Aug 19 21:24:15 2026] GET /v2/schemas/image => generated 6083 bytes in 5 msecs (HTTP/1.1 200) 4 headers in 158 bytes (1 switches on core 0)
Aug 19 21:24:15.385122 np0000007814 devstack@g-api.service[102943]: DEBUG glance.api.middleware.version_negotiation [None req-cfd1e805-10dd-495f-ae34-2977a179db98 tempest-ServerBootFromVolumeStableRescueTest-1978309405 tempest-ServerBootFromVolumeStableRescueTest-1978309405-project-member] Determining version of request: GET /v2/schemas/image Accept: */* {{(pid=102943) process_request /opt/stack/glance/glance/api/middleware/version_negotiation.py:44}}
Aug 19 21:24:15.385582 np0000007814 devstack@g-api.service[102943]: DEBUG glance.api.middleware.version_negotiation [None req-cfd1e805-10dd-495f-ae34-2977a179db98 tempest-ServerBootFromVolumeStableRescueTest-1978309405 tempest-ServerBootFromVolumeStableRescueTest-1978309405-project-member] Using url versioning {{(pid=102943) process_request /opt/stack/glance/glance/api/middleware/version_negotiation.py:57}}
Aug 19 21:24:15.385582 np0000007814 devstack@g-api.service[102943]: DEBUG glance.api.middleware.version_negotiation [None req-cfd1e805-10dd-495f-ae34-2977a179db98 tempest-ServerBootFromVolumeStableRescueTest-1978309405 tempest-ServerBootFromVolumeStableRescueTest-1978309405-project-member] Matched version: v2 {{(pid=102943) process_request /opt/stack/glance/glance/api/middleware/version_negotiation.py:69}}
Aug 19 21:24:15.385642 np0000007814 devstack@g-api.service[102943]: DEBUG glance.api.middleware.version_negotiation [None req-cfd1e805-10dd-495f-ae34-2977a179db98 tempest-ServerBootFromVolumeStableRescueTest-1978309405 tempest-ServerBootFromVolumeStableRescueTest-1978309405-project-member] new path /v2/schemas/image {{(pid=102943) process_request /opt/stack/glance/glance/api/middleware/version_negotiation.py:70}}
Aug 19 21:24:15.391198 np0000007814 devstack@g-api.service[102943]: [pid: 102943|app: 0|req: 71/275] 127.0.0.1 () {44 vars in 1055 bytes} [Wed Aug 19 21:24:15 2026] GET /v2/schemas/image => generated 6083 bytes in 6 msecs (HTTP/1.1 200) 4 headers in 158 bytes (1 switches on core 0)
Aug 19 21:24:15.433080 np0000007814 devstack@g-api.service[102945]: DEBUG glance.api.middleware.version_negotiation [None req-53532521-1ed0-4e5d-b7cb-2d85a6ce4054 tempest-ServerBootFromVolumeStableRescueTest-1978309405 tempest-ServerBootFromVolumeStableRescueTest-1978309405-project-member] Determining version of request: PATCH /v2/images/bf3bde8a-d908-4490-b337-4607d7b80bba Accept: */* {{(pid=102945) process_request /opt/stack/glance/glance/api/middleware/version_negotiation.py:44}}
Aug 19 21:24:15.433426 np0000007814 devstack@g-api.service[102945]: DEBUG glance.api.middleware.version_negotiation [None req-53532521-1ed0-4e5d-b7cb-2d85a6ce4054 tempest-ServerBootFromVolumeStableRescueTest-1978309405 tempest-ServerBootFromVolumeStableRescueTest-1978309405-project-member] Using url versioning {{(pid=102945) process_request /opt/stack/glance/glance/api/middleware/version_negotiation.py:57}}
Aug 19 21:24:15.433642 np0000007814 devstack@g-api.service[102945]: DEBUG glance.api.middleware.version_negotiation [None req-53532521-1ed0-4e5d-b7cb-2d85a6ce4054 tempest-ServerBootFromVolumeStableRescueTest-1978309405 tempest-ServerBootFromVolumeStableRescueTest-1978309405-project-member] Matched version: v2 {{(pid=102945) process_request /opt/stack/glance/glance/api/middleware/version_negotiation.py:69}}
Aug 19 21:24:15.433642 np0000007814 devstack@g-api.service[102945]: DEBUG glance.api.middleware.version_negotiation [None req-53532521-1ed0-4e5d-b7cb-2d85a6ce4054 tempest-ServerBootFromVolumeStableRescueTest-1978309405 tempest-ServerBootFromVolumeStableRescueTest-1978309405-project-member] new path /v2/images/bf3bde8a-d908-4490-b337-4607d7b80bba {{(pid=102945) process_request /opt/stack/glance/glance/api/middleware/version_negotiation.py:70}}
Aug 19 21:24:15.633831 np0000007814 devstack@g-api.service[102945]: [pid: 102945|app: 0|req: 68/276] 127.0.0.1 () {46 vars in 1158 bytes} [Wed Aug 19 21:24:15 2026] PATCH /v2/images/bf3bde8a-d908-4490-b337-4607d7b80bba => generated 1469 bytes in 201 msecs (HTTP/1.1 200) 4 headers in 158 bytes (1 switches on core 0)
Aug 19 21:24:15.676432 np0000007814 devstack@g-api.service[102944]: DEBUG glance.api.middleware.version_negotiation [None req-cfd1e805-10dd-495f-ae34-2977a179db98 tempest-ServerBootFromVolumeStableRescueTest-1978309405 tempest-ServerBootFromVolumeStableRescueTest-1978309405-project-member] Determining version of request: GET /v2/images/bf3bde8a-d908-4490-b337-4607d7b80bba Accept: */* {{(pid=102944) process_request /opt/stack/glance/glance/api/middleware/version_negotiation.py:44}}
Aug 19 21:24:15.676562 np0000007814 devstack@g-api.service[102944]: DEBUG glance.api.middleware.version_negotiation [None req-cfd1e805-10dd-495f-ae34-2977a179db98 tempest-ServerBootFromVolumeStableRescueTest-1978309405 tempest-ServerBootFromVolumeStableRescueTest-1978309405-project-member] Using url versioning {{(pid=102944) process_request /opt/stack/glance/glance/api/middleware/version_negotiation.py:57}}
Aug 19 21:24:15.676739 np0000007814 devstack@g-api.service[102944]: DEBUG glance.api.middleware.version_negotiation [None req-cfd1e805-10dd-495f-ae34-2977a179db98 tempest-ServerBootFromVolumeStableRescueTest-1978309405 tempest-ServerBootFromVolumeStableRescueTest-1978309405-project-member] Matched version: v2 {{(pid=102944) process_request /opt/stack/glance/glance/api/middleware/version_negotiation.py:69}}
Aug 19 21:24:15.676870 np0000007814 devstack@g-api.service[102944]: DEBUG glance.api.middleware.version_negotiation [None req-cfd1e805-10dd-495f-ae34-2977a179db98 tempest-ServerBootFromVolumeStableRescueTest-1978309405 tempest-ServerBootFromVolumeStableRescueTest-1978309405-project-member] new path /v2/images/bf3bde8a-d908-4490-b337-4607d7b80bba {{(pid=102944) process_request /opt/stack/glance/glance/api/middleware/version_negotiation.py:70}}
Aug 19 21:24:15.694196 np0000007814 devstack@g-api.service[102944]: [pid: 102944|app: 0|req: 70/277] 127.0.0.1 () {44 vars in 1115 bytes} [Wed Aug 19 21:24:15 2026] GET /v2/images/bf3bde8a-d908-4490-b337-4607d7b80bba => generated 1469 bytes in 18 msecs (HTTP/1.1 200) 4 headers in 158 bytes (1 switches on core 0)
Aug 19 21:24:15.746068 np0000007814 devstack@g-api.service[102946]: DEBUG glance.api.middleware.version_negotiation [None req-cfd1e805-10dd-495f-ae34-2977a179db98 tempest-ServerBootFromVolumeStableRescueTest-1978309405 tempest-ServerBootFromVolumeStableRescueTest-1978309405-project-member] Determining version of request: PUT /v2/images/bf3bde8a-d908-4490-b337-4607d7b80bba/file Accept: */* {{(pid=102946) process_request /opt/stack/glance/glance/api/middleware/version_negotiation.py:44}}
Aug 19 21:24:15.746068 np0000007814 devstack@g-api.service[102946]: DEBUG glance.api.middleware.version_negotiation [None req-cfd1e805-10dd-495f-ae34-2977a179db98 tempest-ServerBootFromVolumeStableRescueTest-1978309405 tempest-ServerBootFromVolumeStableRescueTest-1978309405-project-member] Using url versioning {{(pid=102946) process_request /opt/stack/glance/glance/api/middleware/version_negotiation.py:57}}
Aug 19 21:24:15.746068 np0000007814 devstack@g-api.service[102946]: DEBUG glance.api.middleware.version_negotiation [None req-cfd1e805-10dd-495f-ae34-2977a179db98 tempest-ServerBootFromVolumeStableRescueTest-1978309405 tempest-ServerBootFromVolumeStableRescueTest-1978309405-project-member] Matched version: v2 {{(pid=102946) process_request /opt/stack/glance/glance/api/middleware/version_negotiation.py:69}}
Aug 19 21:24:15.746068 np0000007814 devstack@g-api.service[102946]: DEBUG glance.api.middleware.version_negotiation [None req-cfd1e805-10dd-495f-ae34-2977a179db98 tempest-ServerBootFromVolumeStableRescueTest-1978309405 tempest-ServerBootFromVolumeStableRescueTest-1978309405-project-member] new path /v2/images/bf3bde8a-d908-4490-b337-4607d7b80bba/file {{(pid=102946) process_request /opt/stack/glance/glance/api/middleware/version_negotiation.py:70}}
Aug 19 21:24:16.053321 np0000007814 devstack@g-api.service[102943]: DEBUG glance.api.middleware.version_negotiation [None req-cfd1e805-10dd-495f-ae34-2977a179db98 tempest-ServerBootFromVolumeStableRescueTest-1978309405 tempest-ServerBootFromVolumeStableRescueTest-1978309405-project-member] Determining version of request: GET /v2/images/bf3bde8a-d908-4490-b337-4607d7b80bba Accept: application/json {{(pid=102943) process_request /opt/stack/glance/glance/api/middleware/version_negotiation.py:44}}
Aug 19 21:24:16.053539 np0000007814 devstack@g-api.service[102943]: DEBUG glance.api.middleware.version_negotiation [None req-cfd1e805-10dd-495f-ae34-2977a179db98 tempest-ServerBootFromVolumeStableRescueTest-1978309405 tempest-ServerBootFromVolumeStableRescueTest-1978309405-project-member] Using url versioning {{(pid=102943) process_request /opt/stack/glance/glance/api/middleware/version_negotiation.py:57}}
Aug 19 21:24:16.053728 np0000007814 devstack@g-api.service[102943]: DEBUG glance.api.middleware.version_negotiation [None req-cfd1e805-10dd-495f-ae34-2977a179db98 tempest-ServerBootFromVolumeStableRescueTest-1978309405 tempest-ServerBootFromVolumeStableRescueTest-1978309405-project-member] Matched version: v2 {{(pid=102943) process_request /opt/stack/glance/glance/api/middleware/version_negotiation.py:69}}
Aug 19 21:24:16.053832 np0000007814 devstack@g-api.service[102943]: DEBUG glance.api.middleware.version_negotiation [None req-cfd1e805-10dd-495f-ae34-2977a179db98 tempest-ServerBootFromVolumeStableRescueTest-1978309405 tempest-ServerBootFromVolumeStableRescueTest-1978309405-project-member] new path /v2/images/bf3bde8a-d908-4490-b337-4607d7b80bba {{(pid=102943) process_request /opt/stack/glance/glance/api/middleware/version_negotiation.py:70}}
Aug 19 21:24:16.069832 np0000007814 devstack@g-api.service[102943]: [pid: 102943|app: 0|req: 72/278] 127.0.0.1 () {40 vars in 838 bytes} [Wed Aug 19 21:24:16 2026] GET /v2/images/bf3bde8a-d908-4490-b337-4607d7b80bba => generated 1469 bytes in 17 msecs (HTTP/1.1 200) 4 headers in 158 bytes (1 switches on core 0)
Aug 19 21:24:16.122895 np0000007814 devstack@g-api.service[102945]: DEBUG glance.api.middleware.version_negotiation [None req-cfd1e805-10dd-495f-ae34-2977a179db98 tempest-ServerBootFromVolumeStableRescueTest-1978309405 tempest-ServerBootFromVolumeStableRescueTest-1978309405-project-member] Determining version of request: GET /v2/images/3d0fc25f-6623-4718-ad33-49920c087e88 Accept: */* {{(pid=102945) process_request /opt/stack/glance/glance/api/middleware/version_negotiation.py:44}}
Aug 19 21:24:16.123371 np0000007814 devstack@g-api.service[102945]: DEBUG glance.api.middleware.version_negotiation [None req-cfd1e805-10dd-495f-ae34-2977a179db98 tempest-ServerBootFromVolumeStableRescueTest-1978309405 tempest-ServerBootFromVolumeStableRescueTest-1978309405-project-member] Using url versioning {{(pid=102945) process_request /opt/stack/glance/glance/api/middleware/version_negotiation.py:57}}
Aug 19 21:24:16.123371 np0000007814 devstack@g-api.service[102945]: DEBUG glance.api.middleware.version_negotiation [None req-cfd1e805-10dd-495f-ae34-2977a179db98 tempest-ServerBootFromVolumeStableRescueTest-1978309405 tempest-ServerBootFromVolumeStableRescueTest-1978309405-project-member] Matched version: v2 {{(pid=102945) process_request /opt/stack/glance/glance/api/middleware/version_negotiation.py:69}}
Aug 19 21:24:16.123371 np0000007814 devstack@g-api.service[102945]: DEBUG glance.api.middleware.version_negotiation [None req-cfd1e805-10dd-495f-ae34-2977a179db98 tempest-ServerBootFromVolumeStableRescueTest-1978309405 tempest-ServerBootFromVolumeStableRescueTest-1978309405-project-member] new path /v2/images/3d0fc25f-6623-4718-ad33-49920c087e88 {{(pid=102945) process_request /opt/stack/glance/glance/api/middleware/version_negotiation.py:70}}
Aug 19 21:24:16.132820 np0000007814 devstack@g-api.service[102944]: DEBUG glance.api.middleware.version_negotiation [None req-cfd1e805-10dd-495f-ae34-2977a179db98 tempest-ServerBootFromVolumeStableRescueTest-1978309405 tempest-ServerBootFromVolumeStableRescueTest-1978309405-project-member] Determining version of request: DELETE /v2/images/2d9771d4-b256-4482-9377-a521c43c6e10 Accept: */* {{(pid=102944) process_request /opt/stack/glance/glance/api/middleware/version_negotiation.py:44}}
Aug 19 21:24:16.133032 np0000007814 devstack@g-api.service[102944]: DEBUG glance.api.middleware.version_negotiation [None req-cfd1e805-10dd-495f-ae34-2977a179db98 tempest-ServerBootFromVolumeStableRescueTest-1978309405 tempest-ServerBootFromVolumeStableRescueTest-1978309405-project-member] Using url versioning {{(pid=102944) process_request /opt/stack/glance/glance/api/middleware/version_negotiation.py:57}}
Aug 19 21:24:16.133792 np0000007814 devstack@g-api.service[102944]: DEBUG glance.api.middleware.version_negotiation [None req-cfd1e805-10dd-495f-ae34-2977a179db98 tempest-ServerBootFromVolumeStableRescueTest-1978309405 tempest-ServerBootFromVolumeStableRescueTest-1978309405-project-member] Matched version: v2 {{(pid=102944) process_request /opt/stack/glance/glance/api/middleware/version_negotiation.py:69}}
Aug 19 21:24:16.133792 np0000007814 devstack@g-api.service[102944]: DEBUG glance.api.middleware.version_negotiation [None req-cfd1e805-10dd-495f-ae34-2977a179db98 tempest-ServerBootFromVolumeStableRescueTest-1978309405 tempest-ServerBootFromVolumeStableRescueTest-1978309405-project-member] new path /v2/images/2d9771d4-b256-4482-9377-a521c43c6e10 {{(pid=102944) process_request /opt/stack/glance/glance/api/middleware/version_negotiation.py:70}}
Aug 19 21:24:16.143272 np0000007814 devstack@g-api.service[102945]: [pid: 102945|app: 0|req: 69/279] 127.0.0.1 () {44 vars in 1115 bytes} [Wed Aug 19 21:24:16 2026] GET /v2/images/3d0fc25f-6623-4718-ad33-49920c087e88 => generated 1044 bytes in 20 msecs (HTTP/1.1 200) 4 headers in 158 bytes (1 switches on core 0)
Aug 19 21:24:16.154854 np0000007814 devstack@g-api.service[102944]: WARNING glance.api.v2.images [None req-9943117f-c5fe-45aa-a927-52d2680f3da7 tempest-ServerStableDeviceRescueTest-66753931 tempest-ServerStableDeviceRescueTest-66753931-project-member] After upload to backend, deletion of staged image data has failed because it cannot be found at /tmp/staging//2d9771d4-b256-4482-9377-a521c43c6e10
Aug 19 21:24:16.155659 np0000007814 devstack@g-api.service[102944]: DEBUG glance_store.backend [None req-9943117f-c5fe-45aa-a927-52d2680f3da7 tempest-ServerStableDeviceRescueTest-66753931 tempest-ServerStableDeviceRescueTest-66753931-project-member] Attempting to import store swift {{(pid=102944) _load_store /opt/stack/data/venv/lib/python3.12/site-packages/glance_store/backend.py:215}}
Aug 19 21:24:16.159799 np0000007814 devstack@g-api.service[102944]: DEBUG glance_store.capabilities [None req-9943117f-c5fe-45aa-a927-52d2680f3da7 tempest-ServerStableDeviceRescueTest-66753931 tempest-ServerStableDeviceRescueTest-66753931-project-member] Store glance_store._drivers.swift.store.SingleTenantStore doesn't support updating dynamic storage capabilities. Please overwrite 'update_capabilities' method of the store to implement updating logics if needed. {{(pid=102944) update_capabilities /opt/stack/data/venv/lib/python3.12/site-packages/glance_store/capabilities.py:91}}
Aug 19 21:24:16.163594 np0000007814 devstack@g-api.service[102944]: DEBUG glance_store.driver [None req-9943117f-c5fe-45aa-a927-52d2680f3da7 tempest-ServerStableDeviceRescueTest-66753931 tempest-ServerStableDeviceRescueTest-66753931-project-member] Late loading location class glance_store._drivers.swift.store.StoreLocation {{(pid=102944) get_store_location_class /opt/stack/data/venv/lib/python3.12/site-packages/glance_store/driver.py:134}}
Aug 19 21:24:16.163685 np0000007814 devstack@g-api.service[102944]: DEBUG glance_store.location [None req-9943117f-c5fe-45aa-a927-52d2680f3da7 tempest-ServerStableDeviceRescueTest-66753931 tempest-ServerStableDeviceRescueTest-66753931-project-member] Registering scheme swift+https with {'store': , 'location_class': , 'store_entry': 'swift'} {{(pid=102944) register_scheme_map /opt/stack/data/venv/lib/python3.12/site-packages/glance_store/location.py:146}}
Aug 19 21:24:16.165915 np0000007814 devstack@g-api.service[102944]: DEBUG glance_store.location [None req-9943117f-c5fe-45aa-a927-52d2680f3da7 tempest-ServerStableDeviceRescueTest-66753931 tempest-ServerStableDeviceRescueTest-66753931-project-member] Registering scheme swift+https with {'store': , 'location_class': , 'store_entry': 'swift'} {{(pid=102944) register_scheme_map /opt/stack/data/venv/lib/python3.12/site-packages/glance_store/location.py:146}}
Aug 19 21:24:16.165915 np0000007814 devstack@g-api.service[102944]: DEBUG glance_store.location [None req-9943117f-c5fe-45aa-a927-52d2680f3da7 tempest-ServerStableDeviceRescueTest-66753931 tempest-ServerStableDeviceRescueTest-66753931-project-member] Registering scheme swift with {'store': , 'location_class': , 'store_entry': 'swift'} {{(pid=102944) register_scheme_map /opt/stack/data/venv/lib/python3.12/site-packages/glance_store/location.py:146}}
Aug 19 21:24:16.166376 np0000007814 devstack@g-api.service[102944]: DEBUG glance_store.location [None req-9943117f-c5fe-45aa-a927-52d2680f3da7 tempest-ServerStableDeviceRescueTest-66753931 tempest-ServerStableDeviceRescueTest-66753931-project-member] Registering scheme swift+https with {'store': , 'location_class': , 'store_entry': 'swift'} {{(pid=102944) register_scheme_map /opt/stack/data/venv/lib/python3.12/site-packages/glance_store/location.py:146}}
Aug 19 21:24:16.166376 np0000007814 devstack@g-api.service[102944]: DEBUG glance_store.location [None req-9943117f-c5fe-45aa-a927-52d2680f3da7 tempest-ServerStableDeviceRescueTest-66753931 tempest-ServerStableDeviceRescueTest-66753931-project-member] Registering scheme swift with {'store': , 'location_class': , 'store_entry': 'swift'} {{(pid=102944) register_scheme_map /opt/stack/data/venv/lib/python3.12/site-packages/glance_store/location.py:146}}
Aug 19 21:24:16.166376 np0000007814 devstack@g-api.service[102944]: DEBUG glance_store.location [None req-9943117f-c5fe-45aa-a927-52d2680f3da7 tempest-ServerStableDeviceRescueTest-66753931 tempest-ServerStableDeviceRescueTest-66753931-project-member] Registering scheme swift+http with {'store': , 'location_class': , 'store_entry': 'swift'} {{(pid=102944) register_scheme_map /opt/stack/data/venv/lib/python3.12/site-packages/glance_store/location.py:146}}
Aug 19 21:24:16.166550 np0000007814 devstack@g-api.service[102944]: DEBUG glance_store.location [None req-9943117f-c5fe-45aa-a927-52d2680f3da7 tempest-ServerStableDeviceRescueTest-66753931 tempest-ServerStableDeviceRescueTest-66753931-project-member] Registering scheme swift+https with {'store': , 'location_class': , 'store_entry': 'swift'} {{(pid=102944) register_scheme_map /opt/stack/data/venv/lib/python3.12/site-packages/glance_store/location.py:146}}
Aug 19 21:24:16.166610 np0000007814 devstack@g-api.service[102944]: DEBUG glance_store.location [None req-9943117f-c5fe-45aa-a927-52d2680f3da7 tempest-ServerStableDeviceRescueTest-66753931 tempest-ServerStableDeviceRescueTest-66753931-project-member] Registering scheme swift with {'store': , 'location_class': , 'store_entry': 'swift'} {{(pid=102944) register_scheme_map /opt/stack/data/venv/lib/python3.12/site-packages/glance_store/location.py:146}}
Aug 19 21:24:16.167126 np0000007814 devstack@g-api.service[102944]: DEBUG glance_store.location [None req-9943117f-c5fe-45aa-a927-52d2680f3da7 tempest-ServerStableDeviceRescueTest-66753931 tempest-ServerStableDeviceRescueTest-66753931-project-member] Registering scheme swift+http with {'store': , 'location_class': , 'store_entry': 'swift'} {{(pid=102944) register_scheme_map /opt/stack/data/venv/lib/python3.12/site-packages/glance_store/location.py:146}}
Aug 19 21:24:16.167126 np0000007814 devstack@g-api.service[102944]: DEBUG glance_store.location [None req-9943117f-c5fe-45aa-a927-52d2680f3da7 tempest-ServerStableDeviceRescueTest-66753931 tempest-ServerStableDeviceRescueTest-66753931-project-member] Registering scheme swift+config with {'store': , 'location_class': , 'store_entry': 'swift'} {{(pid=102944) register_scheme_map /opt/stack/data/venv/lib/python3.12/site-packages/glance_store/location.py:146}}
Aug 19 21:24:16.170195 np0000007814 devstack@g-api.service[102944]: DEBUG keystoneclient.auth.identity.v3.base [None req-9943117f-c5fe-45aa-a927-52d2680f3da7 tempest-ServerStableDeviceRescueTest-66753931 tempest-ServerStableDeviceRescueTest-66753931-project-member] Making authentication request to https://10.4.3.158/identity/v3/auth/tokens {{(pid=102944) get_auth_ref /opt/stack/data/venv/lib/python3.12/site-packages/keystoneclient/auth/identity/v3/base.py:185}}
Aug 19 21:24:16.188204 np0000007814 devstack@g-api.service[102943]: DEBUG glance.api.middleware.version_negotiation [None req-5577be72-47a6-4699-beb1-755dc8f4d32e tempest-ServerBootFromVolumeStableRescueTest-1978309405 tempest-ServerBootFromVolumeStableRescueTest-1978309405-project-member] Determining version of request: GET /v2/schemas/image Accept: */* {{(pid=102943) process_request /opt/stack/glance/glance/api/middleware/version_negotiation.py:44}}
Aug 19 21:24:16.188407 np0000007814 devstack@g-api.service[102943]: DEBUG glance.api.middleware.version_negotiation [None req-5577be72-47a6-4699-beb1-755dc8f4d32e tempest-ServerBootFromVolumeStableRescueTest-1978309405 tempest-ServerBootFromVolumeStableRescueTest-1978309405-project-member] Using url versioning {{(pid=102943) process_request /opt/stack/glance/glance/api/middleware/version_negotiation.py:57}}
Aug 19 21:24:16.188585 np0000007814 devstack@g-api.service[102943]: DEBUG glance.api.middleware.version_negotiation [None req-5577be72-47a6-4699-beb1-755dc8f4d32e tempest-ServerBootFromVolumeStableRescueTest-1978309405 tempest-ServerBootFromVolumeStableRescueTest-1978309405-project-member] Matched version: v2 {{(pid=102943) process_request /opt/stack/glance/glance/api/middleware/version_negotiation.py:69}}
Aug 19 21:24:16.188745 np0000007814 devstack@g-api.service[102943]: DEBUG glance.api.middleware.version_negotiation [None req-5577be72-47a6-4699-beb1-755dc8f4d32e tempest-ServerBootFromVolumeStableRescueTest-1978309405 tempest-ServerBootFromVolumeStableRescueTest-1978309405-project-member] new path /v2/schemas/image {{(pid=102943) process_request /opt/stack/glance/glance/api/middleware/version_negotiation.py:70}}
Aug 19 21:24:16.195601 np0000007814 devstack@g-api.service[102943]: [pid: 102943|app: 0|req: 73/280] 127.0.0.1 () {44 vars in 1055 bytes} [Wed Aug 19 21:24:16 2026] GET /v2/schemas/image => generated 6083 bytes in 8 msecs (HTTP/1.1 200) 4 headers in 158 bytes (1 switches on core 0)
Aug 19 21:24:16.277913 np0000007814 devstack@g-api.service[102944]: DEBUG keystoneclient.auth.identity.v3.base [None req-9943117f-c5fe-45aa-a927-52d2680f3da7 tempest-ServerStableDeviceRescueTest-66753931 tempest-ServerStableDeviceRescueTest-66753931-project-member] {"token": {"methods": ["password"], "user": {"domain": {"id": "default", "name": "Default"}, "id": "9e04dbbce881482ebf2252496d2a15ea", "name": "glance-swift", "password_expires_at": null}, "audit_ids": ["Fw6irLyISlaRdQvqTuHBJg"], "expires_at": "2026-08-19T22:24:16.000000Z", "issued_at": "2026-08-19T21:24:16.000000Z", "project": {"domain": {"id": "default", "name": "Default"}, "id": "9ca8ce0e7f7a4825ba6f01f022bb8995", "name": "service"}, "is_domain": false, "roles": [{"id": "923a35b4e8694236bafc5edb80cfc562", "name": "service"}, {"id": "e650d7b9b5e9465b97c4369ab0caa772", "name": "ResellerAdmin"}], "catalog": [{"endpoints": [{"id": "3fcc716705b24af99be94cafeb4c7442", "interface": "public", "region_id": "RegionOne", "url": "https://10.4.3.158/placement", "region": "RegionOne"}], "id": "11a1769173b544c9bb11b06fd73f0fe9", "type": "placement", "name": "placement"}, {"endpoints": [{"id": "76ca2166c484490ca68de1314f466ba4", "interface": "public", "region_id": "RegionOne", "url": "https://10.4.3.158/volume/v3", "region": "RegionOne"}], "id": "155f71146f4e433c9a52815b1387b4a3", "type": "block-storage", "name": "cinder"}, {"endpoints": [{"id": "7410032f63b44a74ac2ad93b982431d2", "interface": "public", "region_id": "RegionOne", "url": "https://10.4.3.158/networking", "region": "RegionOne"}], "id": "3ad64a7c242c46118846a2041583c729", "type": "network", "name": "neutron"}, {"endpoints": [{"id": "6b69a31b45ed495fa6316d60373ed31c", "interface": "public", "region_id": "RegionOne", "url": "https://10.4.3.158/image", "region": "RegionOne"}], "id": "5746c2176e4c4c82aede3acb922ca45e", "type": "image", "name": "glance"}, {"endpoints": [{"id": "96c0c509d88747d7897ef14298cfd14c", "interface": "public", "region_id": "RegionOne", "url": "https://10.4.3.158:8080/v1/AUTH_9ca8ce0e7f7a4825ba6f01f022bb8995", "region": "RegionOne"}, {"id": "d5dc8a6d6938447fb73d56bea425db41", "interface": "admin", "region_id": "RegionOne", "url": "https://10.4.3.158:8080", "region": "RegionOne"}], "id": "5838b513039241abb2f3a9c781d958f2", "type": "object-store", "name": "swift"}, {"endpoints": [{"id": "df26477f98104340b609baa90d7e7278", "interface": "public", "region_id": "RegionOne", "url": "https://10.4.3.158/compute/v2/9ca8ce0e7f7a4825ba6f01f022bb8995", "region": "RegionOne"}], "id": "79b6484340f649389f2c2478f7233aab", "type": "compute_legacy", "name": "nova_legacy"}, {"endpoints": [{"id": "a5095ed8345646e4bbd4c6407a5a105b", "interface": "public", "region_id": "RegionOne", "url": "https://10.4.3.158/compute/v2.1", "region": "RegionOne"}], "id": "a87b05872ac547b291970ceaf0cfbfe0", "type": "compute", "name": "nova"}, {"endpoints": [{"id": "6cf7afd259a842c1bb93c424a8b6ec9e", "interface": "public", "region_id": "RegionOne", "url": "https://10.4.3.158/identity", "region": "RegionOne"}], "id": "c781c4af3a204d47a687deab8527f46c", "type": "identity", "name": "keystone"}]}} {{(pid=102944) get_auth_ref /opt/stack/data/venv/lib/python3.12/site-packages/keystoneclient/auth/identity/v3/base.py:190}}
Aug 19 21:24:16.278438 np0000007814 devstack@g-api.service[102944]: DEBUG keystoneclient.httpclient [None req-9943117f-c5fe-45aa-a927-52d2680f3da7 tempest-ServerStableDeviceRescueTest-66753931 tempest-ServerStableDeviceRescueTest-66753931-project-member] Failed to find endpoint for management url admin endpoint for identity service not found {{(pid=102944) _process_management_url /opt/stack/data/venv/lib/python3.12/site-packages/keystoneclient/httpclient.py:670}}
Aug 19 21:24:16.441942 np0000007814 devstack@g-api.service[102946]: INFO glance.api.v2.image_data [None req-cfd1e805-10dd-495f-ae34-2977a179db98 tempest-ServerBootFromVolumeStableRescueTest-1978309405 tempest-ServerBootFromVolumeStableRescueTest-1978309405-project-member] Unable to create trust: no such option collect_timing in group [keystone_authtoken] Use the existing user token.
Aug 19 21:24:16.457398 np0000007814 devstack@g-api.service[102944]: DEBUG swiftclient [None req-9943117f-c5fe-45aa-a927-52d2680f3da7 tempest-ServerStableDeviceRescueTest-66753931 tempest-ServerStableDeviceRescueTest-66753931-project-member] REQ: curl -i https://10.4.3.158:8080/v1/AUTH_9ca8ce0e7f7a4825ba6f01f022bb8995/glance/2d9771d4-b256-4482-9377-a521c43c6e10 -I -H "X-Auth-Token: gAAAAABqhh8AO3Sl..." {{(pid=102944) http_log /opt/stack/data/venv/lib/python3.12/site-packages/swiftclient/client.py:160}}
Aug 19 21:24:16.461667 np0000007814 devstack@g-api.service[102944]: DEBUG swiftclient [None req-9943117f-c5fe-45aa-a927-52d2680f3da7 tempest-ServerStableDeviceRescueTest-66753931 tempest-ServerStableDeviceRescueTest-66753931-project-member] RESP STATUS: 200 OK {{(pid=102944) http_log /opt/stack/data/venv/lib/python3.12/site-packages/swiftclient/client.py:161}}
Aug 19 21:24:16.461667 np0000007814 devstack@g-api.service[102944]: DEBUG swiftclient [None req-9943117f-c5fe-45aa-a927-52d2680f3da7 tempest-ServerStableDeviceRescueTest-66753931 tempest-ServerStableDeviceRescueTest-66753931-project-member] RESP HEADERS: {'Date': 'Wed, 19 Aug 2026 21:24:16 GMT', 'Server': 'Apache/2.4.58 (Ubuntu)', 'Content-Type': 'application/octet-stream', 'Content-Length': '53936128', 'X-Object-Manifest': 'glance/2d9771d4-b256-4482-9377-a521c43c6e10-', 'Last-Modified': 'Wed, 19 Aug 2026 21:23:17 GMT', 'X-Timestamp': '1787174596.91036', 'Accept-Ranges': 'bytes', 'Etag': '"3dbf7bc5bfbb468a63c66fae329e27f5"', 'X-Trans-Id': 'tx9a17e197dec94c2ea655d-006a861f00', 'X-Openstack-Request-Id': 'tx9a17e197dec94c2ea655d-006a861f00', 'Connection': 'close'} {{(pid=102944) http_log /opt/stack/data/venv/lib/python3.12/site-packages/swiftclient/client.py:162}}
Aug 19 21:24:16.497379 np0000007814 devstack@g-api.service[102944]: DEBUG swiftclient [None req-9943117f-c5fe-45aa-a927-52d2680f3da7 tempest-ServerStableDeviceRescueTest-66753931 tempest-ServerStableDeviceRescueTest-66753931-project-member] REQ: curl -i https://10.4.3.158:8080/v1/AUTH_9ca8ce0e7f7a4825ba6f01f022bb8995/glance?format=json&prefix=2d9771d4-b256-4482-9377-a521c43c6e10- -X GET -H "X-Auth-Token: gAAAAABqhh8AO3Sl..." -H "Accept-Encoding: gzip" {{(pid=102944) http_log /opt/stack/data/venv/lib/python3.12/site-packages/swiftclient/client.py:160}}
Aug 19 21:24:16.497379 np0000007814 devstack@g-api.service[102944]: DEBUG swiftclient [None req-9943117f-c5fe-45aa-a927-52d2680f3da7 tempest-ServerStableDeviceRescueTest-66753931 tempest-ServerStableDeviceRescueTest-66753931-project-member] RESP STATUS: 200 OK {{(pid=102944) http_log /opt/stack/data/venv/lib/python3.12/site-packages/swiftclient/client.py:161}}
Aug 19 21:24:16.497379 np0000007814 devstack@g-api.service[102944]: DEBUG swiftclient [None req-9943117f-c5fe-45aa-a927-52d2680f3da7 tempest-ServerStableDeviceRescueTest-66753931 tempest-ServerStableDeviceRescueTest-66753931-project-member] RESP HEADERS: {'Date': 'Wed, 19 Aug 2026 21:24:16 GMT', 'Server': 'Apache/2.4.58 (Ubuntu)', 'Content-Type': 'application/json; charset=utf-8', 'Content-Length': '210', 'X-Container-Object-Count': '7', 'X-Container-Bytes-Used': '141819904', 'X-Timestamp': '1787174313.76110', 'Last-Modified': 'Wed, 19 Aug 2026 21:18:34 GMT', 'Accept-Ranges': 'bytes', 'X-Storage-Policy': 'Policy-0', 'X-Container-Sharding': 'False', 'X-Trans-Id': 'tx7718ee5d0bd340239067a-006a861f00', 'X-Openstack-Request-Id': 'tx7718ee5d0bd340239067a-006a861f00', 'Connection': 'close'} {{(pid=102944) http_log /opt/stack/data/venv/lib/python3.12/site-packages/swiftclient/client.py:162}}
Aug 19 21:24:16.497379 np0000007814 devstack@g-api.service[102944]: DEBUG swiftclient [None req-9943117f-c5fe-45aa-a927-52d2680f3da7 tempest-ServerStableDeviceRescueTest-66753931 tempest-ServerStableDeviceRescueTest-66753931-project-member] RESP BODY: b'[{"bytes": 53936128, "hash": "bbeffc1a3976cb29f814ebe017a723fe", "name": "2d9771d4-b256-4482-9377-a521c43c6e10-00001", "content_type": "application/octet-stream", "last_modified": "2026-08-19T21:23:16.335880"}]' {{(pid=102944) http_log /opt/stack/data/venv/lib/python3.12/site-packages/swiftclient/client.py:166}}
Aug 19 21:24:16.522079 np0000007814 devstack@g-api.service[102944]: DEBUG swiftclient [None req-9943117f-c5fe-45aa-a927-52d2680f3da7 tempest-ServerStableDeviceRescueTest-66753931 tempest-ServerStableDeviceRescueTest-66753931-project-member] REQ: curl -i https://10.4.3.158:8080/v1/AUTH_9ca8ce0e7f7a4825ba6f01f022bb8995/glance/2d9771d4-b256-4482-9377-a521c43c6e10-00001 DELETE -H "X-Auth-Token: gAAAAABqhh8AO3Sl..." {{(pid=102944) http_log /opt/stack/data/venv/lib/python3.12/site-packages/swiftclient/client.py:160}}
Aug 19 21:24:16.522079 np0000007814 devstack@g-api.service[102944]: DEBUG swiftclient [None req-9943117f-c5fe-45aa-a927-52d2680f3da7 tempest-ServerStableDeviceRescueTest-66753931 tempest-ServerStableDeviceRescueTest-66753931-project-member] RESP STATUS: 204 No Content {{(pid=102944) http_log /opt/stack/data/venv/lib/python3.12/site-packages/swiftclient/client.py:161}}
Aug 19 21:24:16.522079 np0000007814 devstack@g-api.service[102944]: DEBUG swiftclient [None req-9943117f-c5fe-45aa-a927-52d2680f3da7 tempest-ServerStableDeviceRescueTest-66753931 tempest-ServerStableDeviceRescueTest-66753931-project-member] RESP HEADERS: {'Date': 'Wed, 19 Aug 2026 21:24:16 GMT', 'Server': 'Apache/2.4.58 (Ubuntu)', 'Content-Type': 'text/html; charset=UTF-8', 'X-Trans-Id': 'txbada5aa184ac496195b54-006a861f00', 'X-Openstack-Request-Id': 'txbada5aa184ac496195b54-006a861f00', 'Connection': 'close'} {{(pid=102944) http_log /opt/stack/data/venv/lib/python3.12/site-packages/swiftclient/client.py:162}}
Aug 19 21:24:16.553451 np0000007814 devstack@g-api.service[102944]: DEBUG swiftclient [None req-9943117f-c5fe-45aa-a927-52d2680f3da7 tempest-ServerStableDeviceRescueTest-66753931 tempest-ServerStableDeviceRescueTest-66753931-project-member] REQ: curl -i https://10.4.3.158:8080/v1/AUTH_9ca8ce0e7f7a4825ba6f01f022bb8995/glance/2d9771d4-b256-4482-9377-a521c43c6e10 DELETE -H "X-Auth-Token: gAAAAABqhh8AO3Sl..." {{(pid=102944) http_log /opt/stack/data/venv/lib/python3.12/site-packages/swiftclient/client.py:160}}
Aug 19 21:24:16.553451 np0000007814 devstack@g-api.service[102944]: DEBUG swiftclient [None req-9943117f-c5fe-45aa-a927-52d2680f3da7 tempest-ServerStableDeviceRescueTest-66753931 tempest-ServerStableDeviceRescueTest-66753931-project-member] RESP STATUS: 204 No Content {{(pid=102944) http_log /opt/stack/data/venv/lib/python3.12/site-packages/swiftclient/client.py:161}}
Aug 19 21:24:16.553451 np0000007814 devstack@g-api.service[102944]: DEBUG swiftclient [None req-9943117f-c5fe-45aa-a927-52d2680f3da7 tempest-ServerStableDeviceRescueTest-66753931 tempest-ServerStableDeviceRescueTest-66753931-project-member] RESP HEADERS: {'Date': 'Wed, 19 Aug 2026 21:24:16 GMT', 'Server': 'Apache/2.4.58 (Ubuntu)', 'Content-Type': 'text/html; charset=UTF-8', 'X-Trans-Id': 'tx3dedacbd052e4abc93fe3-006a861f00', 'X-Openstack-Request-Id': 'tx3dedacbd052e4abc93fe3-006a861f00', 'Connection': 'close'} {{(pid=102944) http_log /opt/stack/data/venv/lib/python3.12/site-packages/swiftclient/client.py:162}}
Aug 19 21:24:16.717515 np0000007814 devstack@g-api.service[102944]: DEBUG glance.api.middleware.cache [None req-9943117f-c5fe-45aa-a927-52d2680f3da7 tempest-ServerStableDeviceRescueTest-66753931 tempest-ServerStableDeviceRescueTest-66753931-project-member] Removing image 2d9771d4-b256-4482-9377-a521c43c6e10 from cache {{(pid=102944) _process_DELETE_response /opt/stack/glance/glance/api/middleware/cache.py:264}}
Aug 19 21:24:16.717780 np0000007814 devstack@g-api.service[102944]: DEBUG glance.image_cache.drivers.centralized_db [None req-9943117f-c5fe-45aa-a927-52d2680f3da7 tempest-ServerStableDeviceRescueTest-66753931 tempest-ServerStableDeviceRescueTest-66753931-project-member] Deleting image cache file '/opt/stack/data/glance/cache/2d9771d4-b256-4482-9377-a521c43c6e10' {{(pid=102944) delete_cached_file /opt/stack/glance/glance/image_cache/drivers/centralized_db.py:400}}
Aug 19 21:24:16.743201 np0000007814 devstack@g-api.service[102944]: [pid: 102944|app: 0|req: 71/281] 127.0.0.1 () {46 vars in 1137 bytes} [Wed Aug 19 21:24:16 2026] DELETE /v2/images/2d9771d4-b256-4482-9377-a521c43c6e10 => generated 0 bytes in 608 msecs (HTTP/1.1 204) 4 headers in 171 bytes (1 switches on core 0)
Aug 19 21:24:16.768403 np0000007814 devstack@g-api.service[102945]: DEBUG glance.api.middleware.version_negotiation [None req-695a537e-8851-4806-883e-8dcd7c987e49 tempest-VolumesNegativeTest-1047094454 tempest-VolumesNegativeTest-1047094454-project-member] Determining version of request: GET /v2/images/bd66c2b5-1494-48b7-a96b-ebe732ec8fbd Accept: */* {{(pid=102945) process_request /opt/stack/glance/glance/api/middleware/version_negotiation.py:44}}
Aug 19 21:24:16.768616 np0000007814 devstack@g-api.service[102945]: DEBUG glance.api.middleware.version_negotiation [None req-695a537e-8851-4806-883e-8dcd7c987e49 tempest-VolumesNegativeTest-1047094454 tempest-VolumesNegativeTest-1047094454-project-member] Using url versioning {{(pid=102945) process_request /opt/stack/glance/glance/api/middleware/version_negotiation.py:57}}
Aug 19 21:24:16.769286 np0000007814 devstack@g-api.service[102945]: DEBUG glance.api.middleware.version_negotiation [None req-695a537e-8851-4806-883e-8dcd7c987e49 tempest-VolumesNegativeTest-1047094454 tempest-VolumesNegativeTest-1047094454-project-member] Matched version: v2 {{(pid=102945) process_request /opt/stack/glance/glance/api/middleware/version_negotiation.py:69}}
Aug 19 21:24:16.769286 np0000007814 devstack@g-api.service[102945]: DEBUG glance.api.middleware.version_negotiation [None req-695a537e-8851-4806-883e-8dcd7c987e49 tempest-VolumesNegativeTest-1047094454 tempest-VolumesNegativeTest-1047094454-project-member] new path /v2/images/bd66c2b5-1494-48b7-a96b-ebe732ec8fbd {{(pid=102945) process_request /opt/stack/glance/glance/api/middleware/version_negotiation.py:70}}
Aug 19 21:24:16.785097 np0000007814 devstack@g-api.service[102945]: [pid: 102945|app: 0|req: 70/282] 127.0.0.1 () {44 vars in 1115 bytes} [Wed Aug 19 21:24:16 2026] GET /v2/images/bd66c2b5-1494-48b7-a96b-ebe732ec8fbd => generated 1044 bytes in 17 msecs (HTTP/1.1 200) 4 headers in 158 bytes (1 switches on core 0)
Aug 19 21:24:16.840312 np0000007814 devstack@g-api.service[102943]: DEBUG glance.api.middleware.version_negotiation [None req-695a537e-8851-4806-883e-8dcd7c987e49 tempest-VolumesNegativeTest-1047094454 tempest-VolumesNegativeTest-1047094454-project-member] Determining version of request: GET /v2/schemas/image Accept: */* {{(pid=102943) process_request /opt/stack/glance/glance/api/middleware/version_negotiation.py:44}}
Aug 19 21:24:16.840312 np0000007814 devstack@g-api.service[102943]: DEBUG glance.api.middleware.version_negotiation [None req-695a537e-8851-4806-883e-8dcd7c987e49 tempest-VolumesNegativeTest-1047094454 tempest-VolumesNegativeTest-1047094454-project-member] Using url versioning {{(pid=102943) process_request /opt/stack/glance/glance/api/middleware/version_negotiation.py:57}}
Aug 19 21:24:16.840312 np0000007814 devstack@g-api.service[102943]: DEBUG glance.api.middleware.version_negotiation [None req-695a537e-8851-4806-883e-8dcd7c987e49 tempest-VolumesNegativeTest-1047094454 tempest-VolumesNegativeTest-1047094454-project-member] Matched version: v2 {{(pid=102943) process_request /opt/stack/glance/glance/api/middleware/version_negotiation.py:69}}
