Aug 19 21:18:02.044347 np0000007814 systemd[1]: Starting devstack@n-api-meta.service - Devstack devstack@n-api-meta.service...
Aug 19 21:18:02.050218 np0000007814 devstack@n-api-meta.service[95976]: [uWSGI] getting INI configuration from /etc/nova/nova-metadata-uwsgi.ini
Aug 19 21:18:02.052810 np0000007814 devstack@n-api-meta.service[95976]: *** Starting uWSGI 2.0.24-debian (64bit) on [Wed Aug 19 21:18:02 2026] ***
Aug 19 21:18:02.052810 np0000007814 devstack@n-api-meta.service[95976]: compiled with version: 13.2.0 on 17 April 2024 16:23:48
Aug 19 21:18:02.052810 np0000007814 devstack@n-api-meta.service[95976]: os: Linux-6.8.0-100-generic #100-Ubuntu SMP PREEMPT_DYNAMIC Tue Jan 13 16:40:06 UTC 2026
Aug 19 21:18:02.052810 np0000007814 devstack@n-api-meta.service[95976]: nodename: np0000007814
Aug 19 21:18:02.052810 np0000007814 devstack@n-api-meta.service[95976]: machine: x86_64
Aug 19 21:18:02.052810 np0000007814 devstack@n-api-meta.service[95976]: clock source: unix
Aug 19 21:18:02.052810 np0000007814 devstack@n-api-meta.service[95976]: pcre jit disabled
Aug 19 21:18:02.052810 np0000007814 devstack@n-api-meta.service[95976]: detected number of CPU cores: 16
Aug 19 21:18:02.052810 np0000007814 devstack@n-api-meta.service[95976]: current working directory: /
Aug 19 21:18:02.052810 np0000007814 devstack@n-api-meta.service[95976]: detected binary path: /usr/bin/uwsgi-core
Aug 19 21:18:02.052810 np0000007814 devstack@n-api-meta.service[95976]: your processes number limit is 257052
Aug 19 21:18:02.052810 np0000007814 devstack@n-api-meta.service[95976]: your memory page size is 4096 bytes
Aug 19 21:18:02.052810 np0000007814 devstack@n-api-meta.service[95976]: detected max file descriptor number: 2048
Aug 19 21:18:02.052810 np0000007814 devstack@n-api-meta.service[95976]: lock engine: pthread robust mutexes
Aug 19 21:18:02.052810 np0000007814 devstack@n-api-meta.service[95976]: thunder lock: enabled
Aug 19 21:18:02.053238 np0000007814 devstack@n-api-meta.service[95976]: uWSGI http bound on 0.0.0.0:8775 fd 5
Aug 19 21:18:02.053238 np0000007814 devstack@n-api-meta.service[95976]: uwsgi socket 0 bound to TCP address 127.0.0.1:38283 (port auto-assigned) fd 4
Aug 19 21:18:02.053238 np0000007814 devstack@n-api-meta.service[95976]: Python version: 3.12.3 (main, Jun 19 2026, 12:46:00) [GCC 13.3.0]
Aug 19 21:18:02.053238 np0000007814 devstack@n-api-meta.service[95976]: PEP 405 virtualenv detected: /opt/stack/data/venv
Aug 19 21:18:02.053238 np0000007814 devstack@n-api-meta.service[95976]: Set PythonHome to /opt/stack/data/venv
Aug 19 21:18:02.087726 np0000007814 devstack@n-api-meta.service[95976]: Python main interpreter initialized at 0x7fed184a4668
Aug 19 21:18:02.087726 np0000007814 devstack@n-api-meta.service[95976]: python threads support enabled
Aug 19 21:18:02.087726 np0000007814 devstack@n-api-meta.service[95976]: your server socket listen backlog is limited to 100 connections
Aug 19 21:18:02.087726 np0000007814 devstack@n-api-meta.service[95976]: your mercy for graceful operations on workers is 80 seconds
Aug 19 21:18:02.088248 np0000007814 devstack@n-api-meta.service[95976]: mapped 671795 bytes (656 KB) for 4 cores
Aug 19 21:18:02.088394 np0000007814 devstack@n-api-meta.service[95976]: *** Operational MODE: preforking ***
Aug 19 21:18:02.088597 np0000007814 devstack@n-api-meta.service[95976]: *** uWSGI is running in multiple interpreter mode ***
Aug 19 21:18:02.088597 np0000007814 devstack@n-api-meta.service[95976]: spawned uWSGI master process (pid: 95976)
Aug 19 21:18:02.088736 np0000007814 systemd[1]: Started devstack@n-api-meta.service - Devstack devstack@n-api-meta.service.
Aug 19 21:18:02.089267 np0000007814 devstack@n-api-meta.service[95976]: spawned uWSGI worker 1 (pid: 95977, cores: 1)
Aug 19 21:18:02.089882 np0000007814 devstack@n-api-meta.service[95976]: spawned uWSGI worker 2 (pid: 95978, cores: 1)
Aug 19 21:18:02.090537 np0000007814 devstack@n-api-meta.service[95976]: spawned uWSGI worker 3 (pid: 95979, cores: 1)
Aug 19 21:18:02.091165 np0000007814 devstack@n-api-meta.service[95976]: spawned uWSGI worker 4 (pid: 95980, cores: 1)
Aug 19 21:18:02.091775 np0000007814 devstack@n-api-meta.service[95976]: spawned uWSGI http 1 (pid: 95982)
Aug 19 21:18:02.091775 np0000007814 devstack@n-api-meta.service[95976]: running "unix_signal:15 gracefully_kill_them_all" (master-start)...
Aug 19 21:18:03.782838 np0000007814 devstack@n-api-meta.service[95979]: INFO dbcounter [None req-706ceb68-693c-410b-8b21-9d912bada122 None None] Registered counter for database nova_api
Aug 19 21:18:03.793608 np0000007814 devstack@n-api-meta.service[95980]: INFO dbcounter [None req-b537164a-8c98-48e7-abac-213a6b91bc85 None None] Registered counter for database nova_api
Aug 19 21:18:03.839447 np0000007814 devstack@n-api-meta.service[95980]: DEBUG oslo_db.sqlalchemy.engines [None req-b537164a-8c98-48e7-abac-213a6b91bc85 None None] MySQL server mode set to STRICT_TRANS_TABLES,STRICT_ALL_TABLES,NO_ZERO_IN_DATE,NO_ZERO_DATE,ERROR_FOR_DIVISION_BY_ZERO,TRADITIONAL,NO_ENGINE_SUBSTITUTION {{(pid=95980) _check_effective_sql_mode /opt/stack/data/venv/lib/python3.12/site-packages/oslo_db/sqlalchemy/engines.py:325}}
Aug 19 21:18:03.841776 np0000007814 devstack@n-api-meta.service[95977]: INFO dbcounter [None req-b2de0f0a-aac8-4c85-8bf4-fcd189e79f94 None None] Registered counter for database nova_api
Aug 19 21:18:03.847553 np0000007814 devstack@n-api-meta.service[95979]: DEBUG oslo_db.sqlalchemy.engines [None req-706ceb68-693c-410b-8b21-9d912bada122 None None] MySQL server mode set to STRICT_TRANS_TABLES,STRICT_ALL_TABLES,NO_ZERO_IN_DATE,NO_ZERO_DATE,ERROR_FOR_DIVISION_BY_ZERO,TRADITIONAL,NO_ENGINE_SUBSTITUTION {{(pid=95979) _check_effective_sql_mode /opt/stack/data/venv/lib/python3.12/site-packages/oslo_db/sqlalchemy/engines.py:325}}
Aug 19 21:18:03.869934 np0000007814 devstack@n-api-meta.service[95980]: DEBUG dbcounter [-] [95980] Writer thread running {{(pid=95980) stat_writer /opt/stack/data/venv/lib/python3.12/site-packages/dbcounter.py:102}}
Aug 19 21:18:03.872450 np0000007814 devstack@n-api-meta.service[95980]: DEBUG nova.context [None req-b537164a-8c98-48e7-abac-213a6b91bc85 None None] Found 2 cells: 00000000-0000-0000-0000-000000000000(cell0),f5fc9f1d-9cae-4a72-a158-ccabf2bdeeee(cell1) {{(pid=95980) load_cells /opt/stack/nova/nova/context.py:509}}
Aug 19 21:18:03.872682 np0000007814 devstack@n-api-meta.service[95980]: INFO nova.utils [None req-b537164a-8c98-48e7-abac-213a6b91bc85 None None] The cell worker thread pool MainProcess.cell_worker is initialized
Aug 19 21:18:03.874339 np0000007814 devstack@n-api-meta.service[95980]: DEBUG oslo_concurrency.lockutils [None req-b537164a-8c98-48e7-abac-213a6b91bc85 None None] Acquiring lock "00000000-0000-0000-0000-000000000000" by "nova.context.set_target_cell..get_or_set_cached_cell_and_set_connections" {{(pid=95980) inner /opt/stack/data/venv/lib/python3.12/site-packages/oslo_concurrency/lockutils.py:512}}
Aug 19 21:18:03.874494 np0000007814 devstack@n-api-meta.service[95980]: DEBUG oslo_concurrency.lockutils [None req-b537164a-8c98-48e7-abac-213a6b91bc85 None None] Lock "00000000-0000-0000-0000-000000000000" acquired by "nova.context.set_target_cell..get_or_set_cached_cell_and_set_connections" :: waited 0.000s {{(pid=95980) inner /opt/stack/data/venv/lib/python3.12/site-packages/oslo_concurrency/lockutils.py:525}}
Aug 19 21:18:03.874839 np0000007814 devstack@n-api-meta.service[95980]: DEBUG oslo_concurrency.lockutils [None req-b537164a-8c98-48e7-abac-213a6b91bc85 None None] Lock "00000000-0000-0000-0000-000000000000" "released" by "nova.context.set_target_cell..get_or_set_cached_cell_and_set_connections" :: held 0.000s {{(pid=95980) inner /opt/stack/data/venv/lib/python3.12/site-packages/oslo_concurrency/lockutils.py:544}}
Aug 19 21:18:03.875607 np0000007814 devstack@n-api-meta.service[95980]: DEBUG oslo_concurrency.lockutils [None req-b537164a-8c98-48e7-abac-213a6b91bc85 None None] Acquiring lock "f5fc9f1d-9cae-4a72-a158-ccabf2bdeeee" by "nova.context.set_target_cell..get_or_set_cached_cell_and_set_connections" {{(pid=95980) inner /opt/stack/data/venv/lib/python3.12/site-packages/oslo_concurrency/lockutils.py:512}}
Aug 19 21:18:03.875809 np0000007814 devstack@n-api-meta.service[95980]: DEBUG oslo_concurrency.lockutils [None req-b537164a-8c98-48e7-abac-213a6b91bc85 None None] Lock "f5fc9f1d-9cae-4a72-a158-ccabf2bdeeee" acquired by "nova.context.set_target_cell..get_or_set_cached_cell_and_set_connections" :: waited 0.000s {{(pid=95980) inner /opt/stack/data/venv/lib/python3.12/site-packages/oslo_concurrency/lockutils.py:525}}
Aug 19 21:18:03.876985 np0000007814 devstack@n-api-meta.service[95980]: DEBUG oslo_concurrency.lockutils [None req-b537164a-8c98-48e7-abac-213a6b91bc85 None None] Lock "f5fc9f1d-9cae-4a72-a158-ccabf2bdeeee" "released" by "nova.context.set_target_cell..get_or_set_cached_cell_and_set_connections" :: held 0.001s {{(pid=95980) inner /opt/stack/data/venv/lib/python3.12/site-packages/oslo_concurrency/lockutils.py:544}}
Aug 19 21:18:03.879232 np0000007814 devstack@n-api-meta.service[95980]: INFO dbcounter [None req-b537164a-8c98-48e7-abac-213a6b91bc85 None None] Registered counter for database nova_cell0
Aug 19 21:18:03.882835 np0000007814 devstack@n-api-meta.service[95980]: INFO dbcounter [None req-b537164a-8c98-48e7-abac-213a6b91bc85 None None] Registered counter for database nova_cell1
Aug 19 21:18:03.883447 np0000007814 devstack@n-api-meta.service[95979]: DEBUG dbcounter [-] [95979] Writer thread running {{(pid=95979) stat_writer /opt/stack/data/venv/lib/python3.12/site-packages/dbcounter.py:102}}
Aug 19 21:18:03.886669 np0000007814 devstack@n-api-meta.service[95979]: DEBUG nova.context [None req-706ceb68-693c-410b-8b21-9d912bada122 None None] Found 2 cells: 00000000-0000-0000-0000-000000000000(cell0),f5fc9f1d-9cae-4a72-a158-ccabf2bdeeee(cell1) {{(pid=95979) load_cells /opt/stack/nova/nova/context.py:509}}
Aug 19 21:18:03.886988 np0000007814 devstack@n-api-meta.service[95979]: INFO nova.utils [None req-706ceb68-693c-410b-8b21-9d912bada122 None None] The cell worker thread pool MainProcess.cell_worker is initialized
Aug 19 21:18:03.889845 np0000007814 devstack@n-api-meta.service[95979]: DEBUG oslo_concurrency.lockutils [None req-706ceb68-693c-410b-8b21-9d912bada122 None None] Acquiring lock "00000000-0000-0000-0000-000000000000" by "nova.context.set_target_cell..get_or_set_cached_cell_and_set_connections" {{(pid=95979) inner /opt/stack/data/venv/lib/python3.12/site-packages/oslo_concurrency/lockutils.py:512}}
Aug 19 21:18:03.889845 np0000007814 devstack@n-api-meta.service[95979]: DEBUG oslo_concurrency.lockutils [None req-706ceb68-693c-410b-8b21-9d912bada122 None None] Lock "00000000-0000-0000-0000-000000000000" acquired by "nova.context.set_target_cell..get_or_set_cached_cell_and_set_connections" :: waited 0.000s {{(pid=95979) inner /opt/stack/data/venv/lib/python3.12/site-packages/oslo_concurrency/lockutils.py:525}}
Aug 19 21:18:03.889955 np0000007814 devstack@n-api-meta.service[95977]: DEBUG oslo_db.sqlalchemy.engines [None req-b2de0f0a-aac8-4c85-8bf4-fcd189e79f94 None None] MySQL server mode set to STRICT_TRANS_TABLES,STRICT_ALL_TABLES,NO_ZERO_IN_DATE,NO_ZERO_DATE,ERROR_FOR_DIVISION_BY_ZERO,TRADITIONAL,NO_ENGINE_SUBSTITUTION {{(pid=95977) _check_effective_sql_mode /opt/stack/data/venv/lib/python3.12/site-packages/oslo_db/sqlalchemy/engines.py:325}}
Aug 19 21:18:03.890222 np0000007814 devstack@n-api-meta.service[95979]: DEBUG oslo_concurrency.lockutils [None req-706ceb68-693c-410b-8b21-9d912bada122 None None] Lock "00000000-0000-0000-0000-000000000000" "released" by "nova.context.set_target_cell..get_or_set_cached_cell_and_set_connections" :: held 0.001s {{(pid=95979) inner /opt/stack/data/venv/lib/python3.12/site-packages/oslo_concurrency/lockutils.py:544}}
Aug 19 21:18:03.894037 np0000007814 devstack@n-api-meta.service[95979]: DEBUG oslo_concurrency.lockutils [None req-706ceb68-693c-410b-8b21-9d912bada122 None None] Acquiring lock "f5fc9f1d-9cae-4a72-a158-ccabf2bdeeee" by "nova.context.set_target_cell..get_or_set_cached_cell_and_set_connections" {{(pid=95979) inner /opt/stack/data/venv/lib/python3.12/site-packages/oslo_concurrency/lockutils.py:512}}
Aug 19 21:18:03.894037 np0000007814 devstack@n-api-meta.service[95979]: DEBUG oslo_concurrency.lockutils [None req-706ceb68-693c-410b-8b21-9d912bada122 None None] Lock "f5fc9f1d-9cae-4a72-a158-ccabf2bdeeee" acquired by "nova.context.set_target_cell..get_or_set_cached_cell_and_set_connections" :: waited 0.000s {{(pid=95979) inner /opt/stack/data/venv/lib/python3.12/site-packages/oslo_concurrency/lockutils.py:525}}
Aug 19 21:18:03.894037 np0000007814 devstack@n-api-meta.service[95979]: DEBUG oslo_concurrency.lockutils [None req-706ceb68-693c-410b-8b21-9d912bada122 None None] Lock "f5fc9f1d-9cae-4a72-a158-ccabf2bdeeee" "released" by "nova.context.set_target_cell..get_or_set_cached_cell_and_set_connections" :: held 0.001s {{(pid=95979) inner /opt/stack/data/venv/lib/python3.12/site-packages/oslo_concurrency/lockutils.py:544}}
Aug 19 21:18:03.894826 np0000007814 devstack@n-api-meta.service[95979]: INFO dbcounter [None req-706ceb68-693c-410b-8b21-9d912bada122 None None] Registered counter for database nova_cell0
Aug 19 21:18:03.898586 np0000007814 devstack@n-api-meta.service[95979]: INFO dbcounter [None req-706ceb68-693c-410b-8b21-9d912bada122 None None] Registered counter for database nova_cell1
Aug 19 21:18:03.905335 np0000007814 devstack@n-api-meta.service[95978]: INFO dbcounter [None req-b0403200-a6e5-4fae-bd28-64003ecd8974 None None] Registered counter for database nova_api
Aug 19 21:18:03.935001 np0000007814 devstack@n-api-meta.service[95977]: DEBUG dbcounter [-] [95977] Writer thread running {{(pid=95977) stat_writer /opt/stack/data/venv/lib/python3.12/site-packages/dbcounter.py:102}}
Aug 19 21:18:03.937994 np0000007814 devstack@n-api-meta.service[95977]: DEBUG nova.context [None req-b2de0f0a-aac8-4c85-8bf4-fcd189e79f94 None None] Found 2 cells: 00000000-0000-0000-0000-000000000000(cell0),f5fc9f1d-9cae-4a72-a158-ccabf2bdeeee(cell1) {{(pid=95977) load_cells /opt/stack/nova/nova/context.py:509}}
Aug 19 21:18:03.938332 np0000007814 devstack@n-api-meta.service[95977]: INFO nova.utils [None req-b2de0f0a-aac8-4c85-8bf4-fcd189e79f94 None None] The cell worker thread pool MainProcess.cell_worker is initialized
Aug 19 21:18:03.941389 np0000007814 devstack@n-api-meta.service[95977]: DEBUG oslo_concurrency.lockutils [None req-b2de0f0a-aac8-4c85-8bf4-fcd189e79f94 None None] Acquiring lock "00000000-0000-0000-0000-000000000000" by "nova.context.set_target_cell..get_or_set_cached_cell_and_set_connections" {{(pid=95977) inner /opt/stack/data/venv/lib/python3.12/site-packages/oslo_concurrency/lockutils.py:512}}
Aug 19 21:18:03.941389 np0000007814 devstack@n-api-meta.service[95977]: DEBUG oslo_concurrency.lockutils [None req-b2de0f0a-aac8-4c85-8bf4-fcd189e79f94 None None] Lock "00000000-0000-0000-0000-000000000000" acquired by "nova.context.set_target_cell..get_or_set_cached_cell_and_set_connections" :: waited 0.000s {{(pid=95977) inner /opt/stack/data/venv/lib/python3.12/site-packages/oslo_concurrency/lockutils.py:525}}
Aug 19 21:18:03.941389 np0000007814 devstack@n-api-meta.service[95977]: DEBUG oslo_concurrency.lockutils [None req-b2de0f0a-aac8-4c85-8bf4-fcd189e79f94 None None] Lock "00000000-0000-0000-0000-000000000000" "released" by "nova.context.set_target_cell..get_or_set_cached_cell_and_set_connections" :: held 0.000s {{(pid=95977) inner /opt/stack/data/venv/lib/python3.12/site-packages/oslo_concurrency/lockutils.py:544}}
Aug 19 21:18:03.941567 np0000007814 devstack@n-api-meta.service[95977]: DEBUG oslo_concurrency.lockutils [None req-b2de0f0a-aac8-4c85-8bf4-fcd189e79f94 None None] Acquiring lock "f5fc9f1d-9cae-4a72-a158-ccabf2bdeeee" by "nova.context.set_target_cell..get_or_set_cached_cell_and_set_connections" {{(pid=95977) inner /opt/stack/data/venv/lib/python3.12/site-packages/oslo_concurrency/lockutils.py:512}}
Aug 19 21:18:03.941651 np0000007814 devstack@n-api-meta.service[95977]: DEBUG oslo_concurrency.lockutils [None req-b2de0f0a-aac8-4c85-8bf4-fcd189e79f94 None None] Lock "f5fc9f1d-9cae-4a72-a158-ccabf2bdeeee" acquired by "nova.context.set_target_cell..get_or_set_cached_cell_and_set_connections" :: waited 0.000s {{(pid=95977) inner /opt/stack/data/venv/lib/python3.12/site-packages/oslo_concurrency/lockutils.py:525}}
Aug 19 21:18:03.942479 np0000007814 devstack@n-api-meta.service[95977]: DEBUG oslo_concurrency.lockutils [None req-b2de0f0a-aac8-4c85-8bf4-fcd189e79f94 None None] Lock "f5fc9f1d-9cae-4a72-a158-ccabf2bdeeee" "released" by "nova.context.set_target_cell..get_or_set_cached_cell_and_set_connections" :: held 0.001s {{(pid=95977) inner /opt/stack/data/venv/lib/python3.12/site-packages/oslo_concurrency/lockutils.py:544}}
Aug 19 21:18:03.945495 np0000007814 devstack@n-api-meta.service[95977]: INFO dbcounter [None req-b2de0f0a-aac8-4c85-8bf4-fcd189e79f94 None None] Registered counter for database nova_cell0
Aug 19 21:18:03.946052 np0000007814 devstack@n-api-meta.service[95980]: DEBUG oslo_db.sqlalchemy.engines [None req-b537164a-8c98-48e7-abac-213a6b91bc85 None None] MySQL server mode set to STRICT_TRANS_TABLES,STRICT_ALL_TABLES,NO_ZERO_IN_DATE,NO_ZERO_DATE,ERROR_FOR_DIVISION_BY_ZERO,TRADITIONAL,NO_ENGINE_SUBSTITUTION {{(pid=95980) _check_effective_sql_mode /opt/stack/data/venv/lib/python3.12/site-packages/oslo_db/sqlalchemy/engines.py:325}}
Aug 19 21:18:03.951034 np0000007814 devstack@n-api-meta.service[95977]: INFO dbcounter [None req-b2de0f0a-aac8-4c85-8bf4-fcd189e79f94 None None] Registered counter for database nova_cell1
Aug 19 21:18:03.955053 np0000007814 devstack@n-api-meta.service[95980]: DEBUG oslo_db.sqlalchemy.engines [None req-b537164a-8c98-48e7-abac-213a6b91bc85 None None] MySQL server mode set to STRICT_TRANS_TABLES,STRICT_ALL_TABLES,NO_ZERO_IN_DATE,NO_ZERO_DATE,ERROR_FOR_DIVISION_BY_ZERO,TRADITIONAL,NO_ENGINE_SUBSTITUTION {{(pid=95980) _check_effective_sql_mode /opt/stack/data/venv/lib/python3.12/site-packages/oslo_db/sqlalchemy/engines.py:325}}
Aug 19 21:18:03.959746 np0000007814 devstack@n-api-meta.service[95979]: DEBUG oslo_db.sqlalchemy.engines [None req-706ceb68-693c-410b-8b21-9d912bada122 None None] MySQL server mode set to STRICT_TRANS_TABLES,STRICT_ALL_TABLES,NO_ZERO_IN_DATE,NO_ZERO_DATE,ERROR_FOR_DIVISION_BY_ZERO,TRADITIONAL,NO_ENGINE_SUBSTITUTION {{(pid=95979) _check_effective_sql_mode /opt/stack/data/venv/lib/python3.12/site-packages/oslo_db/sqlalchemy/engines.py:325}}
Aug 19 21:18:03.963880 np0000007814 devstack@n-api-meta.service[95978]: DEBUG oslo_db.sqlalchemy.engines [None req-b0403200-a6e5-4fae-bd28-64003ecd8974 None None] MySQL server mode set to STRICT_TRANS_TABLES,STRICT_ALL_TABLES,NO_ZERO_IN_DATE,NO_ZERO_DATE,ERROR_FOR_DIVISION_BY_ZERO,TRADITIONAL,NO_ENGINE_SUBSTITUTION {{(pid=95978) _check_effective_sql_mode /opt/stack/data/venv/lib/python3.12/site-packages/oslo_db/sqlalchemy/engines.py:325}}
Aug 19 21:18:03.974216 np0000007814 devstack@n-api-meta.service[95979]: DEBUG oslo_db.sqlalchemy.engines [None req-706ceb68-693c-410b-8b21-9d912bada122 None None] MySQL server mode set to STRICT_TRANS_TABLES,STRICT_ALL_TABLES,NO_ZERO_IN_DATE,NO_ZERO_DATE,ERROR_FOR_DIVISION_BY_ZERO,TRADITIONAL,NO_ENGINE_SUBSTITUTION {{(pid=95979) _check_effective_sql_mode /opt/stack/data/venv/lib/python3.12/site-packages/oslo_db/sqlalchemy/engines.py:325}}
Aug 19 21:18:04.003831 np0000007814 devstack@n-api-meta.service[95977]: DEBUG oslo_db.sqlalchemy.engines [None req-b2de0f0a-aac8-4c85-8bf4-fcd189e79f94 None None] MySQL server mode set to STRICT_TRANS_TABLES,STRICT_ALL_TABLES,NO_ZERO_IN_DATE,NO_ZERO_DATE,ERROR_FOR_DIVISION_BY_ZERO,TRADITIONAL,NO_ENGINE_SUBSTITUTION {{(pid=95977) _check_effective_sql_mode /opt/stack/data/venv/lib/python3.12/site-packages/oslo_db/sqlalchemy/engines.py:325}}
Aug 19 21:18:04.013764 np0000007814 devstack@n-api-meta.service[95978]: DEBUG dbcounter [-] [95978] Writer thread running {{(pid=95978) stat_writer /opt/stack/data/venv/lib/python3.12/site-packages/dbcounter.py:102}}
Aug 19 21:18:04.017794 np0000007814 devstack@n-api-meta.service[95978]: DEBUG nova.context [None req-b0403200-a6e5-4fae-bd28-64003ecd8974 None None] Found 2 cells: 00000000-0000-0000-0000-000000000000(cell0),f5fc9f1d-9cae-4a72-a158-ccabf2bdeeee(cell1) {{(pid=95978) load_cells /opt/stack/nova/nova/context.py:509}}
Aug 19 21:18:04.018129 np0000007814 devstack@n-api-meta.service[95978]: INFO nova.utils [None req-b0403200-a6e5-4fae-bd28-64003ecd8974 None None] The cell worker thread pool MainProcess.cell_worker is initialized
Aug 19 21:18:04.019982 np0000007814 devstack@n-api-meta.service[95978]: DEBUG oslo_concurrency.lockutils [None req-b0403200-a6e5-4fae-bd28-64003ecd8974 None None] Acquiring lock "00000000-0000-0000-0000-000000000000" by "nova.context.set_target_cell..get_or_set_cached_cell_and_set_connections" {{(pid=95978) inner /opt/stack/data/venv/lib/python3.12/site-packages/oslo_concurrency/lockutils.py:512}}
Aug 19 21:18:04.020253 np0000007814 devstack@n-api-meta.service[95978]: DEBUG oslo_concurrency.lockutils [None req-b0403200-a6e5-4fae-bd28-64003ecd8974 None None] Lock "00000000-0000-0000-0000-000000000000" acquired by "nova.context.set_target_cell..get_or_set_cached_cell_and_set_connections" :: waited 0.000s {{(pid=95978) inner /opt/stack/data/venv/lib/python3.12/site-packages/oslo_concurrency/lockutils.py:525}}
Aug 19 21:18:04.020633 np0000007814 devstack@n-api-meta.service[95978]: DEBUG oslo_concurrency.lockutils [None req-b0403200-a6e5-4fae-bd28-64003ecd8974 None None] Lock "00000000-0000-0000-0000-000000000000" "released" by "nova.context.set_target_cell..get_or_set_cached_cell_and_set_connections" :: held 0.000s {{(pid=95978) inner /opt/stack/data/venv/lib/python3.12/site-packages/oslo_concurrency/lockutils.py:544}}
Aug 19 21:18:04.021444 np0000007814 devstack@n-api-meta.service[95978]: DEBUG oslo_concurrency.lockutils [None req-b0403200-a6e5-4fae-bd28-64003ecd8974 None None] Acquiring lock "f5fc9f1d-9cae-4a72-a158-ccabf2bdeeee" by "nova.context.set_target_cell..get_or_set_cached_cell_and_set_connections" {{(pid=95978) inner /opt/stack/data/venv/lib/python3.12/site-packages/oslo_concurrency/lockutils.py:512}}
Aug 19 21:18:04.021611 np0000007814 devstack@n-api-meta.service[95978]: DEBUG oslo_concurrency.lockutils [None req-b0403200-a6e5-4fae-bd28-64003ecd8974 None None] Lock "f5fc9f1d-9cae-4a72-a158-ccabf2bdeeee" acquired by "nova.context.set_target_cell..get_or_set_cached_cell_and_set_connections" :: waited 0.000s {{(pid=95978) inner /opt/stack/data/venv/lib/python3.12/site-packages/oslo_concurrency/lockutils.py:525}}
Aug 19 21:18:04.024358 np0000007814 devstack@n-api-meta.service[95978]: DEBUG oslo_concurrency.lockutils [None req-b0403200-a6e5-4fae-bd28-64003ecd8974 None None] Lock "f5fc9f1d-9cae-4a72-a158-ccabf2bdeeee" "released" by "nova.context.set_target_cell..get_or_set_cached_cell_and_set_connections" :: held 0.001s {{(pid=95978) inner /opt/stack/data/venv/lib/python3.12/site-packages/oslo_concurrency/lockutils.py:544}}
Aug 19 21:18:04.024358 np0000007814 devstack@n-api-meta.service[95978]: INFO dbcounter [None req-b0403200-a6e5-4fae-bd28-64003ecd8974 None None] Registered counter for database nova_cell0
Aug 19 21:18:04.027871 np0000007814 devstack@n-api-meta.service[95978]: INFO dbcounter [None req-b0403200-a6e5-4fae-bd28-64003ecd8974 None None] Registered counter for database nova_cell1
Aug 19 21:18:04.048124 np0000007814 devstack@n-api-meta.service[95980]: DEBUG dbcounter [-] [95980] Writer thread running {{(pid=95980) stat_writer /opt/stack/data/venv/lib/python3.12/site-packages/dbcounter.py:102}}
Aug 19 21:18:04.053020 np0000007814 devstack@n-api-meta.service[95980]: DEBUG dbcounter [-] [95980] Writer thread running {{(pid=95980) stat_writer /opt/stack/data/venv/lib/python3.12/site-packages/dbcounter.py:102}}
Aug 19 21:18:04.061215 np0000007814 devstack@n-api-meta.service[95980]: INFO dbcounter [None req-b537164a-8c98-48e7-abac-213a6b91bc85 None None] Registered counter for database nova_cell0
Aug 19 21:18:04.066606 np0000007814 devstack@n-api-meta.service[95979]: DEBUG dbcounter [-] [95979] Writer thread running {{(pid=95979) stat_writer /opt/stack/data/venv/lib/python3.12/site-packages/dbcounter.py:102}}
Aug 19 21:18:04.074064 np0000007814 devstack@n-api-meta.service[95979]: DEBUG dbcounter [-] [95979] Writer thread running {{(pid=95979) stat_writer /opt/stack/data/venv/lib/python3.12/site-packages/dbcounter.py:102}}
Aug 19 21:18:04.075688 np0000007814 devstack@n-api-meta.service[95977]: DEBUG oslo_db.sqlalchemy.engines [None req-b2de0f0a-aac8-4c85-8bf4-fcd189e79f94 None None] MySQL server mode set to STRICT_TRANS_TABLES,STRICT_ALL_TABLES,NO_ZERO_IN_DATE,NO_ZERO_DATE,ERROR_FOR_DIVISION_BY_ZERO,TRADITIONAL,NO_ENGINE_SUBSTITUTION {{(pid=95977) _check_effective_sql_mode /opt/stack/data/venv/lib/python3.12/site-packages/oslo_db/sqlalchemy/engines.py:325}}
Aug 19 21:18:04.078726 np0000007814 devstack@n-api-meta.service[95979]: INFO dbcounter [None req-706ceb68-693c-410b-8b21-9d912bada122 None None] Registered counter for database nova_cell0
Aug 19 21:18:04.092380 np0000007814 devstack@n-api-meta.service[95978]: DEBUG oslo_db.sqlalchemy.engines [None req-b0403200-a6e5-4fae-bd28-64003ecd8974 None None] MySQL server mode set to STRICT_TRANS_TABLES,STRICT_ALL_TABLES,NO_ZERO_IN_DATE,NO_ZERO_DATE,ERROR_FOR_DIVISION_BY_ZERO,TRADITIONAL,NO_ENGINE_SUBSTITUTION {{(pid=95978) _check_effective_sql_mode /opt/stack/data/venv/lib/python3.12/site-packages/oslo_db/sqlalchemy/engines.py:325}}
Aug 19 21:18:04.094681 np0000007814 devstack@n-api-meta.service[95978]: DEBUG oslo_db.sqlalchemy.engines [None req-b0403200-a6e5-4fae-bd28-64003ecd8974 None None] MySQL server mode set to STRICT_TRANS_TABLES,STRICT_ALL_TABLES,NO_ZERO_IN_DATE,NO_ZERO_DATE,ERROR_FOR_DIVISION_BY_ZERO,TRADITIONAL,NO_ENGINE_SUBSTITUTION {{(pid=95978) _check_effective_sql_mode /opt/stack/data/venv/lib/python3.12/site-packages/oslo_db/sqlalchemy/engines.py:325}}
Aug 19 21:18:04.107268 np0000007814 devstack@n-api-meta.service[95980]: DEBUG oslo_db.sqlalchemy.engines [None req-b537164a-8c98-48e7-abac-213a6b91bc85 None None] MySQL server mode set to STRICT_TRANS_TABLES,STRICT_ALL_TABLES,NO_ZERO_IN_DATE,NO_ZERO_DATE,ERROR_FOR_DIVISION_BY_ZERO,TRADITIONAL,NO_ENGINE_SUBSTITUTION {{(pid=95980) _check_effective_sql_mode /opt/stack/data/venv/lib/python3.12/site-packages/oslo_db/sqlalchemy/engines.py:325}}
Aug 19 21:18:04.115932 np0000007814 devstack@n-api-meta.service[95980]: DEBUG dbcounter [-] [95980] Writer thread running {{(pid=95980) stat_writer /opt/stack/data/venv/lib/python3.12/site-packages/dbcounter.py:102}}
Aug 19 21:18:04.130280 np0000007814 devstack@n-api-meta.service[95979]: DEBUG oslo_db.sqlalchemy.engines [None req-706ceb68-693c-410b-8b21-9d912bada122 None None] MySQL server mode set to STRICT_TRANS_TABLES,STRICT_ALL_TABLES,NO_ZERO_IN_DATE,NO_ZERO_DATE,ERROR_FOR_DIVISION_BY_ZERO,TRADITIONAL,NO_ENGINE_SUBSTITUTION {{(pid=95979) _check_effective_sql_mode /opt/stack/data/venv/lib/python3.12/site-packages/oslo_db/sqlalchemy/engines.py:325}}
Aug 19 21:18:04.136770 np0000007814 devstack@n-api-meta.service[95977]: DEBUG dbcounter [-] [95977] Writer thread running {{(pid=95977) stat_writer /opt/stack/data/venv/lib/python3.12/site-packages/dbcounter.py:102}}
Aug 19 21:18:04.138289 np0000007814 devstack@n-api-meta.service[95979]: DEBUG dbcounter [-] [95979] Writer thread running {{(pid=95979) stat_writer /opt/stack/data/venv/lib/python3.12/site-packages/dbcounter.py:102}}
Aug 19 21:18:04.144970 np0000007814 devstack@n-api-meta.service[95977]: DEBUG dbcounter [-] [95977] Writer thread running {{(pid=95977) stat_writer /opt/stack/data/venv/lib/python3.12/site-packages/dbcounter.py:102}}
Aug 19 21:18:04.150851 np0000007814 devstack@n-api-meta.service[95977]: INFO dbcounter [None req-b2de0f0a-aac8-4c85-8bf4-fcd189e79f94 None None] Registered counter for database nova_cell0
Aug 19 21:18:04.154804 np0000007814 devstack@n-api-meta.service[95980]: WARNING nova.api.metadata.handler [None req-b537164a-8c98-48e7-abac-213a6b91bc85 None None] metadata_proxy_shared_secret is not configured, the metadata information returned by the proxy cannot be trusted
Aug 19 21:18:04.156639 np0000007814 devstack@n-api-meta.service[95980]: DEBUG nova.api.openstack.wsgi_app [None req-b537164a-8c98-48e7-abac-213a6b91bc85 None None] ******************************************************************************** {{(pid=95980) log_opt_values /opt/stack/data/venv/lib/python3.12/site-packages/oslo_config/cfg.py:3533}}
Aug 19 21:18:04.156639 np0000007814 devstack@n-api-meta.service[95980]: DEBUG nova.api.openstack.wsgi_app [None req-b537164a-8c98-48e7-abac-213a6b91bc85 None None] Configuration options gathered from: {{(pid=95980) log_opt_values /opt/stack/data/venv/lib/python3.12/site-packages/oslo_config/cfg.py:3534}}
Aug 19 21:18:04.156639 np0000007814 devstack@n-api-meta.service[95980]: DEBUG nova.api.openstack.wsgi_app [None req-b537164a-8c98-48e7-abac-213a6b91bc85 None None] command line args: [] {{(pid=95980) log_opt_values /opt/stack/data/venv/lib/python3.12/site-packages/oslo_config/cfg.py:3535}}
Aug 19 21:18:04.156639 np0000007814 devstack@n-api-meta.service[95980]: DEBUG nova.api.openstack.wsgi_app [None req-b537164a-8c98-48e7-abac-213a6b91bc85 None None] config files: ['/etc/nova/api-paste.ini', '/etc/nova/nova.conf'] {{(pid=95980) log_opt_values /opt/stack/data/venv/lib/python3.12/site-packages/oslo_config/cfg.py:3536}}
Aug 19 21:18:04.156639 np0000007814 devstack@n-api-meta.service[95980]: DEBUG nova.api.openstack.wsgi_app [None req-b537164a-8c98-48e7-abac-213a6b91bc85 None None] ================================================================================ {{(pid=95980) log_opt_values /opt/stack/data/venv/lib/python3.12/site-packages/oslo_config/cfg.py:3541}}
Aug 19 21:18:04.156639 np0000007814 devstack@n-api-meta.service[95980]: DEBUG nova.api.openstack.wsgi_app [None req-b537164a-8c98-48e7-abac-213a6b91bc85 None None] allow_resize_to_same_host = True {{(pid=95980) log_opt_values /opt/stack/data/venv/lib/python3.12/site-packages/oslo_config/cfg.py:3549}}
Aug 19 21:18:04.156639 np0000007814 devstack@n-api-meta.service[95980]: DEBUG nova.api.openstack.wsgi_app [None req-b537164a-8c98-48e7-abac-213a6b91bc85 None None] arq_binding_timeout = 300 {{(pid=95980) log_opt_values /opt/stack/data/venv/lib/python3.12/site-packages/oslo_config/cfg.py:3549}}
Aug 19 21:18:04.156911 np0000007814 devstack@n-api-meta.service[95980]: DEBUG nova.api.openstack.wsgi_app [None req-b537164a-8c98-48e7-abac-213a6b91bc85 None None] block_device_allocate_retries = 60 {{(pid=95980) log_opt_values /opt/stack/data/venv/lib/python3.12/site-packages/oslo_config/cfg.py:3549}}
Aug 19 21:18:04.156911 np0000007814 devstack@n-api-meta.service[95980]: DEBUG nova.api.openstack.wsgi_app [None req-b537164a-8c98-48e7-abac-213a6b91bc85 None None] block_device_allocate_retries_interval = 3 {{(pid=95980) log_opt_values /opt/stack/data/venv/lib/python3.12/site-packages/oslo_config/cfg.py:3549}}
Aug 19 21:18:04.156981 np0000007814 devstack@n-api-meta.service[95980]: DEBUG nova.api.openstack.wsgi_app [None req-b537164a-8c98-48e7-abac-213a6b91bc85 None None] cell_worker_thread_pool_size = 5 {{(pid=95980) log_opt_values /opt/stack/data/venv/lib/python3.12/site-packages/oslo_config/cfg.py:3549}}
Aug 19 21:18:04.157137 np0000007814 devstack@n-api-meta.service[95980]: DEBUG nova.api.openstack.wsgi_app [None req-b537164a-8c98-48e7-abac-213a6b91bc85 None None] cert = self.pem {{(pid=95980) log_opt_values /opt/stack/data/venv/lib/python3.12/site-packages/oslo_config/cfg.py:3549}}
Aug 19 21:18:04.157272 np0000007814 devstack@n-api-meta.service[95980]: DEBUG nova.api.openstack.wsgi_app [None req-b537164a-8c98-48e7-abac-213a6b91bc85 None None] compute_driver = libvirt.LibvirtDriver {{(pid=95980) log_opt_values /opt/stack/data/venv/lib/python3.12/site-packages/oslo_config/cfg.py:3549}}
Aug 19 21:18:04.157448 np0000007814 devstack@n-api-meta.service[95980]: DEBUG nova.api.openstack.wsgi_app [None req-b537164a-8c98-48e7-abac-213a6b91bc85 None None] compute_monitors = [] {{(pid=95980) log_opt_values /opt/stack/data/venv/lib/python3.12/site-packages/oslo_config/cfg.py:3549}}
Aug 19 21:18:04.158628 np0000007814 devstack@n-api-meta.service[95980]: DEBUG nova.api.openstack.wsgi_app [None req-b537164a-8c98-48e7-abac-213a6b91bc85 None None] concurrency_backend = auto {{(pid=95980) log_opt_values /opt/stack/data/venv/lib/python3.12/site-packages/oslo_config/cfg.py:3549}}
Aug 19 21:18:04.158628 np0000007814 devstack@n-api-meta.service[95980]: DEBUG nova.api.openstack.wsgi_app [None req-b537164a-8c98-48e7-abac-213a6b91bc85 None None] config_dir = [] {{(pid=95980) log_opt_values /opt/stack/data/venv/lib/python3.12/site-packages/oslo_config/cfg.py:3549}}
Aug 19 21:18:04.158628 np0000007814 devstack@n-api-meta.service[95980]: DEBUG nova.api.openstack.wsgi_app [None req-b537164a-8c98-48e7-abac-213a6b91bc85 None None] config_drive_format = iso9660 {{(pid=95980) log_opt_values /opt/stack/data/venv/lib/python3.12/site-packages/oslo_config/cfg.py:3549}}
Aug 19 21:18:04.158628 np0000007814 devstack@n-api-meta.service[95980]: DEBUG nova.api.openstack.wsgi_app [None req-b537164a-8c98-48e7-abac-213a6b91bc85 None None] config_file = ['/etc/nova/api-paste.ini', '/etc/nova/nova.conf'] {{(pid=95980) log_opt_values /opt/stack/data/venv/lib/python3.12/site-packages/oslo_config/cfg.py:3549}}
Aug 19 21:18:04.158628 np0000007814 devstack@n-api-meta.service[95980]: DEBUG nova.api.openstack.wsgi_app [None req-b537164a-8c98-48e7-abac-213a6b91bc85 None None] config_source = [] {{(pid=95980) log_opt_values /opt/stack/data/venv/lib/python3.12/site-packages/oslo_config/cfg.py:3549}}
Aug 19 21:18:04.158628 np0000007814 devstack@n-api-meta.service[95980]: DEBUG nova.api.openstack.wsgi_app [None req-b537164a-8c98-48e7-abac-213a6b91bc85 None None] console_host = np0000007814 {{(pid=95980) log_opt_values /opt/stack/data/venv/lib/python3.12/site-packages/oslo_config/cfg.py:3549}}
Aug 19 21:18:04.158880 np0000007814 devstack@n-api-meta.service[95980]: DEBUG nova.api.openstack.wsgi_app [None req-b537164a-8c98-48e7-abac-213a6b91bc85 None None] control_exchange = nova {{(pid=95980) log_opt_values /opt/stack/data/venv/lib/python3.12/site-packages/oslo_config/cfg.py:3549}}
Aug 19 21:18:04.158880 np0000007814 devstack@n-api-meta.service[95980]: DEBUG nova.api.openstack.wsgi_app [None req-b537164a-8c98-48e7-abac-213a6b91bc85 None None] cpu_allocation_ratio = None {{(pid=95980) log_opt_values /opt/stack/data/venv/lib/python3.12/site-packages/oslo_config/cfg.py:3549}}
Aug 19 21:18:04.159076 np0000007814 devstack@n-api-meta.service[95980]: DEBUG nova.api.openstack.wsgi_app [None req-b537164a-8c98-48e7-abac-213a6b91bc85 None None] daemon = False {{(pid=95980) log_opt_values /opt/stack/data/venv/lib/python3.12/site-packages/oslo_config/cfg.py:3549}}
Aug 19 21:18:04.160361 np0000007814 devstack@n-api-meta.service[95980]: DEBUG nova.api.openstack.wsgi_app [None req-b537164a-8c98-48e7-abac-213a6b91bc85 None None] debug = True {{(pid=95980) log_opt_values /opt/stack/data/venv/lib/python3.12/site-packages/oslo_config/cfg.py:3549}}
Aug 19 21:18:04.160361 np0000007814 devstack@n-api-meta.service[95980]: DEBUG nova.api.openstack.wsgi_app [None req-b537164a-8c98-48e7-abac-213a6b91bc85 None None] default_access_ip_network_name = None {{(pid=95980) log_opt_values /opt/stack/data/venv/lib/python3.12/site-packages/oslo_config/cfg.py:3549}}
Aug 19 21:18:04.160361 np0000007814 devstack@n-api-meta.service[95980]: DEBUG nova.api.openstack.wsgi_app [None req-b537164a-8c98-48e7-abac-213a6b91bc85 None None] default_availability_zone = nova {{(pid=95980) log_opt_values /opt/stack/data/venv/lib/python3.12/site-packages/oslo_config/cfg.py:3549}}
Aug 19 21:18:04.160361 np0000007814 devstack@n-api-meta.service[95980]: DEBUG nova.api.openstack.wsgi_app [None req-b537164a-8c98-48e7-abac-213a6b91bc85 None None] default_ephemeral_format = ext4 {{(pid=95980) log_opt_values /opt/stack/data/venv/lib/python3.12/site-packages/oslo_config/cfg.py:3549}}
Aug 19 21:18:04.160361 np0000007814 devstack@n-api-meta.service[95980]: DEBUG nova.api.openstack.wsgi_app [None req-b537164a-8c98-48e7-abac-213a6b91bc85 None None] default_green_pool_size = 1000 {{(pid=95980) log_opt_values /opt/stack/data/venv/lib/python3.12/site-packages/oslo_config/cfg.py:3549}}
Aug 19 21:18:04.160536 np0000007814 devstack@n-api-meta.service[95980]: DEBUG nova.api.openstack.wsgi_app [None req-b537164a-8c98-48e7-abac-213a6b91bc85 None None] default_log_levels = ['amqp=WARN', 'boto=WARN', 'sqlalchemy=WARN', 'suds=INFO', 'oslo.messaging=INFO', 'oslo_messaging=INFO', 'iso8601=WARN', 'requests.packages.urllib3.connectionpool=WARN', 'urllib3.connectionpool=WARN', 'websocket=WARN', 'requests.packages.urllib3.util.retry=WARN', 'urllib3.util.retry=WARN', 'keystonemiddleware=WARN', 'routes.middleware=WARN', 'stevedore=WARN', 'taskflow=WARN', 'keystoneauth=WARN', 'oslo.cache=INFO', 'oslo_policy=INFO', 'dogpile.core.dogpile=INFO', 'glanceclient=WARN', 'oslo.privsep.daemon=INFO'] {{(pid=95980) log_opt_values /opt/stack/data/venv/lib/python3.12/site-packages/oslo_config/cfg.py:3549}}
Aug 19 21:18:04.160536 np0000007814 devstack@n-api-meta.service[95980]: DEBUG nova.api.openstack.wsgi_app [None req-b537164a-8c98-48e7-abac-213a6b91bc85 None None] default_schedule_zone = None {{(pid=95980) log_opt_values /opt/stack/data/venv/lib/python3.12/site-packages/oslo_config/cfg.py:3549}}
Aug 19 21:18:04.160687 np0000007814 devstack@n-api-meta.service[95980]: DEBUG nova.api.openstack.wsgi_app [None req-b537164a-8c98-48e7-abac-213a6b91bc85 None None] default_thread_pool_size = 10 {{(pid=95980) log_opt_values /opt/stack/data/venv/lib/python3.12/site-packages/oslo_config/cfg.py:3549}}
Aug 19 21:18:04.160865 np0000007814 devstack@n-api-meta.service[95980]: DEBUG nova.api.openstack.wsgi_app [None req-b537164a-8c98-48e7-abac-213a6b91bc85 None None] disk_allocation_ratio = None {{(pid=95980) log_opt_values /opt/stack/data/venv/lib/python3.12/site-packages/oslo_config/cfg.py:3549}}
Aug 19 21:18:04.161069 np0000007814 devstack@n-api-meta.service[95980]: DEBUG nova.api.openstack.wsgi_app [None req-b537164a-8c98-48e7-abac-213a6b91bc85 None None] enable_new_services = True {{(pid=95980) log_opt_values /opt/stack/data/venv/lib/python3.12/site-packages/oslo_config/cfg.py:3549}}
Aug 19 21:18:04.161267 np0000007814 devstack@n-api-meta.service[95980]: DEBUG nova.api.openstack.wsgi_app [None req-b537164a-8c98-48e7-abac-213a6b91bc85 None None] flat_injected = False {{(pid=95980) log_opt_values /opt/stack/data/venv/lib/python3.12/site-packages/oslo_config/cfg.py:3549}}
Aug 19 21:18:04.161463 np0000007814 devstack@n-api-meta.service[95980]: DEBUG nova.api.openstack.wsgi_app [None req-b537164a-8c98-48e7-abac-213a6b91bc85 None None] force_config_drive = True {{(pid=95980) log_opt_values /opt/stack/data/venv/lib/python3.12/site-packages/oslo_config/cfg.py:3549}}
Aug 19 21:18:04.162565 np0000007814 devstack@n-api-meta.service[95980]: DEBUG nova.api.openstack.wsgi_app [None req-b537164a-8c98-48e7-abac-213a6b91bc85 None None] force_raw_images = True {{(pid=95980) log_opt_values /opt/stack/data/venv/lib/python3.12/site-packages/oslo_config/cfg.py:3549}}
Aug 19 21:18:04.162565 np0000007814 devstack@n-api-meta.service[95980]: DEBUG nova.api.openstack.wsgi_app [None req-b537164a-8c98-48e7-abac-213a6b91bc85 None None] graceful_shutdown_timeout = 5 {{(pid=95980) log_opt_values /opt/stack/data/venv/lib/python3.12/site-packages/oslo_config/cfg.py:3549}}
Aug 19 21:18:04.162565 np0000007814 devstack@n-api-meta.service[95980]: DEBUG nova.api.openstack.wsgi_app [None req-b537164a-8c98-48e7-abac-213a6b91bc85 None None] heal_instance_info_cache_interval = -1 {{(pid=95980) log_opt_values /opt/stack/data/venv/lib/python3.12/site-packages/oslo_config/cfg.py:3549}}
Aug 19 21:18:04.162565 np0000007814 devstack@n-api-meta.service[95980]: DEBUG nova.api.openstack.wsgi_app [None req-b537164a-8c98-48e7-abac-213a6b91bc85 None None] host = np0000007814 {{(pid=95980) log_opt_values /opt/stack/data/venv/lib/python3.12/site-packages/oslo_config/cfg.py:3549}}
Aug 19 21:18:04.162565 np0000007814 devstack@n-api-meta.service[95980]: DEBUG nova.api.openstack.wsgi_app [None req-b537164a-8c98-48e7-abac-213a6b91bc85 None None] initial_cpu_allocation_ratio = 4.0 {{(pid=95980) log_opt_values /opt/stack/data/venv/lib/python3.12/site-packages/oslo_config/cfg.py:3549}}
Aug 19 21:18:04.162565 np0000007814 devstack@n-api-meta.service[95980]: DEBUG nova.api.openstack.wsgi_app [None req-b537164a-8c98-48e7-abac-213a6b91bc85 None None] initial_disk_allocation_ratio = 1.0 {{(pid=95980) log_opt_values /opt/stack/data/venv/lib/python3.12/site-packages/oslo_config/cfg.py:3549}}
Aug 19 21:18:04.162565 np0000007814 devstack@n-api-meta.service[95980]: DEBUG nova.api.openstack.wsgi_app [None req-b537164a-8c98-48e7-abac-213a6b91bc85 None None] initial_ram_allocation_ratio = 1.0 {{(pid=95980) log_opt_values /opt/stack/data/venv/lib/python3.12/site-packages/oslo_config/cfg.py:3549}}
Aug 19 21:18:04.162820 np0000007814 devstack@n-api-meta.service[95980]: DEBUG nova.api.openstack.wsgi_app [None req-b537164a-8c98-48e7-abac-213a6b91bc85 None None] injected_network_template = /opt/stack/nova/nova/virt/interfaces.template {{(pid=95980) log_opt_values /opt/stack/data/venv/lib/python3.12/site-packages/oslo_config/cfg.py:3549}}
Aug 19 21:18:04.162820 np0000007814 devstack@n-api-meta.service[95980]: DEBUG nova.api.openstack.wsgi_app [None req-b537164a-8c98-48e7-abac-213a6b91bc85 None None] instance_build_timeout = 0 {{(pid=95980) log_opt_values /opt/stack/data/venv/lib/python3.12/site-packages/oslo_config/cfg.py:3549}}
Aug 19 21:18:04.162899 np0000007814 devstack@n-api-meta.service[95980]: DEBUG nova.api.openstack.wsgi_app [None req-b537164a-8c98-48e7-abac-213a6b91bc85 None None] instance_delete_interval = 300 {{(pid=95980) log_opt_values /opt/stack/data/venv/lib/python3.12/site-packages/oslo_config/cfg.py:3549}}
Aug 19 21:18:04.162995 np0000007814 devstack@n-api-meta.service[95980]: DEBUG nova.api.openstack.wsgi_app [None req-b537164a-8c98-48e7-abac-213a6b91bc85 None None] instance_format = [instance: %(uuid)s] {{(pid=95980) log_opt_values /opt/stack/data/venv/lib/python3.12/site-packages/oslo_config/cfg.py:3549}}
Aug 19 21:18:04.163147 np0000007814 devstack@n-api-meta.service[95980]: DEBUG nova.api.openstack.wsgi_app [None req-b537164a-8c98-48e7-abac-213a6b91bc85 None None] instance_name_template = instance-%08x {{(pid=95980) log_opt_values /opt/stack/data/venv/lib/python3.12/site-packages/oslo_config/cfg.py:3549}}
Aug 19 21:18:04.163258 np0000007814 devstack@n-api-meta.service[95980]: DEBUG nova.api.openstack.wsgi_app [None req-b537164a-8c98-48e7-abac-213a6b91bc85 None None] instance_usage_audit = False {{(pid=95980) log_opt_values /opt/stack/data/venv/lib/python3.12/site-packages/oslo_config/cfg.py:3549}}
Aug 19 21:18:04.163379 np0000007814 devstack@n-api-meta.service[95980]: DEBUG nova.api.openstack.wsgi_app [None req-b537164a-8c98-48e7-abac-213a6b91bc85 None None] instance_usage_audit_period = month {{(pid=95980) log_opt_values /opt/stack/data/venv/lib/python3.12/site-packages/oslo_config/cfg.py:3549}}
Aug 19 21:18:04.163495 np0000007814 devstack@n-api-meta.service[95980]: DEBUG nova.api.openstack.wsgi_app [None req-b537164a-8c98-48e7-abac-213a6b91bc85 None None] instance_uuid_format = [instance: %(uuid)s] {{(pid=95980) log_opt_values /opt/stack/data/venv/lib/python3.12/site-packages/oslo_config/cfg.py:3549}}
Aug 19 21:18:04.163608 np0000007814 devstack@n-api-meta.service[95980]: DEBUG nova.api.openstack.wsgi_app [None req-b537164a-8c98-48e7-abac-213a6b91bc85 None None] instances_path = /opt/stack/data/nova/instances {{(pid=95980) log_opt_values /opt/stack/data/venv/lib/python3.12/site-packages/oslo_config/cfg.py:3549}}
Aug 19 21:18:04.163747 np0000007814 devstack@n-api-meta.service[95980]: DEBUG nova.api.openstack.wsgi_app [None req-b537164a-8c98-48e7-abac-213a6b91bc85 None None] internal_service_availability_zone = internal {{(pid=95980) log_opt_values /opt/stack/data/venv/lib/python3.12/site-packages/oslo_config/cfg.py:3549}}
Aug 19 21:18:04.163882 np0000007814 devstack@n-api-meta.service[95980]: DEBUG nova.api.openstack.wsgi_app [None req-b537164a-8c98-48e7-abac-213a6b91bc85 None None] key = None {{(pid=95980) log_opt_values /opt/stack/data/venv/lib/python3.12/site-packages/oslo_config/cfg.py:3549}}
Aug 19 21:18:04.163998 np0000007814 devstack@n-api-meta.service[95980]: DEBUG nova.api.openstack.wsgi_app [None req-b537164a-8c98-48e7-abac-213a6b91bc85 None None] live_migration_retry_count = 30 {{(pid=95980) log_opt_values /opt/stack/data/venv/lib/python3.12/site-packages/oslo_config/cfg.py:3549}}
Aug 19 21:18:04.164150 np0000007814 devstack@n-api-meta.service[95980]: DEBUG nova.api.openstack.wsgi_app [None req-b537164a-8c98-48e7-abac-213a6b91bc85 None None] log_color = False {{(pid=95980) log_opt_values /opt/stack/data/venv/lib/python3.12/site-packages/oslo_config/cfg.py:3549}}
Aug 19 21:18:04.164278 np0000007814 devstack@n-api-meta.service[95980]: DEBUG nova.api.openstack.wsgi_app [None req-b537164a-8c98-48e7-abac-213a6b91bc85 None None] log_config_append = None {{(pid=95980) log_opt_values /opt/stack/data/venv/lib/python3.12/site-packages/oslo_config/cfg.py:3549}}
Aug 19 21:18:04.164392 np0000007814 devstack@n-api-meta.service[95980]: DEBUG nova.api.openstack.wsgi_app [None req-b537164a-8c98-48e7-abac-213a6b91bc85 None None] log_date_format = %Y-%m-%d %H:%M:%S {{(pid=95980) log_opt_values /opt/stack/data/venv/lib/python3.12/site-packages/oslo_config/cfg.py:3549}}
Aug 19 21:18:04.164503 np0000007814 devstack@n-api-meta.service[95980]: DEBUG nova.api.openstack.wsgi_app [None req-b537164a-8c98-48e7-abac-213a6b91bc85 None None] log_dir = None {{(pid=95980) log_opt_values /opt/stack/data/venv/lib/python3.12/site-packages/oslo_config/cfg.py:3549}}
Aug 19 21:18:04.164611 np0000007814 devstack@n-api-meta.service[95980]: DEBUG nova.api.openstack.wsgi_app [None req-b537164a-8c98-48e7-abac-213a6b91bc85 None None] log_file = None {{(pid=95980) log_opt_values /opt/stack/data/venv/lib/python3.12/site-packages/oslo_config/cfg.py:3549}}
Aug 19 21:18:04.164728 np0000007814 devstack@n-api-meta.service[95980]: DEBUG nova.api.openstack.wsgi_app [None req-b537164a-8c98-48e7-abac-213a6b91bc85 None None] log_options = True {{(pid=95980) log_opt_values /opt/stack/data/venv/lib/python3.12/site-packages/oslo_config/cfg.py:3549}}
Aug 19 21:18:04.164860 np0000007814 devstack@n-api-meta.service[95980]: DEBUG nova.api.openstack.wsgi_app [None req-b537164a-8c98-48e7-abac-213a6b91bc85 None None] log_rotate_interval = 1 {{(pid=95980) log_opt_values /opt/stack/data/venv/lib/python3.12/site-packages/oslo_config/cfg.py:3549}}
Aug 19 21:18:04.164981 np0000007814 devstack@n-api-meta.service[95980]: DEBUG nova.api.openstack.wsgi_app [None req-b537164a-8c98-48e7-abac-213a6b91bc85 None None] log_rotate_interval_type = days {{(pid=95980) log_opt_values /opt/stack/data/venv/lib/python3.12/site-packages/oslo_config/cfg.py:3549}}
Aug 19 21:18:04.165147 np0000007814 devstack@n-api-meta.service[95980]: DEBUG nova.api.openstack.wsgi_app [None req-b537164a-8c98-48e7-abac-213a6b91bc85 None None] log_rotation_type = none {{(pid=95980) log_opt_values /opt/stack/data/venv/lib/python3.12/site-packages/oslo_config/cfg.py:3549}}
Aug 19 21:18:04.165242 np0000007814 devstack@n-api-meta.service[95980]: DEBUG nova.api.openstack.wsgi_app [None req-b537164a-8c98-48e7-abac-213a6b91bc85 None None] logging_context_format_string = %(color)s%(levelname)s %(name)s [%(global_request_id)s %(request_id)s %(project_name)s %(user_name)s%(color)s] %(instance)s%(color)s%(message)s {{(pid=95980) log_opt_values /opt/stack/data/venv/lib/python3.12/site-packages/oslo_config/cfg.py:3549}}
Aug 19 21:18:04.165337 np0000007814 devstack@n-api-meta.service[95980]: DEBUG nova.api.openstack.wsgi_app [None req-b537164a-8c98-48e7-abac-213a6b91bc85 None None] logging_debug_format_suffix = {{(pid=%(process)d) %(funcName)s %(pathname)s:%(lineno)d}} {{(pid=95980) log_opt_values /opt/stack/data/venv/lib/python3.12/site-packages/oslo_config/cfg.py:3549}}
Aug 19 21:18:04.165451 np0000007814 devstack@n-api-meta.service[95980]: DEBUG nova.api.openstack.wsgi_app [None req-b537164a-8c98-48e7-abac-213a6b91bc85 None None] logging_default_format_string = %(color)s%(levelname)s %(name)s [-%(color)s] %(instance)s%(color)s%(message)s {{(pid=95980) log_opt_values /opt/stack/data/venv/lib/python3.12/site-packages/oslo_config/cfg.py:3549}}
Aug 19 21:18:04.165568 np0000007814 devstack@n-api-meta.service[95980]: DEBUG nova.api.openstack.wsgi_app [None req-b537164a-8c98-48e7-abac-213a6b91bc85 None None] logging_exception_prefix = ERROR %(name)s %(instance)s {{(pid=95980) log_opt_values /opt/stack/data/venv/lib/python3.12/site-packages/oslo_config/cfg.py:3549}}
Aug 19 21:18:04.165672 np0000007814 devstack@n-api-meta.service[95980]: DEBUG nova.api.openstack.wsgi_app [None req-b537164a-8c98-48e7-abac-213a6b91bc85 None None] logging_user_identity_format = %(user)s %(project)s %(domain)s %(system_scope)s %(user_domain)s %(project_domain)s {{(pid=95980) log_opt_values /opt/stack/data/venv/lib/python3.12/site-packages/oslo_config/cfg.py:3549}}
Aug 19 21:18:04.165825 np0000007814 devstack@n-api-meta.service[95980]: DEBUG nova.api.openstack.wsgi_app [None req-b537164a-8c98-48e7-abac-213a6b91bc85 None None] long_rpc_timeout = 1800 {{(pid=95980) log_opt_values /opt/stack/data/venv/lib/python3.12/site-packages/oslo_config/cfg.py:3549}}
Aug 19 21:18:04.165956 np0000007814 devstack@n-api-meta.service[95980]: DEBUG nova.api.openstack.wsgi_app [None req-b537164a-8c98-48e7-abac-213a6b91bc85 None None] manager_shutdown_timeout = 160 {{(pid=95980) log_opt_values /opt/stack/data/venv/lib/python3.12/site-packages/oslo_config/cfg.py:3549}}
