Jul 24 06:33:32.381942 np0000005813 devstack@g-api.service[99761]: DEBUG glance.api.middleware.version_negotiation [None req-277f72bc-c2cc-4cd2-800d-9fe60a5d7340 service glance] Using url versioning {{(pid=99761) process_request /opt/stack/glance/glance/api/middleware/version_negotiation.py:57}}
Jul 24 06:33:32.382049 np0000005813 devstack@g-api.service[99761]: DEBUG glance.api.middleware.version_negotiation [None req-277f72bc-c2cc-4cd2-800d-9fe60a5d7340 service glance] Matched version: v2 {{(pid=99761) process_request /opt/stack/glance/glance/api/middleware/version_negotiation.py:69}}
Jul 24 06:33:32.382147 np0000005813 devstack@g-api.service[99761]: DEBUG glance.api.middleware.version_negotiation [None req-277f72bc-c2cc-4cd2-800d-9fe60a5d7340 service glance] new path /v2/images/c4c51faf-e2e5-4685-a134-2fce1ec1b54f {{(pid=99761) process_request /opt/stack/glance/glance/api/middleware/version_negotiation.py:70}}
Jul 24 06:33:32.398086 np0000005813 devstack@g-api.service[99761]: [pid: 99761|app: 0|req: 13/54] 127.0.0.1 () {44 vars in 1115 bytes} [Fri Jul 24 06:33:32 2026] GET /v2/images/c4c51faf-e2e5-4685-a134-2fce1ec1b54f => generated 1044 bytes in 16 msecs (HTTP/1.1 200) 4 headers in 158 bytes (1 switches on core 0)
Jul 24 06:33:32.406007 np0000005813 devstack@g-api.service[99763]: [pid: 99763|app: 0|req: 16/55] 127.0.0.1 () {44 vars in 1125 bytes} [Fri Jul 24 06:33:32 2026] GET /v2/images/c4c51faf-e2e5-4685-a134-2fce1ec1b54f/file => generated 21692416 bytes in 79 msecs (HTTP/1.1 200) 5 headers in 217 bytes (341 switches on core 0)
Jul 24 06:33:32.411123 np0000005813 devstack@g-api.service[99761]: DEBUG glance.api.middleware.version_negotiation [None req-277f72bc-c2cc-4cd2-800d-9fe60a5d7340 tempest-TaggedBootDevicesTest-639046125 tempest-TaggedBootDevicesTest-639046125-project-member] Determining version of request: GET /v2/schemas/image Accept: */* {{(pid=99761) process_request /opt/stack/glance/glance/api/middleware/version_negotiation.py:44}}
Jul 24 06:33:32.411395 np0000005813 devstack@g-api.service[99761]: DEBUG glance.api.middleware.version_negotiation [None req-277f72bc-c2cc-4cd2-800d-9fe60a5d7340 tempest-TaggedBootDevicesTest-639046125 tempest-TaggedBootDevicesTest-639046125-project-member] Using url versioning {{(pid=99761) process_request /opt/stack/glance/glance/api/middleware/version_negotiation.py:57}}
Jul 24 06:33:32.411610 np0000005813 devstack@g-api.service[99761]: DEBUG glance.api.middleware.version_negotiation [None req-277f72bc-c2cc-4cd2-800d-9fe60a5d7340 tempest-TaggedBootDevicesTest-639046125 tempest-TaggedBootDevicesTest-639046125-project-member] Matched version: v2 {{(pid=99761) process_request /opt/stack/glance/glance/api/middleware/version_negotiation.py:69}}
Jul 24 06:33:32.411756 np0000005813 devstack@g-api.service[99761]: DEBUG glance.api.middleware.version_negotiation [None req-277f72bc-c2cc-4cd2-800d-9fe60a5d7340 tempest-TaggedBootDevicesTest-639046125 tempest-TaggedBootDevicesTest-639046125-project-member] new path /v2/schemas/image {{(pid=99761) process_request /opt/stack/glance/glance/api/middleware/version_negotiation.py:70}}
Jul 24 06:33:32.418487 np0000005813 devstack@g-api.service[99761]: [pid: 99761|app: 0|req: 14/56] 127.0.0.1 () {44 vars in 1055 bytes} [Fri Jul 24 06:33:32 2026] GET /v2/schemas/image => generated 6083 bytes in 7 msecs (HTTP/1.1 200) 4 headers in 158 bytes (1 switches on core 0)
Jul 24 06:33:32.432258 np0000005813 devstack@g-api.service[99762]: INFO glance.api.v2.image_data [None req-4a5cc189-66e8-4faa-8079-0ace031f386b tempest-AttachSCSIVolumeTestJSON-1266875020 tempest-AttachSCSIVolumeTestJSON-1266875020-project-admin] Unable to create trust: no such option collect_timing in group [keystone_authtoken] Use the existing user token.
Jul 24 06:33:32.432378 np0000005813 devstack@g-api.service[99763]: DEBUG glance.api.middleware.version_negotiation [None req-a28031a4-621d-4557-bb3b-463ef3d77ba7 tempest-TaggedBootDevicesTest_v242-1111765999 tempest-TaggedBootDevicesTest_v242-1111765999-project-member] Determining version of request: GET /v2/schemas/image Accept: */* {{(pid=99763) process_request /opt/stack/glance/glance/api/middleware/version_negotiation.py:44}}
Jul 24 06:33:32.432509 np0000005813 devstack@g-api.service[99763]: DEBUG glance.api.middleware.version_negotiation [None req-a28031a4-621d-4557-bb3b-463ef3d77ba7 tempest-TaggedBootDevicesTest_v242-1111765999 tempest-TaggedBootDevicesTest_v242-1111765999-project-member] Using url versioning {{(pid=99763) process_request /opt/stack/glance/glance/api/middleware/version_negotiation.py:57}}
Jul 24 06:33:32.432629 np0000005813 devstack@g-api.service[99763]: DEBUG glance.api.middleware.version_negotiation [None req-a28031a4-621d-4557-bb3b-463ef3d77ba7 tempest-TaggedBootDevicesTest_v242-1111765999 tempest-TaggedBootDevicesTest_v242-1111765999-project-member] Matched version: v2 {{(pid=99763) process_request /opt/stack/glance/glance/api/middleware/version_negotiation.py:69}}
Jul 24 06:33:32.432718 np0000005813 devstack@g-api.service[99763]: DEBUG glance.api.middleware.version_negotiation [None req-a28031a4-621d-4557-bb3b-463ef3d77ba7 tempest-TaggedBootDevicesTest_v242-1111765999 tempest-TaggedBootDevicesTest_v242-1111765999-project-member] new path /v2/schemas/image {{(pid=99763) process_request /opt/stack/glance/glance/api/middleware/version_negotiation.py:70}}
Jul 24 06:33:32.435195 np0000005813 devstack@g-api.service[99763]: [pid: 99763|app: 0|req: 17/57] 127.0.0.1 () {44 vars in 1055 bytes} [Fri Jul 24 06:33:32 2026] GET /v2/schemas/image => generated 6083 bytes in 3 msecs (HTTP/1.1 200) 4 headers in 158 bytes (1 switches on core 0)
Jul 24 06:33:32.527595 np0000005813 devstack@g-api.service[99761]: DEBUG glance.api.middleware.version_negotiation [None req-277f72bc-c2cc-4cd2-800d-9fe60a5d7340 tempest-TaggedBootDevicesTest-639046125 tempest-TaggedBootDevicesTest-639046125-project-member] Determining version of request: GET /v2/images/c4c51faf-e2e5-4685-a134-2fce1ec1b54f Accept: */* {{(pid=99761) process_request /opt/stack/glance/glance/api/middleware/version_negotiation.py:44}}
Jul 24 06:33:32.527739 np0000005813 devstack@g-api.service[99761]: DEBUG glance.api.middleware.version_negotiation [None req-277f72bc-c2cc-4cd2-800d-9fe60a5d7340 tempest-TaggedBootDevicesTest-639046125 tempest-TaggedBootDevicesTest-639046125-project-member] Using url versioning {{(pid=99761) process_request /opt/stack/glance/glance/api/middleware/version_negotiation.py:57}}
Jul 24 06:33:32.527852 np0000005813 devstack@g-api.service[99761]: DEBUG glance.api.middleware.version_negotiation [None req-277f72bc-c2cc-4cd2-800d-9fe60a5d7340 tempest-TaggedBootDevicesTest-639046125 tempest-TaggedBootDevicesTest-639046125-project-member] Matched version: v2 {{(pid=99761) process_request /opt/stack/glance/glance/api/middleware/version_negotiation.py:69}}
Jul 24 06:33:32.527947 np0000005813 devstack@g-api.service[99761]: DEBUG glance.api.middleware.version_negotiation [None req-277f72bc-c2cc-4cd2-800d-9fe60a5d7340 tempest-TaggedBootDevicesTest-639046125 tempest-TaggedBootDevicesTest-639046125-project-member] new path /v2/images/c4c51faf-e2e5-4685-a134-2fce1ec1b54f {{(pid=99761) process_request /opt/stack/glance/glance/api/middleware/version_negotiation.py:70}}
Jul 24 06:33:32.537584 np0000005813 devstack@g-api.service[99761]: [pid: 99761|app: 0|req: 15/58] 127.0.0.1 () {44 vars in 1115 bytes} [Fri Jul 24 06:33:32 2026] GET /v2/images/c4c51faf-e2e5-4685-a134-2fce1ec1b54f => generated 1044 bytes in 10 msecs (HTTP/1.1 200) 4 headers in 158 bytes (1 switches on core 0)
Jul 24 06:33:32.543645 np0000005813 devstack@g-api.service[99763]: DEBUG glance.api.middleware.version_negotiation [None req-277f72bc-c2cc-4cd2-800d-9fe60a5d7340 tempest-TaggedBootDevicesTest-639046125 tempest-TaggedBootDevicesTest-639046125-project-member] Determining version of request: GET /v2/schemas/image Accept: */* {{(pid=99763) process_request /opt/stack/glance/glance/api/middleware/version_negotiation.py:44}}
Jul 24 06:33:32.543797 np0000005813 devstack@g-api.service[99763]: DEBUG glance.api.middleware.version_negotiation [None req-277f72bc-c2cc-4cd2-800d-9fe60a5d7340 tempest-TaggedBootDevicesTest-639046125 tempest-TaggedBootDevicesTest-639046125-project-member] Using url versioning {{(pid=99763) process_request /opt/stack/glance/glance/api/middleware/version_negotiation.py:57}}
Jul 24 06:33:32.543919 np0000005813 devstack@g-api.service[99763]: DEBUG glance.api.middleware.version_negotiation [None req-277f72bc-c2cc-4cd2-800d-9fe60a5d7340 tempest-TaggedBootDevicesTest-639046125 tempest-TaggedBootDevicesTest-639046125-project-member] Matched version: v2 {{(pid=99763) process_request /opt/stack/glance/glance/api/middleware/version_negotiation.py:69}}
Jul 24 06:33:32.544005 np0000005813 devstack@g-api.service[99763]: DEBUG glance.api.middleware.version_negotiation [None req-277f72bc-c2cc-4cd2-800d-9fe60a5d7340 tempest-TaggedBootDevicesTest-639046125 tempest-TaggedBootDevicesTest-639046125-project-member] new path /v2/schemas/image {{(pid=99763) process_request /opt/stack/glance/glance/api/middleware/version_negotiation.py:70}}
Jul 24 06:33:32.547210 np0000005813 devstack@g-api.service[99763]: [pid: 99763|app: 0|req: 18/59] 127.0.0.1 () {44 vars in 1055 bytes} [Fri Jul 24 06:33:32 2026] GET /v2/schemas/image => generated 6083 bytes in 4 msecs (HTTP/1.1 200) 4 headers in 158 bytes (1 switches on core 0)
Jul 24 06:33:32.936130 np0000005813 devstack@g-api.service[99761]: DEBUG glance.api.middleware.version_negotiation [None req-a28031a4-621d-4557-bb3b-463ef3d77ba7 tempest-TaggedBootDevicesTest_v242-1111765999 tempest-TaggedBootDevicesTest_v242-1111765999-project-member] Determining version of request: GET /v2/images/c4c51faf-e2e5-4685-a134-2fce1ec1b54f Accept: */* {{(pid=99761) process_request /opt/stack/glance/glance/api/middleware/version_negotiation.py:44}}
Jul 24 06:33:32.936440 np0000005813 devstack@g-api.service[99761]: DEBUG glance.api.middleware.version_negotiation [None req-a28031a4-621d-4557-bb3b-463ef3d77ba7 tempest-TaggedBootDevicesTest_v242-1111765999 tempest-TaggedBootDevicesTest_v242-1111765999-project-member] Using url versioning {{(pid=99761) process_request /opt/stack/glance/glance/api/middleware/version_negotiation.py:57}}
Jul 24 06:33:32.936503 np0000005813 devstack@g-api.service[99761]: DEBUG glance.api.middleware.version_negotiation [None req-a28031a4-621d-4557-bb3b-463ef3d77ba7 tempest-TaggedBootDevicesTest_v242-1111765999 tempest-TaggedBootDevicesTest_v242-1111765999-project-member] Matched version: v2 {{(pid=99761) process_request /opt/stack/glance/glance/api/middleware/version_negotiation.py:69}}
Jul 24 06:33:32.936765 np0000005813 devstack@g-api.service[99761]: DEBUG glance.api.middleware.version_negotiation [None req-a28031a4-621d-4557-bb3b-463ef3d77ba7 tempest-TaggedBootDevicesTest_v242-1111765999 tempest-TaggedBootDevicesTest_v242-1111765999-project-member] new path /v2/images/c4c51faf-e2e5-4685-a134-2fce1ec1b54f {{(pid=99761) process_request /opt/stack/glance/glance/api/middleware/version_negotiation.py:70}}
Jul 24 06:33:33.015168 np0000005813 devstack@g-api.service[99762]: DEBUG glance.location [None req-4a5cc189-66e8-4faa-8079-0ace031f386b tempest-AttachSCSIVolumeTestJSON-1266875020 tempest-AttachSCSIVolumeTestJSON-1266875020-project-admin] Enabling in-flight format inspection for qcow2 {{(pid=99762) set_data /opt/stack/glance/glance/location.py:596}}
Jul 24 06:33:33.015697 np0000005813 devstack@g-api.service[99762]: DEBUG glance_store.backend [None req-4a5cc189-66e8-4faa-8079-0ace031f386b tempest-AttachSCSIVolumeTestJSON-1266875020 tempest-AttachSCSIVolumeTestJSON-1266875020-project-admin] Attempting to import store swift {{(pid=99762) _load_store /opt/stack/data/venv/lib/python3.12/site-packages/glance_store/backend.py:215}}
Jul 24 06:33:33.017151 np0000005813 devstack@g-api.service[99762]: DEBUG glance_store.capabilities [None req-4a5cc189-66e8-4faa-8079-0ace031f386b tempest-AttachSCSIVolumeTestJSON-1266875020 tempest-AttachSCSIVolumeTestJSON-1266875020-project-admin] Store glance_store._drivers.swift.store.SingleTenantStore doesn't support updating dynamic storage capabilities. Please overwrite 'update_capabilities' method of the store to implement updating logics if needed. {{(pid=99762) update_capabilities /opt/stack/data/venv/lib/python3.12/site-packages/glance_store/capabilities.py:91}}
Jul 24 06:33:33.017245 np0000005813 devstack@g-api.service[99762]: DEBUG glance_store.driver [None req-4a5cc189-66e8-4faa-8079-0ace031f386b tempest-AttachSCSIVolumeTestJSON-1266875020 tempest-AttachSCSIVolumeTestJSON-1266875020-project-admin] Late loading location class glance_store._drivers.swift.store.StoreLocation {{(pid=99762) get_store_location_class /opt/stack/data/venv/lib/python3.12/site-packages/glance_store/driver.py:134}}
Jul 24 06:33:33.017343 np0000005813 devstack@g-api.service[99762]: DEBUG glance_store.location [None req-4a5cc189-66e8-4faa-8079-0ace031f386b tempest-AttachSCSIVolumeTestJSON-1266875020 tempest-AttachSCSIVolumeTestJSON-1266875020-project-admin] Registering scheme swift+https with {'store': , 'location_class': , 'store_entry': 'swift'} {{(pid=99762) register_scheme_map /opt/stack/data/venv/lib/python3.12/site-packages/glance_store/location.py:146}}
Jul 24 06:33:33.017414 np0000005813 devstack@g-api.service[99762]: DEBUG glance_store.location [None req-4a5cc189-66e8-4faa-8079-0ace031f386b tempest-AttachSCSIVolumeTestJSON-1266875020 tempest-AttachSCSIVolumeTestJSON-1266875020-project-admin] Registering scheme swift+https with {'store': , 'location_class': , 'store_entry': 'swift'} {{(pid=99762) register_scheme_map /opt/stack/data/venv/lib/python3.12/site-packages/glance_store/location.py:146}}
Jul 24 06:33:33.017504 np0000005813 devstack@g-api.service[99762]: DEBUG glance_store.location [None req-4a5cc189-66e8-4faa-8079-0ace031f386b tempest-AttachSCSIVolumeTestJSON-1266875020 tempest-AttachSCSIVolumeTestJSON-1266875020-project-admin] Registering scheme swift with {'store': , 'location_class': , 'store_entry': 'swift'} {{(pid=99762) register_scheme_map /opt/stack/data/venv/lib/python3.12/site-packages/glance_store/location.py:146}}
Jul 24 06:33:33.017576 np0000005813 devstack@g-api.service[99762]: DEBUG glance_store.location [None req-4a5cc189-66e8-4faa-8079-0ace031f386b tempest-AttachSCSIVolumeTestJSON-1266875020 tempest-AttachSCSIVolumeTestJSON-1266875020-project-admin] Registering scheme swift+https with {'store': , 'location_class': , 'store_entry': 'swift'} {{(pid=99762) register_scheme_map /opt/stack/data/venv/lib/python3.12/site-packages/glance_store/location.py:146}}
Jul 24 06:33:33.017644 np0000005813 devstack@g-api.service[99762]: DEBUG glance_store.location [None req-4a5cc189-66e8-4faa-8079-0ace031f386b tempest-AttachSCSIVolumeTestJSON-1266875020 tempest-AttachSCSIVolumeTestJSON-1266875020-project-admin] Registering scheme swift with {'store': , 'location_class': , 'store_entry': 'swift'} {{(pid=99762) register_scheme_map /opt/stack/data/venv/lib/python3.12/site-packages/glance_store/location.py:146}}
Jul 24 06:33:33.017788 np0000005813 devstack@g-api.service[99762]: DEBUG glance_store.location [None req-4a5cc189-66e8-4faa-8079-0ace031f386b tempest-AttachSCSIVolumeTestJSON-1266875020 tempest-AttachSCSIVolumeTestJSON-1266875020-project-admin] Registering scheme swift+http with {'store': , 'location_class': , 'store_entry': 'swift'} {{(pid=99762) register_scheme_map /opt/stack/data/venv/lib/python3.12/site-packages/glance_store/location.py:146}}
Jul 24 06:33:33.017879 np0000005813 devstack@g-api.service[99762]: DEBUG glance_store.location [None req-4a5cc189-66e8-4faa-8079-0ace031f386b tempest-AttachSCSIVolumeTestJSON-1266875020 tempest-AttachSCSIVolumeTestJSON-1266875020-project-admin] Registering scheme swift+https with {'store': , 'location_class': , 'store_entry': 'swift'} {{(pid=99762) register_scheme_map /opt/stack/data/venv/lib/python3.12/site-packages/glance_store/location.py:146}}
Jul 24 06:33:33.017954 np0000005813 devstack@g-api.service[99762]: DEBUG glance_store.location [None req-4a5cc189-66e8-4faa-8079-0ace031f386b tempest-AttachSCSIVolumeTestJSON-1266875020 tempest-AttachSCSIVolumeTestJSON-1266875020-project-admin] Registering scheme swift with {'store': , 'location_class': , 'store_entry': 'swift'} {{(pid=99762) register_scheme_map /opt/stack/data/venv/lib/python3.12/site-packages/glance_store/location.py:146}}
Jul 24 06:33:33.018022 np0000005813 devstack@g-api.service[99762]: DEBUG glance_store.location [None req-4a5cc189-66e8-4faa-8079-0ace031f386b tempest-AttachSCSIVolumeTestJSON-1266875020 tempest-AttachSCSIVolumeTestJSON-1266875020-project-admin] Registering scheme swift+http with {'store': , 'location_class': , 'store_entry': 'swift'} {{(pid=99762) register_scheme_map /opt/stack/data/venv/lib/python3.12/site-packages/glance_store/location.py:146}}
Jul 24 06:33:33.018091 np0000005813 devstack@g-api.service[99762]: DEBUG glance_store.location [None req-4a5cc189-66e8-4faa-8079-0ace031f386b tempest-AttachSCSIVolumeTestJSON-1266875020 tempest-AttachSCSIVolumeTestJSON-1266875020-project-admin] Registering scheme swift+config with {'store': , 'location_class': , 'store_entry': 'swift'} {{(pid=99762) register_scheme_map /opt/stack/data/venv/lib/python3.12/site-packages/glance_store/location.py:146}}
Jul 24 06:33:33.242076 np0000005813 devstack@g-api.service[99761]: [pid: 99761|app: 0|req: 16/60] 127.0.0.1 () {44 vars in 1115 bytes} [Fri Jul 24 06:33:32 2026] GET /v2/images/c4c51faf-e2e5-4685-a134-2fce1ec1b54f => generated 1044 bytes in 306 msecs (HTTP/1.1 200) 4 headers in 158 bytes (1 switches on core 0)
Jul 24 06:33:33.288837 np0000005813 devstack@g-api.service[99763]: DEBUG glance.api.middleware.version_negotiation [None req-a28031a4-621d-4557-bb3b-463ef3d77ba7 tempest-TaggedBootDevicesTest_v242-1111765999 tempest-TaggedBootDevicesTest_v242-1111765999-project-member] Determining version of request: GET /v2/images/c4c51faf-e2e5-4685-a134-2fce1ec1b54f/file Accept: */* {{(pid=99763) process_request /opt/stack/glance/glance/api/middleware/version_negotiation.py:44}}
Jul 24 06:33:33.289516 np0000005813 devstack@g-api.service[99763]: DEBUG glance.api.middleware.version_negotiation [None req-a28031a4-621d-4557-bb3b-463ef3d77ba7 tempest-TaggedBootDevicesTest_v242-1111765999 tempest-TaggedBootDevicesTest_v242-1111765999-project-member] Using url versioning {{(pid=99763) process_request /opt/stack/glance/glance/api/middleware/version_negotiation.py:57}}
Jul 24 06:33:33.289516 np0000005813 devstack@g-api.service[99763]: DEBUG glance.api.middleware.version_negotiation [None req-a28031a4-621d-4557-bb3b-463ef3d77ba7 tempest-TaggedBootDevicesTest_v242-1111765999 tempest-TaggedBootDevicesTest_v242-1111765999-project-member] Matched version: v2 {{(pid=99763) process_request /opt/stack/glance/glance/api/middleware/version_negotiation.py:69}}
Jul 24 06:33:33.289516 np0000005813 devstack@g-api.service[99763]: DEBUG glance.api.middleware.version_negotiation [None req-a28031a4-621d-4557-bb3b-463ef3d77ba7 tempest-TaggedBootDevicesTest_v242-1111765999 tempest-TaggedBootDevicesTest_v242-1111765999-project-member] new path /v2/images/c4c51faf-e2e5-4685-a134-2fce1ec1b54f/file {{(pid=99763) process_request /opt/stack/glance/glance/api/middleware/version_negotiation.py:70}}
Jul 24 06:33:33.304124 np0000005813 devstack@g-api.service[99763]: DEBUG glance.api.middleware.cache [None req-cdc7827b-2e1d-4959-83aa-cf9ab8ebe746 tempest-ServerBootFromVolumeStableRescueTest-43003109 tempest-ServerBootFromVolumeStableRescueTest-43003109-project-member] Cache hit for image 'c4c51faf-e2e5-4685-a134-2fce1ec1b54f' {{(pid=99763) process_request /opt/stack/glance/glance/api/middleware/cache.py:160}}
Jul 24 06:33:33.380413 np0000005813 devstack@g-api.service[99763]: [pid: 99763|app: 0|req: 19/61] 127.0.0.1 () {44 vars in 1125 bytes} [Fri Jul 24 06:33:33 2026] GET /v2/images/c4c51faf-e2e5-4685-a134-2fce1ec1b54f/file => generated 21692416 bytes in 92 msecs (HTTP/1.1 200) 5 headers in 217 bytes (338 switches on core 0)
Jul 24 06:33:33.478636 np0000005813 devstack@g-api.service[99762]: DEBUG swiftclient [None req-4a5cc189-66e8-4faa-8079-0ace031f386b tempest-AttachSCSIVolumeTestJSON-1266875020 tempest-AttachSCSIVolumeTestJSON-1266875020-project-admin] REQ: curl -i https://10.4.3.135:8080/v1/AUTH_f9ff0b70529b43eabed96eea8fa17563/glance -I -H "X-Auth-Token: gAAAAABqYwc9dDHH..." {{(pid=99762) http_log /opt/stack/data/venv/lib/python3.12/site-packages/swiftclient/client.py:160}}
Jul 24 06:33:33.478732 np0000005813 devstack@g-api.service[99762]: DEBUG swiftclient [None req-4a5cc189-66e8-4faa-8079-0ace031f386b tempest-AttachSCSIVolumeTestJSON-1266875020 tempest-AttachSCSIVolumeTestJSON-1266875020-project-admin] RESP STATUS: 204 No Content {{(pid=99762) http_log /opt/stack/data/venv/lib/python3.12/site-packages/swiftclient/client.py:161}}
Jul 24 06:33:33.478927 np0000005813 devstack@g-api.service[99762]: DEBUG swiftclient [None req-4a5cc189-66e8-4faa-8079-0ace031f386b tempest-AttachSCSIVolumeTestJSON-1266875020 tempest-AttachSCSIVolumeTestJSON-1266875020-project-admin] RESP HEADERS: {'Date': 'Fri, 24 Jul 2026 06:33:33 GMT', 'Server': 'Apache/2.4.58 (Ubuntu)', 'Content-Type': 'text/plain; charset=utf-8', 'X-Container-Object-Count': '3', 'X-Container-Bytes-Used': '64356352', 'X-Timestamp': '1784874689.19160', 'Last-Modified': 'Fri, 24 Jul 2026 06:31:30 GMT', 'Accept-Ranges': 'bytes', 'X-Storage-Policy': 'Policy-0', 'X-Container-Sharding': 'False', 'Vary': 'Accept', 'X-Trans-Id': 'txb1645723ee664cedb2d4c-006a63073d', 'X-Openstack-Request-Id': 'txb1645723ee664cedb2d4c-006a63073d', 'Connection': 'close'} {{(pid=99762) http_log /opt/stack/data/venv/lib/python3.12/site-packages/swiftclient/client.py:162}}
Jul 24 06:33:33.479022 np0000005813 devstack@g-api.service[99762]: DEBUG glance_store._drivers.swift.store [None req-4a5cc189-66e8-4faa-8079-0ace031f386b tempest-AttachSCSIVolumeTestJSON-1266875020 tempest-AttachSCSIVolumeTestJSON-1266875020-project-admin] Adding image object '5f52745f-4cf8-498d-94d7-32f1cbad7860' to Swift {{(pid=99762) add /opt/stack/data/venv/lib/python3.12/site-packages/glance_store/_drivers/swift/store.py:970}}
Jul 24 06:33:33.479141 np0000005813 devstack@g-api.service[99762]: DEBUG glance_store._drivers.swift.store [None req-4a5cc189-66e8-4faa-8079-0ace031f386b tempest-AttachSCSIVolumeTestJSON-1266875020 tempest-AttachSCSIVolumeTestJSON-1266875020-project-admin] Cannot determine image size because it is either not provided in the request or chunked-transfer encoding is used. Adding image as a segmented object to Swift. {{(pid=99762) add /opt/stack/data/venv/lib/python3.12/site-packages/glance_store/_drivers/swift/store.py:994}}
Jul 24 06:33:33.484480 np0000005813 devstack@g-api.service[99762]: DEBUG oslo_utils.imageutils.format_inspector [None req-4a5cc189-66e8-4faa-8079-0ace031f386b tempest-AttachSCSIVolumeTestJSON-1266875020 tempest-AttachSCSIVolumeTestJSON-1266875020-project-admin] Format inspector for vmdk does not match, excluding from consideration (Signature KDMV not found: b'QFI\xfb') {{(pid=99762) _process_chunk /opt/stack/data/venv/lib/python3.12/site-packages/oslo_utils/imageutils/format_inspector.py:1758}}
Jul 24 06:33:33.486605 np0000005813 devstack@g-api.service[99762]: DEBUG oslo_utils.imageutils.format_inspector [None req-4a5cc189-66e8-4faa-8079-0ace031f386b tempest-AttachSCSIVolumeTestJSON-1266875020 tempest-AttachSCSIVolumeTestJSON-1266875020-project-admin] Format inspector for vhdx does not match, excluding from consideration (Region signature not found at 30000) {{(pid=99762) _process_chunk /opt/stack/data/venv/lib/python3.12/site-packages/oslo_utils/imageutils/format_inspector.py:1758}}
Jul 24 06:33:33.512401 np0000005813 devstack@g-api.service[99761]: DEBUG glance.api.middleware.version_negotiation [None req-cdc7827b-2e1d-4959-83aa-cf9ab8ebe746 tempest-ServerBootFromVolumeStableRescueTest-43003109 tempest-ServerBootFromVolumeStableRescueTest-43003109-project-member] Determining version of request: GET /v2/images/c4c51faf-e2e5-4685-a134-2fce1ec1b54f Accept: */* {{(pid=99761) process_request /opt/stack/glance/glance/api/middleware/version_negotiation.py:44}}
Jul 24 06:33:33.514237 np0000005813 devstack@g-api.service[99761]: DEBUG glance.api.middleware.version_negotiation [None req-cdc7827b-2e1d-4959-83aa-cf9ab8ebe746 tempest-ServerBootFromVolumeStableRescueTest-43003109 tempest-ServerBootFromVolumeStableRescueTest-43003109-project-member] Using url versioning {{(pid=99761) process_request /opt/stack/glance/glance/api/middleware/version_negotiation.py:57}}
Jul 24 06:33:33.514447 np0000005813 devstack@g-api.service[99761]: DEBUG glance.api.middleware.version_negotiation [None req-cdc7827b-2e1d-4959-83aa-cf9ab8ebe746 tempest-ServerBootFromVolumeStableRescueTest-43003109 tempest-ServerBootFromVolumeStableRescueTest-43003109-project-member] Matched version: v2 {{(pid=99761) process_request /opt/stack/glance/glance/api/middleware/version_negotiation.py:69}}
Jul 24 06:33:33.514702 np0000005813 devstack@g-api.service[99761]: DEBUG glance.api.middleware.version_negotiation [None req-cdc7827b-2e1d-4959-83aa-cf9ab8ebe746 tempest-ServerBootFromVolumeStableRescueTest-43003109 tempest-ServerBootFromVolumeStableRescueTest-43003109-project-member] new path /v2/images/c4c51faf-e2e5-4685-a134-2fce1ec1b54f {{(pid=99761) process_request /opt/stack/glance/glance/api/middleware/version_negotiation.py:70}}
Jul 24 06:33:33.535407 np0000005813 devstack@g-api.service[99761]: [pid: 99761|app: 0|req: 17/62] 127.0.0.1 () {44 vars in 1115 bytes} [Fri Jul 24 06:33:33 2026] GET /v2/images/c4c51faf-e2e5-4685-a134-2fce1ec1b54f => generated 1044 bytes in 23 msecs (HTTP/1.1 200) 4 headers in 158 bytes (1 switches on core 0)
Jul 24 06:33:33.544695 np0000005813 devstack@g-api.service[99763]: DEBUG glance.api.middleware.version_negotiation [None req-cdc7827b-2e1d-4959-83aa-cf9ab8ebe746 tempest-ServerBootFromVolumeStableRescueTest-43003109 tempest-ServerBootFromVolumeStableRescueTest-43003109-project-member] Determining version of request: GET /v2/images/c4c51faf-e2e5-4685-a134-2fce1ec1b54f Accept: */* {{(pid=99763) process_request /opt/stack/glance/glance/api/middleware/version_negotiation.py:44}}
Jul 24 06:33:33.544842 np0000005813 devstack@g-api.service[99763]: DEBUG glance.api.middleware.version_negotiation [None req-cdc7827b-2e1d-4959-83aa-cf9ab8ebe746 tempest-ServerBootFromVolumeStableRescueTest-43003109 tempest-ServerBootFromVolumeStableRescueTest-43003109-project-member] Using url versioning {{(pid=99763) process_request /opt/stack/glance/glance/api/middleware/version_negotiation.py:57}}
Jul 24 06:33:33.545245 np0000005813 devstack@g-api.service[99763]: DEBUG glance.api.middleware.version_negotiation [None req-cdc7827b-2e1d-4959-83aa-cf9ab8ebe746 tempest-ServerBootFromVolumeStableRescueTest-43003109 tempest-ServerBootFromVolumeStableRescueTest-43003109-project-member] Matched version: v2 {{(pid=99763) process_request /opt/stack/glance/glance/api/middleware/version_negotiation.py:69}}
Jul 24 06:33:33.545354 np0000005813 devstack@g-api.service[99763]: DEBUG glance.api.middleware.version_negotiation [None req-cdc7827b-2e1d-4959-83aa-cf9ab8ebe746 tempest-ServerBootFromVolumeStableRescueTest-43003109 tempest-ServerBootFromVolumeStableRescueTest-43003109-project-member] new path /v2/images/c4c51faf-e2e5-4685-a134-2fce1ec1b54f {{(pid=99763) process_request /opt/stack/glance/glance/api/middleware/version_negotiation.py:70}}
Jul 24 06:33:33.557471 np0000005813 devstack@g-api.service[99763]: [pid: 99763|app: 0|req: 20/63] 127.0.0.1 () {44 vars in 1115 bytes} [Fri Jul 24 06:33:33 2026] GET /v2/images/c4c51faf-e2e5-4685-a134-2fce1ec1b54f => generated 1044 bytes in 13 msecs (HTTP/1.1 200) 4 headers in 158 bytes (1 switches on core 0)
Jul 24 06:33:33.576927 np0000005813 devstack@g-api.service[99761]: DEBUG glance.api.middleware.version_negotiation [None req-cdc7827b-2e1d-4959-83aa-cf9ab8ebe746 tempest-ServerBootFromVolumeStableRescueTest-43003109 tempest-ServerBootFromVolumeStableRescueTest-43003109-project-member] Determining version of request: GET /v2/schemas/image Accept: */* {{(pid=99761) process_request /opt/stack/glance/glance/api/middleware/version_negotiation.py:44}}
Jul 24 06:33:33.576927 np0000005813 devstack@g-api.service[99761]: DEBUG glance.api.middleware.version_negotiation [None req-cdc7827b-2e1d-4959-83aa-cf9ab8ebe746 tempest-ServerBootFromVolumeStableRescueTest-43003109 tempest-ServerBootFromVolumeStableRescueTest-43003109-project-member] Using url versioning {{(pid=99761) process_request /opt/stack/glance/glance/api/middleware/version_negotiation.py:57}}
Jul 24 06:33:33.576927 np0000005813 devstack@g-api.service[99761]: DEBUG glance.api.middleware.version_negotiation [None req-cdc7827b-2e1d-4959-83aa-cf9ab8ebe746 tempest-ServerBootFromVolumeStableRescueTest-43003109 tempest-ServerBootFromVolumeStableRescueTest-43003109-project-member] Matched version: v2 {{(pid=99761) process_request /opt/stack/glance/glance/api/middleware/version_negotiation.py:69}}
Jul 24 06:33:33.576927 np0000005813 devstack@g-api.service[99761]: DEBUG glance.api.middleware.version_negotiation [None req-cdc7827b-2e1d-4959-83aa-cf9ab8ebe746 tempest-ServerBootFromVolumeStableRescueTest-43003109 tempest-ServerBootFromVolumeStableRescueTest-43003109-project-member] new path /v2/schemas/image {{(pid=99761) process_request /opt/stack/glance/glance/api/middleware/version_negotiation.py:70}}
Jul 24 06:33:33.581259 np0000005813 devstack@g-api.service[99761]: [pid: 99761|app: 0|req: 18/64] 127.0.0.1 () {44 vars in 1055 bytes} [Fri Jul 24 06:33:33 2026] GET /v2/schemas/image => generated 6083 bytes in 5 msecs (HTTP/1.1 200) 4 headers in 158 bytes (1 switches on core 0)
Jul 24 06:33:33.599570 np0000005813 devstack@g-api.service[99763]: DEBUG glance.api.middleware.version_negotiation [None req-a28031a4-621d-4557-bb3b-463ef3d77ba7 tempest-TaggedBootDevicesTest_v242-1111765999 tempest-TaggedBootDevicesTest_v242-1111765999-project-member] Determining version of request: GET /v2/schemas/image Accept: */* {{(pid=99763) process_request /opt/stack/glance/glance/api/middleware/version_negotiation.py:44}}
Jul 24 06:33:33.599717 np0000005813 devstack@g-api.service[99763]: DEBUG glance.api.middleware.version_negotiation [None req-a28031a4-621d-4557-bb3b-463ef3d77ba7 tempest-TaggedBootDevicesTest_v242-1111765999 tempest-TaggedBootDevicesTest_v242-1111765999-project-member] Using url versioning {{(pid=99763) process_request /opt/stack/glance/glance/api/middleware/version_negotiation.py:57}}
Jul 24 06:33:33.600758 np0000005813 devstack@g-api.service[99763]: DEBUG glance.api.middleware.version_negotiation [None req-a28031a4-621d-4557-bb3b-463ef3d77ba7 tempest-TaggedBootDevicesTest_v242-1111765999 tempest-TaggedBootDevicesTest_v242-1111765999-project-member] Matched version: v2 {{(pid=99763) process_request /opt/stack/glance/glance/api/middleware/version_negotiation.py:69}}
Jul 24 06:33:33.600758 np0000005813 devstack@g-api.service[99763]: DEBUG glance.api.middleware.version_negotiation [None req-a28031a4-621d-4557-bb3b-463ef3d77ba7 tempest-TaggedBootDevicesTest_v242-1111765999 tempest-TaggedBootDevicesTest_v242-1111765999-project-member] new path /v2/schemas/image {{(pid=99763) process_request /opt/stack/glance/glance/api/middleware/version_negotiation.py:70}}
Jul 24 06:33:33.602279 np0000005813 devstack@g-api.service[99763]: [pid: 99763|app: 0|req: 21/65] 127.0.0.1 () {44 vars in 1055 bytes} [Fri Jul 24 06:33:33 2026] GET /v2/schemas/image => generated 6083 bytes in 3 msecs (HTTP/1.1 200) 4 headers in 158 bytes (1 switches on core 0)
Jul 24 06:33:33.726917 np0000005813 devstack@g-api.service[99762]: DEBUG swiftclient [None req-4a5cc189-66e8-4faa-8079-0ace031f386b tempest-AttachSCSIVolumeTestJSON-1266875020 tempest-AttachSCSIVolumeTestJSON-1266875020-project-admin] REQ: curl -i https://10.4.3.135:8080/v1/AUTH_f9ff0b70529b43eabed96eea8fa17563/glance/5f52745f-4cf8-498d-94d7-32f1cbad7860-00001 -X PUT -H "X-Auth-Token: gAAAAABqYwc9dDHH..." {{(pid=99762) http_log /opt/stack/data/venv/lib/python3.12/site-packages/swiftclient/client.py:160}}
Jul 24 06:33:33.727071 np0000005813 devstack@g-api.service[99762]: DEBUG swiftclient [None req-4a5cc189-66e8-4faa-8079-0ace031f386b tempest-AttachSCSIVolumeTestJSON-1266875020 tempest-AttachSCSIVolumeTestJSON-1266875020-project-admin] RESP STATUS: 201 Created {{(pid=99762) http_log /opt/stack/data/venv/lib/python3.12/site-packages/swiftclient/client.py:161}}
Jul 24 06:33:33.727511 np0000005813 devstack@g-api.service[99762]: DEBUG swiftclient [None req-4a5cc189-66e8-4faa-8079-0ace031f386b tempest-AttachSCSIVolumeTestJSON-1266875020 tempest-AttachSCSIVolumeTestJSON-1266875020-project-admin] RESP HEADERS: {'Date': 'Fri, 24 Jul 2026 06:33:33 GMT', 'Server': 'Apache/2.4.58 (Ubuntu)', 'Content-Type': 'text/html; charset=UTF-8', 'Content-Length': '0', 'Etag': '87617e24a5e30cb3b87fda8c0764838f', 'Last-Modified': 'Fri, 24 Jul 2026 06:33:34 GMT', 'X-Trans-Id': 'tx7739fafb886445a2874f3-006a63073d', 'X-Openstack-Request-Id': 'tx7739fafb886445a2874f3-006a63073d', 'Connection': 'close'} {{(pid=99762) http_log /opt/stack/data/venv/lib/python3.12/site-packages/swiftclient/client.py:162}}
Jul 24 06:33:33.727511 np0000005813 devstack@g-api.service[99762]: DEBUG glance_store._drivers.swift.store [None req-4a5cc189-66e8-4faa-8079-0ace031f386b tempest-AttachSCSIVolumeTestJSON-1266875020 tempest-AttachSCSIVolumeTestJSON-1266875020-project-admin] Wrote chunk 5f52745f-4cf8-498d-94d7-32f1cbad7860-00001 (1/?) of length 21692416 to Swift returning MD5 of content: 87617e24a5e30cb3b87fda8c0764838f {{(pid=99762) add /opt/stack/data/venv/lib/python3.12/site-packages/glance_store/_drivers/swift/store.py:1059}}
Jul 24 06:33:33.727775 np0000005813 devstack@g-api.service[99762]: DEBUG glance_store._drivers.swift.store [None req-4a5cc189-66e8-4faa-8079-0ace031f386b tempest-AttachSCSIVolumeTestJSON-1266875020 tempest-AttachSCSIVolumeTestJSON-1266875020-project-admin] Not writing zero-length chunk. {{(pid=99762) add /opt/stack/data/venv/lib/python3.12/site-packages/glance_store/_drivers/swift/store.py:1028}}
Jul 24 06:33:33.753938 np0000005813 devstack@g-api.service[99762]: DEBUG swiftclient [None req-4a5cc189-66e8-4faa-8079-0ace031f386b tempest-AttachSCSIVolumeTestJSON-1266875020 tempest-AttachSCSIVolumeTestJSON-1266875020-project-admin] REQ: curl -i https://10.4.3.135:8080/v1/AUTH_f9ff0b70529b43eabed96eea8fa17563/glance/5f52745f-4cf8-498d-94d7-32f1cbad7860 -X PUT -H "X-Object-Manifest: glance/5f52745f-4cf8-498d-94d7-32f1cbad7860-" -H "X-Auth-Token: gAAAAABqYwc9dDHH..." -H "Content-Length: 0" {{(pid=99762) http_log /opt/stack/data/venv/lib/python3.12/site-packages/swiftclient/client.py:160}}
Jul 24 06:33:33.754104 np0000005813 devstack@g-api.service[99762]: DEBUG swiftclient [None req-4a5cc189-66e8-4faa-8079-0ace031f386b tempest-AttachSCSIVolumeTestJSON-1266875020 tempest-AttachSCSIVolumeTestJSON-1266875020-project-admin] RESP STATUS: 201 Created {{(pid=99762) http_log /opt/stack/data/venv/lib/python3.12/site-packages/swiftclient/client.py:161}}
Jul 24 06:33:33.754328 np0000005813 devstack@g-api.service[99762]: DEBUG swiftclient [None req-4a5cc189-66e8-4faa-8079-0ace031f386b tempest-AttachSCSIVolumeTestJSON-1266875020 tempest-AttachSCSIVolumeTestJSON-1266875020-project-admin] RESP HEADERS: {'Date': 'Fri, 24 Jul 2026 06:33:33 GMT', 'Server': 'Apache/2.4.58 (Ubuntu)', 'Content-Type': 'text/html; charset=UTF-8', 'Content-Length': '0', 'Etag': 'd41d8cd98f00b204e9800998ecf8427e', 'Last-Modified': 'Fri, 24 Jul 2026 06:33:34 GMT', 'X-Trans-Id': 'txd7be2b02c1a14836b80c7-006a63073d', 'X-Openstack-Request-Id': 'txd7be2b02c1a14836b80c7-006a63073d', 'Connection': 'close'} {{(pid=99762) http_log /opt/stack/data/venv/lib/python3.12/site-packages/swiftclient/client.py:162}}
Jul 24 06:33:33.755047 np0000005813 devstack@g-api.service[99762]: INFO glance.location [None req-4a5cc189-66e8-4faa-8079-0ace031f386b tempest-AttachSCSIVolumeTestJSON-1266875020 tempest-AttachSCSIVolumeTestJSON-1266875020-project-admin] Image format matched and virtual size computed: 117440512
Jul 24 06:33:33.787798 np0000005813 devstack@g-api.service[99762]: DEBUG glance_store.backend [None req-4a5cc189-66e8-4faa-8079-0ace031f386b tempest-AttachSCSIVolumeTestJSON-1266875020 tempest-AttachSCSIVolumeTestJSON-1266875020-project-admin] Attempting to import store swift {{(pid=99762) _load_store /opt/stack/data/venv/lib/python3.12/site-packages/glance_store/backend.py:215}}
Jul 24 06:33:33.790651 np0000005813 devstack@g-api.service[99762]: DEBUG glance_store.capabilities [None req-4a5cc189-66e8-4faa-8079-0ace031f386b tempest-AttachSCSIVolumeTestJSON-1266875020 tempest-AttachSCSIVolumeTestJSON-1266875020-project-admin] Store glance_store._drivers.swift.store.SingleTenantStore doesn't support updating dynamic storage capabilities. Please overwrite 'update_capabilities' method of the store to implement updating logics if needed. {{(pid=99762) update_capabilities /opt/stack/data/venv/lib/python3.12/site-packages/glance_store/capabilities.py:91}}
Jul 24 06:33:33.790817 np0000005813 devstack@g-api.service[99762]: DEBUG glance_store.driver [None req-4a5cc189-66e8-4faa-8079-0ace031f386b tempest-AttachSCSIVolumeTestJSON-1266875020 tempest-AttachSCSIVolumeTestJSON-1266875020-project-admin] Late loading location class glance_store._drivers.swift.store.StoreLocation {{(pid=99762) get_store_location_class /opt/stack/data/venv/lib/python3.12/site-packages/glance_store/driver.py:134}}
Jul 24 06:33:33.791024 np0000005813 devstack@g-api.service[99762]: DEBUG glance_store.location [None req-4a5cc189-66e8-4faa-8079-0ace031f386b tempest-AttachSCSIVolumeTestJSON-1266875020 tempest-AttachSCSIVolumeTestJSON-1266875020-project-admin] Registering scheme swift+https with {'store': , 'location_class': , 'store_entry': 'swift'} {{(pid=99762) register_scheme_map /opt/stack/data/venv/lib/python3.12/site-packages/glance_store/location.py:146}}
Jul 24 06:33:33.791130 np0000005813 devstack@g-api.service[99762]: DEBUG glance_store.location [None req-4a5cc189-66e8-4faa-8079-0ace031f386b tempest-AttachSCSIVolumeTestJSON-1266875020 tempest-AttachSCSIVolumeTestJSON-1266875020-project-admin] Registering scheme swift+https with {'store': , 'location_class': , 'store_entry': 'swift'} {{(pid=99762) register_scheme_map /opt/stack/data/venv/lib/python3.12/site-packages/glance_store/location.py:146}}
Jul 24 06:33:33.791265 np0000005813 devstack@g-api.service[99762]: DEBUG glance_store.location [None req-4a5cc189-66e8-4faa-8079-0ace031f386b tempest-AttachSCSIVolumeTestJSON-1266875020 tempest-AttachSCSIVolumeTestJSON-1266875020-project-admin] Registering scheme swift with {'store': , 'location_class': , 'store_entry': 'swift'} {{(pid=99762) register_scheme_map /opt/stack/data/venv/lib/python3.12/site-packages/glance_store/location.py:146}}
Jul 24 06:33:33.791417 np0000005813 devstack@g-api.service[99762]: DEBUG glance_store.location [None req-4a5cc189-66e8-4faa-8079-0ace031f386b tempest-AttachSCSIVolumeTestJSON-1266875020 tempest-AttachSCSIVolumeTestJSON-1266875020-project-admin] Registering scheme swift+https with {'store': , 'location_class': , 'store_entry': 'swift'} {{(pid=99762) register_scheme_map /opt/stack/data/venv/lib/python3.12/site-packages/glance_store/location.py:146}}
Jul 24 06:33:33.791556 np0000005813 devstack@g-api.service[99762]: DEBUG glance_store.location [None req-4a5cc189-66e8-4faa-8079-0ace031f386b tempest-AttachSCSIVolumeTestJSON-1266875020 tempest-AttachSCSIVolumeTestJSON-1266875020-project-admin] Registering scheme swift with {'store': , 'location_class': , 'store_entry': 'swift'} {{(pid=99762) register_scheme_map /opt/stack/data/venv/lib/python3.12/site-packages/glance_store/location.py:146}}
Jul 24 06:33:33.791675 np0000005813 devstack@g-api.service[99762]: DEBUG glance_store.location [None req-4a5cc189-66e8-4faa-8079-0ace031f386b tempest-AttachSCSIVolumeTestJSON-1266875020 tempest-AttachSCSIVolumeTestJSON-1266875020-project-admin] Registering scheme swift+http with {'store': , 'location_class': , 'store_entry': 'swift'} {{(pid=99762) register_scheme_map /opt/stack/data/venv/lib/python3.12/site-packages/glance_store/location.py:146}}
Jul 24 06:33:33.791796 np0000005813 devstack@g-api.service[99762]: DEBUG glance_store.location [None req-4a5cc189-66e8-4faa-8079-0ace031f386b tempest-AttachSCSIVolumeTestJSON-1266875020 tempest-AttachSCSIVolumeTestJSON-1266875020-project-admin] Registering scheme swift+https with {'store': , 'location_class': , 'store_entry': 'swift'} {{(pid=99762) register_scheme_map /opt/stack/data/venv/lib/python3.12/site-packages/glance_store/location.py:146}}
Jul 24 06:33:33.791913 np0000005813 devstack@g-api.service[99762]: DEBUG glance_store.location [None req-4a5cc189-66e8-4faa-8079-0ace031f386b tempest-AttachSCSIVolumeTestJSON-1266875020 tempest-AttachSCSIVolumeTestJSON-1266875020-project-admin] Registering scheme swift with {'store': , 'location_class': , 'store_entry': 'swift'} {{(pid=99762) register_scheme_map /opt/stack/data/venv/lib/python3.12/site-packages/glance_store/location.py:146}}
Jul 24 06:33:33.792025 np0000005813 devstack@g-api.service[99762]: DEBUG glance_store.location [None req-4a5cc189-66e8-4faa-8079-0ace031f386b tempest-AttachSCSIVolumeTestJSON-1266875020 tempest-AttachSCSIVolumeTestJSON-1266875020-project-admin] Registering scheme swift+http with {'store': , 'location_class': , 'store_entry': 'swift'} {{(pid=99762) register_scheme_map /opt/stack/data/venv/lib/python3.12/site-packages/glance_store/location.py:146}}
Jul 24 06:33:33.792159 np0000005813 devstack@g-api.service[99762]: DEBUG glance_store.location [None req-4a5cc189-66e8-4faa-8079-0ace031f386b tempest-AttachSCSIVolumeTestJSON-1266875020 tempest-AttachSCSIVolumeTestJSON-1266875020-project-admin] Registering scheme swift+config with {'store': , 'location_class': , 'store_entry': 'swift'} {{(pid=99762) register_scheme_map /opt/stack/data/venv/lib/python3.12/site-packages/glance_store/location.py:146}}
Jul 24 06:33:33.792291 np0000005813 devstack@g-api.service[99762]: DEBUG glance_store.backend [None req-4a5cc189-66e8-4faa-8079-0ace031f386b tempest-AttachSCSIVolumeTestJSON-1266875020 tempest-AttachSCSIVolumeTestJSON-1266875020-project-admin] Skipping store.set_acls... not implemented. {{(pid=99762) set_acls /opt/stack/data/venv/lib/python3.12/site-packages/glance_store/backend.py:507}}
Jul 24 06:33:33.794525 np0000005813 devstack@g-api.service[99762]: [pid: 99762|app: 0|req: 27/66] 127.0.0.1 () {40 vars in 858 bytes} [Fri Jul 24 06:33:31 2026] PUT /v2/images/5f52745f-4cf8-498d-94d7-32f1cbad7860/file => generated 0 bytes in 2037 msecs (HTTP/1.1 204) 4 headers in 171 bytes (1 switches on core 0)
Jul 24 06:33:33.917558 np0000005813 devstack@g-api.service[99761]: DEBUG glance.api.middleware.version_negotiation [None req-cdc7827b-2e1d-4959-83aa-cf9ab8ebe746 tempest-ServerBootFromVolumeStableRescueTest-43003109 tempest-ServerBootFromVolumeStableRescueTest-43003109-project-member] Determining version of request: GET /versions Accept: */* {{(pid=99761) process_request /opt/stack/glance/glance/api/middleware/version_negotiation.py:44}}
Jul 24 06:33:33.918477 np0000005813 devstack@g-api.service[99761]: [pid: 99761|app: 0|req: 19/67] 127.0.0.1 () {44 vars in 1039 bytes} [Fri Jul 24 06:33:33 2026] GET /versions => generated 1515 bytes in 1 msecs (HTTP/1.1 200) 3 headers in 92 bytes (1 switches on core 0)
Jul 24 06:33:33.928215 np0000005813 devstack@g-api.service[99763]: DEBUG glance.api.middleware.version_negotiation [None req-a28031a4-621d-4557-bb3b-463ef3d77ba7 tempest-TaggedBootDevicesTest_v242-1111765999 tempest-TaggedBootDevicesTest_v242-1111765999-project-member] Determining version of request: GET /v2/images/c4c51faf-e2e5-4685-a134-2fce1ec1b54f/locations Accept: */* {{(pid=99763) process_request /opt/stack/glance/glance/api/middleware/version_negotiation.py:44}}
Jul 24 06:33:33.928387 np0000005813 devstack@g-api.service[99763]: DEBUG glance.api.middleware.version_negotiation [None req-a28031a4-621d-4557-bb3b-463ef3d77ba7 tempest-TaggedBootDevicesTest_v242-1111765999 tempest-TaggedBootDevicesTest_v242-1111765999-project-member] Using url versioning {{(pid=99763) process_request /opt/stack/glance/glance/api/middleware/version_negotiation.py:57}}
Jul 24 06:33:33.928538 np0000005813 devstack@g-api.service[99763]: DEBUG glance.api.middleware.version_negotiation [None req-a28031a4-621d-4557-bb3b-463ef3d77ba7 tempest-TaggedBootDevicesTest_v242-1111765999 tempest-TaggedBootDevicesTest_v242-1111765999-project-member] Matched version: v2 {{(pid=99763) process_request /opt/stack/glance/glance/api/middleware/version_negotiation.py:69}}
Jul 24 06:33:33.928654 np0000005813 devstack@g-api.service[99763]: DEBUG glance.api.middleware.version_negotiation [None req-a28031a4-621d-4557-bb3b-463ef3d77ba7 tempest-TaggedBootDevicesTest_v242-1111765999 tempest-TaggedBootDevicesTest_v242-1111765999-project-member] new path /v2/images/c4c51faf-e2e5-4685-a134-2fce1ec1b54f/locations {{(pid=99763) process_request /opt/stack/glance/glance/api/middleware/version_negotiation.py:70}}
Jul 24 06:33:34.107388 np0000005813 devstack@g-api.service[99763]: [pid: 99763|app: 0|req: 22/68] 127.0.0.1 () {44 vars in 1135 bytes} [Fri Jul 24 06:33:33 2026] GET /v2/images/c4c51faf-e2e5-4685-a134-2fce1ec1b54f/locations => generated 92 bytes in 179 msecs (HTTP/1.1 200) 4 headers in 156 bytes (1 switches on core 0)
Jul 24 06:33:34.114665 np0000005813 devstack@g-api.service[99762]: DEBUG glance.api.middleware.version_negotiation [None req-4a5cc189-66e8-4faa-8079-0ace031f386b tempest-AttachSCSIVolumeTestJSON-1266875020 tempest-AttachSCSIVolumeTestJSON-1266875020-project-admin] Determining version of request: GET /v2/images/c4c51faf-e2e5-4685-a134-2fce1ec1b54f Accept: */* {{(pid=99762) process_request /opt/stack/glance/glance/api/middleware/version_negotiation.py:44}}
Jul 24 06:33:34.115113 np0000005813 devstack@g-api.service[99762]: DEBUG glance.api.middleware.version_negotiation [None req-4a5cc189-66e8-4faa-8079-0ace031f386b tempest-AttachSCSIVolumeTestJSON-1266875020 tempest-AttachSCSIVolumeTestJSON-1266875020-project-admin] Using url versioning {{(pid=99762) process_request /opt/stack/glance/glance/api/middleware/version_negotiation.py:57}}
Jul 24 06:33:34.115113 np0000005813 devstack@g-api.service[99762]: DEBUG glance.api.middleware.version_negotiation [None req-4a5cc189-66e8-4faa-8079-0ace031f386b tempest-AttachSCSIVolumeTestJSON-1266875020 tempest-AttachSCSIVolumeTestJSON-1266875020-project-admin] Matched version: v2 {{(pid=99762) process_request /opt/stack/glance/glance/api/middleware/version_negotiation.py:69}}
Jul 24 06:33:34.115113 np0000005813 devstack@g-api.service[99762]: DEBUG glance.api.middleware.version_negotiation [None req-4a5cc189-66e8-4faa-8079-0ace031f386b tempest-AttachSCSIVolumeTestJSON-1266875020 tempest-AttachSCSIVolumeTestJSON-1266875020-project-admin] new path /v2/images/c4c51faf-e2e5-4685-a134-2fce1ec1b54f {{(pid=99762) process_request /opt/stack/glance/glance/api/middleware/version_negotiation.py:70}}
Jul 24 06:33:34.125446 np0000005813 devstack@g-api.service[99762]: [pid: 99762|app: 0|req: 28/69] 127.0.0.1 () {44 vars in 1115 bytes} [Fri Jul 24 06:33:34 2026] GET /v2/images/c4c51faf-e2e5-4685-a134-2fce1ec1b54f => generated 1044 bytes in 11 msecs (HTTP/1.1 200) 4 headers in 158 bytes (1 switches on core 0)
Jul 24 06:33:34.132132 np0000005813 devstack@g-api.service[99761]: DEBUG glance.api.middleware.version_negotiation [None req-cdc7827b-2e1d-4959-83aa-cf9ab8ebe746 tempest-ServerBootFromVolumeStableRescueTest-43003109 tempest-ServerBootFromVolumeStableRescueTest-43003109-project-member] Determining version of request: GET /v2/schemas/image Accept: */* {{(pid=99761) process_request /opt/stack/glance/glance/api/middleware/version_negotiation.py:44}}
Jul 24 06:33:34.132563 np0000005813 devstack@g-api.service[99761]: DEBUG glance.api.middleware.version_negotiation [None req-cdc7827b-2e1d-4959-83aa-cf9ab8ebe746 tempest-ServerBootFromVolumeStableRescueTest-43003109 tempest-ServerBootFromVolumeStableRescueTest-43003109-project-member] Using url versioning {{(pid=99761) process_request /opt/stack/glance/glance/api/middleware/version_negotiation.py:57}}
Jul 24 06:33:34.132563 np0000005813 devstack@g-api.service[99761]: DEBUG glance.api.middleware.version_negotiation [None req-cdc7827b-2e1d-4959-83aa-cf9ab8ebe746 tempest-ServerBootFromVolumeStableRescueTest-43003109 tempest-ServerBootFromVolumeStableRescueTest-43003109-project-member] Matched version: v2 {{(pid=99761) process_request /opt/stack/glance/glance/api/middleware/version_negotiation.py:69}}
Jul 24 06:33:34.132563 np0000005813 devstack@g-api.service[99761]: DEBUG glance.api.middleware.version_negotiation [None req-cdc7827b-2e1d-4959-83aa-cf9ab8ebe746 tempest-ServerBootFromVolumeStableRescueTest-43003109 tempest-ServerBootFromVolumeStableRescueTest-43003109-project-member] new path /v2/schemas/image {{(pid=99761) process_request /opt/stack/glance/glance/api/middleware/version_negotiation.py:70}}
Jul 24 06:33:34.135258 np0000005813 devstack@g-api.service[99761]: [pid: 99761|app: 0|req: 20/70] 127.0.0.1 () {44 vars in 1055 bytes} [Fri Jul 24 06:33:34 2026] GET /v2/schemas/image => generated 6083 bytes in 3 msecs (HTTP/1.1 200) 4 headers in 158 bytes (1 switches on core 0)
Jul 24 06:33:34.142715 np0000005813 devstack@g-api.service[99763]: DEBUG glance.api.middleware.version_negotiation [None req-277f72bc-c2cc-4cd2-800d-9fe60a5d7340 service glance] Determining version of request: GET /v2/schemas/image Accept: */* {{(pid=99763) process_request /opt/stack/glance/glance/api/middleware/version_negotiation.py:44}}
