Jul 24 06:31:01.421667 np0000005813 nova-scheduler[93480]: DEBUG cotyledon.oslo_config_glue [-] oslo_messaging_rabbit.rabbit_quorum_max_memory_bytes = 0 {{(pid=93480) log_opt_values /opt/stack/data/venv/lib/python3.12/site-packages/oslo_config/cfg.py:3253}}
Jul 24 06:31:01.421667 np0000005813 nova-scheduler[93480]: DEBUG cotyledon.oslo_config_glue [-] oslo_messaging_rabbit.rabbit_quorum_max_memory_length = 0 {{(pid=93480) log_opt_values /opt/stack/data/venv/lib/python3.12/site-packages/oslo_config/cfg.py:3253}}
Jul 24 06:31:01.421667 np0000005813 nova-scheduler[93480]: DEBUG cotyledon.oslo_config_glue [-] oslo_messaging_rabbit.rabbit_quorum_queue = False {{(pid=93480) log_opt_values /opt/stack/data/venv/lib/python3.12/site-packages/oslo_config/cfg.py:3253}}
Jul 24 06:31:01.421667 np0000005813 nova-scheduler[93480]: DEBUG cotyledon.oslo_config_glue [-] oslo_messaging_rabbit.rabbit_retry_backoff = 2 {{(pid=93480) log_opt_values /opt/stack/data/venv/lib/python3.12/site-packages/oslo_config/cfg.py:3253}}
Jul 24 06:31:01.421667 np0000005813 nova-scheduler[93480]: DEBUG cotyledon.oslo_config_glue [-] oslo_messaging_rabbit.rabbit_retry_interval = 1 {{(pid=93480) log_opt_values /opt/stack/data/venv/lib/python3.12/site-packages/oslo_config/cfg.py:3253}}
Jul 24 06:31:01.421861 np0000005813 nova-scheduler[93480]: DEBUG cotyledon.oslo_config_glue [-] oslo_messaging_rabbit.rabbit_stream_fanout = False {{(pid=93480) log_opt_values /opt/stack/data/venv/lib/python3.12/site-packages/oslo_config/cfg.py:3253}}
Jul 24 06:31:01.421861 np0000005813 nova-scheduler[93480]: DEBUG cotyledon.oslo_config_glue [-] oslo_messaging_rabbit.rabbit_transient_queues_ttl = 1800 {{(pid=93480) log_opt_values /opt/stack/data/venv/lib/python3.12/site-packages/oslo_config/cfg.py:3253}}
Jul 24 06:31:01.421861 np0000005813 nova-scheduler[93480]: DEBUG cotyledon.oslo_config_glue [-] oslo_messaging_rabbit.rabbit_transient_quorum_queue = False {{(pid=93480) log_opt_values /opt/stack/data/venv/lib/python3.12/site-packages/oslo_config/cfg.py:3253}}
Jul 24 06:31:01.421861 np0000005813 nova-scheduler[93480]: DEBUG cotyledon.oslo_config_glue [-] oslo_messaging_rabbit.rpc_conn_pool_size = 30 {{(pid=93480) log_opt_values /opt/stack/data/venv/lib/python3.12/site-packages/oslo_config/cfg.py:3253}}
Jul 24 06:31:01.421861 np0000005813 nova-scheduler[93480]: DEBUG cotyledon.oslo_config_glue [-] oslo_messaging_rabbit.ssl = False {{(pid=93480) log_opt_values /opt/stack/data/venv/lib/python3.12/site-packages/oslo_config/cfg.py:3253}}
Jul 24 06:31:01.421861 np0000005813 nova-scheduler[93480]: DEBUG cotyledon.oslo_config_glue [-] oslo_messaging_rabbit.ssl_ca_file = {{(pid=93480) log_opt_values /opt/stack/data/venv/lib/python3.12/site-packages/oslo_config/cfg.py:3253}}
Jul 24 06:31:01.421861 np0000005813 nova-scheduler[93480]: DEBUG cotyledon.oslo_config_glue [-] oslo_messaging_rabbit.ssl_cert_file = {{(pid=93480) log_opt_values /opt/stack/data/venv/lib/python3.12/site-packages/oslo_config/cfg.py:3253}}
Jul 24 06:31:01.421861 np0000005813 nova-scheduler[93480]: DEBUG cotyledon.oslo_config_glue [-] oslo_messaging_rabbit.ssl_enforce_fips_mode = False {{(pid=93480) log_opt_values /opt/stack/data/venv/lib/python3.12/site-packages/oslo_config/cfg.py:3253}}
Jul 24 06:31:01.421861 np0000005813 nova-scheduler[93480]: DEBUG cotyledon.oslo_config_glue [-] oslo_messaging_rabbit.ssl_enforce_hostname_verification = True {{(pid=93480) log_opt_values /opt/stack/data/venv/lib/python3.12/site-packages/oslo_config/cfg.py:3253}}
Jul 24 06:31:01.422166 np0000005813 nova-scheduler[93480]: DEBUG cotyledon.oslo_config_glue [-] oslo_messaging_rabbit.ssl_key_file = {{(pid=93480) log_opt_values /opt/stack/data/venv/lib/python3.12/site-packages/oslo_config/cfg.py:3253}}
Jul 24 06:31:01.422166 np0000005813 nova-scheduler[93480]: DEBUG cotyledon.oslo_config_glue [-] oslo_messaging_rabbit.ssl_version = {{(pid=93480) log_opt_values /opt/stack/data/venv/lib/python3.12/site-packages/oslo_config/cfg.py:3253}}
Jul 24 06:31:01.422166 np0000005813 nova-scheduler[93480]: DEBUG cotyledon.oslo_config_glue [-] oslo_messaging_rabbit.use_queue_manager = False {{(pid=93480) log_opt_values /opt/stack/data/venv/lib/python3.12/site-packages/oslo_config/cfg.py:3253}}
Jul 24 06:31:01.422166 np0000005813 nova-scheduler[93480]: DEBUG cotyledon.oslo_config_glue [-] oslo_messaging_notifications.driver = ['messagingv2'] {{(pid=93480) log_opt_values /opt/stack/data/venv/lib/python3.12/site-packages/oslo_config/cfg.py:3253}}
Jul 24 06:31:01.422166 np0000005813 nova-scheduler[93480]: DEBUG cotyledon.oslo_config_glue [-] oslo_messaging_notifications.retry = -1 {{(pid=93480) log_opt_values /opt/stack/data/venv/lib/python3.12/site-packages/oslo_config/cfg.py:3253}}
Jul 24 06:31:01.422166 np0000005813 nova-scheduler[93480]: DEBUG cotyledon.oslo_config_glue [-] oslo_messaging_notifications.topics = ['notifications'] {{(pid=93480) log_opt_values /opt/stack/data/venv/lib/python3.12/site-packages/oslo_config/cfg.py:3253}}
Jul 24 06:31:01.422166 np0000005813 nova-scheduler[93480]: DEBUG cotyledon.oslo_config_glue [-] oslo_messaging_notifications.transport_url = **** {{(pid=93480) log_opt_values /opt/stack/data/venv/lib/python3.12/site-packages/oslo_config/cfg.py:3253}}
Jul 24 06:31:01.422166 np0000005813 nova-scheduler[93480]: DEBUG cotyledon.oslo_config_glue [-] oslo_limit.auth_section = None {{(pid=93480) log_opt_values /opt/stack/data/venv/lib/python3.12/site-packages/oslo_config/cfg.py:3253}}
Jul 24 06:31:01.422166 np0000005813 nova-scheduler[93480]: DEBUG cotyledon.oslo_config_glue [-] oslo_limit.auth_type = None {{(pid=93480) log_opt_values /opt/stack/data/venv/lib/python3.12/site-packages/oslo_config/cfg.py:3253}}
Jul 24 06:31:01.422359 np0000005813 nova-scheduler[93480]: DEBUG cotyledon.oslo_config_glue [-] oslo_limit.cafile = None {{(pid=93480) log_opt_values /opt/stack/data/venv/lib/python3.12/site-packages/oslo_config/cfg.py:3253}}
Jul 24 06:31:01.422359 np0000005813 nova-scheduler[93480]: DEBUG cotyledon.oslo_config_glue [-] oslo_limit.certfile = None {{(pid=93480) log_opt_values /opt/stack/data/venv/lib/python3.12/site-packages/oslo_config/cfg.py:3253}}
Jul 24 06:31:01.422359 np0000005813 nova-scheduler[93480]: DEBUG cotyledon.oslo_config_glue [-] oslo_limit.collect_timing = False {{(pid=93480) log_opt_values /opt/stack/data/venv/lib/python3.12/site-packages/oslo_config/cfg.py:3253}}
Jul 24 06:31:01.422359 np0000005813 nova-scheduler[93480]: DEBUG cotyledon.oslo_config_glue [-] oslo_limit.connect_retries = None {{(pid=93480) log_opt_values /opt/stack/data/venv/lib/python3.12/site-packages/oslo_config/cfg.py:3253}}
Jul 24 06:31:01.422359 np0000005813 nova-scheduler[93480]: DEBUG cotyledon.oslo_config_glue [-] oslo_limit.connect_retry_delay = None {{(pid=93480) log_opt_values /opt/stack/data/venv/lib/python3.12/site-packages/oslo_config/cfg.py:3253}}
Jul 24 06:31:01.422359 np0000005813 nova-scheduler[93480]: DEBUG cotyledon.oslo_config_glue [-] oslo_limit.endpoint_id = None {{(pid=93480) log_opt_values /opt/stack/data/venv/lib/python3.12/site-packages/oslo_config/cfg.py:3253}}
Jul 24 06:31:01.422359 np0000005813 nova-scheduler[93480]: DEBUG cotyledon.oslo_config_glue [-] oslo_limit.endpoint_interface = public {{(pid=93480) log_opt_values /opt/stack/data/venv/lib/python3.12/site-packages/oslo_config/cfg.py:3253}}
Jul 24 06:31:01.422359 np0000005813 nova-scheduler[93480]: DEBUG cotyledon.oslo_config_glue [-] oslo_limit.endpoint_override = None {{(pid=93480) log_opt_values /opt/stack/data/venv/lib/python3.12/site-packages/oslo_config/cfg.py:3253}}
Jul 24 06:31:01.422359 np0000005813 nova-scheduler[93480]: DEBUG cotyledon.oslo_config_glue [-] oslo_limit.endpoint_region_name = None {{(pid=93480) log_opt_values /opt/stack/data/venv/lib/python3.12/site-packages/oslo_config/cfg.py:3253}}
Jul 24 06:31:01.422556 np0000005813 nova-scheduler[93480]: DEBUG cotyledon.oslo_config_glue [-] oslo_limit.endpoint_service_name = None {{(pid=93480) log_opt_values /opt/stack/data/venv/lib/python3.12/site-packages/oslo_config/cfg.py:3253}}
Jul 24 06:31:01.422556 np0000005813 nova-scheduler[93480]: DEBUG cotyledon.oslo_config_glue [-] oslo_limit.endpoint_service_type = None {{(pid=93480) log_opt_values /opt/stack/data/venv/lib/python3.12/site-packages/oslo_config/cfg.py:3253}}
Jul 24 06:31:01.422556 np0000005813 nova-scheduler[93480]: DEBUG cotyledon.oslo_config_glue [-] oslo_limit.insecure = False {{(pid=93480) log_opt_values /opt/stack/data/venv/lib/python3.12/site-packages/oslo_config/cfg.py:3253}}
Jul 24 06:31:01.422556 np0000005813 nova-scheduler[93480]: DEBUG cotyledon.oslo_config_glue [-] oslo_limit.keyfile = None {{(pid=93480) log_opt_values /opt/stack/data/venv/lib/python3.12/site-packages/oslo_config/cfg.py:3253}}
Jul 24 06:31:01.422556 np0000005813 nova-scheduler[93480]: DEBUG cotyledon.oslo_config_glue [-] oslo_limit.max_version = None {{(pid=93480) log_opt_values /opt/stack/data/venv/lib/python3.12/site-packages/oslo_config/cfg.py:3253}}
Jul 24 06:31:01.422556 np0000005813 nova-scheduler[93480]: DEBUG cotyledon.oslo_config_glue [-] oslo_limit.min_version = None {{(pid=93480) log_opt_values /opt/stack/data/venv/lib/python3.12/site-packages/oslo_config/cfg.py:3253}}
Jul 24 06:31:01.422556 np0000005813 nova-scheduler[93480]: DEBUG cotyledon.oslo_config_glue [-] oslo_limit.region_name = None {{(pid=93480) log_opt_values /opt/stack/data/venv/lib/python3.12/site-packages/oslo_config/cfg.py:3253}}
Jul 24 06:31:01.422556 np0000005813 nova-scheduler[93480]: DEBUG cotyledon.oslo_config_glue [-] oslo_limit.retriable_status_codes = None {{(pid=93480) log_opt_values /opt/stack/data/venv/lib/python3.12/site-packages/oslo_config/cfg.py:3253}}
Jul 24 06:31:01.422556 np0000005813 nova-scheduler[93480]: DEBUG cotyledon.oslo_config_glue [-] oslo_limit.service_name = None {{(pid=93480) log_opt_values /opt/stack/data/venv/lib/python3.12/site-packages/oslo_config/cfg.py:3253}}
Jul 24 06:31:01.422762 np0000005813 nova-scheduler[93480]: DEBUG cotyledon.oslo_config_glue [-] oslo_limit.service_type = None {{(pid=93480) log_opt_values /opt/stack/data/venv/lib/python3.12/site-packages/oslo_config/cfg.py:3253}}
Jul 24 06:31:01.422762 np0000005813 nova-scheduler[93480]: DEBUG cotyledon.oslo_config_glue [-] oslo_limit.split_loggers = False {{(pid=93480) log_opt_values /opt/stack/data/venv/lib/python3.12/site-packages/oslo_config/cfg.py:3253}}
Jul 24 06:31:01.422762 np0000005813 nova-scheduler[93480]: DEBUG cotyledon.oslo_config_glue [-] oslo_limit.status_code_retries = None {{(pid=93480) log_opt_values /opt/stack/data/venv/lib/python3.12/site-packages/oslo_config/cfg.py:3253}}
Jul 24 06:31:01.422762 np0000005813 nova-scheduler[93480]: DEBUG cotyledon.oslo_config_glue [-] oslo_limit.status_code_retry_delay = None {{(pid=93480) log_opt_values /opt/stack/data/venv/lib/python3.12/site-packages/oslo_config/cfg.py:3253}}
Jul 24 06:31:01.422762 np0000005813 nova-scheduler[93480]: DEBUG cotyledon.oslo_config_glue [-] oslo_limit.timeout = None {{(pid=93480) log_opt_values /opt/stack/data/venv/lib/python3.12/site-packages/oslo_config/cfg.py:3253}}
Jul 24 06:31:01.422762 np0000005813 nova-scheduler[93480]: DEBUG cotyledon.oslo_config_glue [-] oslo_limit.valid_interfaces = None {{(pid=93480) log_opt_values /opt/stack/data/venv/lib/python3.12/site-packages/oslo_config/cfg.py:3253}}
Jul 24 06:31:01.422762 np0000005813 nova-scheduler[93480]: DEBUG cotyledon.oslo_config_glue [-] oslo_limit.version = None {{(pid=93480) log_opt_values /opt/stack/data/venv/lib/python3.12/site-packages/oslo_config/cfg.py:3253}}
Jul 24 06:31:01.422762 np0000005813 nova-scheduler[93480]: DEBUG cotyledon.oslo_config_glue [-] oslo_reports.file_event_handler = None {{(pid=93480) log_opt_values /opt/stack/data/venv/lib/python3.12/site-packages/oslo_config/cfg.py:3253}}
Jul 24 06:31:01.422762 np0000005813 nova-scheduler[93480]: DEBUG cotyledon.oslo_config_glue [-] oslo_reports.file_event_handler_interval = 1 {{(pid=93480) log_opt_values /opt/stack/data/venv/lib/python3.12/site-packages/oslo_config/cfg.py:3253}}
Jul 24 06:31:01.422960 np0000005813 nova-scheduler[93480]: DEBUG cotyledon.oslo_config_glue [-] oslo_reports.log_dir = None {{(pid=93480) log_opt_values /opt/stack/data/venv/lib/python3.12/site-packages/oslo_config/cfg.py:3253}}
Jul 24 06:31:01.422960 np0000005813 nova-scheduler[93480]: DEBUG cotyledon.oslo_config_glue [-] ******************************************************************************** {{(pid=93480) log_opt_values /opt/stack/data/venv/lib/python3.12/site-packages/oslo_config/cfg.py:3260}}
Jul 24 06:31:01.422960 np0000005813 nova-scheduler[93480]: DEBUG cotyledon._service_worker [-] Run service ServiceWrapper(2) [93480] {{(pid=93480) wait_forever /opt/stack/data/venv/lib/python3.12/site-packages/cotyledon/_service_worker.py:218}}
Jul 24 06:31:01.422960 np0000005813 nova-scheduler[93480]: INFO nova.service [-] Starting scheduler node (version 33.1.0)
Jul 24 06:31:01.423847 np0000005813 nova-scheduler[93480]: INFO dbcounter [None req-99aa0cd6-91f0-4f68-ba04-188505cfa82d None None] Registered counter for database nova_cell0
Jul 24 06:31:01.438809 np0000005813 nova-scheduler[93476]: DEBUG oslo_db.sqlalchemy.engines [None req-c896c1be-e3d2-4e4d-aa40-806c4eb047e2 None None] MySQL server mode set to STRICT_TRANS_TABLES,STRICT_ALL_TABLES,NO_ZERO_IN_DATE,NO_ZERO_DATE,ERROR_FOR_DIVISION_BY_ZERO,TRADITIONAL,NO_ENGINE_SUBSTITUTION {{(pid=93476) _check_effective_sql_mode /opt/stack/data/venv/lib/python3.12/site-packages/oslo_db/sqlalchemy/engines.py:325}}
Jul 24 06:31:01.447908 np0000005813 nova-scheduler[93476]: DEBUG dbcounter [-] [93476] Writer thread running {{(pid=93476) stat_writer /opt/stack/data/venv/lib/python3.12/site-packages/dbcounter.py:102}}
Jul 24 06:31:01.451229 np0000005813 nova-scheduler[93478]: DEBUG oslo_db.sqlalchemy.engines [None req-22c2968f-df27-4d8c-974a-e3bb77f20aed None None] MySQL server mode set to STRICT_TRANS_TABLES,STRICT_ALL_TABLES,NO_ZERO_IN_DATE,NO_ZERO_DATE,ERROR_FOR_DIVISION_BY_ZERO,TRADITIONAL,NO_ENGINE_SUBSTITUTION {{(pid=93478) _check_effective_sql_mode /opt/stack/data/venv/lib/python3.12/site-packages/oslo_db/sqlalchemy/engines.py:325}}
Jul 24 06:31:01.460805 np0000005813 nova-scheduler[93478]: DEBUG dbcounter [-] [93478] Writer thread running {{(pid=93478) stat_writer /opt/stack/data/venv/lib/python3.12/site-packages/dbcounter.py:102}}
Jul 24 06:31:01.461213 np0000005813 nova-scheduler[93476]: DEBUG nova.service [None req-c896c1be-e3d2-4e4d-aa40-806c4eb047e2 None None] Creating RPC server for service: nova-scheduler on topic: scheduler {{(pid=93476) start /opt/stack/nova/nova/service.py:196}}
Jul 24 06:31:01.463600 np0000005813 nova-scheduler[93478]: DEBUG nova.service [None req-22c2968f-df27-4d8c-974a-e3bb77f20aed None None] Creating RPC server for service: nova-scheduler on topic: scheduler {{(pid=93478) start /opt/stack/nova/nova/service.py:196}}
Jul 24 06:31:01.471770 np0000005813 nova-scheduler[93480]: DEBUG oslo_db.sqlalchemy.engines [None req-99aa0cd6-91f0-4f68-ba04-188505cfa82d None None] MySQL server mode set to STRICT_TRANS_TABLES,STRICT_ALL_TABLES,NO_ZERO_IN_DATE,NO_ZERO_DATE,ERROR_FOR_DIVISION_BY_ZERO,TRADITIONAL,NO_ENGINE_SUBSTITUTION {{(pid=93480) _check_effective_sql_mode /opt/stack/data/venv/lib/python3.12/site-packages/oslo_db/sqlalchemy/engines.py:325}}
Jul 24 06:31:01.485407 np0000005813 nova-scheduler[93478]: DEBUG nova.service [None req-22c2968f-df27-4d8c-974a-e3bb77f20aed None None] Join ServiceGroup membership for this service scheduler {{(pid=93478) start /opt/stack/nova/nova/service.py:222}}
Jul 24 06:31:01.485577 np0000005813 nova-scheduler[93480]: DEBUG dbcounter [-] [93480] Writer thread running {{(pid=93480) stat_writer /opt/stack/data/venv/lib/python3.12/site-packages/dbcounter.py:102}}
Jul 24 06:31:01.485633 np0000005813 nova-scheduler[93478]: DEBUG nova.servicegroup.drivers.db [None req-22c2968f-df27-4d8c-974a-e3bb77f20aed None None] DB_Driver: join new ServiceGroup member np0000005813 to the scheduler group, service = {{(pid=93478) join /opt/stack/nova/nova/servicegroup/drivers/db.py:44}}
Jul 24 06:31:01.488951 np0000005813 nova-scheduler[93480]: DEBUG nova.service [None req-99aa0cd6-91f0-4f68-ba04-188505cfa82d None None] Creating RPC server for service: nova-scheduler on topic: scheduler {{(pid=93480) start /opt/stack/nova/nova/service.py:196}}
Jul 24 06:31:01.492328 np0000005813 nova-scheduler[93476]: DEBUG nova.service [None req-c896c1be-e3d2-4e4d-aa40-806c4eb047e2 None None] Join ServiceGroup membership for this service scheduler {{(pid=93476) start /opt/stack/nova/nova/service.py:222}}
Jul 24 06:31:01.492540 np0000005813 nova-scheduler[93476]: DEBUG nova.servicegroup.drivers.db [None req-c896c1be-e3d2-4e4d-aa40-806c4eb047e2 None None] DB_Driver: join new ServiceGroup member np0000005813 to the scheduler group, service = {{(pid=93476) join /opt/stack/nova/nova/servicegroup/drivers/db.py:44}}
Jul 24 06:31:01.506519 np0000005813 nova-scheduler[93480]: DEBUG nova.service [None req-99aa0cd6-91f0-4f68-ba04-188505cfa82d None None] Join ServiceGroup membership for this service scheduler {{(pid=93480) start /opt/stack/nova/nova/service.py:222}}
Jul 24 06:31:01.506738 np0000005813 nova-scheduler[93480]: DEBUG nova.servicegroup.drivers.db [None req-99aa0cd6-91f0-4f68-ba04-188505cfa82d None None] DB_Driver: join new ServiceGroup member np0000005813 to the scheduler group, service = {{(pid=93480) join /opt/stack/nova/nova/servicegroup/drivers/db.py:44}}
Jul 24 06:31:06.501938 np0000005813 nova-scheduler[93478]: DEBUG oslo.service.backend._threading.loopingcall [-] Fixed interval looping call 'nova.servicegroup.drivers.db.DbDriver._report_state' sleeping for 119.99 seconds {{(pid=93478) _run_loop /opt/stack/data/venv/lib/python3.12/site-packages/oslo_service/backend/_threading/loopingcall.py:125}}
Jul 24 06:31:06.508408 np0000005813 nova-scheduler[93476]: DEBUG oslo.service.backend._threading.loopingcall [-] Fixed interval looping call 'nova.servicegroup.drivers.db.DbDriver._report_state' sleeping for 119.99 seconds {{(pid=93476) _run_loop /opt/stack/data/venv/lib/python3.12/site-packages/oslo_service/backend/_threading/loopingcall.py:125}}
Jul 24 06:31:06.516546 np0000005813 nova-scheduler[93480]: DEBUG oslo.service.backend._threading.loopingcall [-] Fixed interval looping call 'nova.servicegroup.drivers.db.DbDriver._report_state' sleeping for 119.99 seconds {{(pid=93480) _run_loop /opt/stack/data/venv/lib/python3.12/site-packages/oslo_service/backend/_threading/loopingcall.py:125}}
Jul 24 06:31:08.487712 np0000005813 nova-scheduler[93478]: DEBUG oslo.service.backend._threading.loopingcall [None req-17bd79e7-34c4-4bc7-9d08-91c2a34019eb None None] Dynamic interval looping call 'nova.service.Service.periodic_tasks' sleeping for 60.00 seconds {{(pid=93478) _run_loop /opt/stack/data/venv/lib/python3.12/site-packages/oslo_service/backend/_threading/loopingcall.py:125}}
Jul 24 06:31:10.053326 np0000005813 nova-scheduler[92197]: DEBUG dbcounter [-] [92197] Writing DB stats nova_api:SELECT=3 {{(pid=92197) stat_writer /opt/stack/data/venv/lib/python3.12/site-packages/dbcounter.py:115}}
Jul 24 06:31:10.172706 np0000005813 nova-scheduler[92197]: DEBUG dbcounter [-] [92197] Writing DB stats nova_cell0:SELECT=1 {{(pid=92197) stat_writer /opt/stack/data/venv/lib/python3.12/site-packages/dbcounter.py:115}}
Jul 24 06:31:10.186813 np0000005813 nova-scheduler[92197]: DEBUG dbcounter [-] [92197] Writing DB stats nova_cell1:SELECT=1 {{(pid=92197) stat_writer /opt/stack/data/venv/lib/python3.12/site-packages/dbcounter.py:115}}
Jul 24 06:31:16.497248 np0000005813 nova-scheduler[93478]: DEBUG dbcounter [-] [93478] Writing DB stats nova_cell0:SELECT=3,nova_cell0:UPDATE=1 {{(pid=93478) stat_writer /opt/stack/data/venv/lib/python3.12/site-packages/dbcounter.py:115}}
Jul 24 06:31:16.503081 np0000005813 nova-scheduler[93476]: DEBUG dbcounter [-] [93476] Writing DB stats nova_cell0:SELECT=4,nova_cell0:INSERT=1,nova_cell0:UPDATE=1 {{(pid=93476) stat_writer /opt/stack/data/venv/lib/python3.12/site-packages/dbcounter.py:115}}
Jul 24 06:31:16.515687 np0000005813 nova-scheduler[93480]: DEBUG dbcounter [-] [93480] Writing DB stats nova_cell0:SELECT=3 {{(pid=93480) stat_writer /opt/stack/data/venv/lib/python3.12/site-packages/dbcounter.py:115}}
Jul 24 06:31:37.494888 np0000005813 nova-scheduler[93476]: DEBUG oslo.service.backend._threading.loopingcall [None req-95f2e2fc-10c2-4aa5-b1d4-25bb0c7f997e None None] Dynamic interval looping call 'nova.service.Service.periodic_tasks' sleeping for 60.00 seconds {{(pid=93476) _run_loop /opt/stack/data/venv/lib/python3.12/site-packages/oslo_service/backend/_threading/loopingcall.py:125}}
Jul 24 06:31:49.508921 np0000005813 nova-scheduler[93480]: DEBUG oslo.service.backend._threading.loopingcall [None req-d73b1631-da36-468a-9710-dfa8d4272eff None None] Dynamic interval looping call 'nova.service.Service.periodic_tasks' sleeping for 60.00 seconds {{(pid=93480) _run_loop /opt/stack/data/venv/lib/python3.12/site-packages/oslo_service/backend/_threading/loopingcall.py:125}}
Jul 24 06:32:08.488240 np0000005813 nova-scheduler[93478]: DEBUG oslo.service.backend._threading.loopingcall [None req-17bd79e7-34c4-4bc7-9d08-91c2a34019eb None None] Dynamic interval looping call 'nova.service.Service.periodic_tasks' sleeping for 60.00 seconds {{(pid=93478) _run_loop /opt/stack/data/venv/lib/python3.12/site-packages/oslo_service/backend/_threading/loopingcall.py:125}}
Jul 24 06:32:37.495407 np0000005813 nova-scheduler[93476]: DEBUG oslo.service.backend._threading.loopingcall [None req-95f2e2fc-10c2-4aa5-b1d4-25bb0c7f997e None None] Dynamic interval looping call 'nova.service.Service.periodic_tasks' sleeping for 60.00 seconds {{(pid=93476) _run_loop /opt/stack/data/venv/lib/python3.12/site-packages/oslo_service/backend/_threading/loopingcall.py:125}}
Jul 24 06:32:49.509444 np0000005813 nova-scheduler[93480]: DEBUG oslo.service.backend._threading.loopingcall [None req-d73b1631-da36-468a-9710-dfa8d4272eff None None] Dynamic interval looping call 'nova.service.Service.periodic_tasks' sleeping for 60.00 seconds {{(pid=93480) _run_loop /opt/stack/data/venv/lib/python3.12/site-packages/oslo_service/backend/_threading/loopingcall.py:125}}
Jul 24 06:33:06.502544 np0000005813 nova-scheduler[93478]: DEBUG oslo.service.backend._threading.loopingcall [-] Fixed interval looping call 'nova.servicegroup.drivers.db.DbDriver._report_state' sleeping for 119.99 seconds {{(pid=93478) _run_loop /opt/stack/data/venv/lib/python3.12/site-packages/oslo_service/backend/_threading/loopingcall.py:125}}
Jul 24 06:33:06.507000 np0000005813 nova-scheduler[93476]: DEBUG oslo.service.backend._threading.loopingcall [-] Fixed interval looping call 'nova.servicegroup.drivers.db.DbDriver._report_state' sleeping for 119.99 seconds {{(pid=93476) _run_loop /opt/stack/data/venv/lib/python3.12/site-packages/oslo_service/backend/_threading/loopingcall.py:125}}
Jul 24 06:33:06.509721 np0000005813 nova-scheduler[93480]: DEBUG oslo.service.backend._threading.loopingcall [-] Fixed interval looping call 'nova.servicegroup.drivers.db.DbDriver._report_state' sleeping for 120.00 seconds {{(pid=93480) _run_loop /opt/stack/data/venv/lib/python3.12/site-packages/oslo_service/backend/_threading/loopingcall.py:125}}
Jul 24 06:33:08.488754 np0000005813 nova-scheduler[93478]: DEBUG oslo.service.backend._threading.loopingcall [None req-17bd79e7-34c4-4bc7-9d08-91c2a34019eb None None] Dynamic interval looping call 'nova.service.Service.periodic_tasks' sleeping for 60.00 seconds {{(pid=93478) _run_loop /opt/stack/data/venv/lib/python3.12/site-packages/oslo_service/backend/_threading/loopingcall.py:125}}
Jul 24 06:33:16.495369 np0000005813 nova-scheduler[93478]: DEBUG dbcounter [-] [93478] Writing DB stats nova_cell0:SELECT=1,nova_cell0:UPDATE=1 {{(pid=93478) stat_writer /opt/stack/data/venv/lib/python3.12/site-packages/dbcounter.py:115}}
Jul 24 06:33:16.502860 np0000005813 nova-scheduler[93476]: DEBUG dbcounter [-] [93476] Writing DB stats nova_cell0:SELECT=1 {{(pid=93476) stat_writer /opt/stack/data/venv/lib/python3.12/site-packages/dbcounter.py:115}}
Jul 24 06:33:16.508126 np0000005813 nova-scheduler[93480]: DEBUG dbcounter [-] [93480] Writing DB stats nova_cell0:SELECT=1 {{(pid=93480) stat_writer /opt/stack/data/venv/lib/python3.12/site-packages/dbcounter.py:115}}
Jul 24 06:33:30.729918 np0000005813 nova-scheduler[93478]: DEBUG nova.scheduler.manager [None req-cdc7827b-2e1d-4959-83aa-cf9ab8ebe746 tempest-ServerBootFromVolumeStableRescueTest-43003109 tempest-ServerBootFromVolumeStableRescueTest-43003109-project-member] Starting to schedule for instances: ['892edfbf-be2d-4330-be1a-e62c9730c5ad'] {{(pid=93478) select_destinations /opt/stack/nova/nova/scheduler/manager.py:209}}
Jul 24 06:33:30.731482 np0000005813 nova-scheduler[93478]: DEBUG nova.scheduler.request_filter [None req-cdc7827b-2e1d-4959-83aa-cf9ab8ebe746 tempest-ServerBootFromVolumeStableRescueTest-43003109 tempest-ServerBootFromVolumeStableRescueTest-43003109-project-member] compute_status_filter request filter added forbidden trait COMPUTE_STATUS_DISABLED {{(pid=93478) compute_status_filter /opt/stack/nova/nova/scheduler/request_filter.py:253}}
Jul 24 06:33:30.731482 np0000005813 nova-scheduler[93478]: DEBUG nova.scheduler.request_filter [None req-cdc7827b-2e1d-4959-83aa-cf9ab8ebe746 tempest-ServerBootFromVolumeStableRescueTest-43003109 tempest-ServerBootFromVolumeStableRescueTest-43003109-project-member] Request filter 'compute_status_filter' took 0.0 seconds {{(pid=93478) wrapper /opt/stack/nova/nova/scheduler/request_filter.py:46}}
Jul 24 06:33:30.731482 np0000005813 nova-scheduler[93478]: DEBUG nova.scheduler.request_filter [None req-cdc7827b-2e1d-4959-83aa-cf9ab8ebe746 tempest-ServerBootFromVolumeStableRescueTest-43003109 tempest-ServerBootFromVolumeStableRescueTest-43003109-project-member] Request filter 'accelerators_filter' took 0.0 seconds {{(pid=93478) wrapper /opt/stack/nova/nova/scheduler/request_filter.py:46}}
Jul 24 06:33:30.731482 np0000005813 nova-scheduler[93478]: DEBUG nova.scheduler.request_filter [None req-cdc7827b-2e1d-4959-83aa-cf9ab8ebe746 tempest-ServerBootFromVolumeStableRescueTest-43003109 tempest-ServerBootFromVolumeStableRescueTest-43003109-project-member] Request filter 'packed_virtqueue_filter' took 0.0 seconds {{(pid=93478) wrapper /opt/stack/nova/nova/scheduler/request_filter.py:46}}
Jul 24 06:33:30.731784 np0000005813 nova-scheduler[93478]: DEBUG nova.scheduler.request_filter [None req-cdc7827b-2e1d-4959-83aa-cf9ab8ebe746 tempest-ServerBootFromVolumeStableRescueTest-43003109 tempest-ServerBootFromVolumeStableRescueTest-43003109-project-member] Request filter 'remote_managed_ports_filter' took 0.0 seconds {{(pid=93478) wrapper /opt/stack/nova/nova/scheduler/request_filter.py:46}}
Jul 24 06:33:30.731999 np0000005813 nova-scheduler[93478]: DEBUG nova.scheduler.request_filter [None req-cdc7827b-2e1d-4959-83aa-cf9ab8ebe746 tempest-ServerBootFromVolumeStableRescueTest-43003109 tempest-ServerBootFromVolumeStableRescueTest-43003109-project-member] ephemeral_encryption_filter skipped {{(pid=93478) ephemeral_encryption_filter /opt/stack/nova/nova/scheduler/request_filter.py:426}}
Jul 24 06:33:30.732248 np0000005813 nova-scheduler[93478]: DEBUG nova.scheduler.request_filter [None req-cdc7827b-2e1d-4959-83aa-cf9ab8ebe746 tempest-ServerBootFromVolumeStableRescueTest-43003109 tempest-ServerBootFromVolumeStableRescueTest-43003109-project-member] virtio_sound_filter skipped {{(pid=93478) virtio_sound_filter /opt/stack/nova/nova/scheduler/request_filter.py:460}}
Jul 24 06:33:30.732621 np0000005813 nova-scheduler[93478]: DEBUG nova.scheduler.request_filter [None req-cdc7827b-2e1d-4959-83aa-cf9ab8ebe746 tempest-ServerBootFromVolumeStableRescueTest-43003109 tempest-ServerBootFromVolumeStableRescueTest-43003109-project-member] tpm_secret_security_filter skipped {{(pid=93478) tpm_secret_security_filter /opt/stack/nova/nova/scheduler/request_filter.py:477}}
Jul 24 06:33:31.478330 np0000005813 nova-scheduler[93478]: INFO nova.utils [None req-cdc7827b-2e1d-4959-83aa-cf9ab8ebe746 tempest-ServerBootFromVolumeStableRescueTest-43003109 tempest-ServerBootFromVolumeStableRescueTest-43003109-project-member] The cell worker thread pool ForkProcess-2.cell_worker is initialized
Jul 24 06:33:31.478715 np0000005813 nova-scheduler[93478]: DEBUG oslo_concurrency.lockutils [None req-cdc7827b-2e1d-4959-83aa-cf9ab8ebe746 tempest-ServerBootFromVolumeStableRescueTest-43003109 tempest-ServerBootFromVolumeStableRescueTest-43003109-project-member] Acquiring lock "9667ee72-4176-498f-8aba-2ed8769aec5e" by "nova.context.set_target_cell..get_or_set_cached_cell_and_set_connections" {{(pid=93478) inner /opt/stack/data/venv/lib/python3.12/site-packages/oslo_concurrency/lockutils.py:512}}
Jul 24 06:33:31.478915 np0000005813 nova-scheduler[93478]: DEBUG oslo_concurrency.lockutils [None req-cdc7827b-2e1d-4959-83aa-cf9ab8ebe746 tempest-ServerBootFromVolumeStableRescueTest-43003109 tempest-ServerBootFromVolumeStableRescueTest-43003109-project-member] Lock "9667ee72-4176-498f-8aba-2ed8769aec5e" acquired by "nova.context.set_target_cell..get_or_set_cached_cell_and_set_connections" :: waited 0.000s {{(pid=93478) inner /opt/stack/data/venv/lib/python3.12/site-packages/oslo_concurrency/lockutils.py:525}}
Jul 24 06:33:31.480201 np0000005813 nova-scheduler[93478]: DEBUG oslo_concurrency.lockutils [None req-cdc7827b-2e1d-4959-83aa-cf9ab8ebe746 tempest-ServerBootFromVolumeStableRescueTest-43003109 tempest-ServerBootFromVolumeStableRescueTest-43003109-project-member] Lock "9667ee72-4176-498f-8aba-2ed8769aec5e" "released" by "nova.context.set_target_cell..get_or_set_cached_cell_and_set_connections" :: held 0.001s {{(pid=93478) inner /opt/stack/data/venv/lib/python3.12/site-packages/oslo_concurrency/lockutils.py:544}}
Jul 24 06:33:31.482266 np0000005813 nova-scheduler[93478]: INFO dbcounter [None req-cdc7827b-2e1d-4959-83aa-cf9ab8ebe746 tempest-ServerBootFromVolumeStableRescueTest-43003109 tempest-ServerBootFromVolumeStableRescueTest-43003109-project-member] Registered counter for database nova_cell1
Jul 24 06:33:31.519287 np0000005813 nova-scheduler[93478]: DEBUG oslo_db.sqlalchemy.engines [None req-cdc7827b-2e1d-4959-83aa-cf9ab8ebe746 tempest-ServerBootFromVolumeStableRescueTest-43003109 tempest-ServerBootFromVolumeStableRescueTest-43003109-project-member] MySQL server mode set to STRICT_TRANS_TABLES,STRICT_ALL_TABLES,NO_ZERO_IN_DATE,NO_ZERO_DATE,ERROR_FOR_DIVISION_BY_ZERO,TRADITIONAL,NO_ENGINE_SUBSTITUTION {{(pid=93478) _check_effective_sql_mode /opt/stack/data/venv/lib/python3.12/site-packages/oslo_db/sqlalchemy/engines.py:325}}
Jul 24 06:33:31.525021 np0000005813 nova-scheduler[93478]: DEBUG dbcounter [-] [93478] Writer thread running {{(pid=93478) stat_writer /opt/stack/data/venv/lib/python3.12/site-packages/dbcounter.py:102}}
Jul 24 06:33:31.533698 np0000005813 nova-scheduler[93478]: DEBUG oslo_db.sqlalchemy.engines [None req-cdc7827b-2e1d-4959-83aa-cf9ab8ebe746 tempest-ServerBootFromVolumeStableRescueTest-43003109 tempest-ServerBootFromVolumeStableRescueTest-43003109-project-member] Parent process 92197 forked (93478) with an open database connection, which is being discarded and recreated. {{(pid=93478) checkout /opt/stack/data/venv/lib/python3.12/site-packages/oslo_db/sqlalchemy/engines.py:402}}
Jul 24 06:33:31.567179 np0000005813 nova-scheduler[93478]: DEBUG dbcounter [-] [93478] Writer thread running {{(pid=93478) stat_writer /opt/stack/data/venv/lib/python3.12/site-packages/dbcounter.py:102}}
Jul 24 06:33:31.569878 np0000005813 nova-scheduler[93478]: DEBUG oslo_concurrency.lockutils [None req-cdc7827b-2e1d-4959-83aa-cf9ab8ebe746 tempest-ServerBootFromVolumeStableRescueTest-43003109 tempest-ServerBootFromVolumeStableRescueTest-43003109-project-member] Acquiring lock "9667ee72-4176-498f-8aba-2ed8769aec5e" by "nova.context.set_target_cell..get_or_set_cached_cell_and_set_connections" {{(pid=93478) inner /opt/stack/data/venv/lib/python3.12/site-packages/oslo_concurrency/lockutils.py:512}}
Jul 24 06:33:31.570108 np0000005813 nova-scheduler[93478]: DEBUG oslo_concurrency.lockutils [None req-cdc7827b-2e1d-4959-83aa-cf9ab8ebe746 tempest-ServerBootFromVolumeStableRescueTest-43003109 tempest-ServerBootFromVolumeStableRescueTest-43003109-project-member] Lock "9667ee72-4176-498f-8aba-2ed8769aec5e" acquired by "nova.context.set_target_cell..get_or_set_cached_cell_and_set_connections" :: waited 0.000s {{(pid=93478) inner /opt/stack/data/venv/lib/python3.12/site-packages/oslo_concurrency/lockutils.py:525}}
Jul 24 06:33:31.570218 np0000005813 nova-scheduler[93478]: DEBUG oslo_concurrency.lockutils [None req-cdc7827b-2e1d-4959-83aa-cf9ab8ebe746 tempest-ServerBootFromVolumeStableRescueTest-43003109 tempest-ServerBootFromVolumeStableRescueTest-43003109-project-member] Lock "9667ee72-4176-498f-8aba-2ed8769aec5e" "released" by "nova.context.set_target_cell..get_or_set_cached_cell_and_set_connections" :: held 0.000s {{(pid=93478) inner /opt/stack/data/venv/lib/python3.12/site-packages/oslo_concurrency/lockutils.py:544}}
Jul 24 06:33:31.575279 np0000005813 nova-scheduler[93478]: DEBUG oslo_concurrency.lockutils [None req-cdc7827b-2e1d-4959-83aa-cf9ab8ebe746 tempest-ServerBootFromVolumeStableRescueTest-43003109 tempest-ServerBootFromVolumeStableRescueTest-43003109-project-member] Acquiring lock "np0000005813-np0000005813" by "nova.scheduler.host_manager.HostState.update.._locked_update" {{(pid=93478) inner /opt/stack/data/venv/lib/python3.12/site-packages/oslo_concurrency/lockutils.py:512}}
Jul 24 06:33:31.575356 np0000005813 nova-scheduler[93478]: DEBUG oslo_concurrency.lockutils [None req-cdc7827b-2e1d-4959-83aa-cf9ab8ebe746 tempest-ServerBootFromVolumeStableRescueTest-43003109 tempest-ServerBootFromVolumeStableRescueTest-43003109-project-member] Lock "np0000005813-np0000005813" acquired by "nova.scheduler.host_manager.HostState.update.._locked_update" :: waited 0.000s {{(pid=93478) inner /opt/stack/data/venv/lib/python3.12/site-packages/oslo_concurrency/lockutils.py:525}}
Jul 24 06:33:31.576222 np0000005813 nova-scheduler[93478]: DEBUG nova.scheduler.host_manager [None req-cdc7827b-2e1d-4959-83aa-cf9ab8ebe746 tempest-ServerBootFromVolumeStableRescueTest-43003109 tempest-ServerBootFromVolumeStableRescueTest-43003109-project-member] Update host state from compute node: ComputeNode(cpu_allocation_ratio=4.0,cpu_info='{"arch": "x86_64", "model": "EPYC-Milan", "vendor": "AMD", "topology": {"cells": 1, "sockets": 16, "cores": 1, "threads": 1}, "maxphysaddr": {"mode": "emulate", "bits": 40}, "features": ["amd-stibp", "mce", "null-sel-clr-base", "virt-ssbd", "rdtscp", "nrip-save", "npt", "fsrm", "cr8legacy", "adx", "f16c", "sse4.2", "3dnowprefetch", "x2apic", "stibp", "wbnoinvd", "amd-psfd", "mmx", "sse", "pat", "avx2", "sse4a", "fsgsbase", "lm", "stibp-always-on", "rdseed", "fxsr_opt", "msr", "rdrand", "rdctl-no", "invpcid", "sep", "mca", "bmi1", "pdpe1gb", "skip-l1dfl-vmentry", "tsc-deadline", "clwb", "no-nested-data-bp", "mds-no", "svme-addr-chk", "tsc_adjust", "ibrs", "fpu", "pge", "popcnt", "pse36", "pni", "umip", "xsave", "apic", "hypervisor", "tsc-scale", "abm", "ssbd", "tsc", "vme", "avx", "perfctr_core", "vgif", "topoext", "pse", "amd-ssbd", "xgetbv1", "spec-ctrl", "xsaveopt", "sse2", "xsaves", "ssse3", "lahf_lm", "arch-capabilities", "pfthreshold", "bmi2", "pschange-mc-no", "ibpb", "pae", "aes", "fma", "pclmuldq", "misalignsse", "clflushopt", "nx", "arat", "cmov", "sse4.1", "pause-filter", "erms", "cx16", "xsaveerptr", "mtrr", "lfence-always-serializing", "vmcb-clean", "de", "flushbyasid", "smep", "smap", "syscall", "cmp_legacy", "v-vmsave-vmload", "mmxext", "pcid", "movbe", "cx8", "vpclmulqdq", "pku", "sha-ni", "svm", "clzero", "xsavec", "lbrv", "osvw", "fxsr", "rdpid", "clflush", "gds-no", "vaes"]}',created_at=2026-07-24T06:31:22Z,current_workload=0,deleted=False,deleted_at=None,disk_allocation_ratio=1.0,disk_available_least=73,free_disk_gb=95,free_ram_mb=62765,host='np0000005813',host_ip=10.4.3.135,hypervisor_hostname='np0000005813',hypervisor_type='QEMU',hypervisor_version=8002002,id=1,local_gb=95,local_gb_used=0,mapped=1,memory_mb=63277,memory_mb_used=512,metrics='[]',numa_topology='{"nova_object.name": "NUMATopology", "nova_object.namespace": "nova", "nova_object.version": "1.2", "nova_object.data": {"cells": [{"nova_object.name": "NUMACell", "nova_object.namespace": "nova", "nova_object.version": "1.5", "nova_object.data": {"id": 0, "cpuset": [0, 1, 2, 3, 4, 5, 6, 7, 8, 9, 10, 11, 12, 13, 14, 15], "pcpuset": [0, 1, 2, 3, 4, 5, 6, 7, 8, 9, 10, 11, 12, 13, 14, 15], "memory": 63277, "cpu_usage": 0, "memory_usage": 0, "pinned_cpus": [], "siblings": [[6], [12], [2], [15], [5], [11], [8], [14], [4], [1], [7], [10], [0], [13], [3], [9]], "mempages": [{"nova_object.name": "NUMAPagesTopology", "nova_object.namespace": "nova", "nova_object.version": "1.1", "nova_object.data": {"size_kb": 4, "total": 16177929, "used": 0, "reserved": 0}, "nova_object.changes": ["used", "size_kb", "total", "reserved"]}, {"nova_object.name": "NUMAPagesTopology", "nova_object.namespace": "nova", "nova_object.version": "1.1", "nova_object.data": {"size_kb": 2048, "total": 41, "used": 0, "reserved": 0}, "nova_object.changes": ["used", "size_kb", "total", "reserved"]}, {"nova_object.name": "NUMAPagesTopology", "nova_object.namespace": "nova", "nova_object.version": "1.1", "nova_object.data": {"size_kb": 1048576, "total": 0, "used": 0, "reserved": 0}, "nova_object.changes": ["used", "size_kb", "total", "reserved"]}], "network_metadata": {"nova_object.name": "NetworkMetadata", "nova_object.namespace": "nova", "nova_object.version": "1.0", "nova_object.data": {"physnets": [], "tunneled": false}, "nova_object.changes": ["physnets", "tunneled"]}, "socket": null}, "nova_object.changes": ["siblings", "network_metadata", "memory", "pcpuset", "socket", "cpuset", "memory_usage", "cpu_usage", "pinned_cpus", "mempages", "id"]}]}, "nova_object.changes": ["cells"]}',pci_device_pools=PciDevicePoolList,ram_allocation_ratio=1.0,running_vms=0,service_id=2,stats={failed_builds='0',uptime=' 06:33:09 up 13 min, 2 users, load average: 1.66, 1.50, 0.83
Jul 24 06:33:31.576222 np0000005813 nova-scheduler[93478]: '},supported_hv_specs=[HVSpec,HVSpec,HVSpec,HVSpec,HVSpec,HVSpec,HVSpec,HVSpec,HVSpec,HVSpec,HVSpec,HVSpec,HVSpec,HVSpec,HVSpec,HVSpec,HVSpec,HVSpec,HVSpec,HVSpec,HVSpec,HVSpec,HVSpec,HVSpec,HVSpec],updated_at=2026-07-24T06:33:09Z,uuid=bdc23f69-fb7e-44f8-8019-070534f44dba,vcpus=16,vcpus_used=0) {{(pid=93478) _locked_update /opt/stack/nova/nova/scheduler/host_manager.py:168}}
Jul 24 06:33:31.576883 np0000005813 nova-scheduler[93478]: DEBUG nova.scheduler.host_manager [None req-cdc7827b-2e1d-4959-83aa-cf9ab8ebe746 tempest-ServerBootFromVolumeStableRescueTest-43003109 tempest-ServerBootFromVolumeStableRescueTest-43003109-project-member] Update host state with aggregates: [] {{(pid=93478) _locked_update /opt/stack/nova/nova/scheduler/host_manager.py:171}}
Jul 24 06:33:31.576883 np0000005813 nova-scheduler[93478]: DEBUG nova.scheduler.host_manager [None req-cdc7827b-2e1d-4959-83aa-cf9ab8ebe746 tempest-ServerBootFromVolumeStableRescueTest-43003109 tempest-ServerBootFromVolumeStableRescueTest-43003109-project-member] Update host state with service dict: {'id': 2, 'uuid': 'bfdaeb05-d539-42d4-94a9-c93b694c06d3', 'host': 'np0000005813', 'binary': 'nova-compute', 'topic': 'compute', 'report_count': 2, 'disabled': False, 'disabled_reason': None, 'last_seen_up': datetime.datetime(2026, 7, 24, 6, 33, 28, tzinfo=datetime.timezone.utc), 'forced_down': False, 'version': 72, 'created_at': datetime.datetime(2026, 7, 24, 6, 31, 22, tzinfo=datetime.timezone.utc), 'updated_at': datetime.datetime(2026, 7, 24, 6, 33, 28, tzinfo=datetime.timezone.utc), 'deleted_at': None, 'deleted': False} {{(pid=93478) _locked_update /opt/stack/nova/nova/scheduler/host_manager.py:174}}
Jul 24 06:33:31.577054 np0000005813 nova-scheduler[93478]: DEBUG nova.scheduler.host_manager [None req-cdc7827b-2e1d-4959-83aa-cf9ab8ebe746 tempest-ServerBootFromVolumeStableRescueTest-43003109 tempest-ServerBootFromVolumeStableRescueTest-43003109-project-member] Update host state with instances: [] {{(pid=93478) _locked_update /opt/stack/nova/nova/scheduler/host_manager.py:177}}
Jul 24 06:33:31.577054 np0000005813 nova-scheduler[93478]: DEBUG oslo_concurrency.lockutils [None req-cdc7827b-2e1d-4959-83aa-cf9ab8ebe746 tempest-ServerBootFromVolumeStableRescueTest-43003109 tempest-ServerBootFromVolumeStableRescueTest-43003109-project-member] Lock "np0000005813-np0000005813" "released" by "nova.scheduler.host_manager.HostState.update.._locked_update" :: held 0.002s {{(pid=93478) inner /opt/stack/data/venv/lib/python3.12/site-packages/oslo_concurrency/lockutils.py:544}}
Jul 24 06:33:31.577891 np0000005813 nova-scheduler[93478]: DEBUG nova.filters [None req-cdc7827b-2e1d-4959-83aa-cf9ab8ebe746 tempest-ServerBootFromVolumeStableRescueTest-43003109 tempest-ServerBootFromVolumeStableRescueTest-43003109-project-member] Starting with 1 host(s) {{(pid=93478) get_filtered_objects /opt/stack/nova/nova/filters.py:70}}
Jul 24 06:33:31.577891 np0000005813 nova-scheduler[93478]: DEBUG nova.filters [None req-cdc7827b-2e1d-4959-83aa-cf9ab8ebe746 tempest-ServerBootFromVolumeStableRescueTest-43003109 tempest-ServerBootFromVolumeStableRescueTest-43003109-project-member] Filter ComputeFilter returned 1 host(s) {{(pid=93478) get_filtered_objects /opt/stack/nova/nova/filters.py:102}}
Jul 24 06:33:31.578064 np0000005813 nova-scheduler[93478]: DEBUG nova.filters [None req-cdc7827b-2e1d-4959-83aa-cf9ab8ebe746 tempest-ServerBootFromVolumeStableRescueTest-43003109 tempest-ServerBootFromVolumeStableRescueTest-43003109-project-member] Filter ComputeCapabilitiesFilter returned 1 host(s) {{(pid=93478) get_filtered_objects /opt/stack/nova/nova/filters.py:102}}
Jul 24 06:33:31.578310 np0000005813 nova-scheduler[93478]: DEBUG nova.filters [None req-cdc7827b-2e1d-4959-83aa-cf9ab8ebe746 tempest-ServerBootFromVolumeStableRescueTest-43003109 tempest-ServerBootFromVolumeStableRescueTest-43003109-project-member] Filter ImagePropertiesFilter returned 1 host(s) {{(pid=93478) get_filtered_objects /opt/stack/nova/nova/filters.py:102}}
Jul 24 06:33:31.578474 np0000005813 nova-scheduler[93478]: DEBUG nova.filters [None req-cdc7827b-2e1d-4959-83aa-cf9ab8ebe746 tempest-ServerBootFromVolumeStableRescueTest-43003109 tempest-ServerBootFromVolumeStableRescueTest-43003109-project-member] Filter ServerGroupAntiAffinityFilter returned 1 host(s) {{(pid=93478) get_filtered_objects /opt/stack/nova/nova/filters.py:102}}
Jul 24 06:33:31.578778 np0000005813 nova-scheduler[93478]: DEBUG nova.filters [None req-cdc7827b-2e1d-4959-83aa-cf9ab8ebe746 tempest-ServerBootFromVolumeStableRescueTest-43003109 tempest-ServerBootFromVolumeStableRescueTest-43003109-project-member] Filter ServerGroupAffinityFilter returned 1 host(s) {{(pid=93478) get_filtered_objects /opt/stack/nova/nova/filters.py:102}}
Jul 24 06:33:31.578928 np0000005813 nova-scheduler[93478]: DEBUG nova.filters [None req-cdc7827b-2e1d-4959-83aa-cf9ab8ebe746 tempest-ServerBootFromVolumeStableRescueTest-43003109 tempest-ServerBootFromVolumeStableRescueTest-43003109-project-member] Filter SameHostFilter returned 1 host(s) {{(pid=93478) get_filtered_objects /opt/stack/nova/nova/filters.py:102}}
Jul 24 06:33:31.579054 np0000005813 nova-scheduler[93478]: DEBUG nova.filters [None req-cdc7827b-2e1d-4959-83aa-cf9ab8ebe746 tempest-ServerBootFromVolumeStableRescueTest-43003109 tempest-ServerBootFromVolumeStableRescueTest-43003109-project-member] Filter DifferentHostFilter returned 1 host(s) {{(pid=93478) get_filtered_objects /opt/stack/nova/nova/filters.py:102}}
Jul 24 06:33:31.579219 np0000005813 nova-scheduler[93478]: DEBUG nova.scheduler.manager [None req-cdc7827b-2e1d-4959-83aa-cf9ab8ebe746 tempest-ServerBootFromVolumeStableRescueTest-43003109 tempest-ServerBootFromVolumeStableRescueTest-43003109-project-member] Filtered [(np0000005813, np0000005813) ram: 62765MB disk: 74752MB io_ops: 0 instances: 0, allocation_candidates: 1] {{(pid=93478) _get_sorted_hosts /opt/stack/nova/nova/scheduler/manager.py:742}}
Jul 24 06:33:31.579446 np0000005813 nova-scheduler[93478]: DEBUG nova.scheduler.manager [None req-cdc7827b-2e1d-4959-83aa-cf9ab8ebe746 tempest-ServerBootFromVolumeStableRescueTest-43003109 tempest-ServerBootFromVolumeStableRescueTest-43003109-project-member] Weighed [WeighedHost [host: (np0000005813, np0000005813) ram: 62765MB disk: 74752MB io_ops: 0 instances: 0, allocation_candidates: 1, weight: 0.0]] {{(pid=93478) _get_sorted_hosts /opt/stack/nova/nova/scheduler/manager.py:764}}
Jul 24 06:33:31.579819 np0000005813 nova-scheduler[93478]: DEBUG nova.scheduler.utils [None req-cdc7827b-2e1d-4959-83aa-cf9ab8ebe746 tempest-ServerBootFromVolumeStableRescueTest-43003109 tempest-ServerBootFromVolumeStableRescueTest-43003109-project-member] Attempting to claim resources in the placement API for instance 892edfbf-be2d-4330-be1a-e62c9730c5ad {{(pid=93478) claim_resources /opt/stack/nova/nova/scheduler/utils.py:1345}}
Jul 24 06:33:31.740929 np0000005813 nova-scheduler[93478]: DEBUG nova.scheduler.manager [None req-cdc7827b-2e1d-4959-83aa-cf9ab8ebe746 tempest-ServerBootFromVolumeStableRescueTest-43003109 tempest-ServerBootFromVolumeStableRescueTest-43003109-project-member] [instance: 892edfbf-be2d-4330-be1a-e62c9730c5ad] Selected host: (np0000005813, np0000005813) ram: 62765MB disk: 74752MB io_ops: 0 instances: 0, allocation_candidates: 1 {{(pid=93478) _consume_selected_host /opt/stack/nova/nova/scheduler/manager.py:624}}
Jul 24 06:33:31.740929 np0000005813 nova-scheduler[93478]: DEBUG oslo_concurrency.lockutils [None req-cdc7827b-2e1d-4959-83aa-cf9ab8ebe746 tempest-ServerBootFromVolumeStableRescueTest-43003109 tempest-ServerBootFromVolumeStableRescueTest-43003109-project-member] Acquiring lock "np0000005813-np0000005813" by "nova.scheduler.host_manager.HostState.consume_from_request.._locked" {{(pid=93478) inner /opt/stack/data/venv/lib/python3.12/site-packages/oslo_concurrency/lockutils.py:512}}
Jul 24 06:33:31.740929 np0000005813 nova-scheduler[93478]: DEBUG oslo_concurrency.lockutils [None req-cdc7827b-2e1d-4959-83aa-cf9ab8ebe746 tempest-ServerBootFromVolumeStableRescueTest-43003109 tempest-ServerBootFromVolumeStableRescueTest-43003109-project-member] Lock "np0000005813-np0000005813" acquired by "nova.scheduler.host_manager.HostState.consume_from_request.._locked" :: waited 0.000s {{(pid=93478) inner /opt/stack/data/venv/lib/python3.12/site-packages/oslo_concurrency/lockutils.py:525}}
Jul 24 06:33:31.740929 np0000005813 nova-scheduler[93478]: DEBUG oslo_concurrency.lockutils [None req-cdc7827b-2e1d-4959-83aa-cf9ab8ebe746 tempest-ServerBootFromVolumeStableRescueTest-43003109 tempest-ServerBootFromVolumeStableRescueTest-43003109-project-member] Lock "np0000005813-np0000005813" "released" by "nova.scheduler.host_manager.HostState.consume_from_request.._locked" :: held 0.000s {{(pid=93478) inner /opt/stack/data/venv/lib/python3.12/site-packages/oslo_concurrency/lockutils.py:544}}
Jul 24 06:33:32.011313 np0000005813 nova-scheduler[93476]: DEBUG nova.scheduler.manager [None req-c3cb394a-70ae-4e2c-85fa-eb6baa1bf52e tempest-ServerStableDeviceRescueTest-2123338019 tempest-ServerStableDeviceRescueTest-2123338019-project-member] Starting to schedule for instances: ['09b22330-a687-4c35-adf1-0b5e5a0d5fe0'] {{(pid=93476) select_destinations /opt/stack/nova/nova/scheduler/manager.py:209}}
Jul 24 06:33:32.011899 np0000005813 nova-scheduler[93476]: DEBUG nova.scheduler.request_filter [None req-c3cb394a-70ae-4e2c-85fa-eb6baa1bf52e tempest-ServerStableDeviceRescueTest-2123338019 tempest-ServerStableDeviceRescueTest-2123338019-project-member] compute_status_filter request filter added forbidden trait COMPUTE_STATUS_DISABLED {{(pid=93476) compute_status_filter /opt/stack/nova/nova/scheduler/request_filter.py:253}}
Jul 24 06:33:32.012078 np0000005813 nova-scheduler[93476]: DEBUG nova.scheduler.request_filter [None req-c3cb394a-70ae-4e2c-85fa-eb6baa1bf52e tempest-ServerStableDeviceRescueTest-2123338019 tempest-ServerStableDeviceRescueTest-2123338019-project-member] Request filter 'compute_status_filter' took 0.0 seconds {{(pid=93476) wrapper /opt/stack/nova/nova/scheduler/request_filter.py:46}}
Jul 24 06:33:32.012451 np0000005813 nova-scheduler[93476]: DEBUG nova.scheduler.request_filter [None req-c3cb394a-70ae-4e2c-85fa-eb6baa1bf52e tempest-ServerStableDeviceRescueTest-2123338019 tempest-ServerStableDeviceRescueTest-2123338019-project-member] Request filter 'accelerators_filter' took 0.0 seconds {{(pid=93476) wrapper /opt/stack/nova/nova/scheduler/request_filter.py:46}}
Jul 24 06:33:32.012744 np0000005813 nova-scheduler[93476]: DEBUG nova.scheduler.request_filter [None req-c3cb394a-70ae-4e2c-85fa-eb6baa1bf52e tempest-ServerStableDeviceRescueTest-2123338019 tempest-ServerStableDeviceRescueTest-2123338019-project-member] Request filter 'packed_virtqueue_filter' took 0.0 seconds {{(pid=93476) wrapper /opt/stack/nova/nova/scheduler/request_filter.py:46}}
Jul 24 06:33:32.013259 np0000005813 nova-scheduler[93476]: DEBUG nova.scheduler.request_filter [None req-c3cb394a-70ae-4e2c-85fa-eb6baa1bf52e tempest-ServerStableDeviceRescueTest-2123338019 tempest-ServerStableDeviceRescueTest-2123338019-project-member] Request filter 'remote_managed_ports_filter' took 0.0 seconds {{(pid=93476) wrapper /opt/stack/nova/nova/scheduler/request_filter.py:46}}
Jul 24 06:33:32.013481 np0000005813 nova-scheduler[93476]: DEBUG nova.scheduler.request_filter [None req-c3cb394a-70ae-4e2c-85fa-eb6baa1bf52e tempest-ServerStableDeviceRescueTest-2123338019 tempest-ServerStableDeviceRescueTest-2123338019-project-member] ephemeral_encryption_filter skipped {{(pid=93476) ephemeral_encryption_filter /opt/stack/nova/nova/scheduler/request_filter.py:426}}
