Jul 29 04:58:49.506293 np0000006059 devstack@g-api.service[102931]: DEBUG glance.api.middleware.version_negotiation [None req-76a81248-2a24-491e-b97b-8d46d2686853 tempest-TestInstancesWithCinderVolumes-705707779 tempest-TestInstancesWithCinderVolumes-705707779-project-member] Matched version: v2 {{(pid=102931) process_request /opt/stack/glance/glance/api/middleware/version_negotiation.py:69}}
Jul 29 04:58:49.506404 np0000006059 devstack@g-api.service[102931]: DEBUG glance.api.middleware.version_negotiation [None req-76a81248-2a24-491e-b97b-8d46d2686853 tempest-TestInstancesWithCinderVolumes-705707779 tempest-TestInstancesWithCinderVolumes-705707779-project-member] new path /v2/schemas/image {{(pid=102931) process_request /opt/stack/glance/glance/api/middleware/version_negotiation.py:70}}
Jul 29 04:58:49.509085 np0000006059 devstack@g-api.service[102931]: [pid: 102931|app: 0|req: 36/138] 127.0.0.1 () {44 vars in 1051 bytes} [Wed Jul 29 04:58:49 2026] GET /v2/schemas/image => generated 6083 bytes in 3 msecs (HTTP/1.1 200) 4 headers in 158 bytes (1 switches on core 0)
Jul 29 04:58:49.509648 np0000006059 devstack@g-api.service[102933]: [pid: 102933|app: 0|req: 34/139] 127.0.0.1 () {44 vars in 1111 bytes} [Wed Jul 29 04:58:49 2026] GET /v2/images/57cdd3aa-7ae7-4f4d-9e53-98cfae060cbc => generated 1445 bytes in 16 msecs (HTTP/1.1 200) 4 headers in 158 bytes (1 switches on core 0)
Jul 29 04:58:49.540797 np0000006059 devstack@g-api.service[102932]: DEBUG glance.api.middleware.version_negotiation [None req-76a81248-2a24-491e-b97b-8d46d2686853 tempest-TestInstancesWithCinderVolumes-705707779 tempest-TestInstancesWithCinderVolumes-705707779-project-member] Determining version of request: GET /v2/images/ec5aabae-43fe-48cf-89fb-d11ee20a1eb9 Accept: */* {{(pid=102932) process_request /opt/stack/glance/glance/api/middleware/version_negotiation.py:44}}
Jul 29 04:58:49.541551 np0000006059 devstack@g-api.service[102932]: DEBUG glance.api.middleware.version_negotiation [None req-76a81248-2a24-491e-b97b-8d46d2686853 tempest-TestInstancesWithCinderVolumes-705707779 tempest-TestInstancesWithCinderVolumes-705707779-project-member] Using url versioning {{(pid=102932) process_request /opt/stack/glance/glance/api/middleware/version_negotiation.py:57}}
Jul 29 04:58:49.541551 np0000006059 devstack@g-api.service[102932]: DEBUG glance.api.middleware.version_negotiation [None req-76a81248-2a24-491e-b97b-8d46d2686853 tempest-TestInstancesWithCinderVolumes-705707779 tempest-TestInstancesWithCinderVolumes-705707779-project-member] Matched version: v2 {{(pid=102932) process_request /opt/stack/glance/glance/api/middleware/version_negotiation.py:69}}
Jul 29 04:58:49.541551 np0000006059 devstack@g-api.service[102932]: DEBUG glance.api.middleware.version_negotiation [None req-76a81248-2a24-491e-b97b-8d46d2686853 tempest-TestInstancesWithCinderVolumes-705707779 tempest-TestInstancesWithCinderVolumes-705707779-project-member] new path /v2/images/ec5aabae-43fe-48cf-89fb-d11ee20a1eb9 {{(pid=102932) process_request /opt/stack/glance/glance/api/middleware/version_negotiation.py:70}}
Jul 29 04:58:49.554383 np0000006059 devstack@g-api.service[102932]: [pid: 102932|app: 0|req: 39/140] 127.0.0.1 () {44 vars in 1111 bytes} [Wed Jul 29 04:58:49 2026] GET /v2/images/ec5aabae-43fe-48cf-89fb-d11ee20a1eb9 => generated 811 bytes in 14 msecs (HTTP/1.1 200) 4 headers in 157 bytes (1 switches on core 0)
Jul 29 04:58:49.559804 np0000006059 devstack@g-api.service[102931]: DEBUG glance.api.middleware.version_negotiation [None req-76a81248-2a24-491e-b97b-8d46d2686853 tempest-TestInstancesWithCinderVolumes-705707779 tempest-TestInstancesWithCinderVolumes-705707779-project-member] Determining version of request: GET /v2/schemas/image Accept: */* {{(pid=102931) process_request /opt/stack/glance/glance/api/middleware/version_negotiation.py:44}}
Jul 29 04:58:49.559804 np0000006059 devstack@g-api.service[102931]: DEBUG glance.api.middleware.version_negotiation [None req-76a81248-2a24-491e-b97b-8d46d2686853 tempest-TestInstancesWithCinderVolumes-705707779 tempest-TestInstancesWithCinderVolumes-705707779-project-member] Using url versioning {{(pid=102931) process_request /opt/stack/glance/glance/api/middleware/version_negotiation.py:57}}
Jul 29 04:58:49.559996 np0000006059 devstack@g-api.service[102931]: DEBUG glance.api.middleware.version_negotiation [None req-76a81248-2a24-491e-b97b-8d46d2686853 tempest-TestInstancesWithCinderVolumes-705707779 tempest-TestInstancesWithCinderVolumes-705707779-project-member] Matched version: v2 {{(pid=102931) process_request /opt/stack/glance/glance/api/middleware/version_negotiation.py:69}}
Jul 29 04:58:49.560037 np0000006059 devstack@g-api.service[102931]: DEBUG glance.api.middleware.version_negotiation [None req-76a81248-2a24-491e-b97b-8d46d2686853 tempest-TestInstancesWithCinderVolumes-705707779 tempest-TestInstancesWithCinderVolumes-705707779-project-member] new path /v2/schemas/image {{(pid=102931) process_request /opt/stack/glance/glance/api/middleware/version_negotiation.py:70}}
Jul 29 04:58:49.563231 np0000006059 devstack@g-api.service[102931]: [pid: 102931|app: 0|req: 37/141] 127.0.0.1 () {44 vars in 1051 bytes} [Wed Jul 29 04:58:49 2026] GET /v2/schemas/image => generated 6083 bytes in 3 msecs (HTTP/1.1 200) 4 headers in 158 bytes (1 switches on core 0)
Jul 29 04:58:49.563887 np0000006059 devstack@g-api.service[102933]: DEBUG glance.api.middleware.version_negotiation [None req-e24d6ea5-950c-47e0-9c56-7bb9f7ea4932 tempest-ServerStableDeviceRescueTest-897375036 tempest-ServerStableDeviceRescueTest-897375036-project-member] Determining version of request: GET /v2/schemas/image Accept: */* {{(pid=102933) process_request /opt/stack/glance/glance/api/middleware/version_negotiation.py:44}}
Jul 29 04:58:49.564069 np0000006059 devstack@g-api.service[102933]: DEBUG glance.api.middleware.version_negotiation [None req-e24d6ea5-950c-47e0-9c56-7bb9f7ea4932 tempest-ServerStableDeviceRescueTest-897375036 tempest-ServerStableDeviceRescueTest-897375036-project-member] Using url versioning {{(pid=102933) process_request /opt/stack/glance/glance/api/middleware/version_negotiation.py:57}}
Jul 29 04:58:49.564262 np0000006059 devstack@g-api.service[102933]: DEBUG glance.api.middleware.version_negotiation [None req-e24d6ea5-950c-47e0-9c56-7bb9f7ea4932 tempest-ServerStableDeviceRescueTest-897375036 tempest-ServerStableDeviceRescueTest-897375036-project-member] Matched version: v2 {{(pid=102933) process_request /opt/stack/glance/glance/api/middleware/version_negotiation.py:69}}
Jul 29 04:58:49.564387 np0000006059 devstack@g-api.service[102933]: DEBUG glance.api.middleware.version_negotiation [None req-e24d6ea5-950c-47e0-9c56-7bb9f7ea4932 tempest-ServerStableDeviceRescueTest-897375036 tempest-ServerStableDeviceRescueTest-897375036-project-member] new path /v2/schemas/image {{(pid=102933) process_request /opt/stack/glance/glance/api/middleware/version_negotiation.py:70}}
Jul 29 04:58:49.569244 np0000006059 devstack@g-api.service[102933]: [pid: 102933|app: 0|req: 35/142] 127.0.0.1 () {44 vars in 1051 bytes} [Wed Jul 29 04:58:49 2026] GET /v2/schemas/image => generated 6083 bytes in 5 msecs (HTTP/1.1 200) 4 headers in 158 bytes (1 switches on core 0)
Jul 29 04:58:49.580765 np0000006059 devstack@g-api.service[102932]: DEBUG glance.api.middleware.version_negotiation [None req-76a81248-2a24-491e-b97b-8d46d2686853 tempest-TestInstancesWithCinderVolumes-705707779 tempest-TestInstancesWithCinderVolumes-705707779-project-member] Determining version of request: GET /v2/schemas/image Accept: */* {{(pid=102932) process_request /opt/stack/glance/glance/api/middleware/version_negotiation.py:44}}
Jul 29 04:58:49.580765 np0000006059 devstack@g-api.service[102932]: DEBUG glance.api.middleware.version_negotiation [None req-76a81248-2a24-491e-b97b-8d46d2686853 tempest-TestInstancesWithCinderVolumes-705707779 tempest-TestInstancesWithCinderVolumes-705707779-project-member] Using url versioning {{(pid=102932) process_request /opt/stack/glance/glance/api/middleware/version_negotiation.py:57}}
Jul 29 04:58:49.580765 np0000006059 devstack@g-api.service[102932]: DEBUG glance.api.middleware.version_negotiation [None req-76a81248-2a24-491e-b97b-8d46d2686853 tempest-TestInstancesWithCinderVolumes-705707779 tempest-TestInstancesWithCinderVolumes-705707779-project-member] Matched version: v2 {{(pid=102932) process_request /opt/stack/glance/glance/api/middleware/version_negotiation.py:69}}
Jul 29 04:58:49.580765 np0000006059 devstack@g-api.service[102932]: DEBUG glance.api.middleware.version_negotiation [None req-76a81248-2a24-491e-b97b-8d46d2686853 tempest-TestInstancesWithCinderVolumes-705707779 tempest-TestInstancesWithCinderVolumes-705707779-project-member] new path /v2/schemas/image {{(pid=102932) process_request /opt/stack/glance/glance/api/middleware/version_negotiation.py:70}}
Jul 29 04:58:49.583454 np0000006059 devstack@g-api.service[102932]: [pid: 102932|app: 0|req: 40/143] 127.0.0.1 () {44 vars in 1051 bytes} [Wed Jul 29 04:58:49 2026] GET /v2/schemas/image => generated 6083 bytes in 3 msecs (HTTP/1.1 200) 4 headers in 158 bytes (1 switches on core 0)
Jul 29 04:58:49.674788 np0000006059 devstack@g-api.service[102934]: DEBUG swiftclient [None req-00b9d9b5-78bb-485a-896d-a5c05eeac679 tempest-ServerStableDeviceRescueTest-897375036 tempest-ServerStableDeviceRescueTest-897375036-project-member] REQ: curl -i https://10.4.3.46:8080/v1/AUTH_1857565be09546e5b13fd5fbb33a69e3/glance -I -H "X-Auth-Token: gAAAAABqaYiJVmZr..." {{(pid=102934) http_log /opt/stack/data/venv/lib/python3.12/site-packages/swiftclient/client.py:160}}
Jul 29 04:58:49.674788 np0000006059 devstack@g-api.service[102934]: DEBUG swiftclient [None req-00b9d9b5-78bb-485a-896d-a5c05eeac679 tempest-ServerStableDeviceRescueTest-897375036 tempest-ServerStableDeviceRescueTest-897375036-project-member] RESP STATUS: 204 No Content {{(pid=102934) http_log /opt/stack/data/venv/lib/python3.12/site-packages/swiftclient/client.py:161}}
Jul 29 04:58:49.674788 np0000006059 devstack@g-api.service[102934]: DEBUG swiftclient [None req-00b9d9b5-78bb-485a-896d-a5c05eeac679 tempest-ServerStableDeviceRescueTest-897375036 tempest-ServerStableDeviceRescueTest-897375036-project-member] RESP HEADERS: {'Date': 'Wed, 29 Jul 2026 04:58:49 GMT', 'Server': 'Apache/2.4.58 (Ubuntu)', 'Content-Type': 'text/plain; charset=utf-8', 'X-Container-Object-Count': '7', 'X-Container-Bytes-Used': '107741184', 'X-Timestamp': '1785300928.03638', 'Last-Modified': 'Wed, 29 Jul 2026 04:55:29 GMT', 'Accept-Ranges': 'bytes', 'X-Storage-Policy': 'Policy-0', 'X-Container-Sharding': 'False', 'Vary': 'Accept', 'X-Trans-Id': 'txdc025038c87343b1ab507-006a698889', 'X-Openstack-Request-Id': 'txdc025038c87343b1ab507-006a698889', 'Connection': 'close'} {{(pid=102934) http_log /opt/stack/data/venv/lib/python3.12/site-packages/swiftclient/client.py:162}}
Jul 29 04:58:49.675333 np0000006059 devstack@g-api.service[102934]: DEBUG glance_store._drivers.swift.store [None req-00b9d9b5-78bb-485a-896d-a5c05eeac679 tempest-ServerStableDeviceRescueTest-897375036 tempest-ServerStableDeviceRescueTest-897375036-project-member] Adding image object '57cdd3aa-7ae7-4f4d-9e53-98cfae060cbc' to Swift {{(pid=102934) add /opt/stack/data/venv/lib/python3.12/site-packages/glance_store/_drivers/swift/store.py:970}}
Jul 29 04:58:49.675333 np0000006059 devstack@g-api.service[102934]: DEBUG glance_store._drivers.swift.store [None req-00b9d9b5-78bb-485a-896d-a5c05eeac679 tempest-ServerStableDeviceRescueTest-897375036 tempest-ServerStableDeviceRescueTest-897375036-project-member] Cannot determine image size because it is either not provided in the request or chunked-transfer encoding is used. Adding image as a segmented object to Swift. {{(pid=102934) add /opt/stack/data/venv/lib/python3.12/site-packages/glance_store/_drivers/swift/store.py:994}}
Jul 29 04:58:49.681486 np0000006059 devstack@g-api.service[102934]: DEBUG oslo_utils.imageutils.format_inspector [None req-00b9d9b5-78bb-485a-896d-a5c05eeac679 tempest-ServerStableDeviceRescueTest-897375036 tempest-ServerStableDeviceRescueTest-897375036-project-member] Format inspector for vmdk does not match, excluding from consideration (Signature KDMV not found: b'QFI\xfb') {{(pid=102934) _process_chunk /opt/stack/data/venv/lib/python3.12/site-packages/oslo_utils/imageutils/format_inspector.py:1758}}
Jul 29 04:58:49.683878 np0000006059 devstack@g-api.service[102934]: DEBUG oslo_utils.imageutils.format_inspector [None req-00b9d9b5-78bb-485a-896d-a5c05eeac679 tempest-ServerStableDeviceRescueTest-897375036 tempest-ServerStableDeviceRescueTest-897375036-project-member] Format inspector for vhdx does not match, excluding from consideration (Region signature not found at 30000) {{(pid=102934) _process_chunk /opt/stack/data/venv/lib/python3.12/site-packages/oslo_utils/imageutils/format_inspector.py:1758}}
Jul 29 04:58:50.275562 np0000006059 devstack@g-api.service[102931]: DEBUG glance.api.middleware.version_negotiation [None req-e24d6ea5-950c-47e0-9c56-7bb9f7ea4932 tempest-ServerStableDeviceRescueTest-897375036 tempest-ServerStableDeviceRescueTest-897375036-project-member] Determining version of request: GET /versions Accept: */* {{(pid=102931) process_request /opt/stack/glance/glance/api/middleware/version_negotiation.py:44}}
Jul 29 04:58:50.276373 np0000006059 devstack@g-api.service[102931]: [pid: 102931|app: 0|req: 38/144] 127.0.0.1 () {44 vars in 1035 bytes} [Wed Jul 29 04:58:50 2026] GET /versions => generated 1501 bytes in 1 msecs (HTTP/1.1 200) 3 headers in 92 bytes (1 switches on core 0)
Jul 29 04:58:50.277319 np0000006059 devstack@g-api.service[102934]: DEBUG swiftclient [None req-00b9d9b5-78bb-485a-896d-a5c05eeac679 tempest-ServerStableDeviceRescueTest-897375036 tempest-ServerStableDeviceRescueTest-897375036-project-member] REQ: curl -i https://10.4.3.46:8080/v1/AUTH_1857565be09546e5b13fd5fbb33a69e3/glance/57cdd3aa-7ae7-4f4d-9e53-98cfae060cbc-00001 -X PUT -H "X-Auth-Token: gAAAAABqaYiJVmZr..." {{(pid=102934) http_log /opt/stack/data/venv/lib/python3.12/site-packages/swiftclient/client.py:160}}
Jul 29 04:58:50.277493 np0000006059 devstack@g-api.service[102934]: DEBUG swiftclient [None req-00b9d9b5-78bb-485a-896d-a5c05eeac679 tempest-ServerStableDeviceRescueTest-897375036 tempest-ServerStableDeviceRescueTest-897375036-project-member] RESP STATUS: 201 Created {{(pid=102934) http_log /opt/stack/data/venv/lib/python3.12/site-packages/swiftclient/client.py:161}}
Jul 29 04:58:50.277917 np0000006059 devstack@g-api.service[102934]: DEBUG swiftclient [None req-00b9d9b5-78bb-485a-896d-a5c05eeac679 tempest-ServerStableDeviceRescueTest-897375036 tempest-ServerStableDeviceRescueTest-897375036-project-member] RESP HEADERS: {'Date': 'Wed, 29 Jul 2026 04:58:50 GMT', 'Server': 'Apache/2.4.58 (Ubuntu)', 'Content-Type': 'text/html; charset=UTF-8', 'Content-Length': '0', 'Etag': '593b5f912ead78917d38859e7513c5fd', 'Last-Modified': 'Wed, 29 Jul 2026 04:58:50 GMT', 'X-Trans-Id': 'txe1ab30513ab84db0bdb50-006a698889', 'X-Openstack-Request-Id': 'txe1ab30513ab84db0bdb50-006a698889', 'Connection': 'close'} {{(pid=102934) http_log /opt/stack/data/venv/lib/python3.12/site-packages/swiftclient/client.py:162}}
Jul 29 04:58:50.277917 np0000006059 devstack@g-api.service[102934]: DEBUG glance_store._drivers.swift.store [None req-00b9d9b5-78bb-485a-896d-a5c05eeac679 tempest-ServerStableDeviceRescueTest-897375036 tempest-ServerStableDeviceRescueTest-897375036-project-member] Wrote chunk 57cdd3aa-7ae7-4f4d-9e53-98cfae060cbc-00001 (1/?) of length 53936128 to Swift returning MD5 of content: 593b5f912ead78917d38859e7513c5fd {{(pid=102934) add /opt/stack/data/venv/lib/python3.12/site-packages/glance_store/_drivers/swift/store.py:1059}}
Jul 29 04:58:50.278726 np0000006059 devstack@g-api.service[102934]: DEBUG glance_store._drivers.swift.store [None req-00b9d9b5-78bb-485a-896d-a5c05eeac679 tempest-ServerStableDeviceRescueTest-897375036 tempest-ServerStableDeviceRescueTest-897375036-project-member] Not writing zero-length chunk. {{(pid=102934) add /opt/stack/data/venv/lib/python3.12/site-packages/glance_store/_drivers/swift/store.py:1028}}
Jul 29 04:58:50.289407 np0000006059 devstack@g-api.service[102933]: DEBUG glance.api.middleware.version_negotiation [None req-76a81248-2a24-491e-b97b-8d46d2686853 tempest-TestInstancesWithCinderVolumes-705707779 tempest-TestInstancesWithCinderVolumes-705707779-project-member] Determining version of request: GET /v2/images/ec5aabae-43fe-48cf-89fb-d11ee20a1eb9/locations Accept: */* {{(pid=102933) process_request /opt/stack/glance/glance/api/middleware/version_negotiation.py:44}}
Jul 29 04:58:50.289801 np0000006059 devstack@g-api.service[102933]: DEBUG glance.api.middleware.version_negotiation [None req-76a81248-2a24-491e-b97b-8d46d2686853 tempest-TestInstancesWithCinderVolumes-705707779 tempest-TestInstancesWithCinderVolumes-705707779-project-member] Using url versioning {{(pid=102933) process_request /opt/stack/glance/glance/api/middleware/version_negotiation.py:57}}
Jul 29 04:58:50.289801 np0000006059 devstack@g-api.service[102933]: DEBUG glance.api.middleware.version_negotiation [None req-76a81248-2a24-491e-b97b-8d46d2686853 tempest-TestInstancesWithCinderVolumes-705707779 tempest-TestInstancesWithCinderVolumes-705707779-project-member] Matched version: v2 {{(pid=102933) process_request /opt/stack/glance/glance/api/middleware/version_negotiation.py:69}}
Jul 29 04:58:50.289801 np0000006059 devstack@g-api.service[102933]: DEBUG glance.api.middleware.version_negotiation [None req-76a81248-2a24-491e-b97b-8d46d2686853 tempest-TestInstancesWithCinderVolumes-705707779 tempest-TestInstancesWithCinderVolumes-705707779-project-member] new path /v2/images/ec5aabae-43fe-48cf-89fb-d11ee20a1eb9/locations {{(pid=102933) process_request /opt/stack/glance/glance/api/middleware/version_negotiation.py:70}}
Jul 29 04:58:50.304163 np0000006059 devstack@g-api.service[102934]: DEBUG swiftclient [None req-00b9d9b5-78bb-485a-896d-a5c05eeac679 tempest-ServerStableDeviceRescueTest-897375036 tempest-ServerStableDeviceRescueTest-897375036-project-member] REQ: curl -i https://10.4.3.46:8080/v1/AUTH_1857565be09546e5b13fd5fbb33a69e3/glance/57cdd3aa-7ae7-4f4d-9e53-98cfae060cbc -X PUT -H "X-Object-Manifest: glance/57cdd3aa-7ae7-4f4d-9e53-98cfae060cbc-" -H "X-Auth-Token: gAAAAABqaYiJVmZr..." -H "Content-Length: 0" {{(pid=102934) http_log /opt/stack/data/venv/lib/python3.12/site-packages/swiftclient/client.py:160}}
Jul 29 04:58:50.304980 np0000006059 devstack@g-api.service[102934]: DEBUG swiftclient [None req-00b9d9b5-78bb-485a-896d-a5c05eeac679 tempest-ServerStableDeviceRescueTest-897375036 tempest-ServerStableDeviceRescueTest-897375036-project-member] RESP STATUS: 201 Created {{(pid=102934) http_log /opt/stack/data/venv/lib/python3.12/site-packages/swiftclient/client.py:161}}
Jul 29 04:58:50.304980 np0000006059 devstack@g-api.service[102934]: DEBUG swiftclient [None req-00b9d9b5-78bb-485a-896d-a5c05eeac679 tempest-ServerStableDeviceRescueTest-897375036 tempest-ServerStableDeviceRescueTest-897375036-project-member] RESP HEADERS: {'Date': 'Wed, 29 Jul 2026 04:58:50 GMT', 'Server': 'Apache/2.4.58 (Ubuntu)', 'Content-Type': 'text/html; charset=UTF-8', 'Content-Length': '0', 'Etag': 'd41d8cd98f00b204e9800998ecf8427e', 'Last-Modified': 'Wed, 29 Jul 2026 04:58:51 GMT', 'X-Trans-Id': 'txee5b955414d444499078b-006a69888a', 'X-Openstack-Request-Id': 'txee5b955414d444499078b-006a69888a', 'Connection': 'close'} {{(pid=102934) http_log /opt/stack/data/venv/lib/python3.12/site-packages/swiftclient/client.py:162}}
Jul 29 04:58:50.304980 np0000006059 devstack@g-api.service[102934]: INFO glance.location [None req-00b9d9b5-78bb-485a-896d-a5c05eeac679 tempest-ServerStableDeviceRescueTest-897375036 tempest-ServerStableDeviceRescueTest-897375036-project-member] Image format matched and virtual size computed: 1073741824
Jul 29 04:58:50.349332 np0000006059 devstack@g-api.service[102934]: DEBUG glance_store.backend [None req-00b9d9b5-78bb-485a-896d-a5c05eeac679 tempest-ServerStableDeviceRescueTest-897375036 tempest-ServerStableDeviceRescueTest-897375036-project-member] Attempting to import store swift {{(pid=102934) _load_store /opt/stack/data/venv/lib/python3.12/site-packages/glance_store/backend.py:215}}
Jul 29 04:58:50.351256 np0000006059 devstack@g-api.service[102934]: DEBUG glance_store.capabilities [None req-00b9d9b5-78bb-485a-896d-a5c05eeac679 tempest-ServerStableDeviceRescueTest-897375036 tempest-ServerStableDeviceRescueTest-897375036-project-member] Store glance_store._drivers.swift.store.SingleTenantStore doesn't support updating dynamic storage capabilities. Please overwrite 'update_capabilities' method of the store to implement updating logics if needed. {{(pid=102934) update_capabilities /opt/stack/data/venv/lib/python3.12/site-packages/glance_store/capabilities.py:91}}
Jul 29 04:58:50.351395 np0000006059 devstack@g-api.service[102934]: DEBUG glance_store.driver [None req-00b9d9b5-78bb-485a-896d-a5c05eeac679 tempest-ServerStableDeviceRescueTest-897375036 tempest-ServerStableDeviceRescueTest-897375036-project-member] Late loading location class glance_store._drivers.swift.store.StoreLocation {{(pid=102934) get_store_location_class /opt/stack/data/venv/lib/python3.12/site-packages/glance_store/driver.py:134}}
Jul 29 04:58:50.351519 np0000006059 devstack@g-api.service[102934]: DEBUG glance_store.location [None req-00b9d9b5-78bb-485a-896d-a5c05eeac679 tempest-ServerStableDeviceRescueTest-897375036 tempest-ServerStableDeviceRescueTest-897375036-project-member] Registering scheme swift+https with {'store': , 'location_class': , 'store_entry': 'swift'} {{(pid=102934) register_scheme_map /opt/stack/data/venv/lib/python3.12/site-packages/glance_store/location.py:146}}
Jul 29 04:58:50.351691 np0000006059 devstack@g-api.service[102934]: DEBUG glance_store.location [None req-00b9d9b5-78bb-485a-896d-a5c05eeac679 tempest-ServerStableDeviceRescueTest-897375036 tempest-ServerStableDeviceRescueTest-897375036-project-member] Registering scheme swift+https with {'store': , 'location_class': , 'store_entry': 'swift'} {{(pid=102934) register_scheme_map /opt/stack/data/venv/lib/python3.12/site-packages/glance_store/location.py:146}}
Jul 29 04:58:50.351786 np0000006059 devstack@g-api.service[102934]: DEBUG glance_store.location [None req-00b9d9b5-78bb-485a-896d-a5c05eeac679 tempest-ServerStableDeviceRescueTest-897375036 tempest-ServerStableDeviceRescueTest-897375036-project-member] Registering scheme swift with {'store': , 'location_class': , 'store_entry': 'swift'} {{(pid=102934) register_scheme_map /opt/stack/data/venv/lib/python3.12/site-packages/glance_store/location.py:146}}
Jul 29 04:58:50.351853 np0000006059 devstack@g-api.service[102934]: DEBUG glance_store.location [None req-00b9d9b5-78bb-485a-896d-a5c05eeac679 tempest-ServerStableDeviceRescueTest-897375036 tempest-ServerStableDeviceRescueTest-897375036-project-member] Registering scheme swift+https with {'store': , 'location_class': , 'store_entry': 'swift'} {{(pid=102934) register_scheme_map /opt/stack/data/venv/lib/python3.12/site-packages/glance_store/location.py:146}}
Jul 29 04:58:50.351915 np0000006059 devstack@g-api.service[102934]: DEBUG glance_store.location [None req-00b9d9b5-78bb-485a-896d-a5c05eeac679 tempest-ServerStableDeviceRescueTest-897375036 tempest-ServerStableDeviceRescueTest-897375036-project-member] Registering scheme swift with {'store': , 'location_class': , 'store_entry': 'swift'} {{(pid=102934) register_scheme_map /opt/stack/data/venv/lib/python3.12/site-packages/glance_store/location.py:146}}
Jul 29 04:58:50.352034 np0000006059 devstack@g-api.service[102934]: DEBUG glance_store.location [None req-00b9d9b5-78bb-485a-896d-a5c05eeac679 tempest-ServerStableDeviceRescueTest-897375036 tempest-ServerStableDeviceRescueTest-897375036-project-member] Registering scheme swift+http with {'store': , 'location_class': , 'store_entry': 'swift'} {{(pid=102934) register_scheme_map /opt/stack/data/venv/lib/python3.12/site-packages/glance_store/location.py:146}}
Jul 29 04:58:50.352155 np0000006059 devstack@g-api.service[102934]: DEBUG glance_store.location [None req-00b9d9b5-78bb-485a-896d-a5c05eeac679 tempest-ServerStableDeviceRescueTest-897375036 tempest-ServerStableDeviceRescueTest-897375036-project-member] Registering scheme swift+https with {'store': , 'location_class': , 'store_entry': 'swift'} {{(pid=102934) register_scheme_map /opt/stack/data/venv/lib/python3.12/site-packages/glance_store/location.py:146}}
Jul 29 04:58:50.352292 np0000006059 devstack@g-api.service[102934]: DEBUG glance_store.location [None req-00b9d9b5-78bb-485a-896d-a5c05eeac679 tempest-ServerStableDeviceRescueTest-897375036 tempest-ServerStableDeviceRescueTest-897375036-project-member] Registering scheme swift with {'store': , 'location_class': , 'store_entry': 'swift'} {{(pid=102934) register_scheme_map /opt/stack/data/venv/lib/python3.12/site-packages/glance_store/location.py:146}}
Jul 29 04:58:50.352412 np0000006059 devstack@g-api.service[102934]: DEBUG glance_store.location [None req-00b9d9b5-78bb-485a-896d-a5c05eeac679 tempest-ServerStableDeviceRescueTest-897375036 tempest-ServerStableDeviceRescueTest-897375036-project-member] Registering scheme swift+http with {'store': , 'location_class': , 'store_entry': 'swift'} {{(pid=102934) register_scheme_map /opt/stack/data/venv/lib/python3.12/site-packages/glance_store/location.py:146}}
Jul 29 04:58:50.352483 np0000006059 devstack@g-api.service[102934]: DEBUG glance_store.location [None req-00b9d9b5-78bb-485a-896d-a5c05eeac679 tempest-ServerStableDeviceRescueTest-897375036 tempest-ServerStableDeviceRescueTest-897375036-project-member] Registering scheme swift+config with {'store': , 'location_class': , 'store_entry': 'swift'} {{(pid=102934) register_scheme_map /opt/stack/data/venv/lib/python3.12/site-packages/glance_store/location.py:146}}
Jul 29 04:58:50.352586 np0000006059 devstack@g-api.service[102934]: DEBUG glance_store.backend [None req-00b9d9b5-78bb-485a-896d-a5c05eeac679 tempest-ServerStableDeviceRescueTest-897375036 tempest-ServerStableDeviceRescueTest-897375036-project-member] Skipping store.set_acls... not implemented. {{(pid=102934) set_acls /opt/stack/data/venv/lib/python3.12/site-packages/glance_store/backend.py:507}}
Jul 29 04:58:50.354915 np0000006059 devstack@g-api.service[102934]: [pid: 102934|app: 0|req: 32/145] 127.0.0.1 () {46 vars in 1154 bytes} [Wed Jul 29 04:58:47 2026] PUT /v2/images/57cdd3aa-7ae7-4f4d-9e53-98cfae060cbc/file => generated 0 bytes in 2861 msecs (HTTP/1.1 204) 4 headers in 171 bytes (1 switches on core 0)
Jul 29 04:58:50.401874 np0000006059 devstack@g-api.service[102932]: DEBUG glance.api.middleware.version_negotiation [None req-76a81248-2a24-491e-b97b-8d46d2686853 tempest-TestInstancesWithCinderVolumes-705707779 tempest-TestInstancesWithCinderVolumes-705707779-project-member] Determining version of request: GET /v2/images/57cdd3aa-7ae7-4f4d-9e53-98cfae060cbc Accept: */* {{(pid=102932) process_request /opt/stack/glance/glance/api/middleware/version_negotiation.py:44}}
Jul 29 04:58:50.402211 np0000006059 devstack@g-api.service[102932]: DEBUG glance.api.middleware.version_negotiation [None req-76a81248-2a24-491e-b97b-8d46d2686853 tempest-TestInstancesWithCinderVolumes-705707779 tempest-TestInstancesWithCinderVolumes-705707779-project-member] Using url versioning {{(pid=102932) process_request /opt/stack/glance/glance/api/middleware/version_negotiation.py:57}}
Jul 29 04:58:50.402357 np0000006059 devstack@g-api.service[102932]: DEBUG glance.api.middleware.version_negotiation [None req-76a81248-2a24-491e-b97b-8d46d2686853 tempest-TestInstancesWithCinderVolumes-705707779 tempest-TestInstancesWithCinderVolumes-705707779-project-member] Matched version: v2 {{(pid=102932) process_request /opt/stack/glance/glance/api/middleware/version_negotiation.py:69}}
Jul 29 04:58:50.402564 np0000006059 devstack@g-api.service[102932]: DEBUG glance.api.middleware.version_negotiation [None req-76a81248-2a24-491e-b97b-8d46d2686853 tempest-TestInstancesWithCinderVolumes-705707779 tempest-TestInstancesWithCinderVolumes-705707779-project-member] new path /v2/images/57cdd3aa-7ae7-4f4d-9e53-98cfae060cbc {{(pid=102932) process_request /opt/stack/glance/glance/api/middleware/version_negotiation.py:70}}
Jul 29 04:58:50.422688 np0000006059 devstack@g-api.service[102932]: [pid: 102932|app: 0|req: 41/146] 127.0.0.1 () {44 vars in 1111 bytes} [Wed Jul 29 04:58:50 2026] GET /v2/images/57cdd3aa-7ae7-4f4d-9e53-98cfae060cbc => generated 1615 bytes in 21 msecs (HTTP/1.1 200) 4 headers in 158 bytes (1 switches on core 0)
Jul 29 04:58:50.470037 np0000006059 devstack@g-api.service[102931]: DEBUG glance.api.middleware.version_negotiation [None req-e24d6ea5-950c-47e0-9c56-7bb9f7ea4932 tempest-ServerStableDeviceRescueTest-897375036 tempest-ServerStableDeviceRescueTest-897375036-project-member] Determining version of request: GET /v2/schemas/image Accept: */* {{(pid=102931) process_request /opt/stack/glance/glance/api/middleware/version_negotiation.py:44}}
Jul 29 04:58:50.470525 np0000006059 devstack@g-api.service[102931]: DEBUG glance.api.middleware.version_negotiation [None req-e24d6ea5-950c-47e0-9c56-7bb9f7ea4932 tempest-ServerStableDeviceRescueTest-897375036 tempest-ServerStableDeviceRescueTest-897375036-project-member] Using url versioning {{(pid=102931) process_request /opt/stack/glance/glance/api/middleware/version_negotiation.py:57}}
Jul 29 04:58:50.470737 np0000006059 devstack@g-api.service[102931]: DEBUG glance.api.middleware.version_negotiation [None req-e24d6ea5-950c-47e0-9c56-7bb9f7ea4932 tempest-ServerStableDeviceRescueTest-897375036 tempest-ServerStableDeviceRescueTest-897375036-project-member] Matched version: v2 {{(pid=102931) process_request /opt/stack/glance/glance/api/middleware/version_negotiation.py:69}}
Jul 29 04:58:50.470914 np0000006059 devstack@g-api.service[102931]: DEBUG glance.api.middleware.version_negotiation [None req-e24d6ea5-950c-47e0-9c56-7bb9f7ea4932 tempest-ServerStableDeviceRescueTest-897375036 tempest-ServerStableDeviceRescueTest-897375036-project-member] new path /v2/schemas/image {{(pid=102931) process_request /opt/stack/glance/glance/api/middleware/version_negotiation.py:70}}
Jul 29 04:58:50.475287 np0000006059 devstack@g-api.service[102931]: [pid: 102931|app: 0|req: 39/147] 127.0.0.1 () {44 vars in 1051 bytes} [Wed Jul 29 04:58:50 2026] GET /v2/schemas/image => generated 6083 bytes in 6 msecs (HTTP/1.1 200) 4 headers in 158 bytes (1 switches on core 0)
Jul 29 04:58:50.597241 np0000006059 devstack@g-api.service[102934]: DEBUG glance.api.middleware.version_negotiation [None req-00b9d9b5-78bb-485a-896d-a5c05eeac679 tempest-ServerStableDeviceRescueTest-897375036 tempest-ServerStableDeviceRescueTest-897375036-project-member] Determining version of request: DELETE /v2/images/7f4fd2b2-22c9-497f-ba6d-ddeec1f7daa5 Accept: application/json {{(pid=102934) process_request /opt/stack/glance/glance/api/middleware/version_negotiation.py:44}}
Jul 29 04:58:50.597422 np0000006059 devstack@g-api.service[102934]: DEBUG glance.api.middleware.version_negotiation [None req-00b9d9b5-78bb-485a-896d-a5c05eeac679 tempest-ServerStableDeviceRescueTest-897375036 tempest-ServerStableDeviceRescueTest-897375036-project-member] Using url versioning {{(pid=102934) process_request /opt/stack/glance/glance/api/middleware/version_negotiation.py:57}}
Jul 29 04:58:50.597550 np0000006059 devstack@g-api.service[102934]: DEBUG glance.api.middleware.version_negotiation [None req-00b9d9b5-78bb-485a-896d-a5c05eeac679 tempest-ServerStableDeviceRescueTest-897375036 tempest-ServerStableDeviceRescueTest-897375036-project-member] Matched version: v2 {{(pid=102934) process_request /opt/stack/glance/glance/api/middleware/version_negotiation.py:69}}
Jul 29 04:58:50.597661 np0000006059 devstack@g-api.service[102934]: DEBUG glance.api.middleware.version_negotiation [None req-00b9d9b5-78bb-485a-896d-a5c05eeac679 tempest-ServerStableDeviceRescueTest-897375036 tempest-ServerStableDeviceRescueTest-897375036-project-member] new path /v2/images/7f4fd2b2-22c9-497f-ba6d-ddeec1f7daa5 {{(pid=102934) process_request /opt/stack/glance/glance/api/middleware/version_negotiation.py:70}}
Jul 29 04:58:50.607476 np0000006059 devstack@g-api.service[102934]: WARNING glance.api.v2.images [None req-8178e331-a18c-4b02-b905-725796c88679 tempest-AttachSCSIVolumeTestJSON-926524679 tempest-AttachSCSIVolumeTestJSON-926524679-project-admin] After upload to backend, deletion of staged image data has failed because it cannot be found at /tmp/staging//7f4fd2b2-22c9-497f-ba6d-ddeec1f7daa5
Jul 29 04:58:50.608166 np0000006059 devstack@g-api.service[102934]: DEBUG glance_store.backend [None req-8178e331-a18c-4b02-b905-725796c88679 tempest-AttachSCSIVolumeTestJSON-926524679 tempest-AttachSCSIVolumeTestJSON-926524679-project-admin] Attempting to import store swift {{(pid=102934) _load_store /opt/stack/data/venv/lib/python3.12/site-packages/glance_store/backend.py:215}}
Jul 29 04:58:50.609875 np0000006059 devstack@g-api.service[102934]: DEBUG glance_store.capabilities [None req-8178e331-a18c-4b02-b905-725796c88679 tempest-AttachSCSIVolumeTestJSON-926524679 tempest-AttachSCSIVolumeTestJSON-926524679-project-admin] Store glance_store._drivers.swift.store.SingleTenantStore doesn't support updating dynamic storage capabilities. Please overwrite 'update_capabilities' method of the store to implement updating logics if needed. {{(pid=102934) update_capabilities /opt/stack/data/venv/lib/python3.12/site-packages/glance_store/capabilities.py:91}}
Jul 29 04:58:50.610032 np0000006059 devstack@g-api.service[102934]: DEBUG glance_store.driver [None req-8178e331-a18c-4b02-b905-725796c88679 tempest-AttachSCSIVolumeTestJSON-926524679 tempest-AttachSCSIVolumeTestJSON-926524679-project-admin] Late loading location class glance_store._drivers.swift.store.StoreLocation {{(pid=102934) get_store_location_class /opt/stack/data/venv/lib/python3.12/site-packages/glance_store/driver.py:134}}
Jul 29 04:58:50.610188 np0000006059 devstack@g-api.service[102934]: DEBUG glance_store.location [None req-8178e331-a18c-4b02-b905-725796c88679 tempest-AttachSCSIVolumeTestJSON-926524679 tempest-AttachSCSIVolumeTestJSON-926524679-project-admin] Registering scheme swift+https with {'store': , 'location_class': , 'store_entry': 'swift'} {{(pid=102934) register_scheme_map /opt/stack/data/venv/lib/python3.12/site-packages/glance_store/location.py:146}}
Jul 29 04:58:50.610321 np0000006059 devstack@g-api.service[102934]: DEBUG glance_store.location [None req-8178e331-a18c-4b02-b905-725796c88679 tempest-AttachSCSIVolumeTestJSON-926524679 tempest-AttachSCSIVolumeTestJSON-926524679-project-admin] Registering scheme swift+https with {'store': , 'location_class': , 'store_entry': 'swift'} {{(pid=102934) register_scheme_map /opt/stack/data/venv/lib/python3.12/site-packages/glance_store/location.py:146}}
Jul 29 04:58:50.610391 np0000006059 devstack@g-api.service[102934]: DEBUG glance_store.location [None req-8178e331-a18c-4b02-b905-725796c88679 tempest-AttachSCSIVolumeTestJSON-926524679 tempest-AttachSCSIVolumeTestJSON-926524679-project-admin] Registering scheme swift with {'store': , 'location_class': , 'store_entry': 'swift'} {{(pid=102934) register_scheme_map /opt/stack/data/venv/lib/python3.12/site-packages/glance_store/location.py:146}}
Jul 29 04:58:50.610526 np0000006059 devstack@g-api.service[102934]: DEBUG glance_store.location [None req-8178e331-a18c-4b02-b905-725796c88679 tempest-AttachSCSIVolumeTestJSON-926524679 tempest-AttachSCSIVolumeTestJSON-926524679-project-admin] Registering scheme swift+https with {'store': , 'location_class': , 'store_entry': 'swift'} {{(pid=102934) register_scheme_map /opt/stack/data/venv/lib/python3.12/site-packages/glance_store/location.py:146}}
Jul 29 04:58:50.610641 np0000006059 devstack@g-api.service[102934]: DEBUG glance_store.location [None req-8178e331-a18c-4b02-b905-725796c88679 tempest-AttachSCSIVolumeTestJSON-926524679 tempest-AttachSCSIVolumeTestJSON-926524679-project-admin] Registering scheme swift with {'store': , 'location_class': , 'store_entry': 'swift'} {{(pid=102934) register_scheme_map /opt/stack/data/venv/lib/python3.12/site-packages/glance_store/location.py:146}}
Jul 29 04:58:50.610734 np0000006059 devstack@g-api.service[102934]: DEBUG glance_store.location [None req-8178e331-a18c-4b02-b905-725796c88679 tempest-AttachSCSIVolumeTestJSON-926524679 tempest-AttachSCSIVolumeTestJSON-926524679-project-admin] Registering scheme swift+http with {'store': , 'location_class': , 'store_entry': 'swift'} {{(pid=102934) register_scheme_map /opt/stack/data/venv/lib/python3.12/site-packages/glance_store/location.py:146}}
Jul 29 04:58:50.610829 np0000006059 devstack@g-api.service[102934]: DEBUG glance_store.location [None req-8178e331-a18c-4b02-b905-725796c88679 tempest-AttachSCSIVolumeTestJSON-926524679 tempest-AttachSCSIVolumeTestJSON-926524679-project-admin] Registering scheme swift+https with {'store': , 'location_class': , 'store_entry': 'swift'} {{(pid=102934) register_scheme_map /opt/stack/data/venv/lib/python3.12/site-packages/glance_store/location.py:146}}
Jul 29 04:58:50.610940 np0000006059 devstack@g-api.service[102934]: DEBUG glance_store.location [None req-8178e331-a18c-4b02-b905-725796c88679 tempest-AttachSCSIVolumeTestJSON-926524679 tempest-AttachSCSIVolumeTestJSON-926524679-project-admin] Registering scheme swift with {'store': , 'location_class': , 'store_entry': 'swift'} {{(pid=102934) register_scheme_map /opt/stack/data/venv/lib/python3.12/site-packages/glance_store/location.py:146}}
Jul 29 04:58:50.611045 np0000006059 devstack@g-api.service[102934]: DEBUG glance_store.location [None req-8178e331-a18c-4b02-b905-725796c88679 tempest-AttachSCSIVolumeTestJSON-926524679 tempest-AttachSCSIVolumeTestJSON-926524679-project-admin] Registering scheme swift+http with {'store': , 'location_class': , 'store_entry': 'swift'} {{(pid=102934) register_scheme_map /opt/stack/data/venv/lib/python3.12/site-packages/glance_store/location.py:146}}
Jul 29 04:58:50.611208 np0000006059 devstack@g-api.service[102934]: DEBUG glance_store.location [None req-8178e331-a18c-4b02-b905-725796c88679 tempest-AttachSCSIVolumeTestJSON-926524679 tempest-AttachSCSIVolumeTestJSON-926524679-project-admin] Registering scheme swift+config with {'store': , 'location_class': , 'store_entry': 'swift'} {{(pid=102934) register_scheme_map /opt/stack/data/venv/lib/python3.12/site-packages/glance_store/location.py:146}}
Jul 29 04:58:50.611973 np0000006059 devstack@g-api.service[102934]: DEBUG keystoneclient.auth.identity.v3.base [None req-8178e331-a18c-4b02-b905-725796c88679 tempest-AttachSCSIVolumeTestJSON-926524679 tempest-AttachSCSIVolumeTestJSON-926524679-project-admin] Making authentication request to https://10.4.3.46/identity/v3/auth/tokens {{(pid=102934) get_auth_ref /opt/stack/data/venv/lib/python3.12/site-packages/keystoneclient/auth/identity/v3/base.py:185}}
Jul 29 04:58:50.639066 np0000006059 devstack@g-api.service[102932]: DEBUG glance.api.middleware.version_negotiation [None req-00b9d9b5-78bb-485a-896d-a5c05eeac679 tempest-ServerStableDeviceRescueTest-897375036 tempest-ServerStableDeviceRescueTest-897375036-project-member] Determining version of request: GET /v2/images/57cdd3aa-7ae7-4f4d-9e53-98cfae060cbc Accept: */* {{(pid=102932) process_request /opt/stack/glance/glance/api/middleware/version_negotiation.py:44}}
Jul 29 04:58:50.639599 np0000006059 devstack@g-api.service[102932]: DEBUG glance.api.middleware.version_negotiation [None req-00b9d9b5-78bb-485a-896d-a5c05eeac679 tempest-ServerStableDeviceRescueTest-897375036 tempest-ServerStableDeviceRescueTest-897375036-project-member] Using url versioning {{(pid=102932) process_request /opt/stack/glance/glance/api/middleware/version_negotiation.py:57}}
Jul 29 04:58:50.639599 np0000006059 devstack@g-api.service[102932]: DEBUG glance.api.middleware.version_negotiation [None req-00b9d9b5-78bb-485a-896d-a5c05eeac679 tempest-ServerStableDeviceRescueTest-897375036 tempest-ServerStableDeviceRescueTest-897375036-project-member] Matched version: v2 {{(pid=102932) process_request /opt/stack/glance/glance/api/middleware/version_negotiation.py:69}}
Jul 29 04:58:50.639989 np0000006059 devstack@g-api.service[102932]: DEBUG glance.api.middleware.version_negotiation [None req-00b9d9b5-78bb-485a-896d-a5c05eeac679 tempest-ServerStableDeviceRescueTest-897375036 tempest-ServerStableDeviceRescueTest-897375036-project-member] new path /v2/images/57cdd3aa-7ae7-4f4d-9e53-98cfae060cbc {{(pid=102932) process_request /opt/stack/glance/glance/api/middleware/version_negotiation.py:70}}
Jul 29 04:58:50.657240 np0000006059 devstack@g-api.service[102932]: [pid: 102932|app: 0|req: 42/148] 127.0.0.1 () {44 vars in 1111 bytes} [Wed Jul 29 04:58:50 2026] GET /v2/images/57cdd3aa-7ae7-4f4d-9e53-98cfae060cbc => generated 1615 bytes in 18 msecs (HTTP/1.1 200) 4 headers in 158 bytes (1 switches on core 0)
Jul 29 04:58:50.702108 np0000006059 devstack@g-api.service[102931]: DEBUG glance.api.middleware.version_negotiation [None req-00b9d9b5-78bb-485a-896d-a5c05eeac679 tempest-ServerStableDeviceRescueTest-897375036 tempest-ServerStableDeviceRescueTest-897375036-project-member] Determining version of request: GET /v2/schemas/image Accept: */* {{(pid=102931) process_request /opt/stack/glance/glance/api/middleware/version_negotiation.py:44}}
Jul 29 04:58:50.702296 np0000006059 devstack@g-api.service[102931]: DEBUG glance.api.middleware.version_negotiation [None req-00b9d9b5-78bb-485a-896d-a5c05eeac679 tempest-ServerStableDeviceRescueTest-897375036 tempest-ServerStableDeviceRescueTest-897375036-project-member] Using url versioning {{(pid=102931) process_request /opt/stack/glance/glance/api/middleware/version_negotiation.py:57}}
Jul 29 04:58:50.702456 np0000006059 devstack@g-api.service[102931]: DEBUG glance.api.middleware.version_negotiation [None req-00b9d9b5-78bb-485a-896d-a5c05eeac679 tempest-ServerStableDeviceRescueTest-897375036 tempest-ServerStableDeviceRescueTest-897375036-project-member] Matched version: v2 {{(pid=102931) process_request /opt/stack/glance/glance/api/middleware/version_negotiation.py:69}}
Jul 29 04:58:50.702619 np0000006059 devstack@g-api.service[102931]: DEBUG glance.api.middleware.version_negotiation [None req-00b9d9b5-78bb-485a-896d-a5c05eeac679 tempest-ServerStableDeviceRescueTest-897375036 tempest-ServerStableDeviceRescueTest-897375036-project-member] new path /v2/schemas/image {{(pid=102931) process_request /opt/stack/glance/glance/api/middleware/version_negotiation.py:70}}
Jul 29 04:58:50.706268 np0000006059 devstack@g-api.service[102931]: [pid: 102931|app: 0|req: 40/149] 127.0.0.1 () {44 vars in 1051 bytes} [Wed Jul 29 04:58:50 2026] GET /v2/schemas/image => generated 6083 bytes in 5 msecs (HTTP/1.1 200) 4 headers in 158 bytes (1 switches on core 0)
Jul 29 04:58:50.772212 np0000006059 devstack@g-api.service[102934]: DEBUG keystoneclient.auth.identity.v3.base [None req-8178e331-a18c-4b02-b905-725796c88679 tempest-AttachSCSIVolumeTestJSON-926524679 tempest-AttachSCSIVolumeTestJSON-926524679-project-admin] {"token": {"methods": ["password"], "user": {"domain": {"id": "default", "name": "Default"}, "id": "caaf44a98ae34556a00fe8bad333f69c", "name": "glance-swift", "password_expires_at": null}, "audit_ids": ["Nomb_dF0QD-l6sp8DZVqmA"], "expires_at": "2026-07-29T05:58:50.000000Z", "issued_at": "2026-07-29T04:58:50.000000Z", "project": {"domain": {"id": "default", "name": "Default"}, "id": "1857565be09546e5b13fd5fbb33a69e3", "name": "service"}, "is_domain": false, "roles": [{"id": "60d9d56f0afb4a03b9a439a1f559df63", "name": "ResellerAdmin"}, {"id": "06cce87887b04860ae79ee5579795aff", "name": "service"}], "catalog": [{"endpoints": [{"id": "4e8bd66e7f044dc7b69f7a2f5915647a", "interface": "public", "region_id": "RegionOne", "url": "https://10.4.3.46/placement", "region": "RegionOne"}], "id": "2c14c227e13e4634a198ef7f4ad84143", "type": "placement", "name": "placement"}, {"endpoints": [{"id": "3a48cde2b98249b49c1b2821eec06df0", "interface": "public", "region_id": "RegionOne", "url": "https://10.4.3.46:8080/v1/AUTH_1857565be09546e5b13fd5fbb33a69e3", "region": "RegionOne"}, {"id": "c65eeaf2456b4ef387d3cd1a29bf59da", "interface": "admin", "region_id": "RegionOne", "url": "https://10.4.3.46:8080", "region": "RegionOne"}], "id": "54420389c2af4a51a72e5b48e9a6cb83", "type": "object-store", "name": "swift"}, {"endpoints": [{"id": "7fa179ec1c4f444b8f4e9f828d14f713", "interface": "public", "region_id": "RegionOne", "url": "https://10.4.3.46/compute/v2/1857565be09546e5b13fd5fbb33a69e3", "region": "RegionOne"}], "id": "5da5e59d3ec44d989f5d6ae44b4b9cc1", "type": "compute_legacy", "name": "nova_legacy"}, {"endpoints": [{"id": "35c0b7ad9b5a4e7aa2ba7d10ee52b521", "interface": "public", "region_id": "RegionOne", "url": "https://10.4.3.46/networking", "region": "RegionOne"}], "id": "95031cdc87d24389b2ba37ab96d72213", "type": "network", "name": "neutron"}, {"endpoints": [{"id": "527aecf547b9460ea30beed39ab8edc4", "interface": "public", "region_id": "RegionOne", "url": "https://10.4.3.46/image", "region": "RegionOne"}], "id": "a8a0950099cf430b93e0e04439ca8492", "type": "image", "name": "glance"}, {"endpoints": [{"id": "1dc10cd933a4497f992fd1178ee58575", "interface": "public", "region_id": "RegionOne", "url": "https://10.4.3.46/volume/v3", "region": "RegionOne"}], "id": "a985111363be4026ac2549f066322abb", "type": "block-storage", "name": "cinder"}, {"endpoints": [{"id": "5c9ff7c4eb814b699d29661339e9f19a", "interface": "public", "region_id": "RegionOne", "url": "https://10.4.3.46/compute/v2.1", "region": "RegionOne"}], "id": "ca68dc5f674d4fc4b8f6d598230b7f7d", "type": "compute", "name": "nova"}, {"endpoints": [{"id": "d348efb1f3b74b51ac26325d7a28b898", "interface": "public", "region_id": "RegionOne", "url": "https://10.4.3.46/identity", "region": "RegionOne"}], "id": "f155f8e062024612b23fcc5c16cc22d3", "type": "identity", "name": "keystone"}]}} {{(pid=102934) get_auth_ref /opt/stack/data/venv/lib/python3.12/site-packages/keystoneclient/auth/identity/v3/base.py:190}}
Jul 29 04:58:50.772727 np0000006059 devstack@g-api.service[102934]: DEBUG keystoneclient.httpclient [None req-8178e331-a18c-4b02-b905-725796c88679 tempest-AttachSCSIVolumeTestJSON-926524679 tempest-AttachSCSIVolumeTestJSON-926524679-project-admin] Failed to find endpoint for management url admin endpoint for identity service not found {{(pid=102934) _process_management_url /opt/stack/data/venv/lib/python3.12/site-packages/keystoneclient/httpclient.py:670}}
Jul 29 04:58:50.785283 np0000006059 devstack@g-api.service[102932]: DEBUG glance.api.middleware.version_negotiation [None req-2fc69b71-1035-48ea-96b2-f443789e7071 tempest-ServerStableDeviceRescueTest-897375036 tempest-ServerStableDeviceRescueTest-897375036-project-member] Determining version of request: GET /v2/images/57cdd3aa-7ae7-4f4d-9e53-98cfae060cbc Accept: */* {{(pid=102932) process_request /opt/stack/glance/glance/api/middleware/version_negotiation.py:44}}
Jul 29 04:58:50.785500 np0000006059 devstack@g-api.service[102932]: DEBUG glance.api.middleware.version_negotiation [None req-2fc69b71-1035-48ea-96b2-f443789e7071 tempest-ServerStableDeviceRescueTest-897375036 tempest-ServerStableDeviceRescueTest-897375036-project-member] Using url versioning {{(pid=102932) process_request /opt/stack/glance/glance/api/middleware/version_negotiation.py:57}}
Jul 29 04:58:50.785607 np0000006059 devstack@g-api.service[102932]: DEBUG glance.api.middleware.version_negotiation [None req-2fc69b71-1035-48ea-96b2-f443789e7071 tempest-ServerStableDeviceRescueTest-897375036 tempest-ServerStableDeviceRescueTest-897375036-project-member] Matched version: v2 {{(pid=102932) process_request /opt/stack/glance/glance/api/middleware/version_negotiation.py:69}}
Jul 29 04:58:50.785724 np0000006059 devstack@g-api.service[102932]: DEBUG glance.api.middleware.version_negotiation [None req-2fc69b71-1035-48ea-96b2-f443789e7071 tempest-ServerStableDeviceRescueTest-897375036 tempest-ServerStableDeviceRescueTest-897375036-project-member] new path /v2/images/57cdd3aa-7ae7-4f4d-9e53-98cfae060cbc {{(pid=102932) process_request /opt/stack/glance/glance/api/middleware/version_negotiation.py:70}}
Jul 29 04:58:50.795079 np0000006059 devstack@g-api.service[102933]: [pid: 102933|app: 0|req: 36/150] 127.0.0.1 () {44 vars in 1131 bytes} [Wed Jul 29 04:58:50 2026] GET /v2/images/ec5aabae-43fe-48cf-89fb-d11ee20a1eb9/locations => generated 92 bytes in 506 msecs (HTTP/1.1 200) 4 headers in 156 bytes (1 switches on core 0)
Jul 29 04:58:50.798692 np0000006059 devstack@g-api.service[102932]: [pid: 102932|app: 0|req: 43/151] 127.0.0.1 () {44 vars in 1111 bytes} [Wed Jul 29 04:58:50 2026] GET /v2/images/57cdd3aa-7ae7-4f4d-9e53-98cfae060cbc => generated 1615 bytes in 14 msecs (HTTP/1.1 200) 4 headers in 158 bytes (1 switches on core 0)
Jul 29 04:58:50.805995 np0000006059 devstack@g-api.service[102931]: DEBUG glance.api.middleware.version_negotiation [None req-2fc69b71-1035-48ea-96b2-f443789e7071 tempest-ServerStableDeviceRescueTest-897375036 tempest-ServerStableDeviceRescueTest-897375036-project-member] Determining version of request: GET /v2/images/ec5aabae-43fe-48cf-89fb-d11ee20a1eb9 Accept: */* {{(pid=102931) process_request /opt/stack/glance/glance/api/middleware/version_negotiation.py:44}}
Jul 29 04:58:50.805995 np0000006059 devstack@g-api.service[102931]: DEBUG glance.api.middleware.version_negotiation [None req-2fc69b71-1035-48ea-96b2-f443789e7071 tempest-ServerStableDeviceRescueTest-897375036 tempest-ServerStableDeviceRescueTest-897375036-project-member] Using url versioning {{(pid=102931) process_request /opt/stack/glance/glance/api/middleware/version_negotiation.py:57}}
