Jul 31 14:37:02.711506 np0000006236 nova-scheduler[96642]: DEBUG cotyledon.oslo_config_glue [-] workarounds.handle_virt_lifecycle_events = True {{(pid=96642) log_opt_values /opt/stack/data/venv/lib/python3.12/site-packages/oslo_config/cfg.py:3253}}
Jul 31 14:37:02.711695 np0000006236 nova-scheduler[96642]: DEBUG cotyledon.oslo_config_glue [-] workarounds.libvirt_disable_apic = False {{(pid=96642) log_opt_values /opt/stack/data/venv/lib/python3.12/site-packages/oslo_config/cfg.py:3253}}
Jul 31 14:37:02.711695 np0000006236 nova-scheduler[96642]: DEBUG cotyledon.oslo_config_glue [-] workarounds.never_download_image_if_on_rbd = False {{(pid=96642) log_opt_values /opt/stack/data/venv/lib/python3.12/site-packages/oslo_config/cfg.py:3253}}
Jul 31 14:37:02.711695 np0000006236 nova-scheduler[96642]: DEBUG cotyledon.oslo_config_glue [-] workarounds.qemu_monitor_announce_self_count = 3 {{(pid=96642) log_opt_values /opt/stack/data/venv/lib/python3.12/site-packages/oslo_config/cfg.py:3253}}
Jul 31 14:37:02.711695 np0000006236 nova-scheduler[96642]: DEBUG cotyledon.oslo_config_glue [-] workarounds.qemu_monitor_announce_self_interval = 1 {{(pid=96642) log_opt_values /opt/stack/data/venv/lib/python3.12/site-packages/oslo_config/cfg.py:3253}}
Jul 31 14:37:02.711695 np0000006236 nova-scheduler[96642]: DEBUG cotyledon.oslo_config_glue [-] workarounds.reserve_disk_resource_for_image_cache = False {{(pid=96642) log_opt_values /opt/stack/data/venv/lib/python3.12/site-packages/oslo_config/cfg.py:3253}}
Jul 31 14:37:02.711695 np0000006236 nova-scheduler[96642]: DEBUG cotyledon.oslo_config_glue [-] workarounds.skip_cpu_compare_at_startup = False {{(pid=96642) log_opt_values /opt/stack/data/venv/lib/python3.12/site-packages/oslo_config/cfg.py:3253}}
Jul 31 14:37:02.711695 np0000006236 nova-scheduler[96642]: DEBUG cotyledon.oslo_config_glue [-] workarounds.skip_cpu_compare_on_dest = False {{(pid=96642) log_opt_values /opt/stack/data/venv/lib/python3.12/site-packages/oslo_config/cfg.py:3253}}
Jul 31 14:37:02.711695 np0000006236 nova-scheduler[96642]: DEBUG cotyledon.oslo_config_glue [-] workarounds.skip_hypervisor_version_check_on_lm = False {{(pid=96642) log_opt_values /opt/stack/data/venv/lib/python3.12/site-packages/oslo_config/cfg.py:3253}}
Jul 31 14:37:02.711695 np0000006236 nova-scheduler[96642]: DEBUG cotyledon.oslo_config_glue [-] workarounds.skip_reserve_in_use_ironic_nodes = False {{(pid=96642) log_opt_values /opt/stack/data/venv/lib/python3.12/site-packages/oslo_config/cfg.py:3253}}
Jul 31 14:37:02.711930 np0000006236 nova-scheduler[96642]: DEBUG cotyledon.oslo_config_glue [-] workarounds.unified_limits_count_pcpu_as_vcpu = False {{(pid=96642) log_opt_values /opt/stack/data/venv/lib/python3.12/site-packages/oslo_config/cfg.py:3253}}
Jul 31 14:37:02.711930 np0000006236 nova-scheduler[96642]: DEBUG cotyledon.oslo_config_glue [-] workarounds.wait_for_vif_plugged_event_during_hard_reboot = [] {{(pid=96642) log_opt_values /opt/stack/data/venv/lib/python3.12/site-packages/oslo_config/cfg.py:3253}}
Jul 31 14:37:02.711930 np0000006236 nova-scheduler[96642]: DEBUG cotyledon.oslo_config_glue [-] wsgi.api_paste_config = /etc/nova/api-paste.ini {{(pid=96642) log_opt_values /opt/stack/data/venv/lib/python3.12/site-packages/oslo_config/cfg.py:3253}}
Jul 31 14:37:02.711930 np0000006236 nova-scheduler[96642]: DEBUG cotyledon.oslo_config_glue [-] wsgi.secure_proxy_ssl_header = None {{(pid=96642) log_opt_values /opt/stack/data/venv/lib/python3.12/site-packages/oslo_config/cfg.py:3253}}
Jul 31 14:37:02.711930 np0000006236 nova-scheduler[96642]: DEBUG cotyledon.oslo_config_glue [-] zvm.ca_file = None {{(pid=96642) log_opt_values /opt/stack/data/venv/lib/python3.12/site-packages/oslo_config/cfg.py:3253}}
Jul 31 14:37:02.711930 np0000006236 nova-scheduler[96642]: DEBUG cotyledon.oslo_config_glue [-] zvm.cloud_connector_url = None {{(pid=96642) log_opt_values /opt/stack/data/venv/lib/python3.12/site-packages/oslo_config/cfg.py:3253}}
Jul 31 14:37:02.711930 np0000006236 nova-scheduler[96642]: DEBUG cotyledon.oslo_config_glue [-] zvm.image_tmp_path = /opt/stack/data/nova/images {{(pid=96642) log_opt_values /opt/stack/data/venv/lib/python3.12/site-packages/oslo_config/cfg.py:3253}}
Jul 31 14:37:02.711930 np0000006236 nova-scheduler[96642]: DEBUG cotyledon.oslo_config_glue [-] zvm.reachable_timeout = 300 {{(pid=96642) log_opt_values /opt/stack/data/venv/lib/python3.12/site-packages/oslo_config/cfg.py:3253}}
Jul 31 14:37:02.711930 np0000006236 nova-scheduler[96642]: DEBUG cotyledon.oslo_config_glue [-] oslo_versionedobjects.fatal_exception_format_errors = False {{(pid=96642) log_opt_values /opt/stack/data/venv/lib/python3.12/site-packages/oslo_config/cfg.py:3253}}
Jul 31 14:37:02.712220 np0000006236 nova-scheduler[96642]: DEBUG cotyledon.oslo_config_glue [-] oslo_middleware.http_basic_auth_user_file = /etc/htpasswd {{(pid=96642) log_opt_values /opt/stack/data/venv/lib/python3.12/site-packages/oslo_config/cfg.py:3253}}
Jul 31 14:37:02.712220 np0000006236 nova-scheduler[96642]: DEBUG cotyledon.oslo_config_glue [-] oslo_messaging_metrics.metrics_buffer_size = 1000 {{(pid=96642) log_opt_values /opt/stack/data/venv/lib/python3.12/site-packages/oslo_config/cfg.py:3253}}
Jul 31 14:37:02.712220 np0000006236 nova-scheduler[96642]: DEBUG cotyledon.oslo_config_glue [-] oslo_messaging_metrics.metrics_enabled = False {{(pid=96642) log_opt_values /opt/stack/data/venv/lib/python3.12/site-packages/oslo_config/cfg.py:3253}}
Jul 31 14:37:02.712220 np0000006236 nova-scheduler[96642]: DEBUG cotyledon.oslo_config_glue [-] oslo_messaging_metrics.metrics_process_name = {{(pid=96642) log_opt_values /opt/stack/data/venv/lib/python3.12/site-packages/oslo_config/cfg.py:3253}}
Jul 31 14:37:02.712220 np0000006236 nova-scheduler[96642]: DEBUG cotyledon.oslo_config_glue [-] oslo_messaging_metrics.metrics_socket_file = /var/tmp/metrics_collector.sock {{(pid=96642) log_opt_values /opt/stack/data/venv/lib/python3.12/site-packages/oslo_config/cfg.py:3253}}
Jul 31 14:37:02.712220 np0000006236 nova-scheduler[96642]: DEBUG cotyledon.oslo_config_glue [-] oslo_messaging_metrics.metrics_thread_stop_timeout = 10 {{(pid=96642) log_opt_values /opt/stack/data/venv/lib/python3.12/site-packages/oslo_config/cfg.py:3253}}
Jul 31 14:37:02.712220 np0000006236 nova-scheduler[96642]: DEBUG cotyledon.oslo_config_glue [-] profiler.connection_string = messaging:// {{(pid=96642) log_opt_values /opt/stack/data/venv/lib/python3.12/site-packages/oslo_config/cfg.py:3253}}
Jul 31 14:37:02.712220 np0000006236 nova-scheduler[96642]: DEBUG cotyledon.oslo_config_glue [-] profiler.enabled = False {{(pid=96642) log_opt_values /opt/stack/data/venv/lib/python3.12/site-packages/oslo_config/cfg.py:3253}}
Jul 31 14:37:02.712220 np0000006236 nova-scheduler[96642]: DEBUG cotyledon.oslo_config_glue [-] profiler.es_doc_type = notification {{(pid=96642) log_opt_values /opt/stack/data/venv/lib/python3.12/site-packages/oslo_config/cfg.py:3253}}
Jul 31 14:37:02.712514 np0000006236 nova-scheduler[96642]: DEBUG cotyledon.oslo_config_glue [-] profiler.es_scroll_size = 10000 {{(pid=96642) log_opt_values /opt/stack/data/venv/lib/python3.12/site-packages/oslo_config/cfg.py:3253}}
Jul 31 14:37:02.712514 np0000006236 nova-scheduler[96642]: DEBUG cotyledon.oslo_config_glue [-] profiler.es_scroll_time = 2m {{(pid=96642) log_opt_values /opt/stack/data/venv/lib/python3.12/site-packages/oslo_config/cfg.py:3253}}
Jul 31 14:37:02.712514 np0000006236 nova-scheduler[96642]: DEBUG cotyledon.oslo_config_glue [-] profiler.filter_error_trace = False {{(pid=96642) log_opt_values /opt/stack/data/venv/lib/python3.12/site-packages/oslo_config/cfg.py:3253}}
Jul 31 14:37:02.712514 np0000006236 nova-scheduler[96642]: DEBUG cotyledon.oslo_config_glue [-] profiler.hmac_keys = **** {{(pid=96642) log_opt_values /opt/stack/data/venv/lib/python3.12/site-packages/oslo_config/cfg.py:3253}}
Jul 31 14:37:02.712514 np0000006236 nova-scheduler[96642]: DEBUG cotyledon.oslo_config_glue [-] profiler.sentinel_service_name = mymaster {{(pid=96642) log_opt_values /opt/stack/data/venv/lib/python3.12/site-packages/oslo_config/cfg.py:3253}}
Jul 31 14:37:02.712514 np0000006236 nova-scheduler[96642]: DEBUG cotyledon.oslo_config_glue [-] profiler.socket_timeout = 0.1 {{(pid=96642) log_opt_values /opt/stack/data/venv/lib/python3.12/site-packages/oslo_config/cfg.py:3253}}
Jul 31 14:37:02.712514 np0000006236 nova-scheduler[96642]: DEBUG cotyledon.oslo_config_glue [-] profiler.trace_requests = False {{(pid=96642) log_opt_values /opt/stack/data/venv/lib/python3.12/site-packages/oslo_config/cfg.py:3253}}
Jul 31 14:37:02.712514 np0000006236 nova-scheduler[96642]: DEBUG cotyledon.oslo_config_glue [-] profiler.trace_sqlalchemy = False {{(pid=96642) log_opt_values /opt/stack/data/venv/lib/python3.12/site-packages/oslo_config/cfg.py:3253}}
Jul 31 14:37:02.712514 np0000006236 nova-scheduler[96642]: DEBUG cotyledon.oslo_config_glue [-] profiler_jaeger.process_tags = {} {{(pid=96642) log_opt_values /opt/stack/data/venv/lib/python3.12/site-packages/oslo_config/cfg.py:3253}}
Jul 31 14:37:02.712812 np0000006236 nova-scheduler[96642]: DEBUG cotyledon.oslo_config_glue [-] profiler_jaeger.service_name_prefix = None {{(pid=96642) log_opt_values /opt/stack/data/venv/lib/python3.12/site-packages/oslo_config/cfg.py:3253}}
Jul 31 14:37:02.712812 np0000006236 nova-scheduler[96642]: DEBUG cotyledon.oslo_config_glue [-] profiler_otlp.service_name_prefix = None {{(pid=96642) log_opt_values /opt/stack/data/venv/lib/python3.12/site-packages/oslo_config/cfg.py:3253}}
Jul 31 14:37:02.712812 np0000006236 nova-scheduler[96642]: DEBUG cotyledon.oslo_config_glue [-] oslo_messaging_rabbit.amqp_auto_delete = False {{(pid=96642) log_opt_values /opt/stack/data/venv/lib/python3.12/site-packages/oslo_config/cfg.py:3253}}
Jul 31 14:37:02.712812 np0000006236 nova-scheduler[96642]: DEBUG cotyledon.oslo_config_glue [-] oslo_messaging_rabbit.amqp_durable_queues = False {{(pid=96642) log_opt_values /opt/stack/data/venv/lib/python3.12/site-packages/oslo_config/cfg.py:3253}}
Jul 31 14:37:02.712812 np0000006236 nova-scheduler[96642]: DEBUG cotyledon.oslo_config_glue [-] oslo_messaging_rabbit.conn_pool_min_size = 2 {{(pid=96642) log_opt_values /opt/stack/data/venv/lib/python3.12/site-packages/oslo_config/cfg.py:3253}}
Jul 31 14:37:02.712812 np0000006236 nova-scheduler[96642]: DEBUG cotyledon.oslo_config_glue [-] oslo_messaging_rabbit.conn_pool_ttl = 1200 {{(pid=96642) log_opt_values /opt/stack/data/venv/lib/python3.12/site-packages/oslo_config/cfg.py:3253}}
Jul 31 14:37:02.712812 np0000006236 nova-scheduler[96642]: DEBUG cotyledon.oslo_config_glue [-] oslo_messaging_rabbit.direct_mandatory_flag = True {{(pid=96642) log_opt_values /opt/stack/data/venv/lib/python3.12/site-packages/oslo_config/cfg.py:3253}}
Jul 31 14:37:02.712812 np0000006236 nova-scheduler[96642]: DEBUG cotyledon.oslo_config_glue [-] oslo_messaging_rabbit.enable_cancel_on_failover = False {{(pid=96642) log_opt_values /opt/stack/data/venv/lib/python3.12/site-packages/oslo_config/cfg.py:3253}}
Jul 31 14:37:02.712812 np0000006236 nova-scheduler[96642]: DEBUG cotyledon.oslo_config_glue [-] oslo_messaging_rabbit.heartbeat_rate = 3 {{(pid=96642) log_opt_values /opt/stack/data/venv/lib/python3.12/site-packages/oslo_config/cfg.py:3253}}
Jul 31 14:37:02.713090 np0000006236 nova-scheduler[96642]: DEBUG cotyledon.oslo_config_glue [-] oslo_messaging_rabbit.heartbeat_timeout_threshold = 60 {{(pid=96642) log_opt_values /opt/stack/data/venv/lib/python3.12/site-packages/oslo_config/cfg.py:3253}}
Jul 31 14:37:02.713090 np0000006236 nova-scheduler[96642]: DEBUG cotyledon.oslo_config_glue [-] oslo_messaging_rabbit.hostname = np0000006236 {{(pid=96642) log_opt_values /opt/stack/data/venv/lib/python3.12/site-packages/oslo_config/cfg.py:3253}}
Jul 31 14:37:02.713090 np0000006236 nova-scheduler[96642]: DEBUG cotyledon.oslo_config_glue [-] oslo_messaging_rabbit.kombu_compression = None {{(pid=96642) log_opt_values /opt/stack/data/venv/lib/python3.12/site-packages/oslo_config/cfg.py:3253}}
Jul 31 14:37:02.713090 np0000006236 nova-scheduler[96642]: DEBUG cotyledon.oslo_config_glue [-] oslo_messaging_rabbit.kombu_failover_strategy = round-robin {{(pid=96642) log_opt_values /opt/stack/data/venv/lib/python3.12/site-packages/oslo_config/cfg.py:3253}}
Jul 31 14:37:02.713090 np0000006236 nova-scheduler[96642]: DEBUG cotyledon.oslo_config_glue [-] oslo_messaging_rabbit.kombu_missing_consumer_retry_timeout = 60 {{(pid=96642) log_opt_values /opt/stack/data/venv/lib/python3.12/site-packages/oslo_config/cfg.py:3253}}
Jul 31 14:37:02.713090 np0000006236 nova-scheduler[96642]: DEBUG cotyledon.oslo_config_glue [-] oslo_messaging_rabbit.kombu_reconnect_delay = 1.0 {{(pid=96642) log_opt_values /opt/stack/data/venv/lib/python3.12/site-packages/oslo_config/cfg.py:3253}}
Jul 31 14:37:02.713090 np0000006236 nova-scheduler[96642]: DEBUG cotyledon.oslo_config_glue [-] oslo_messaging_rabbit.kombu_reconnect_splay = 0.0 {{(pid=96642) log_opt_values /opt/stack/data/venv/lib/python3.12/site-packages/oslo_config/cfg.py:3253}}
Jul 31 14:37:02.713090 np0000006236 nova-scheduler[96642]: DEBUG cotyledon.oslo_config_glue [-] oslo_messaging_rabbit.processname = nova-scheduler {{(pid=96642) log_opt_values /opt/stack/data/venv/lib/python3.12/site-packages/oslo_config/cfg.py:3253}}
Jul 31 14:37:02.713090 np0000006236 nova-scheduler[96642]: DEBUG cotyledon.oslo_config_glue [-] oslo_messaging_rabbit.rabbit_ha_queues = False {{(pid=96642) log_opt_values /opt/stack/data/venv/lib/python3.12/site-packages/oslo_config/cfg.py:3253}}
Jul 31 14:37:02.713371 np0000006236 nova-scheduler[96642]: DEBUG cotyledon.oslo_config_glue [-] oslo_messaging_rabbit.rabbit_interval_max = 30 {{(pid=96642) log_opt_values /opt/stack/data/venv/lib/python3.12/site-packages/oslo_config/cfg.py:3253}}
Jul 31 14:37:02.713371 np0000006236 nova-scheduler[96642]: DEBUG cotyledon.oslo_config_glue [-] oslo_messaging_rabbit.rabbit_login_method = AMQPLAIN {{(pid=96642) log_opt_values /opt/stack/data/venv/lib/python3.12/site-packages/oslo_config/cfg.py:3253}}
Jul 31 14:37:02.713371 np0000006236 nova-scheduler[96642]: DEBUG cotyledon.oslo_config_glue [-] oslo_messaging_rabbit.rabbit_qos_prefetch_count = 0 {{(pid=96642) log_opt_values /opt/stack/data/venv/lib/python3.12/site-packages/oslo_config/cfg.py:3253}}
Jul 31 14:37:02.713371 np0000006236 nova-scheduler[96642]: DEBUG cotyledon.oslo_config_glue [-] oslo_messaging_rabbit.rabbit_quorum_delivery_limit = 0 {{(pid=96642) log_opt_values /opt/stack/data/venv/lib/python3.12/site-packages/oslo_config/cfg.py:3253}}
Jul 31 14:37:02.713371 np0000006236 nova-scheduler[96642]: DEBUG cotyledon.oslo_config_glue [-] oslo_messaging_rabbit.rabbit_quorum_max_memory_bytes = 0 {{(pid=96642) log_opt_values /opt/stack/data/venv/lib/python3.12/site-packages/oslo_config/cfg.py:3253}}
Jul 31 14:37:02.713371 np0000006236 nova-scheduler[96642]: DEBUG cotyledon.oslo_config_glue [-] oslo_messaging_rabbit.rabbit_quorum_max_memory_length = 0 {{(pid=96642) log_opt_values /opt/stack/data/venv/lib/python3.12/site-packages/oslo_config/cfg.py:3253}}
Jul 31 14:37:02.713371 np0000006236 nova-scheduler[96642]: DEBUG cotyledon.oslo_config_glue [-] oslo_messaging_rabbit.rabbit_quorum_queue = False {{(pid=96642) log_opt_values /opt/stack/data/venv/lib/python3.12/site-packages/oslo_config/cfg.py:3253}}
Jul 31 14:37:02.713371 np0000006236 nova-scheduler[96642]: DEBUG cotyledon.oslo_config_glue [-] oslo_messaging_rabbit.rabbit_retry_backoff = 2 {{(pid=96642) log_opt_values /opt/stack/data/venv/lib/python3.12/site-packages/oslo_config/cfg.py:3253}}
Jul 31 14:37:02.713371 np0000006236 nova-scheduler[96642]: DEBUG cotyledon.oslo_config_glue [-] oslo_messaging_rabbit.rabbit_retry_interval = 1 {{(pid=96642) log_opt_values /opt/stack/data/venv/lib/python3.12/site-packages/oslo_config/cfg.py:3253}}
Jul 31 14:37:02.713672 np0000006236 nova-scheduler[96642]: DEBUG cotyledon.oslo_config_glue [-] oslo_messaging_rabbit.rabbit_stream_fanout = False {{(pid=96642) log_opt_values /opt/stack/data/venv/lib/python3.12/site-packages/oslo_config/cfg.py:3253}}
Jul 31 14:37:02.713672 np0000006236 nova-scheduler[96642]: DEBUG cotyledon.oslo_config_glue [-] oslo_messaging_rabbit.rabbit_transient_queues_ttl = 1800 {{(pid=96642) log_opt_values /opt/stack/data/venv/lib/python3.12/site-packages/oslo_config/cfg.py:3253}}
Jul 31 14:37:02.713672 np0000006236 nova-scheduler[96642]: DEBUG cotyledon.oslo_config_glue [-] oslo_messaging_rabbit.rabbit_transient_quorum_queue = False {{(pid=96642) log_opt_values /opt/stack/data/venv/lib/python3.12/site-packages/oslo_config/cfg.py:3253}}
Jul 31 14:37:02.713672 np0000006236 nova-scheduler[96642]: DEBUG cotyledon.oslo_config_glue [-] oslo_messaging_rabbit.rpc_conn_pool_size = 30 {{(pid=96642) log_opt_values /opt/stack/data/venv/lib/python3.12/site-packages/oslo_config/cfg.py:3253}}
Jul 31 14:37:02.713672 np0000006236 nova-scheduler[96642]: DEBUG cotyledon.oslo_config_glue [-] oslo_messaging_rabbit.ssl = False {{(pid=96642) log_opt_values /opt/stack/data/venv/lib/python3.12/site-packages/oslo_config/cfg.py:3253}}
Jul 31 14:37:02.713672 np0000006236 nova-scheduler[96642]: DEBUG cotyledon.oslo_config_glue [-] oslo_messaging_rabbit.ssl_ca_file = {{(pid=96642) log_opt_values /opt/stack/data/venv/lib/python3.12/site-packages/oslo_config/cfg.py:3253}}
Jul 31 14:37:02.713672 np0000006236 nova-scheduler[96642]: DEBUG cotyledon.oslo_config_glue [-] oslo_messaging_rabbit.ssl_cert_file = {{(pid=96642) log_opt_values /opt/stack/data/venv/lib/python3.12/site-packages/oslo_config/cfg.py:3253}}
Jul 31 14:37:02.713672 np0000006236 nova-scheduler[96642]: DEBUG cotyledon.oslo_config_glue [-] oslo_messaging_rabbit.ssl_enforce_fips_mode = False {{(pid=96642) log_opt_values /opt/stack/data/venv/lib/python3.12/site-packages/oslo_config/cfg.py:3253}}
Jul 31 14:37:02.713672 np0000006236 nova-scheduler[96642]: DEBUG cotyledon.oslo_config_glue [-] oslo_messaging_rabbit.ssl_enforce_hostname_verification = True {{(pid=96642) log_opt_values /opt/stack/data/venv/lib/python3.12/site-packages/oslo_config/cfg.py:3253}}
Jul 31 14:37:02.713993 np0000006236 nova-scheduler[96642]: DEBUG cotyledon.oslo_config_glue [-] oslo_messaging_rabbit.ssl_key_file = {{(pid=96642) log_opt_values /opt/stack/data/venv/lib/python3.12/site-packages/oslo_config/cfg.py:3253}}
Jul 31 14:37:02.713993 np0000006236 nova-scheduler[96642]: DEBUG cotyledon.oslo_config_glue [-] oslo_messaging_rabbit.ssl_version = {{(pid=96642) log_opt_values /opt/stack/data/venv/lib/python3.12/site-packages/oslo_config/cfg.py:3253}}
Jul 31 14:37:02.713993 np0000006236 nova-scheduler[96642]: DEBUG cotyledon.oslo_config_glue [-] oslo_messaging_rabbit.use_queue_manager = False {{(pid=96642) log_opt_values /opt/stack/data/venv/lib/python3.12/site-packages/oslo_config/cfg.py:3253}}
Jul 31 14:37:02.713993 np0000006236 nova-scheduler[96642]: DEBUG cotyledon.oslo_config_glue [-] oslo_messaging_notifications.driver = ['messagingv2'] {{(pid=96642) log_opt_values /opt/stack/data/venv/lib/python3.12/site-packages/oslo_config/cfg.py:3253}}
Jul 31 14:37:02.713993 np0000006236 nova-scheduler[96642]: DEBUG cotyledon.oslo_config_glue [-] oslo_messaging_notifications.retry = -1 {{(pid=96642) log_opt_values /opt/stack/data/venv/lib/python3.12/site-packages/oslo_config/cfg.py:3253}}
Jul 31 14:37:02.713993 np0000006236 nova-scheduler[96642]: DEBUG cotyledon.oslo_config_glue [-] oslo_messaging_notifications.topics = ['notifications'] {{(pid=96642) log_opt_values /opt/stack/data/venv/lib/python3.12/site-packages/oslo_config/cfg.py:3253}}
Jul 31 14:37:02.713993 np0000006236 nova-scheduler[96642]: DEBUG cotyledon.oslo_config_glue [-] oslo_messaging_notifications.transport_url = **** {{(pid=96642) log_opt_values /opt/stack/data/venv/lib/python3.12/site-packages/oslo_config/cfg.py:3253}}
Jul 31 14:37:02.713993 np0000006236 nova-scheduler[96642]: DEBUG cotyledon.oslo_config_glue [-] oslo_limit.auth_section = None {{(pid=96642) log_opt_values /opt/stack/data/venv/lib/python3.12/site-packages/oslo_config/cfg.py:3253}}
Jul 31 14:37:02.713993 np0000006236 nova-scheduler[96642]: DEBUG cotyledon.oslo_config_glue [-] oslo_limit.auth_type = None {{(pid=96642) log_opt_values /opt/stack/data/venv/lib/python3.12/site-packages/oslo_config/cfg.py:3253}}
Jul 31 14:37:02.714326 np0000006236 nova-scheduler[96642]: DEBUG cotyledon.oslo_config_glue [-] oslo_limit.cafile = None {{(pid=96642) log_opt_values /opt/stack/data/venv/lib/python3.12/site-packages/oslo_config/cfg.py:3253}}
Jul 31 14:37:02.714326 np0000006236 nova-scheduler[96642]: DEBUG cotyledon.oslo_config_glue [-] oslo_limit.certfile = None {{(pid=96642) log_opt_values /opt/stack/data/venv/lib/python3.12/site-packages/oslo_config/cfg.py:3253}}
Jul 31 14:37:02.714326 np0000006236 nova-scheduler[96642]: DEBUG cotyledon.oslo_config_glue [-] oslo_limit.collect_timing = False {{(pid=96642) log_opt_values /opt/stack/data/venv/lib/python3.12/site-packages/oslo_config/cfg.py:3253}}
Jul 31 14:37:02.714326 np0000006236 nova-scheduler[96642]: DEBUG cotyledon.oslo_config_glue [-] oslo_limit.connect_retries = None {{(pid=96642) log_opt_values /opt/stack/data/venv/lib/python3.12/site-packages/oslo_config/cfg.py:3253}}
Jul 31 14:37:02.714326 np0000006236 nova-scheduler[96642]: DEBUG cotyledon.oslo_config_glue [-] oslo_limit.connect_retry_delay = None {{(pid=96642) log_opt_values /opt/stack/data/venv/lib/python3.12/site-packages/oslo_config/cfg.py:3253}}
Jul 31 14:37:02.714326 np0000006236 nova-scheduler[96642]: DEBUG cotyledon.oslo_config_glue [-] oslo_limit.endpoint_id = None {{(pid=96642) log_opt_values /opt/stack/data/venv/lib/python3.12/site-packages/oslo_config/cfg.py:3253}}
Jul 31 14:37:02.714326 np0000006236 nova-scheduler[96642]: DEBUG cotyledon.oslo_config_glue [-] oslo_limit.endpoint_interface = public {{(pid=96642) log_opt_values /opt/stack/data/venv/lib/python3.12/site-packages/oslo_config/cfg.py:3253}}
Jul 31 14:37:02.714326 np0000006236 nova-scheduler[96642]: DEBUG cotyledon.oslo_config_glue [-] oslo_limit.endpoint_override = None {{(pid=96642) log_opt_values /opt/stack/data/venv/lib/python3.12/site-packages/oslo_config/cfg.py:3253}}
Jul 31 14:37:02.714326 np0000006236 nova-scheduler[96642]: DEBUG cotyledon.oslo_config_glue [-] oslo_limit.endpoint_region_name = None {{(pid=96642) log_opt_values /opt/stack/data/venv/lib/python3.12/site-packages/oslo_config/cfg.py:3253}}
Jul 31 14:37:02.714597 np0000006236 nova-scheduler[96642]: DEBUG cotyledon.oslo_config_glue [-] oslo_limit.endpoint_service_name = None {{(pid=96642) log_opt_values /opt/stack/data/venv/lib/python3.12/site-packages/oslo_config/cfg.py:3253}}
Jul 31 14:37:02.714597 np0000006236 nova-scheduler[96642]: DEBUG cotyledon.oslo_config_glue [-] oslo_limit.endpoint_service_type = None {{(pid=96642) log_opt_values /opt/stack/data/venv/lib/python3.12/site-packages/oslo_config/cfg.py:3253}}
Jul 31 14:37:02.714597 np0000006236 nova-scheduler[96642]: DEBUG cotyledon.oslo_config_glue [-] oslo_limit.insecure = False {{(pid=96642) log_opt_values /opt/stack/data/venv/lib/python3.12/site-packages/oslo_config/cfg.py:3253}}
Jul 31 14:37:02.714597 np0000006236 nova-scheduler[96642]: DEBUG cotyledon.oslo_config_glue [-] oslo_limit.keyfile = None {{(pid=96642) log_opt_values /opt/stack/data/venv/lib/python3.12/site-packages/oslo_config/cfg.py:3253}}
Jul 31 14:37:02.714597 np0000006236 nova-scheduler[96642]: DEBUG cotyledon.oslo_config_glue [-] oslo_limit.max_version = None {{(pid=96642) log_opt_values /opt/stack/data/venv/lib/python3.12/site-packages/oslo_config/cfg.py:3253}}
Jul 31 14:37:02.714597 np0000006236 nova-scheduler[96642]: DEBUG cotyledon.oslo_config_glue [-] oslo_limit.min_version = None {{(pid=96642) log_opt_values /opt/stack/data/venv/lib/python3.12/site-packages/oslo_config/cfg.py:3253}}
Jul 31 14:37:02.714597 np0000006236 nova-scheduler[96642]: DEBUG cotyledon.oslo_config_glue [-] oslo_limit.region_name = None {{(pid=96642) log_opt_values /opt/stack/data/venv/lib/python3.12/site-packages/oslo_config/cfg.py:3253}}
Jul 31 14:37:02.714597 np0000006236 nova-scheduler[96642]: DEBUG cotyledon.oslo_config_glue [-] oslo_limit.retriable_status_codes = None {{(pid=96642) log_opt_values /opt/stack/data/venv/lib/python3.12/site-packages/oslo_config/cfg.py:3253}}
Jul 31 14:37:02.714597 np0000006236 nova-scheduler[96642]: DEBUG cotyledon.oslo_config_glue [-] oslo_limit.service_name = None {{(pid=96642) log_opt_values /opt/stack/data/venv/lib/python3.12/site-packages/oslo_config/cfg.py:3253}}
Jul 31 14:37:02.715173 np0000006236 nova-scheduler[96642]: DEBUG cotyledon.oslo_config_glue [-] oslo_limit.service_type = None {{(pid=96642) log_opt_values /opt/stack/data/venv/lib/python3.12/site-packages/oslo_config/cfg.py:3253}}
Jul 31 14:37:02.715173 np0000006236 nova-scheduler[96642]: DEBUG cotyledon.oslo_config_glue [-] oslo_limit.split_loggers = False {{(pid=96642) log_opt_values /opt/stack/data/venv/lib/python3.12/site-packages/oslo_config/cfg.py:3253}}
Jul 31 14:37:02.715173 np0000006236 nova-scheduler[96642]: DEBUG cotyledon.oslo_config_glue [-] oslo_limit.status_code_retries = None {{(pid=96642) log_opt_values /opt/stack/data/venv/lib/python3.12/site-packages/oslo_config/cfg.py:3253}}
Jul 31 14:37:02.715173 np0000006236 nova-scheduler[96642]: DEBUG cotyledon.oslo_config_glue [-] oslo_limit.status_code_retry_delay = None {{(pid=96642) log_opt_values /opt/stack/data/venv/lib/python3.12/site-packages/oslo_config/cfg.py:3253}}
Jul 31 14:37:02.715173 np0000006236 nova-scheduler[96642]: DEBUG cotyledon.oslo_config_glue [-] oslo_limit.timeout = None {{(pid=96642) log_opt_values /opt/stack/data/venv/lib/python3.12/site-packages/oslo_config/cfg.py:3253}}
Jul 31 14:37:02.715173 np0000006236 nova-scheduler[96642]: DEBUG cotyledon.oslo_config_glue [-] oslo_limit.valid_interfaces = None {{(pid=96642) log_opt_values /opt/stack/data/venv/lib/python3.12/site-packages/oslo_config/cfg.py:3253}}
Jul 31 14:37:02.715173 np0000006236 nova-scheduler[96642]: DEBUG cotyledon.oslo_config_glue [-] oslo_limit.version = None {{(pid=96642) log_opt_values /opt/stack/data/venv/lib/python3.12/site-packages/oslo_config/cfg.py:3253}}
Jul 31 14:37:02.715173 np0000006236 nova-scheduler[96642]: DEBUG cotyledon.oslo_config_glue [-] oslo_reports.file_event_handler = None {{(pid=96642) log_opt_values /opt/stack/data/venv/lib/python3.12/site-packages/oslo_config/cfg.py:3253}}
Jul 31 14:37:02.715173 np0000006236 nova-scheduler[96642]: DEBUG cotyledon.oslo_config_glue [-] oslo_reports.file_event_handler_interval = 1 {{(pid=96642) log_opt_values /opt/stack/data/venv/lib/python3.12/site-packages/oslo_config/cfg.py:3253}}
Jul 31 14:37:02.715348 np0000006236 nova-scheduler[96642]: DEBUG cotyledon.oslo_config_glue [-] oslo_reports.log_dir = None {{(pid=96642) log_opt_values /opt/stack/data/venv/lib/python3.12/site-packages/oslo_config/cfg.py:3253}}
Jul 31 14:37:02.715348 np0000006236 nova-scheduler[96642]: DEBUG cotyledon.oslo_config_glue [-] ******************************************************************************** {{(pid=96642) log_opt_values /opt/stack/data/venv/lib/python3.12/site-packages/oslo_config/cfg.py:3260}}
Jul 31 14:37:02.715348 np0000006236 nova-scheduler[96642]: DEBUG cotyledon._service_worker [-] Run service ServiceWrapper(3) [96642] {{(pid=96642) wait_forever /opt/stack/data/venv/lib/python3.12/site-packages/cotyledon/_service_worker.py:218}}
Jul 31 14:37:02.715348 np0000006236 nova-scheduler[96642]: INFO nova.service [-] Starting scheduler node (version 33.1.0)
Jul 31 14:37:02.715348 np0000006236 nova-scheduler[96642]: INFO dbcounter [None req-de57d9ef-571f-4890-916a-c2e7a65bcfd6 None None] Registered counter for database nova_cell0
Jul 31 14:37:02.715456 np0000006236 nova-scheduler[96595]: DEBUG oslo_db.sqlalchemy.engines [None req-b7b92cd5-4ff9-44bd-80c5-6c2b74d4dbf3 None None] MySQL server mode set to STRICT_TRANS_TABLES,STRICT_ALL_TABLES,NO_ZERO_IN_DATE,NO_ZERO_DATE,ERROR_FOR_DIVISION_BY_ZERO,TRADITIONAL,NO_ENGINE_SUBSTITUTION {{(pid=96595) _check_effective_sql_mode /opt/stack/data/venv/lib/python3.12/site-packages/oslo_db/sqlalchemy/engines.py:325}}
Jul 31 14:37:02.715487 np0000006236 nova-scheduler[96597]: DEBUG oslo_db.sqlalchemy.engines [None req-d84bda9a-b1d0-4f27-86a1-32195d66520a None None] MySQL server mode set to STRICT_TRANS_TABLES,STRICT_ALL_TABLES,NO_ZERO_IN_DATE,NO_ZERO_DATE,ERROR_FOR_DIVISION_BY_ZERO,TRADITIONAL,NO_ENGINE_SUBSTITUTION {{(pid=96597) _check_effective_sql_mode /opt/stack/data/venv/lib/python3.12/site-packages/oslo_db/sqlalchemy/engines.py:325}}
Jul 31 14:37:02.715513 np0000006236 nova-scheduler[96595]: DEBUG dbcounter [-] [96595] Writer thread running {{(pid=96595) stat_writer /opt/stack/data/venv/lib/python3.12/site-packages/dbcounter.py:102}}
Jul 31 14:37:02.715535 np0000006236 nova-scheduler[96597]: DEBUG dbcounter [-] [96597] Writer thread running {{(pid=96597) stat_writer /opt/stack/data/venv/lib/python3.12/site-packages/dbcounter.py:102}}
Jul 31 14:37:02.715608 np0000006236 nova-scheduler[96603]: DEBUG oslo_db.sqlalchemy.engines [None req-341b9acc-8229-46f4-8857-519134de1318 None None] MySQL server mode set to STRICT_TRANS_TABLES,STRICT_ALL_TABLES,NO_ZERO_IN_DATE,NO_ZERO_DATE,ERROR_FOR_DIVISION_BY_ZERO,TRADITIONAL,NO_ENGINE_SUBSTITUTION {{(pid=96603) _check_effective_sql_mode /opt/stack/data/venv/lib/python3.12/site-packages/oslo_db/sqlalchemy/engines.py:325}}
Jul 31 14:37:02.715608 np0000006236 nova-scheduler[96603]: DEBUG dbcounter [-] [96603] Writer thread running {{(pid=96603) stat_writer /opt/stack/data/venv/lib/python3.12/site-packages/dbcounter.py:102}}
Jul 31 14:37:02.715675 np0000006236 nova-scheduler[96597]: DEBUG nova.service [None req-d84bda9a-b1d0-4f27-86a1-32195d66520a None None] Creating RPC server for service: nova-scheduler on topic: scheduler {{(pid=96597) start /opt/stack/nova/nova/service.py:196}}
Jul 31 14:37:02.716069 np0000006236 nova-scheduler[96595]: DEBUG nova.service [None req-b7b92cd5-4ff9-44bd-80c5-6c2b74d4dbf3 None None] Creating RPC server for service: nova-scheduler on topic: scheduler {{(pid=96595) start /opt/stack/nova/nova/service.py:196}}
Jul 31 14:37:02.720685 np0000006236 nova-scheduler[96642]: DEBUG oslo_db.sqlalchemy.engines [None req-de57d9ef-571f-4890-916a-c2e7a65bcfd6 None None] MySQL server mode set to STRICT_TRANS_TABLES,STRICT_ALL_TABLES,NO_ZERO_IN_DATE,NO_ZERO_DATE,ERROR_FOR_DIVISION_BY_ZERO,TRADITIONAL,NO_ENGINE_SUBSTITUTION {{(pid=96642) _check_effective_sql_mode /opt/stack/data/venv/lib/python3.12/site-packages/oslo_db/sqlalchemy/engines.py:325}}
Jul 31 14:37:02.720852 np0000006236 nova-scheduler[96603]: DEBUG nova.service [None req-341b9acc-8229-46f4-8857-519134de1318 None None] Creating RPC server for service: nova-scheduler on topic: scheduler {{(pid=96603) start /opt/stack/nova/nova/service.py:196}}
Jul 31 14:37:02.730499 np0000006236 nova-scheduler[96642]: DEBUG dbcounter [-] [96642] Writer thread running {{(pid=96642) stat_writer /opt/stack/data/venv/lib/python3.12/site-packages/dbcounter.py:102}}
Jul 31 14:37:02.733421 np0000006236 nova-scheduler[96642]: DEBUG nova.service [None req-de57d9ef-571f-4890-916a-c2e7a65bcfd6 None None] Creating RPC server for service: nova-scheduler on topic: scheduler {{(pid=96642) start /opt/stack/nova/nova/service.py:196}}
Jul 31 14:37:02.739740 np0000006236 nova-scheduler[96603]: DEBUG nova.service [None req-341b9acc-8229-46f4-8857-519134de1318 None None] Join ServiceGroup membership for this service scheduler {{(pid=96603) start /opt/stack/nova/nova/service.py:222}}
Jul 31 14:37:02.739851 np0000006236 nova-scheduler[96595]: DEBUG nova.service [None req-b7b92cd5-4ff9-44bd-80c5-6c2b74d4dbf3 None None] Join ServiceGroup membership for this service scheduler {{(pid=96595) start /opt/stack/nova/nova/service.py:222}}
Jul 31 14:37:02.739975 np0000006236 nova-scheduler[96603]: DEBUG nova.servicegroup.drivers.db [None req-341b9acc-8229-46f4-8857-519134de1318 None None] DB_Driver: join new ServiceGroup member np0000006236 to the scheduler group, service = {{(pid=96603) join /opt/stack/nova/nova/servicegroup/drivers/db.py:44}}
Jul 31 14:37:02.740153 np0000006236 nova-scheduler[96595]: DEBUG nova.servicegroup.drivers.db [None req-b7b92cd5-4ff9-44bd-80c5-6c2b74d4dbf3 None None] DB_Driver: join new ServiceGroup member np0000006236 to the scheduler group, service = {{(pid=96595) join /opt/stack/nova/nova/servicegroup/drivers/db.py:44}}
Jul 31 14:37:02.750395 np0000006236 nova-scheduler[96597]: DEBUG nova.service [None req-d84bda9a-b1d0-4f27-86a1-32195d66520a None None] Join ServiceGroup membership for this service scheduler {{(pid=96597) start /opt/stack/nova/nova/service.py:222}}
Jul 31 14:37:02.750719 np0000006236 nova-scheduler[96597]: DEBUG nova.servicegroup.drivers.db [None req-d84bda9a-b1d0-4f27-86a1-32195d66520a None None] DB_Driver: join new ServiceGroup member np0000006236 to the scheduler group, service = {{(pid=96597) join /opt/stack/nova/nova/servicegroup/drivers/db.py:44}}
Jul 31 14:37:02.751319 np0000006236 nova-scheduler[96642]: DEBUG nova.service [None req-de57d9ef-571f-4890-916a-c2e7a65bcfd6 None None] Join ServiceGroup membership for this service scheduler {{(pid=96642) start /opt/stack/nova/nova/service.py:222}}
Jul 31 14:37:02.751501 np0000006236 nova-scheduler[96642]: DEBUG nova.servicegroup.drivers.db [None req-de57d9ef-571f-4890-916a-c2e7a65bcfd6 None None] DB_Driver: join new ServiceGroup member np0000006236 to the scheduler group, service = {{(pid=96642) join /opt/stack/nova/nova/servicegroup/drivers/db.py:44}}
Jul 31 14:37:04.742040 np0000006236 nova-scheduler[96595]: DEBUG oslo.service.backend._threading.loopingcall [None req-9899be63-2803-45f0-9ecb-edb068e31377 None None] Dynamic interval looping call 'nova.service.Service.periodic_tasks' sleeping for 60.00 seconds {{(pid=96595) _run_loop /opt/stack/data/venv/lib/python3.12/site-packages/oslo_service/backend/_threading/loopingcall.py:125}}
Jul 31 14:37:07.754637 np0000006236 nova-scheduler[96595]: DEBUG oslo.service.backend._threading.loopingcall [-] Fixed interval looping call 'nova.servicegroup.drivers.db.DbDriver._report_state' sleeping for 119.99 seconds {{(pid=96595) _run_loop /opt/stack/data/venv/lib/python3.12/site-packages/oslo_service/backend/_threading/loopingcall.py:125}}
Jul 31 14:37:07.755713 np0000006236 nova-scheduler[96603]: DEBUG oslo.service.backend._threading.loopingcall [-] Fixed interval looping call 'nova.servicegroup.drivers.db.DbDriver._report_state' sleeping for 119.99 seconds {{(pid=96603) _run_loop /opt/stack/data/venv/lib/python3.12/site-packages/oslo_service/backend/_threading/loopingcall.py:125}}
Jul 31 14:37:07.759208 np0000006236 nova-scheduler[96597]: DEBUG oslo.service.backend._threading.loopingcall [-] Fixed interval looping call 'nova.servicegroup.drivers.db.DbDriver._report_state' sleeping for 119.99 seconds {{(pid=96597) _run_loop /opt/stack/data/venv/lib/python3.12/site-packages/oslo_service/backend/_threading/loopingcall.py:125}}
Jul 31 14:37:07.762714 np0000006236 nova-scheduler[96642]: DEBUG oslo.service.backend._threading.loopingcall [-] Fixed interval looping call 'nova.servicegroup.drivers.db.DbDriver._report_state' sleeping for 119.99 seconds {{(pid=96642) _run_loop /opt/stack/data/venv/lib/python3.12/site-packages/oslo_service/backend/_threading/loopingcall.py:125}}
Jul 31 14:37:08.742281 np0000006236 nova-scheduler[96603]: DEBUG oslo.service.backend._threading.loopingcall [None req-d3b5d958-d7ad-4f80-b2fc-ef53f6c39c8b None None] Dynamic interval looping call 'nova.service.Service.periodic_tasks' sleeping for 60.00 seconds {{(pid=96603) _run_loop /opt/stack/data/venv/lib/python3.12/site-packages/oslo_service/backend/_threading/loopingcall.py:125}}
Jul 31 14:37:10.753093 np0000006236 nova-scheduler[96597]: DEBUG oslo.service.backend._threading.loopingcall [None req-a8072804-152a-4768-877c-ac00c3c9d65b None None] Dynamic interval looping call 'nova.service.Service.periodic_tasks' sleeping for 60.00 seconds {{(pid=96597) _run_loop /opt/stack/data/venv/lib/python3.12/site-packages/oslo_service/backend/_threading/loopingcall.py:125}}
Jul 31 14:37:11.311415 np0000006236 nova-scheduler[95388]: DEBUG dbcounter [-] [95388] Writing DB stats nova_api:SELECT=3 {{(pid=95388) stat_writer /opt/stack/data/venv/lib/python3.12/site-packages/dbcounter.py:115}}
Jul 31 14:37:11.442563 np0000006236 nova-scheduler[95388]: DEBUG dbcounter [-] [95388] Writing DB stats nova_cell0:SELECT=1 {{(pid=95388) stat_writer /opt/stack/data/venv/lib/python3.12/site-packages/dbcounter.py:115}}
Jul 31 14:37:11.447726 np0000006236 nova-scheduler[95388]: DEBUG dbcounter [-] [95388] Writing DB stats nova_cell1:SELECT=1 {{(pid=95388) stat_writer /opt/stack/data/venv/lib/python3.12/site-packages/dbcounter.py:115}}
Jul 31 14:37:11.753140 np0000006236 nova-scheduler[96642]: DEBUG oslo.service.backend._threading.loopingcall [None req-ce10efb5-d78e-4d3b-9c3c-df469317ea2c None None] Dynamic interval looping call 'nova.service.Service.periodic_tasks' sleeping for 60.00 seconds {{(pid=96642) _run_loop /opt/stack/data/venv/lib/python3.12/site-packages/oslo_service/backend/_threading/loopingcall.py:125}}
Jul 31 14:37:17.750005 np0000006236 nova-scheduler[96595]: DEBUG dbcounter [-] [96595] Writing DB stats nova_cell0:SELECT=5,nova_cell0:INSERT=1,nova_cell0:UPDATE=1 {{(pid=96595) stat_writer /opt/stack/data/venv/lib/python3.12/site-packages/dbcounter.py:115}}
Jul 31 14:37:17.754371 np0000006236 nova-scheduler[96603]: DEBUG dbcounter [-] [96603] Writing DB stats nova_cell0:SELECT=4,nova_cell0:INSERT=1,nova_cell0:UPDATE=1 {{(pid=96603) stat_writer /opt/stack/data/venv/lib/python3.12/site-packages/dbcounter.py:115}}
Jul 31 14:37:17.757810 np0000006236 nova-scheduler[96597]: DEBUG dbcounter [-] [96597] Writing DB stats nova_cell0:SELECT=4,nova_cell0:INSERT=1 {{(pid=96597) stat_writer /opt/stack/data/venv/lib/python3.12/site-packages/dbcounter.py:115}}
Jul 31 14:37:17.760599 np0000006236 nova-scheduler[96642]: DEBUG dbcounter [-] [96642] Writing DB stats nova_cell0:SELECT=3 {{(pid=96642) stat_writer /opt/stack/data/venv/lib/python3.12/site-packages/dbcounter.py:115}}
Jul 31 14:38:04.742568 np0000006236 nova-scheduler[96595]: DEBUG oslo.service.backend._threading.loopingcall [None req-9899be63-2803-45f0-9ecb-edb068e31377 None None] Dynamic interval looping call 'nova.service.Service.periodic_tasks' sleeping for 60.00 seconds {{(pid=96595) _run_loop /opt/stack/data/venv/lib/python3.12/site-packages/oslo_service/backend/_threading/loopingcall.py:125}}
Jul 31 14:38:08.742797 np0000006236 nova-scheduler[96603]: DEBUG oslo.service.backend._threading.loopingcall [None req-d3b5d958-d7ad-4f80-b2fc-ef53f6c39c8b None None] Dynamic interval looping call 'nova.service.Service.periodic_tasks' sleeping for 60.00 seconds {{(pid=96603) _run_loop /opt/stack/data/venv/lib/python3.12/site-packages/oslo_service/backend/_threading/loopingcall.py:125}}
Jul 31 14:38:10.753693 np0000006236 nova-scheduler[96597]: DEBUG oslo.service.backend._threading.loopingcall [None req-a8072804-152a-4768-877c-ac00c3c9d65b None None] Dynamic interval looping call 'nova.service.Service.periodic_tasks' sleeping for 60.00 seconds {{(pid=96597) _run_loop /opt/stack/data/venv/lib/python3.12/site-packages/oslo_service/backend/_threading/loopingcall.py:125}}
Jul 31 14:38:11.753652 np0000006236 nova-scheduler[96642]: DEBUG oslo.service.backend._threading.loopingcall [None req-ce10efb5-d78e-4d3b-9c3c-df469317ea2c None None] Dynamic interval looping call 'nova.service.Service.periodic_tasks' sleeping for 60.00 seconds {{(pid=96642) _run_loop /opt/stack/data/venv/lib/python3.12/site-packages/oslo_service/backend/_threading/loopingcall.py:125}}
Jul 31 14:39:04.743108 np0000006236 nova-scheduler[96595]: DEBUG oslo.service.backend._threading.loopingcall [None req-9899be63-2803-45f0-9ecb-edb068e31377 None None] Dynamic interval looping call 'nova.service.Service.periodic_tasks' sleeping for 60.00 seconds {{(pid=96595) _run_loop /opt/stack/data/venv/lib/python3.12/site-packages/oslo_service/backend/_threading/loopingcall.py:125}}
Jul 31 14:39:07.756867 np0000006236 nova-scheduler[96603]: DEBUG oslo.service.backend._threading.loopingcall [-] Fixed interval looping call 'nova.servicegroup.drivers.db.DbDriver._report_state' sleeping for 119.99 seconds {{(pid=96603) _run_loop /opt/stack/data/venv/lib/python3.12/site-packages/oslo_service/backend/_threading/loopingcall.py:125}}
Jul 31 14:39:07.758888 np0000006236 nova-scheduler[96595]: DEBUG oslo.service.backend._threading.loopingcall [-] Fixed interval looping call 'nova.servicegroup.drivers.db.DbDriver._report_state' sleeping for 119.99 seconds {{(pid=96595) _run_loop /opt/stack/data/venv/lib/python3.12/site-packages/oslo_service/backend/_threading/loopingcall.py:125}}
Jul 31 14:39:07.759092 np0000006236 nova-scheduler[96597]: DEBUG oslo.service.backend._threading.loopingcall [-] Fixed interval looping call 'nova.servicegroup.drivers.db.DbDriver._report_state' sleeping for 119.99 seconds {{(pid=96597) _run_loop /opt/stack/data/venv/lib/python3.12/site-packages/oslo_service/backend/_threading/loopingcall.py:125}}
Jul 31 14:39:07.759708 np0000006236 nova-scheduler[96642]: DEBUG oslo.service.backend._threading.loopingcall [-] Fixed interval looping call 'nova.servicegroup.drivers.db.DbDriver._report_state' sleeping for 119.99 seconds {{(pid=96642) _run_loop /opt/stack/data/venv/lib/python3.12/site-packages/oslo_service/backend/_threading/loopingcall.py:125}}
Jul 31 14:39:08.743425 np0000006236 nova-scheduler[96603]: DEBUG oslo.service.backend._threading.loopingcall [None req-d3b5d958-d7ad-4f80-b2fc-ef53f6c39c8b None None] Dynamic interval looping call 'nova.service.Service.periodic_tasks' sleeping for 60.00 seconds {{(pid=96603) _run_loop /opt/stack/data/venv/lib/python3.12/site-packages/oslo_service/backend/_threading/loopingcall.py:125}}
Jul 31 14:39:10.754203 np0000006236 nova-scheduler[96597]: DEBUG oslo.service.backend._threading.loopingcall [None req-a8072804-152a-4768-877c-ac00c3c9d65b None None] Dynamic interval looping call 'nova.service.Service.periodic_tasks' sleeping for 60.00 seconds {{(pid=96597) _run_loop /opt/stack/data/venv/lib/python3.12/site-packages/oslo_service/backend/_threading/loopingcall.py:125}}
Jul 31 14:39:11.754111 np0000006236 nova-scheduler[96642]: DEBUG oslo.service.backend._threading.loopingcall [None req-ce10efb5-d78e-4d3b-9c3c-df469317ea2c None None] Dynamic interval looping call 'nova.service.Service.periodic_tasks' sleeping for 60.00 seconds {{(pid=96642) _run_loop /opt/stack/data/venv/lib/python3.12/site-packages/oslo_service/backend/_threading/loopingcall.py:125}}
Jul 31 14:39:13.345472 np0000006236 nova-scheduler[96603]: DEBUG nova.scheduler.manager [None req-aa149025-d774-42d8-8997-f32c9da36e81 tempest-DeleteServersTestJSON-1046285657 tempest-DeleteServersTestJSON-1046285657-project-member] Starting to schedule for instances: ['c5e13e67-bd09-4317-834d-7a0aa0c1ad6b'] {{(pid=96603) select_destinations /opt/stack/nova/nova/scheduler/manager.py:209}}
Jul 31 14:39:13.345472 np0000006236 nova-scheduler[96603]: DEBUG nova.scheduler.request_filter [None req-aa149025-d774-42d8-8997-f32c9da36e81 tempest-DeleteServersTestJSON-1046285657 tempest-DeleteServersTestJSON-1046285657-project-member] compute_status_filter request filter added forbidden trait COMPUTE_STATUS_DISABLED {{(pid=96603) compute_status_filter /opt/stack/nova/nova/scheduler/request_filter.py:253}}
Jul 31 14:39:13.345472 np0000006236 nova-scheduler[96603]: DEBUG nova.scheduler.request_filter [None req-aa149025-d774-42d8-8997-f32c9da36e81 tempest-DeleteServersTestJSON-1046285657 tempest-DeleteServersTestJSON-1046285657-project-member] Request filter 'compute_status_filter' took 0.0 seconds {{(pid=96603) wrapper /opt/stack/nova/nova/scheduler/request_filter.py:46}}
Jul 31 14:39:13.345944 np0000006236 nova-scheduler[96603]: DEBUG nova.scheduler.request_filter [None req-aa149025-d774-42d8-8997-f32c9da36e81 tempest-DeleteServersTestJSON-1046285657 tempest-DeleteServersTestJSON-1046285657-project-member] Request filter 'accelerators_filter' took 0.0 seconds {{(pid=96603) wrapper /opt/stack/nova/nova/scheduler/request_filter.py:46}}
Jul 31 14:39:13.347260 np0000006236 nova-scheduler[96603]: DEBUG nova.scheduler.request_filter [None req-aa149025-d774-42d8-8997-f32c9da36e81 tempest-DeleteServersTestJSON-1046285657 tempest-DeleteServersTestJSON-1046285657-project-member] Request filter 'packed_virtqueue_filter' took 0.0 seconds {{(pid=96603) wrapper /opt/stack/nova/nova/scheduler/request_filter.py:46}}
Jul 31 14:39:13.347260 np0000006236 nova-scheduler[96603]: DEBUG nova.scheduler.request_filter [None req-aa149025-d774-42d8-8997-f32c9da36e81 tempest-DeleteServersTestJSON-1046285657 tempest-DeleteServersTestJSON-1046285657-project-member] Request filter 'remote_managed_ports_filter' took 0.0 seconds {{(pid=96603) wrapper /opt/stack/nova/nova/scheduler/request_filter.py:46}}
Jul 31 14:39:13.347260 np0000006236 nova-scheduler[96603]: DEBUG nova.scheduler.request_filter [None req-aa149025-d774-42d8-8997-f32c9da36e81 tempest-DeleteServersTestJSON-1046285657 tempest-DeleteServersTestJSON-1046285657-project-member] ephemeral_encryption_filter skipped {{(pid=96603) ephemeral_encryption_filter /opt/stack/nova/nova/scheduler/request_filter.py:426}}
Jul 31 14:39:13.347260 np0000006236 nova-scheduler[96603]: DEBUG nova.scheduler.request_filter [None req-aa149025-d774-42d8-8997-f32c9da36e81 tempest-DeleteServersTestJSON-1046285657 tempest-DeleteServersTestJSON-1046285657-project-member] virtio_sound_filter skipped {{(pid=96603) virtio_sound_filter /opt/stack/nova/nova/scheduler/request_filter.py:460}}
Jul 31 14:39:13.347483 np0000006236 nova-scheduler[96603]: DEBUG nova.scheduler.request_filter [None req-aa149025-d774-42d8-8997-f32c9da36e81 tempest-DeleteServersTestJSON-1046285657 tempest-DeleteServersTestJSON-1046285657-project-member] tpm_secret_security_filter skipped {{(pid=96603) tpm_secret_security_filter /opt/stack/nova/nova/scheduler/request_filter.py:477}}
Jul 31 14:39:13.972774 np0000006236 nova-scheduler[96603]: INFO nova.utils [None req-aa149025-d774-42d8-8997-f32c9da36e81 tempest-DeleteServersTestJSON-1046285657 tempest-DeleteServersTestJSON-1046285657-project-member] The cell worker thread pool ForkProcess-3.cell_worker is initialized
Jul 31 14:39:13.973152 np0000006236 nova-scheduler[96603]: DEBUG oslo_concurrency.lockutils [None req-aa149025-d774-42d8-8997-f32c9da36e81 tempest-DeleteServersTestJSON-1046285657 tempest-DeleteServersTestJSON-1046285657-project-member] Acquiring lock "5fc3eba7-ab9d-40b5-ae02-95a1c56de52c" by "nova.context.set_target_cell..get_or_set_cached_cell_and_set_connections" {{(pid=96603) inner /opt/stack/data/venv/lib/python3.12/site-packages/oslo_concurrency/lockutils.py:512}}
Jul 31 14:39:13.973342 np0000006236 nova-scheduler[96603]: DEBUG oslo_concurrency.lockutils [None req-aa149025-d774-42d8-8997-f32c9da36e81 tempest-DeleteServersTestJSON-1046285657 tempest-DeleteServersTestJSON-1046285657-project-member] Lock "5fc3eba7-ab9d-40b5-ae02-95a1c56de52c" acquired by "nova.context.set_target_cell..get_or_set_cached_cell_and_set_connections" :: waited 0.000s {{(pid=96603) inner /opt/stack/data/venv/lib/python3.12/site-packages/oslo_concurrency/lockutils.py:525}}
Jul 31 14:39:13.974698 np0000006236 nova-scheduler[96603]: DEBUG oslo_concurrency.lockutils [None req-aa149025-d774-42d8-8997-f32c9da36e81 tempest-DeleteServersTestJSON-1046285657 tempest-DeleteServersTestJSON-1046285657-project-member] Lock "5fc3eba7-ab9d-40b5-ae02-95a1c56de52c" "released" by "nova.context.set_target_cell..get_or_set_cached_cell_and_set_connections" :: held 0.001s {{(pid=96603) inner /opt/stack/data/venv/lib/python3.12/site-packages/oslo_concurrency/lockutils.py:544}}
Jul 31 14:39:13.976489 np0000006236 nova-scheduler[96603]: INFO dbcounter [None req-aa149025-d774-42d8-8997-f32c9da36e81 tempest-DeleteServersTestJSON-1046285657 tempest-DeleteServersTestJSON-1046285657-project-member] Registered counter for database nova_cell1
Jul 31 14:39:14.026523 np0000006236 nova-scheduler[96603]: DEBUG oslo_db.sqlalchemy.engines [None req-aa149025-d774-42d8-8997-f32c9da36e81 tempest-DeleteServersTestJSON-1046285657 tempest-DeleteServersTestJSON-1046285657-project-member] MySQL server mode set to STRICT_TRANS_TABLES,STRICT_ALL_TABLES,NO_ZERO_IN_DATE,NO_ZERO_DATE,ERROR_FOR_DIVISION_BY_ZERO,TRADITIONAL,NO_ENGINE_SUBSTITUTION {{(pid=96603) _check_effective_sql_mode /opt/stack/data/venv/lib/python3.12/site-packages/oslo_db/sqlalchemy/engines.py:325}}
Jul 31 14:39:14.033845 np0000006236 nova-scheduler[96603]: DEBUG dbcounter [-] [96603] Writer thread running {{(pid=96603) stat_writer /opt/stack/data/venv/lib/python3.12/site-packages/dbcounter.py:102}}
Jul 31 14:39:14.047953 np0000006236 nova-scheduler[96603]: DEBUG oslo_db.sqlalchemy.engines [None req-aa149025-d774-42d8-8997-f32c9da36e81 tempest-DeleteServersTestJSON-1046285657 tempest-DeleteServersTestJSON-1046285657-project-member] Parent process 95388 forked (96603) with an open database connection, which is being discarded and recreated. {{(pid=96603) checkout /opt/stack/data/venv/lib/python3.12/site-packages/oslo_db/sqlalchemy/engines.py:402}}
Jul 31 14:39:14.108005 np0000006236 nova-scheduler[96603]: DEBUG dbcounter [-] [96603] Writer thread running {{(pid=96603) stat_writer /opt/stack/data/venv/lib/python3.12/site-packages/dbcounter.py:102}}
Jul 31 14:39:14.111096 np0000006236 nova-scheduler[96603]: DEBUG oslo_concurrency.lockutils [None req-aa149025-d774-42d8-8997-f32c9da36e81 tempest-DeleteServersTestJSON-1046285657 tempest-DeleteServersTestJSON-1046285657-project-member] Acquiring lock "5fc3eba7-ab9d-40b5-ae02-95a1c56de52c" by "nova.context.set_target_cell..get_or_set_cached_cell_and_set_connections" {{(pid=96603) inner /opt/stack/data/venv/lib/python3.12/site-packages/oslo_concurrency/lockutils.py:512}}
