Aug 16 19:20:19.130396 np0000007397 nova-scheduler[96606]: DEBUG cotyledon.oslo_config_glue [-] workarounds.libvirt_disable_apic = False {{(pid=96606) log_opt_values /opt/stack/data/venv/lib/python3.12/site-packages/oslo_config/cfg.py:3560}}
Aug 16 19:20:19.130701 np0000007397 nova-scheduler[96606]: DEBUG cotyledon.oslo_config_glue [-] workarounds.never_download_image_if_on_rbd = False {{(pid=96606) log_opt_values /opt/stack/data/venv/lib/python3.12/site-packages/oslo_config/cfg.py:3560}}
Aug 16 19:20:19.130701 np0000007397 nova-scheduler[96606]: DEBUG cotyledon.oslo_config_glue [-] workarounds.qemu_monitor_announce_self_count = 3 {{(pid=96606) log_opt_values /opt/stack/data/venv/lib/python3.12/site-packages/oslo_config/cfg.py:3560}}
Aug 16 19:20:19.130701 np0000007397 nova-scheduler[96606]: DEBUG cotyledon.oslo_config_glue [-] workarounds.qemu_monitor_announce_self_interval = 1 {{(pid=96606) log_opt_values /opt/stack/data/venv/lib/python3.12/site-packages/oslo_config/cfg.py:3560}}
Aug 16 19:20:19.130701 np0000007397 nova-scheduler[96606]: DEBUG cotyledon.oslo_config_glue [-] workarounds.reserve_disk_resource_for_image_cache = False {{(pid=96606) log_opt_values /opt/stack/data/venv/lib/python3.12/site-packages/oslo_config/cfg.py:3560}}
Aug 16 19:20:19.130701 np0000007397 nova-scheduler[96606]: DEBUG cotyledon.oslo_config_glue [-] workarounds.skip_cpu_compare_at_startup = False {{(pid=96606) log_opt_values /opt/stack/data/venv/lib/python3.12/site-packages/oslo_config/cfg.py:3560}}
Aug 16 19:20:19.130701 np0000007397 nova-scheduler[96606]: DEBUG cotyledon.oslo_config_glue [-] workarounds.skip_cpu_compare_on_dest = False {{(pid=96606) log_opt_values /opt/stack/data/venv/lib/python3.12/site-packages/oslo_config/cfg.py:3560}}
Aug 16 19:20:19.130701 np0000007397 nova-scheduler[96606]: DEBUG cotyledon.oslo_config_glue [-] workarounds.skip_hypervisor_version_check_on_lm = False {{(pid=96606) log_opt_values /opt/stack/data/venv/lib/python3.12/site-packages/oslo_config/cfg.py:3560}}
Aug 16 19:20:19.130701 np0000007397 nova-scheduler[96606]: DEBUG cotyledon.oslo_config_glue [-] workarounds.skip_reserve_in_use_ironic_nodes = False {{(pid=96606) log_opt_values /opt/stack/data/venv/lib/python3.12/site-packages/oslo_config/cfg.py:3560}}
Aug 16 19:20:19.130701 np0000007397 nova-scheduler[96606]: DEBUG cotyledon.oslo_config_glue [-] workarounds.unified_limits_count_pcpu_as_vcpu = False {{(pid=96606) log_opt_values /opt/stack/data/venv/lib/python3.12/site-packages/oslo_config/cfg.py:3560}}
Aug 16 19:20:19.131270 np0000007397 nova-scheduler[96606]: DEBUG cotyledon.oslo_config_glue [-] workarounds.wait_for_vif_plugged_event_during_hard_reboot = [] {{(pid=96606) log_opt_values /opt/stack/data/venv/lib/python3.12/site-packages/oslo_config/cfg.py:3560}}
Aug 16 19:20:19.131270 np0000007397 nova-scheduler[96606]: DEBUG cotyledon.oslo_config_glue [-] wsgi.api_paste_config = /etc/nova/api-paste.ini {{(pid=96606) log_opt_values /opt/stack/data/venv/lib/python3.12/site-packages/oslo_config/cfg.py:3560}}
Aug 16 19:20:19.131270 np0000007397 nova-scheduler[96606]: DEBUG cotyledon.oslo_config_glue [-] wsgi.secure_proxy_ssl_header = None {{(pid=96606) log_opt_values /opt/stack/data/venv/lib/python3.12/site-packages/oslo_config/cfg.py:3560}}
Aug 16 19:20:19.131270 np0000007397 nova-scheduler[96606]: DEBUG cotyledon.oslo_config_glue [-] zvm.ca_file = None {{(pid=96606) log_opt_values /opt/stack/data/venv/lib/python3.12/site-packages/oslo_config/cfg.py:3560}}
Aug 16 19:20:19.131270 np0000007397 nova-scheduler[96606]: DEBUG cotyledon.oslo_config_glue [-] zvm.cloud_connector_url = None {{(pid=96606) log_opt_values /opt/stack/data/venv/lib/python3.12/site-packages/oslo_config/cfg.py:3560}}
Aug 16 19:20:19.131270 np0000007397 nova-scheduler[96606]: DEBUG cotyledon.oslo_config_glue [-] zvm.image_tmp_path = /opt/stack/data/nova/images {{(pid=96606) log_opt_values /opt/stack/data/venv/lib/python3.12/site-packages/oslo_config/cfg.py:3560}}
Aug 16 19:20:19.131270 np0000007397 nova-scheduler[96606]: DEBUG cotyledon.oslo_config_glue [-] zvm.reachable_timeout = 300 {{(pid=96606) log_opt_values /opt/stack/data/venv/lib/python3.12/site-packages/oslo_config/cfg.py:3560}}
Aug 16 19:20:19.131270 np0000007397 nova-scheduler[96606]: DEBUG cotyledon.oslo_config_glue [-] oslo_versionedobjects.fatal_exception_format_errors = False {{(pid=96606) log_opt_values /opt/stack/data/venv/lib/python3.12/site-packages/oslo_config/cfg.py:3560}}
Aug 16 19:20:19.131270 np0000007397 nova-scheduler[96606]: DEBUG cotyledon.oslo_config_glue [-] oslo_middleware.http_basic_auth_user_file = /etc/htpasswd {{(pid=96606) log_opt_values /opt/stack/data/venv/lib/python3.12/site-packages/oslo_config/cfg.py:3560}}
Aug 16 19:20:19.131574 np0000007397 nova-scheduler[96606]: DEBUG cotyledon.oslo_config_glue [-] oslo_messaging_metrics.metrics_buffer_size = 1000 {{(pid=96606) log_opt_values /opt/stack/data/venv/lib/python3.12/site-packages/oslo_config/cfg.py:3560}}
Aug 16 19:20:19.131574 np0000007397 nova-scheduler[96606]: DEBUG cotyledon.oslo_config_glue [-] oslo_messaging_metrics.metrics_enabled = False {{(pid=96606) log_opt_values /opt/stack/data/venv/lib/python3.12/site-packages/oslo_config/cfg.py:3560}}
Aug 16 19:20:19.131574 np0000007397 nova-scheduler[96606]: DEBUG cotyledon.oslo_config_glue [-] oslo_messaging_metrics.metrics_process_name = {{(pid=96606) log_opt_values /opt/stack/data/venv/lib/python3.12/site-packages/oslo_config/cfg.py:3560}}
Aug 16 19:20:19.131574 np0000007397 nova-scheduler[96606]: DEBUG cotyledon.oslo_config_glue [-] oslo_messaging_metrics.metrics_socket_file = /var/tmp/metrics_collector.sock {{(pid=96606) log_opt_values /opt/stack/data/venv/lib/python3.12/site-packages/oslo_config/cfg.py:3560}}
Aug 16 19:20:19.131574 np0000007397 nova-scheduler[96606]: DEBUG cotyledon.oslo_config_glue [-] oslo_messaging_metrics.metrics_thread_stop_timeout = 10 {{(pid=96606) log_opt_values /opt/stack/data/venv/lib/python3.12/site-packages/oslo_config/cfg.py:3560}}
Aug 16 19:20:19.131574 np0000007397 nova-scheduler[96606]: DEBUG cotyledon.oslo_config_glue [-] profiler.connection_string = messaging:// {{(pid=96606) log_opt_values /opt/stack/data/venv/lib/python3.12/site-packages/oslo_config/cfg.py:3560}}
Aug 16 19:20:19.131574 np0000007397 nova-scheduler[96606]: DEBUG cotyledon.oslo_config_glue [-] profiler.enabled = False {{(pid=96606) log_opt_values /opt/stack/data/venv/lib/python3.12/site-packages/oslo_config/cfg.py:3560}}
Aug 16 19:20:19.131574 np0000007397 nova-scheduler[96606]: DEBUG cotyledon.oslo_config_glue [-] profiler.es_doc_type = notification {{(pid=96606) log_opt_values /opt/stack/data/venv/lib/python3.12/site-packages/oslo_config/cfg.py:3560}}
Aug 16 19:20:19.131574 np0000007397 nova-scheduler[96606]: DEBUG cotyledon.oslo_config_glue [-] profiler.es_scroll_size = 10000 {{(pid=96606) log_opt_values /opt/stack/data/venv/lib/python3.12/site-packages/oslo_config/cfg.py:3560}}
Aug 16 19:20:19.131877 np0000007397 nova-scheduler[96606]: DEBUG cotyledon.oslo_config_glue [-] profiler.es_scroll_time = 2m {{(pid=96606) log_opt_values /opt/stack/data/venv/lib/python3.12/site-packages/oslo_config/cfg.py:3560}}
Aug 16 19:20:19.131877 np0000007397 nova-scheduler[96606]: DEBUG cotyledon.oslo_config_glue [-] profiler.filter_error_trace = False {{(pid=96606) log_opt_values /opt/stack/data/venv/lib/python3.12/site-packages/oslo_config/cfg.py:3560}}
Aug 16 19:20:19.131877 np0000007397 nova-scheduler[96606]: DEBUG cotyledon.oslo_config_glue [-] profiler.hmac_keys = **** {{(pid=96606) log_opt_values /opt/stack/data/venv/lib/python3.12/site-packages/oslo_config/cfg.py:3560}}
Aug 16 19:20:19.131877 np0000007397 nova-scheduler[96606]: DEBUG cotyledon.oslo_config_glue [-] profiler.sentinel_service_name = mymaster {{(pid=96606) log_opt_values /opt/stack/data/venv/lib/python3.12/site-packages/oslo_config/cfg.py:3560}}
Aug 16 19:20:19.131877 np0000007397 nova-scheduler[96606]: DEBUG cotyledon.oslo_config_glue [-] profiler.socket_timeout = 0.1 {{(pid=96606) log_opt_values /opt/stack/data/venv/lib/python3.12/site-packages/oslo_config/cfg.py:3560}}
Aug 16 19:20:19.131877 np0000007397 nova-scheduler[96606]: DEBUG cotyledon.oslo_config_glue [-] profiler.trace_requests = False {{(pid=96606) log_opt_values /opt/stack/data/venv/lib/python3.12/site-packages/oslo_config/cfg.py:3560}}
Aug 16 19:20:19.131877 np0000007397 nova-scheduler[96606]: DEBUG cotyledon.oslo_config_glue [-] profiler.trace_sqlalchemy = False {{(pid=96606) log_opt_values /opt/stack/data/venv/lib/python3.12/site-packages/oslo_config/cfg.py:3560}}
Aug 16 19:20:19.131877 np0000007397 nova-scheduler[96606]: DEBUG cotyledon.oslo_config_glue [-] profiler_jaeger.process_tags = {} {{(pid=96606) log_opt_values /opt/stack/data/venv/lib/python3.12/site-packages/oslo_config/cfg.py:3560}}
Aug 16 19:20:19.131877 np0000007397 nova-scheduler[96606]: DEBUG cotyledon.oslo_config_glue [-] profiler_jaeger.service_name_prefix = None {{(pid=96606) log_opt_values /opt/stack/data/venv/lib/python3.12/site-packages/oslo_config/cfg.py:3560}}
Aug 16 19:20:19.132185 np0000007397 nova-scheduler[96606]: DEBUG cotyledon.oslo_config_glue [-] profiler_otlp.service_name_prefix = None {{(pid=96606) log_opt_values /opt/stack/data/venv/lib/python3.12/site-packages/oslo_config/cfg.py:3560}}
Aug 16 19:20:19.132185 np0000007397 nova-scheduler[96606]: DEBUG cotyledon.oslo_config_glue [-] oslo_messaging_rabbit.amqp_auto_delete = False {{(pid=96606) log_opt_values /opt/stack/data/venv/lib/python3.12/site-packages/oslo_config/cfg.py:3560}}
Aug 16 19:20:19.132185 np0000007397 nova-scheduler[96606]: DEBUG cotyledon.oslo_config_glue [-] oslo_messaging_rabbit.amqp_durable_queues = False {{(pid=96606) log_opt_values /opt/stack/data/venv/lib/python3.12/site-packages/oslo_config/cfg.py:3560}}
Aug 16 19:20:19.132185 np0000007397 nova-scheduler[96606]: DEBUG cotyledon.oslo_config_glue [-] oslo_messaging_rabbit.conn_pool_min_size = 2 {{(pid=96606) log_opt_values /opt/stack/data/venv/lib/python3.12/site-packages/oslo_config/cfg.py:3560}}
Aug 16 19:20:19.132185 np0000007397 nova-scheduler[96606]: DEBUG cotyledon.oslo_config_glue [-] oslo_messaging_rabbit.conn_pool_ttl = 1200 {{(pid=96606) log_opt_values /opt/stack/data/venv/lib/python3.12/site-packages/oslo_config/cfg.py:3560}}
Aug 16 19:20:19.132185 np0000007397 nova-scheduler[96606]: DEBUG cotyledon.oslo_config_glue [-] oslo_messaging_rabbit.direct_mandatory_flag = True {{(pid=96606) log_opt_values /opt/stack/data/venv/lib/python3.12/site-packages/oslo_config/cfg.py:3560}}
Aug 16 19:20:19.132185 np0000007397 nova-scheduler[96606]: DEBUG cotyledon.oslo_config_glue [-] oslo_messaging_rabbit.enable_cancel_on_failover = False {{(pid=96606) log_opt_values /opt/stack/data/venv/lib/python3.12/site-packages/oslo_config/cfg.py:3560}}
Aug 16 19:20:19.132185 np0000007397 nova-scheduler[96606]: DEBUG cotyledon.oslo_config_glue [-] oslo_messaging_rabbit.heartbeat_rate = 3 {{(pid=96606) log_opt_values /opt/stack/data/venv/lib/python3.12/site-packages/oslo_config/cfg.py:3560}}
Aug 16 19:20:19.132185 np0000007397 nova-scheduler[96606]: DEBUG cotyledon.oslo_config_glue [-] oslo_messaging_rabbit.heartbeat_timeout_threshold = 60 {{(pid=96606) log_opt_values /opt/stack/data/venv/lib/python3.12/site-packages/oslo_config/cfg.py:3560}}
Aug 16 19:20:19.132467 np0000007397 nova-scheduler[96606]: DEBUG cotyledon.oslo_config_glue [-] oslo_messaging_rabbit.hostname = np0000007397 {{(pid=96606) log_opt_values /opt/stack/data/venv/lib/python3.12/site-packages/oslo_config/cfg.py:3560}}
Aug 16 19:20:19.132467 np0000007397 nova-scheduler[96606]: DEBUG cotyledon.oslo_config_glue [-] oslo_messaging_rabbit.kombu_compression = None {{(pid=96606) log_opt_values /opt/stack/data/venv/lib/python3.12/site-packages/oslo_config/cfg.py:3560}}
Aug 16 19:20:19.132467 np0000007397 nova-scheduler[96606]: DEBUG cotyledon.oslo_config_glue [-] oslo_messaging_rabbit.kombu_failover_strategy = round-robin {{(pid=96606) log_opt_values /opt/stack/data/venv/lib/python3.12/site-packages/oslo_config/cfg.py:3560}}
Aug 16 19:20:19.132467 np0000007397 nova-scheduler[96606]: DEBUG cotyledon.oslo_config_glue [-] oslo_messaging_rabbit.kombu_missing_consumer_retry_timeout = 60 {{(pid=96606) log_opt_values /opt/stack/data/venv/lib/python3.12/site-packages/oslo_config/cfg.py:3560}}
Aug 16 19:20:19.132467 np0000007397 nova-scheduler[96606]: DEBUG cotyledon.oslo_config_glue [-] oslo_messaging_rabbit.kombu_reconnect_delay = 1.0 {{(pid=96606) log_opt_values /opt/stack/data/venv/lib/python3.12/site-packages/oslo_config/cfg.py:3560}}
Aug 16 19:20:19.132467 np0000007397 nova-scheduler[96606]: DEBUG cotyledon.oslo_config_glue [-] oslo_messaging_rabbit.kombu_reconnect_splay = 0.0 {{(pid=96606) log_opt_values /opt/stack/data/venv/lib/python3.12/site-packages/oslo_config/cfg.py:3560}}
Aug 16 19:20:19.132467 np0000007397 nova-scheduler[96606]: DEBUG cotyledon.oslo_config_glue [-] oslo_messaging_rabbit.processname = nova-scheduler {{(pid=96606) log_opt_values /opt/stack/data/venv/lib/python3.12/site-packages/oslo_config/cfg.py:3560}}
Aug 16 19:20:19.132467 np0000007397 nova-scheduler[96606]: DEBUG cotyledon.oslo_config_glue [-] oslo_messaging_rabbit.rabbit_ha_queues = False {{(pid=96606) log_opt_values /opt/stack/data/venv/lib/python3.12/site-packages/oslo_config/cfg.py:3560}}
Aug 16 19:20:19.132467 np0000007397 nova-scheduler[96606]: DEBUG cotyledon.oslo_config_glue [-] oslo_messaging_rabbit.rabbit_interval_max = 30 {{(pid=96606) log_opt_values /opt/stack/data/venv/lib/python3.12/site-packages/oslo_config/cfg.py:3560}}
Aug 16 19:20:19.132758 np0000007397 nova-scheduler[96606]: DEBUG cotyledon.oslo_config_glue [-] oslo_messaging_rabbit.rabbit_login_method = AMQPLAIN {{(pid=96606) log_opt_values /opt/stack/data/venv/lib/python3.12/site-packages/oslo_config/cfg.py:3560}}
Aug 16 19:20:19.132758 np0000007397 nova-scheduler[96606]: DEBUG cotyledon.oslo_config_glue [-] oslo_messaging_rabbit.rabbit_qos_prefetch_count = 0 {{(pid=96606) log_opt_values /opt/stack/data/venv/lib/python3.12/site-packages/oslo_config/cfg.py:3560}}
Aug 16 19:20:19.132758 np0000007397 nova-scheduler[96606]: DEBUG cotyledon.oslo_config_glue [-] oslo_messaging_rabbit.rabbit_quorum_delivery_limit = 0 {{(pid=96606) log_opt_values /opt/stack/data/venv/lib/python3.12/site-packages/oslo_config/cfg.py:3560}}
Aug 16 19:20:19.132758 np0000007397 nova-scheduler[96606]: DEBUG cotyledon.oslo_config_glue [-] oslo_messaging_rabbit.rabbit_quorum_max_memory_bytes = 0 {{(pid=96606) log_opt_values /opt/stack/data/venv/lib/python3.12/site-packages/oslo_config/cfg.py:3560}}
Aug 16 19:20:19.132758 np0000007397 nova-scheduler[96606]: DEBUG cotyledon.oslo_config_glue [-] oslo_messaging_rabbit.rabbit_quorum_max_memory_length = 0 {{(pid=96606) log_opt_values /opt/stack/data/venv/lib/python3.12/site-packages/oslo_config/cfg.py:3560}}
Aug 16 19:20:19.132758 np0000007397 nova-scheduler[96606]: DEBUG cotyledon.oslo_config_glue [-] oslo_messaging_rabbit.rabbit_quorum_queue = False {{(pid=96606) log_opt_values /opt/stack/data/venv/lib/python3.12/site-packages/oslo_config/cfg.py:3560}}
Aug 16 19:20:19.132758 np0000007397 nova-scheduler[96606]: DEBUG cotyledon.oslo_config_glue [-] oslo_messaging_rabbit.rabbit_retry_backoff = 2 {{(pid=96606) log_opt_values /opt/stack/data/venv/lib/python3.12/site-packages/oslo_config/cfg.py:3560}}
Aug 16 19:20:19.132758 np0000007397 nova-scheduler[96606]: DEBUG cotyledon.oslo_config_glue [-] oslo_messaging_rabbit.rabbit_retry_interval = 1 {{(pid=96606) log_opt_values /opt/stack/data/venv/lib/python3.12/site-packages/oslo_config/cfg.py:3560}}
Aug 16 19:20:19.132758 np0000007397 nova-scheduler[96606]: DEBUG cotyledon.oslo_config_glue [-] oslo_messaging_rabbit.rabbit_stream_fanout = False {{(pid=96606) log_opt_values /opt/stack/data/venv/lib/python3.12/site-packages/oslo_config/cfg.py:3560}}
Aug 16 19:20:19.133040 np0000007397 nova-scheduler[96606]: DEBUG cotyledon.oslo_config_glue [-] oslo_messaging_rabbit.rabbit_transient_queues_ttl = 1800 {{(pid=96606) log_opt_values /opt/stack/data/venv/lib/python3.12/site-packages/oslo_config/cfg.py:3560}}
Aug 16 19:20:19.133040 np0000007397 nova-scheduler[96606]: DEBUG cotyledon.oslo_config_glue [-] oslo_messaging_rabbit.rabbit_transient_quorum_queue = False {{(pid=96606) log_opt_values /opt/stack/data/venv/lib/python3.12/site-packages/oslo_config/cfg.py:3560}}
Aug 16 19:20:19.133040 np0000007397 nova-scheduler[96606]: DEBUG cotyledon.oslo_config_glue [-] oslo_messaging_rabbit.rpc_conn_pool_size = 30 {{(pid=96606) log_opt_values /opt/stack/data/venv/lib/python3.12/site-packages/oslo_config/cfg.py:3560}}
Aug 16 19:20:19.133040 np0000007397 nova-scheduler[96606]: DEBUG cotyledon.oslo_config_glue [-] oslo_messaging_rabbit.ssl = False {{(pid=96606) log_opt_values /opt/stack/data/venv/lib/python3.12/site-packages/oslo_config/cfg.py:3560}}
Aug 16 19:20:19.133040 np0000007397 nova-scheduler[96606]: DEBUG cotyledon.oslo_config_glue [-] oslo_messaging_rabbit.ssl_ca_file = {{(pid=96606) log_opt_values /opt/stack/data/venv/lib/python3.12/site-packages/oslo_config/cfg.py:3560}}
Aug 16 19:20:19.133040 np0000007397 nova-scheduler[96606]: DEBUG cotyledon.oslo_config_glue [-] oslo_messaging_rabbit.ssl_cert_file = {{(pid=96606) log_opt_values /opt/stack/data/venv/lib/python3.12/site-packages/oslo_config/cfg.py:3560}}
Aug 16 19:20:19.133040 np0000007397 nova-scheduler[96606]: DEBUG cotyledon.oslo_config_glue [-] oslo_messaging_rabbit.ssl_enforce_fips_mode = False {{(pid=96606) log_opt_values /opt/stack/data/venv/lib/python3.12/site-packages/oslo_config/cfg.py:3560}}
Aug 16 19:20:19.133040 np0000007397 nova-scheduler[96606]: DEBUG cotyledon.oslo_config_glue [-] oslo_messaging_rabbit.ssl_enforce_hostname_verification = True {{(pid=96606) log_opt_values /opt/stack/data/venv/lib/python3.12/site-packages/oslo_config/cfg.py:3560}}
Aug 16 19:20:19.133040 np0000007397 nova-scheduler[96606]: DEBUG cotyledon.oslo_config_glue [-] oslo_messaging_rabbit.ssl_key_file = {{(pid=96606) log_opt_values /opt/stack/data/venv/lib/python3.12/site-packages/oslo_config/cfg.py:3560}}
Aug 16 19:20:19.133343 np0000007397 nova-scheduler[96606]: DEBUG cotyledon.oslo_config_glue [-] oslo_messaging_rabbit.ssl_version = {{(pid=96606) log_opt_values /opt/stack/data/venv/lib/python3.12/site-packages/oslo_config/cfg.py:3560}}
Aug 16 19:20:19.133343 np0000007397 nova-scheduler[96606]: DEBUG cotyledon.oslo_config_glue [-] oslo_messaging_rabbit.use_queue_manager = False {{(pid=96606) log_opt_values /opt/stack/data/venv/lib/python3.12/site-packages/oslo_config/cfg.py:3560}}
Aug 16 19:20:19.133343 np0000007397 nova-scheduler[96606]: DEBUG cotyledon.oslo_config_glue [-] oslo_messaging_notifications.driver = ['messagingv2'] {{(pid=96606) log_opt_values /opt/stack/data/venv/lib/python3.12/site-packages/oslo_config/cfg.py:3560}}
Aug 16 19:20:19.133343 np0000007397 nova-scheduler[96606]: DEBUG cotyledon.oslo_config_glue [-] oslo_messaging_notifications.retry = -1 {{(pid=96606) log_opt_values /opt/stack/data/venv/lib/python3.12/site-packages/oslo_config/cfg.py:3560}}
Aug 16 19:20:19.133343 np0000007397 nova-scheduler[96606]: DEBUG cotyledon.oslo_config_glue [-] oslo_messaging_notifications.topics = ['notifications'] {{(pid=96606) log_opt_values /opt/stack/data/venv/lib/python3.12/site-packages/oslo_config/cfg.py:3560}}
Aug 16 19:20:19.133343 np0000007397 nova-scheduler[96606]: DEBUG cotyledon.oslo_config_glue [-] oslo_messaging_notifications.transport_url = **** {{(pid=96606) log_opt_values /opt/stack/data/venv/lib/python3.12/site-packages/oslo_config/cfg.py:3560}}
Aug 16 19:20:19.133343 np0000007397 nova-scheduler[96606]: DEBUG cotyledon.oslo_config_glue [-] oslo_limit.auth_section = None {{(pid=96606) log_opt_values /opt/stack/data/venv/lib/python3.12/site-packages/oslo_config/cfg.py:3560}}
Aug 16 19:20:19.133343 np0000007397 nova-scheduler[96606]: DEBUG cotyledon.oslo_config_glue [-] oslo_limit.auth_type = None {{(pid=96606) log_opt_values /opt/stack/data/venv/lib/python3.12/site-packages/oslo_config/cfg.py:3560}}
Aug 16 19:20:19.133343 np0000007397 nova-scheduler[96606]: DEBUG cotyledon.oslo_config_glue [-] oslo_limit.cafile = None {{(pid=96606) log_opt_values /opt/stack/data/venv/lib/python3.12/site-packages/oslo_config/cfg.py:3560}}
Aug 16 19:20:19.133620 np0000007397 nova-scheduler[96606]: DEBUG cotyledon.oslo_config_glue [-] oslo_limit.certfile = None {{(pid=96606) log_opt_values /opt/stack/data/venv/lib/python3.12/site-packages/oslo_config/cfg.py:3560}}
Aug 16 19:20:19.133620 np0000007397 nova-scheduler[96606]: DEBUG cotyledon.oslo_config_glue [-] oslo_limit.collect_timing = False {{(pid=96606) log_opt_values /opt/stack/data/venv/lib/python3.12/site-packages/oslo_config/cfg.py:3560}}
Aug 16 19:20:19.133620 np0000007397 nova-scheduler[96606]: DEBUG cotyledon.oslo_config_glue [-] oslo_limit.connect_retries = None {{(pid=96606) log_opt_values /opt/stack/data/venv/lib/python3.12/site-packages/oslo_config/cfg.py:3560}}
Aug 16 19:20:19.133620 np0000007397 nova-scheduler[96606]: DEBUG cotyledon.oslo_config_glue [-] oslo_limit.connect_retry_delay = None {{(pid=96606) log_opt_values /opt/stack/data/venv/lib/python3.12/site-packages/oslo_config/cfg.py:3560}}
Aug 16 19:20:19.133620 np0000007397 nova-scheduler[96606]: DEBUG cotyledon.oslo_config_glue [-] oslo_limit.endpoint_id = None {{(pid=96606) log_opt_values /opt/stack/data/venv/lib/python3.12/site-packages/oslo_config/cfg.py:3560}}
Aug 16 19:20:19.133620 np0000007397 nova-scheduler[96606]: DEBUG cotyledon.oslo_config_glue [-] oslo_limit.endpoint_interface = public {{(pid=96606) log_opt_values /opt/stack/data/venv/lib/python3.12/site-packages/oslo_config/cfg.py:3560}}
Aug 16 19:20:19.133620 np0000007397 nova-scheduler[96606]: DEBUG cotyledon.oslo_config_glue [-] oslo_limit.endpoint_override = None {{(pid=96606) log_opt_values /opt/stack/data/venv/lib/python3.12/site-packages/oslo_config/cfg.py:3560}}
Aug 16 19:20:19.133620 np0000007397 nova-scheduler[96606]: DEBUG cotyledon.oslo_config_glue [-] oslo_limit.endpoint_region_name = None {{(pid=96606) log_opt_values /opt/stack/data/venv/lib/python3.12/site-packages/oslo_config/cfg.py:3560}}
Aug 16 19:20:19.133620 np0000007397 nova-scheduler[96606]: DEBUG cotyledon.oslo_config_glue [-] oslo_limit.endpoint_service_name = None {{(pid=96606) log_opt_values /opt/stack/data/venv/lib/python3.12/site-packages/oslo_config/cfg.py:3560}}
Aug 16 19:20:19.133931 np0000007397 nova-scheduler[96606]: DEBUG cotyledon.oslo_config_glue [-] oslo_limit.endpoint_service_type = None {{(pid=96606) log_opt_values /opt/stack/data/venv/lib/python3.12/site-packages/oslo_config/cfg.py:3560}}
Aug 16 19:20:19.133931 np0000007397 nova-scheduler[96606]: DEBUG cotyledon.oslo_config_glue [-] oslo_limit.insecure = False {{(pid=96606) log_opt_values /opt/stack/data/venv/lib/python3.12/site-packages/oslo_config/cfg.py:3560}}
Aug 16 19:20:19.133931 np0000007397 nova-scheduler[96606]: DEBUG cotyledon.oslo_config_glue [-] oslo_limit.keyfile = None {{(pid=96606) log_opt_values /opt/stack/data/venv/lib/python3.12/site-packages/oslo_config/cfg.py:3560}}
Aug 16 19:20:19.133931 np0000007397 nova-scheduler[96606]: DEBUG cotyledon.oslo_config_glue [-] oslo_limit.max_version = None {{(pid=96606) log_opt_values /opt/stack/data/venv/lib/python3.12/site-packages/oslo_config/cfg.py:3560}}
Aug 16 19:20:19.133931 np0000007397 nova-scheduler[96606]: DEBUG cotyledon.oslo_config_glue [-] oslo_limit.min_version = None {{(pid=96606) log_opt_values /opt/stack/data/venv/lib/python3.12/site-packages/oslo_config/cfg.py:3560}}
Aug 16 19:20:19.133931 np0000007397 nova-scheduler[96606]: DEBUG cotyledon.oslo_config_glue [-] oslo_limit.region_name = None {{(pid=96606) log_opt_values /opt/stack/data/venv/lib/python3.12/site-packages/oslo_config/cfg.py:3560}}
Aug 16 19:20:19.133931 np0000007397 nova-scheduler[96606]: DEBUG cotyledon.oslo_config_glue [-] oslo_limit.retriable_status_codes = None {{(pid=96606) log_opt_values /opt/stack/data/venv/lib/python3.12/site-packages/oslo_config/cfg.py:3560}}
Aug 16 19:20:19.133931 np0000007397 nova-scheduler[96606]: DEBUG cotyledon.oslo_config_glue [-] oslo_limit.service_name = None {{(pid=96606) log_opt_values /opt/stack/data/venv/lib/python3.12/site-packages/oslo_config/cfg.py:3560}}
Aug 16 19:20:19.133931 np0000007397 nova-scheduler[96606]: DEBUG cotyledon.oslo_config_glue [-] oslo_limit.service_type = None {{(pid=96606) log_opt_values /opt/stack/data/venv/lib/python3.12/site-packages/oslo_config/cfg.py:3560}}
Aug 16 19:20:19.134208 np0000007397 nova-scheduler[96606]: DEBUG cotyledon.oslo_config_glue [-] oslo_limit.split_loggers = False {{(pid=96606) log_opt_values /opt/stack/data/venv/lib/python3.12/site-packages/oslo_config/cfg.py:3560}}
Aug 16 19:20:19.134208 np0000007397 nova-scheduler[96606]: DEBUG cotyledon.oslo_config_glue [-] oslo_limit.status_code_retries = None {{(pid=96606) log_opt_values /opt/stack/data/venv/lib/python3.12/site-packages/oslo_config/cfg.py:3560}}
Aug 16 19:20:19.134208 np0000007397 nova-scheduler[96606]: DEBUG cotyledon.oslo_config_glue [-] oslo_limit.status_code_retry_delay = None {{(pid=96606) log_opt_values /opt/stack/data/venv/lib/python3.12/site-packages/oslo_config/cfg.py:3560}}
Aug 16 19:20:19.134208 np0000007397 nova-scheduler[96606]: DEBUG cotyledon.oslo_config_glue [-] oslo_limit.timeout = None {{(pid=96606) log_opt_values /opt/stack/data/venv/lib/python3.12/site-packages/oslo_config/cfg.py:3560}}
Aug 16 19:20:19.134208 np0000007397 nova-scheduler[96606]: DEBUG cotyledon.oslo_config_glue [-] oslo_limit.valid_interfaces = None {{(pid=96606) log_opt_values /opt/stack/data/venv/lib/python3.12/site-packages/oslo_config/cfg.py:3560}}
Aug 16 19:20:19.134208 np0000007397 nova-scheduler[96606]: DEBUG cotyledon.oslo_config_glue [-] oslo_limit.version = None {{(pid=96606) log_opt_values /opt/stack/data/venv/lib/python3.12/site-packages/oslo_config/cfg.py:3560}}
Aug 16 19:20:19.134208 np0000007397 nova-scheduler[96606]: DEBUG cotyledon.oslo_config_glue [-] oslo_reports.file_event_handler = None {{(pid=96606) log_opt_values /opt/stack/data/venv/lib/python3.12/site-packages/oslo_config/cfg.py:3560}}
Aug 16 19:20:19.134208 np0000007397 nova-scheduler[96606]: DEBUG cotyledon.oslo_config_glue [-] oslo_reports.file_event_handler_interval = 1 {{(pid=96606) log_opt_values /opt/stack/data/venv/lib/python3.12/site-packages/oslo_config/cfg.py:3560}}
Aug 16 19:20:19.134208 np0000007397 nova-scheduler[96606]: DEBUG cotyledon.oslo_config_glue [-] oslo_reports.log_dir = None {{(pid=96606) log_opt_values /opt/stack/data/venv/lib/python3.12/site-packages/oslo_config/cfg.py:3560}}
Aug 16 19:20:19.134397 np0000007397 nova-scheduler[96606]: DEBUG cotyledon.oslo_config_glue [-] ******************************************************************************** {{(pid=96606) log_opt_values /opt/stack/data/venv/lib/python3.12/site-packages/oslo_config/cfg.py:3567}}
Aug 16 19:20:19.134397 np0000007397 nova-scheduler[96606]: DEBUG cotyledon._service_worker [-] Run service ServiceWrapper(3) [96606] {{(pid=96606) wait_forever /opt/stack/data/venv/lib/python3.12/site-packages/cotyledon/_service_worker.py:218}}
Aug 16 19:20:19.134397 np0000007397 nova-scheduler[96606]: INFO nova.service [-] Starting scheduler node (version 33.1.0)
Aug 16 19:20:19.134397 np0000007397 nova-scheduler[96606]: INFO dbcounter [None req-1bf3372b-6802-425a-97d1-9b564d261bf7 None None] Registered counter for database nova_cell0
Aug 16 19:20:19.134475 np0000007397 nova-scheduler[96602]: DEBUG oslo_db.sqlalchemy.engines [None req-b86709c7-dc7c-418a-ab61-46578965de88 None None] MySQL server mode set to STRICT_TRANS_TABLES,STRICT_ALL_TABLES,NO_ZERO_IN_DATE,NO_ZERO_DATE,ERROR_FOR_DIVISION_BY_ZERO,TRADITIONAL,NO_ENGINE_SUBSTITUTION {{(pid=96602) _check_effective_sql_mode /opt/stack/data/venv/lib/python3.12/site-packages/oslo_db/sqlalchemy/engines.py:325}}
Aug 16 19:20:19.134475 np0000007397 nova-scheduler[96602]: DEBUG dbcounter [-] [96602] Writer thread running {{(pid=96602) stat_writer /opt/stack/data/venv/lib/python3.12/site-packages/dbcounter.py:102}}
Aug 16 19:20:19.134532 np0000007397 nova-scheduler[96604]: DEBUG oslo_db.sqlalchemy.engines [None req-256549c4-500d-40f2-bd6f-696293209641 None None] MySQL server mode set to STRICT_TRANS_TABLES,STRICT_ALL_TABLES,NO_ZERO_IN_DATE,NO_ZERO_DATE,ERROR_FOR_DIVISION_BY_ZERO,TRADITIONAL,NO_ENGINE_SUBSTITUTION {{(pid=96604) _check_effective_sql_mode /opt/stack/data/venv/lib/python3.12/site-packages/oslo_db/sqlalchemy/engines.py:325}}
Aug 16 19:20:19.134532 np0000007397 nova-scheduler[96604]: DEBUG dbcounter [-] [96604] Writer thread running {{(pid=96604) stat_writer /opt/stack/data/venv/lib/python3.12/site-packages/dbcounter.py:102}}
Aug 16 19:20:19.134588 np0000007397 nova-scheduler[96602]: DEBUG nova.service [None req-b86709c7-dc7c-418a-ab61-46578965de88 None None] Creating RPC server for service: nova-scheduler on topic: scheduler {{(pid=96602) start /opt/stack/nova/nova/service.py:262}}
Aug 16 19:20:19.134613 np0000007397 nova-scheduler[96606]: DEBUG oslo_db.sqlalchemy.engines [None req-1bf3372b-6802-425a-97d1-9b564d261bf7 None None] MySQL server mode set to STRICT_TRANS_TABLES,STRICT_ALL_TABLES,NO_ZERO_IN_DATE,NO_ZERO_DATE,ERROR_FOR_DIVISION_BY_ZERO,TRADITIONAL,NO_ENGINE_SUBSTITUTION {{(pid=96606) _check_effective_sql_mode /opt/stack/data/venv/lib/python3.12/site-packages/oslo_db/sqlalchemy/engines.py:325}}
Aug 16 19:20:19.137813 np0000007397 nova-scheduler[96600]: DEBUG oslo_db.sqlalchemy.engines [None req-f68b4b8a-830f-4fed-8103-f5e04ee0186f None None] MySQL server mode set to STRICT_TRANS_TABLES,STRICT_ALL_TABLES,NO_ZERO_IN_DATE,NO_ZERO_DATE,ERROR_FOR_DIVISION_BY_ZERO,TRADITIONAL,NO_ENGINE_SUBSTITUTION {{(pid=96600) _check_effective_sql_mode /opt/stack/data/venv/lib/python3.12/site-packages/oslo_db/sqlalchemy/engines.py:325}}
Aug 16 19:20:19.142229 np0000007397 nova-scheduler[96606]: DEBUG dbcounter [-] [96606] Writer thread running {{(pid=96606) stat_writer /opt/stack/data/venv/lib/python3.12/site-packages/dbcounter.py:102}}
Aug 16 19:20:19.142624 np0000007397 nova-scheduler[96604]: DEBUG nova.service [None req-256549c4-500d-40f2-bd6f-696293209641 None None] Creating RPC server for service: nova-scheduler on topic: scheduler {{(pid=96604) start /opt/stack/nova/nova/service.py:262}}
Aug 16 19:20:19.145403 np0000007397 nova-scheduler[96606]: DEBUG nova.service [None req-1bf3372b-6802-425a-97d1-9b564d261bf7 None None] Creating RPC server for service: nova-scheduler on topic: scheduler {{(pid=96606) start /opt/stack/nova/nova/service.py:262}}
Aug 16 19:20:19.150983 np0000007397 nova-scheduler[96600]: DEBUG dbcounter [-] [96600] Writer thread running {{(pid=96600) stat_writer /opt/stack/data/venv/lib/python3.12/site-packages/dbcounter.py:102}}
Aug 16 19:20:19.154660 np0000007397 nova-scheduler[96600]: DEBUG nova.service [None req-f68b4b8a-830f-4fed-8103-f5e04ee0186f None None] Creating RPC server for service: nova-scheduler on topic: scheduler {{(pid=96600) start /opt/stack/nova/nova/service.py:262}}
Aug 16 19:20:19.161639 np0000007397 nova-scheduler[96602]: DEBUG nova.service [None req-b86709c7-dc7c-418a-ab61-46578965de88 None None] Join ServiceGroup membership for this service scheduler {{(pid=96602) start /opt/stack/nova/nova/service.py:288}}
Aug 16 19:20:19.162104 np0000007397 nova-scheduler[96602]: DEBUG nova.servicegroup.drivers.db [None req-b86709c7-dc7c-418a-ab61-46578965de88 None None] DB_Driver: join new ServiceGroup member np0000007397 to the scheduler group, service = {{(pid=96602) join /opt/stack/nova/nova/servicegroup/drivers/db.py:44}}
Aug 16 19:20:19.165118 np0000007397 nova-scheduler[96606]: DEBUG nova.service [None req-1bf3372b-6802-425a-97d1-9b564d261bf7 None None] Join ServiceGroup membership for this service scheduler {{(pid=96606) start /opt/stack/nova/nova/service.py:288}}
Aug 16 19:20:19.165308 np0000007397 nova-scheduler[96606]: DEBUG nova.servicegroup.drivers.db [None req-1bf3372b-6802-425a-97d1-9b564d261bf7 None None] DB_Driver: join new ServiceGroup member np0000007397 to the scheduler group, service = {{(pid=96606) join /opt/stack/nova/nova/servicegroup/drivers/db.py:44}}
Aug 16 19:20:19.170605 np0000007397 nova-scheduler[96604]: DEBUG nova.service [None req-256549c4-500d-40f2-bd6f-696293209641 None None] Join ServiceGroup membership for this service scheduler {{(pid=96604) start /opt/stack/nova/nova/service.py:288}}
Aug 16 19:20:19.171161 np0000007397 nova-scheduler[96604]: DEBUG nova.servicegroup.drivers.db [None req-256549c4-500d-40f2-bd6f-696293209641 None None] DB_Driver: join new ServiceGroup member np0000007397 to the scheduler group, service = {{(pid=96604) join /opt/stack/nova/nova/servicegroup/drivers/db.py:44}}
Aug 16 19:20:19.179516 np0000007397 nova-scheduler[96600]: DEBUG nova.service [None req-f68b4b8a-830f-4fed-8103-f5e04ee0186f None None] Join ServiceGroup membership for this service scheduler {{(pid=96600) start /opt/stack/nova/nova/service.py:288}}
Aug 16 19:20:19.179843 np0000007397 nova-scheduler[96600]: DEBUG nova.servicegroup.drivers.db [None req-f68b4b8a-830f-4fed-8103-f5e04ee0186f None None] DB_Driver: join new ServiceGroup member np0000007397 to the scheduler group, service = {{(pid=96600) join /opt/stack/nova/nova/servicegroup/drivers/db.py:44}}
Aug 16 19:20:24.179390 np0000007397 nova-scheduler[96602]: DEBUG oslo.service.backend._threading.loopingcall [-] Fixed interval looping call 'nova.servicegroup.drivers.db.DbDriver._report_state' sleeping for 119.98 seconds {{(pid=96602) _run_loop /opt/stack/data/venv/lib/python3.12/site-packages/oslo_service/backend/_threading/loopingcall.py:125}}
Aug 16 19:20:24.180207 np0000007397 nova-scheduler[96606]: DEBUG oslo.service.backend._threading.loopingcall [-] Fixed interval looping call 'nova.servicegroup.drivers.db.DbDriver._report_state' sleeping for 119.99 seconds {{(pid=96606) _run_loop /opt/stack/data/venv/lib/python3.12/site-packages/oslo_service/backend/_threading/loopingcall.py:125}}
Aug 16 19:20:24.181531 np0000007397 nova-scheduler[96604]: DEBUG oslo.service.backend._threading.loopingcall [-] Fixed interval looping call 'nova.servicegroup.drivers.db.DbDriver._report_state' sleeping for 119.99 seconds {{(pid=96604) _run_loop /opt/stack/data/venv/lib/python3.12/site-packages/oslo_service/backend/_threading/loopingcall.py:125}}
Aug 16 19:20:24.191456 np0000007397 nova-scheduler[96600]: DEBUG oslo.service.backend._threading.loopingcall [-] Fixed interval looping call 'nova.servicegroup.drivers.db.DbDriver._report_state' sleeping for 119.99 seconds {{(pid=96600) _run_loop /opt/stack/data/venv/lib/python3.12/site-packages/oslo_service/backend/_threading/loopingcall.py:125}}
Aug 16 19:20:25.164575 np0000007397 nova-scheduler[96602]: DEBUG oslo.service.backend._threading.loopingcall [None req-5b8a8e6c-7c8d-49af-97b7-bd3bf21fc5bc None None] Dynamic interval looping call 'nova.service.Service.periodic_tasks' sleeping for 60.00 seconds {{(pid=96602) _run_loop /opt/stack/data/venv/lib/python3.12/site-packages/oslo_service/backend/_threading/loopingcall.py:125}}
Aug 16 19:20:27.747672 np0000007397 nova-scheduler[95392]: DEBUG dbcounter [-] [95392] Writing DB stats nova_api:SELECT=3 {{(pid=95392) stat_writer /opt/stack/data/venv/lib/python3.12/site-packages/dbcounter.py:115}}
Aug 16 19:20:27.875638 np0000007397 nova-scheduler[95392]: DEBUG dbcounter [-] [95392] Writing DB stats nova_cell0:SELECT=1 {{(pid=95392) stat_writer /opt/stack/data/venv/lib/python3.12/site-packages/dbcounter.py:115}}
Aug 16 19:20:27.880571 np0000007397 nova-scheduler[95392]: DEBUG dbcounter [-] [95392] Writing DB stats nova_cell1:SELECT=1 {{(pid=95392) stat_writer /opt/stack/data/venv/lib/python3.12/site-packages/dbcounter.py:115}}
Aug 16 19:20:34.171816 np0000007397 nova-scheduler[96602]: DEBUG dbcounter [-] [96602] Writing DB stats nova_cell0:SELECT=4,nova_cell0:INSERT=1,nova_cell0:UPDATE=1 {{(pid=96602) stat_writer /opt/stack/data/venv/lib/python3.12/site-packages/dbcounter.py:115}}
Aug 16 19:20:34.175770 np0000007397 nova-scheduler[96606]: DEBUG dbcounter [-] [96606] Writing DB stats nova_cell0:SELECT=3,nova_cell0:UPDATE=1 {{(pid=96606) stat_writer /opt/stack/data/venv/lib/python3.12/site-packages/dbcounter.py:115}}
Aug 16 19:20:34.177959 np0000007397 nova-scheduler[96604]: DEBUG dbcounter [-] [96604] Writing DB stats nova_cell0:SELECT=4,nova_cell0:INSERT=1,nova_cell0:UPDATE=1 {{(pid=96604) stat_writer /opt/stack/data/venv/lib/python3.12/site-packages/dbcounter.py:115}}
Aug 16 19:20:34.188739 np0000007397 nova-scheduler[96600]: DEBUG dbcounter [-] [96600] Writing DB stats nova_cell0:SELECT=3 {{(pid=96600) stat_writer /opt/stack/data/venv/lib/python3.12/site-packages/dbcounter.py:115}}
Aug 16 19:20:53.183892 np0000007397 nova-scheduler[96600]: DEBUG oslo.service.backend._threading.loopingcall [None req-9f3c5010-b936-42bf-ae9e-439463d669ab None None] Dynamic interval looping call 'nova.service.Service.periodic_tasks' sleeping for 60.00 seconds {{(pid=96600) _run_loop /opt/stack/data/venv/lib/python3.12/site-packages/oslo_service/backend/_threading/loopingcall.py:125}}
Aug 16 19:20:56.167226 np0000007397 nova-scheduler[96606]: DEBUG oslo.service.backend._threading.loopingcall [None req-0923234c-22d8-45c6-ab6a-92680456fae7 None None] Dynamic interval looping call 'nova.service.Service.periodic_tasks' sleeping for 60.00 seconds {{(pid=96606) _run_loop /opt/stack/data/venv/lib/python3.12/site-packages/oslo_service/backend/_threading/loopingcall.py:125}}
Aug 16 19:21:16.173036 np0000007397 nova-scheduler[96604]: DEBUG oslo.service.backend._threading.loopingcall [None req-47f66a4c-116f-4593-988b-b1a03a9a4a58 None None] Dynamic interval looping call 'nova.service.Service.periodic_tasks' sleeping for 60.00 seconds {{(pid=96604) _run_loop /opt/stack/data/venv/lib/python3.12/site-packages/oslo_service/backend/_threading/loopingcall.py:125}}
Aug 16 19:21:25.165185 np0000007397 nova-scheduler[96602]: DEBUG oslo.service.backend._threading.loopingcall [None req-5b8a8e6c-7c8d-49af-97b7-bd3bf21fc5bc None None] Dynamic interval looping call 'nova.service.Service.periodic_tasks' sleeping for 60.00 seconds {{(pid=96602) _run_loop /opt/stack/data/venv/lib/python3.12/site-packages/oslo_service/backend/_threading/loopingcall.py:125}}
Aug 16 19:21:53.184347 np0000007397 nova-scheduler[96600]: DEBUG oslo.service.backend._threading.loopingcall [None req-9f3c5010-b936-42bf-ae9e-439463d669ab None None] Dynamic interval looping call 'nova.service.Service.periodic_tasks' sleeping for 60.00 seconds {{(pid=96600) _run_loop /opt/stack/data/venv/lib/python3.12/site-packages/oslo_service/backend/_threading/loopingcall.py:125}}
Aug 16 19:21:56.167697 np0000007397 nova-scheduler[96606]: DEBUG oslo.service.backend._threading.loopingcall [None req-0923234c-22d8-45c6-ab6a-92680456fae7 None None] Dynamic interval looping call 'nova.service.Service.periodic_tasks' sleeping for 60.00 seconds {{(pid=96606) _run_loop /opt/stack/data/venv/lib/python3.12/site-packages/oslo_service/backend/_threading/loopingcall.py:125}}
Aug 16 19:22:16.173553 np0000007397 nova-scheduler[96604]: DEBUG oslo.service.backend._threading.loopingcall [None req-47f66a4c-116f-4593-988b-b1a03a9a4a58 None None] Dynamic interval looping call 'nova.service.Service.periodic_tasks' sleeping for 60.00 seconds {{(pid=96604) _run_loop /opt/stack/data/venv/lib/python3.12/site-packages/oslo_service/backend/_threading/loopingcall.py:125}}
Aug 16 19:22:24.172040 np0000007397 nova-scheduler[96602]: DEBUG oslo.service.backend._threading.loopingcall [-] Fixed interval looping call 'nova.servicegroup.drivers.db.DbDriver._report_state' sleeping for 119.99 seconds {{(pid=96602) _run_loop /opt/stack/data/venv/lib/python3.12/site-packages/oslo_service/backend/_threading/loopingcall.py:125}}
Aug 16 19:22:24.174442 np0000007397 nova-scheduler[96606]: DEBUG oslo.service.backend._threading.loopingcall [-] Fixed interval looping call 'nova.servicegroup.drivers.db.DbDriver._report_state' sleeping for 120.00 seconds {{(pid=96606) _run_loop /opt/stack/data/venv/lib/python3.12/site-packages/oslo_service/backend/_threading/loopingcall.py:125}}
Aug 16 19:22:24.175274 np0000007397 nova-scheduler[96604]: DEBUG oslo.service.backend._threading.loopingcall [-] Fixed interval looping call 'nova.servicegroup.drivers.db.DbDriver._report_state' sleeping for 120.00 seconds {{(pid=96604) _run_loop /opt/stack/data/venv/lib/python3.12/site-packages/oslo_service/backend/_threading/loopingcall.py:125}}
Aug 16 19:22:24.186381 np0000007397 nova-scheduler[96600]: DEBUG oslo.service.backend._threading.loopingcall [-] Fixed interval looping call 'nova.servicegroup.drivers.db.DbDriver._report_state' sleeping for 120.00 seconds {{(pid=96600) _run_loop /opt/stack/data/venv/lib/python3.12/site-packages/oslo_service/backend/_threading/loopingcall.py:125}}
Aug 16 19:22:25.165578 np0000007397 nova-scheduler[96602]: DEBUG oslo.service.backend._threading.loopingcall [None req-5b8a8e6c-7c8d-49af-97b7-bd3bf21fc5bc None None] Dynamic interval looping call 'nova.service.Service.periodic_tasks' sleeping for 60.00 seconds {{(pid=96602) _run_loop /opt/stack/data/venv/lib/python3.12/site-packages/oslo_service/backend/_threading/loopingcall.py:125}}
Aug 16 19:22:34.166802 np0000007397 nova-scheduler[96602]: DEBUG dbcounter [-] [96602] Writing DB stats nova_cell0:SELECT=1,nova_cell0:UPDATE=1 {{(pid=96602) stat_writer /opt/stack/data/venv/lib/python3.12/site-packages/dbcounter.py:115}}
Aug 16 19:22:34.172690 np0000007397 nova-scheduler[96606]: DEBUG dbcounter [-] [96606] Writing DB stats nova_cell0:SELECT=1 {{(pid=96606) stat_writer /opt/stack/data/venv/lib/python3.12/site-packages/dbcounter.py:115}}
Aug 16 19:22:34.173493 np0000007397 nova-scheduler[96604]: DEBUG dbcounter [-] [96604] Writing DB stats nova_cell0:SELECT=1 {{(pid=96604) stat_writer /opt/stack/data/venv/lib/python3.12/site-packages/dbcounter.py:115}}
Aug 16 19:22:34.185979 np0000007397 nova-scheduler[96600]: DEBUG dbcounter [-] [96600] Writing DB stats nova_cell0:SELECT=1 {{(pid=96600) stat_writer /opt/stack/data/venv/lib/python3.12/site-packages/dbcounter.py:115}}
Aug 16 19:22:40.155363 np0000007397 nova-scheduler[96602]: DEBUG nova.scheduler.manager [None req-bd9c1647-0a64-488c-a5ad-0a184b2a4948 tempest-DeleteServersTestJSON-189483840 tempest-DeleteServersTestJSON-189483840-project-member] Starting to schedule for instances: ['b426e637-344d-4a8f-bb34-b8649084f203'] {{(pid=96602) select_destinations /opt/stack/nova/nova/scheduler/manager.py:197}}
Aug 16 19:22:40.155973 np0000007397 nova-scheduler[96602]: DEBUG nova.scheduler.request_filter [None req-bd9c1647-0a64-488c-a5ad-0a184b2a4948 tempest-DeleteServersTestJSON-189483840 tempest-DeleteServersTestJSON-189483840-project-member] compute_status_filter request filter added forbidden trait COMPUTE_STATUS_DISABLED {{(pid=96602) compute_status_filter /opt/stack/nova/nova/scheduler/request_filter.py:253}}
Aug 16 19:22:40.156210 np0000007397 nova-scheduler[96602]: DEBUG nova.scheduler.request_filter [None req-bd9c1647-0a64-488c-a5ad-0a184b2a4948 tempest-DeleteServersTestJSON-189483840 tempest-DeleteServersTestJSON-189483840-project-member] Request filter 'compute_status_filter' took 0.0 seconds {{(pid=96602) wrapper /opt/stack/nova/nova/scheduler/request_filter.py:46}}
Aug 16 19:22:40.156419 np0000007397 nova-scheduler[96602]: DEBUG nova.scheduler.request_filter [None req-bd9c1647-0a64-488c-a5ad-0a184b2a4948 tempest-DeleteServersTestJSON-189483840 tempest-DeleteServersTestJSON-189483840-project-member] Request filter 'accelerators_filter' took 0.0 seconds {{(pid=96602) wrapper /opt/stack/nova/nova/scheduler/request_filter.py:46}}
Aug 16 19:22:40.156596 np0000007397 nova-scheduler[96602]: DEBUG nova.scheduler.request_filter [None req-bd9c1647-0a64-488c-a5ad-0a184b2a4948 tempest-DeleteServersTestJSON-189483840 tempest-DeleteServersTestJSON-189483840-project-member] Request filter 'packed_virtqueue_filter' took 0.0 seconds {{(pid=96602) wrapper /opt/stack/nova/nova/scheduler/request_filter.py:46}}
Aug 16 19:22:40.156883 np0000007397 nova-scheduler[96602]: DEBUG nova.scheduler.request_filter [None req-bd9c1647-0a64-488c-a5ad-0a184b2a4948 tempest-DeleteServersTestJSON-189483840 tempest-DeleteServersTestJSON-189483840-project-member] Request filter 'remote_managed_ports_filter' took 0.0 seconds {{(pid=96602) wrapper /opt/stack/nova/nova/scheduler/request_filter.py:46}}
Aug 16 19:22:40.157066 np0000007397 nova-scheduler[96602]: DEBUG nova.scheduler.request_filter [None req-bd9c1647-0a64-488c-a5ad-0a184b2a4948 tempest-DeleteServersTestJSON-189483840 tempest-DeleteServersTestJSON-189483840-project-member] ephemeral_encryption_filter skipped {{(pid=96602) ephemeral_encryption_filter /opt/stack/nova/nova/scheduler/request_filter.py:426}}
Aug 16 19:22:40.157320 np0000007397 nova-scheduler[96602]: DEBUG nova.scheduler.request_filter [None req-bd9c1647-0a64-488c-a5ad-0a184b2a4948 tempest-DeleteServersTestJSON-189483840 tempest-DeleteServersTestJSON-189483840-project-member] virtio_sound_filter skipped {{(pid=96602) virtio_sound_filter /opt/stack/nova/nova/scheduler/request_filter.py:460}}
Aug 16 19:22:40.157320 np0000007397 nova-scheduler[96602]: DEBUG nova.scheduler.request_filter [None req-bd9c1647-0a64-488c-a5ad-0a184b2a4948 tempest-DeleteServersTestJSON-189483840 tempest-DeleteServersTestJSON-189483840-project-member] tpm_secret_security_filter skipped {{(pid=96602) tpm_secret_security_filter /opt/stack/nova/nova/scheduler/request_filter.py:477}}
Aug 16 19:22:40.679909 np0000007397 nova-scheduler[96602]: INFO nova.utils [None req-bd9c1647-0a64-488c-a5ad-0a184b2a4948 tempest-DeleteServersTestJSON-189483840 tempest-DeleteServersTestJSON-189483840-project-member] The cell worker thread pool ForkProcess-2.cell_worker is initialized
Aug 16 19:22:40.680246 np0000007397 nova-scheduler[96602]: DEBUG oslo_concurrency.lockutils [None req-bd9c1647-0a64-488c-a5ad-0a184b2a4948 tempest-DeleteServersTestJSON-189483840 tempest-DeleteServersTestJSON-189483840-project-member] Acquiring lock "1f34c5e4-cf22-4689-adbf-2682fe346978" by "nova.context.set_target_cell..get_or_set_cached_cell_and_set_connections" {{(pid=96602) inner /opt/stack/data/venv/lib/python3.12/site-packages/oslo_concurrency/lockutils.py:512}}
Aug 16 19:22:40.680458 np0000007397 nova-scheduler[96602]: DEBUG oslo_concurrency.lockutils [None req-bd9c1647-0a64-488c-a5ad-0a184b2a4948 tempest-DeleteServersTestJSON-189483840 tempest-DeleteServersTestJSON-189483840-project-member] Lock "1f34c5e4-cf22-4689-adbf-2682fe346978" acquired by "nova.context.set_target_cell..get_or_set_cached_cell_and_set_connections" :: waited 0.000s {{(pid=96602) inner /opt/stack/data/venv/lib/python3.12/site-packages/oslo_concurrency/lockutils.py:525}}
Aug 16 19:22:40.681766 np0000007397 nova-scheduler[96602]: DEBUG oslo_concurrency.lockutils [None req-bd9c1647-0a64-488c-a5ad-0a184b2a4948 tempest-DeleteServersTestJSON-189483840 tempest-DeleteServersTestJSON-189483840-project-member] Lock "1f34c5e4-cf22-4689-adbf-2682fe346978" "released" by "nova.context.set_target_cell..get_or_set_cached_cell_and_set_connections" :: held 0.001s {{(pid=96602) inner /opt/stack/data/venv/lib/python3.12/site-packages/oslo_concurrency/lockutils.py:544}}
Aug 16 19:22:40.683690 np0000007397 nova-scheduler[96602]: INFO dbcounter [None req-bd9c1647-0a64-488c-a5ad-0a184b2a4948 tempest-DeleteServersTestJSON-189483840 tempest-DeleteServersTestJSON-189483840-project-member] Registered counter for database nova_cell1
Aug 16 19:22:40.721701 np0000007397 nova-scheduler[96602]: DEBUG oslo_db.sqlalchemy.engines [None req-bd9c1647-0a64-488c-a5ad-0a184b2a4948 tempest-DeleteServersTestJSON-189483840 tempest-DeleteServersTestJSON-189483840-project-member] MySQL server mode set to STRICT_TRANS_TABLES,STRICT_ALL_TABLES,NO_ZERO_IN_DATE,NO_ZERO_DATE,ERROR_FOR_DIVISION_BY_ZERO,TRADITIONAL,NO_ENGINE_SUBSTITUTION {{(pid=96602) _check_effective_sql_mode /opt/stack/data/venv/lib/python3.12/site-packages/oslo_db/sqlalchemy/engines.py:325}}
Aug 16 19:22:40.725953 np0000007397 nova-scheduler[96602]: DEBUG dbcounter [-] [96602] Writer thread running {{(pid=96602) stat_writer /opt/stack/data/venv/lib/python3.12/site-packages/dbcounter.py:102}}
Aug 16 19:22:40.735647 np0000007397 nova-scheduler[96602]: DEBUG oslo_db.sqlalchemy.engines [None req-bd9c1647-0a64-488c-a5ad-0a184b2a4948 tempest-DeleteServersTestJSON-189483840 tempest-DeleteServersTestJSON-189483840-project-member] Parent process 95392 forked (96602) with an open database connection, which is being discarded and recreated. {{(pid=96602) checkout /opt/stack/data/venv/lib/python3.12/site-packages/oslo_db/sqlalchemy/engines.py:402}}
Aug 16 19:22:40.774195 np0000007397 nova-scheduler[96602]: DEBUG dbcounter [-] [96602] Writer thread running {{(pid=96602) stat_writer /opt/stack/data/venv/lib/python3.12/site-packages/dbcounter.py:102}}
Aug 16 19:22:40.776667 np0000007397 nova-scheduler[96602]: DEBUG oslo_concurrency.lockutils [None req-bd9c1647-0a64-488c-a5ad-0a184b2a4948 tempest-DeleteServersTestJSON-189483840 tempest-DeleteServersTestJSON-189483840-project-member] Acquiring lock "1f34c5e4-cf22-4689-adbf-2682fe346978" by "nova.context.set_target_cell..get_or_set_cached_cell_and_set_connections" {{(pid=96602) inner /opt/stack/data/venv/lib/python3.12/site-packages/oslo_concurrency/lockutils.py:512}}
Aug 16 19:22:40.776823 np0000007397 nova-scheduler[96602]: DEBUG oslo_concurrency.lockutils [None req-bd9c1647-0a64-488c-a5ad-0a184b2a4948 tempest-DeleteServersTestJSON-189483840 tempest-DeleteServersTestJSON-189483840-project-member] Lock "1f34c5e4-cf22-4689-adbf-2682fe346978" acquired by "nova.context.set_target_cell..get_or_set_cached_cell_and_set_connections" :: waited 0.000s {{(pid=96602) inner /opt/stack/data/venv/lib/python3.12/site-packages/oslo_concurrency/lockutils.py:525}}
