Jul 20 14:34:36.745821 np0000005501 devstack@g-api.service[99724]: DEBUG glance_store.location [None req-87c88dbe-598f-4ed4-8ed1-0c7618c1bc60 tempest-ServerStableDeviceRescueTest-377461276 tempest-ServerStableDeviceRescueTest-377461276-project-member] Registering scheme swift+https with {'store': , 'location_class': , 'store_entry': 'swift'} {{(pid=99724) register_scheme_map /opt/stack/data/venv/lib/python3.12/site-packages/glance_store/location.py:146}}
Jul 20 14:34:36.746733 np0000005501 devstack@g-api.service[99724]: DEBUG glance_store.location [None req-87c88dbe-598f-4ed4-8ed1-0c7618c1bc60 tempest-ServerStableDeviceRescueTest-377461276 tempest-ServerStableDeviceRescueTest-377461276-project-member] Registering scheme swift with {'store': , 'location_class': , 'store_entry': 'swift'} {{(pid=99724) register_scheme_map /opt/stack/data/venv/lib/python3.12/site-packages/glance_store/location.py:146}}
Jul 20 14:34:36.746971 np0000005501 devstack@g-api.service[99724]: DEBUG glance_store.location [None req-87c88dbe-598f-4ed4-8ed1-0c7618c1bc60 tempest-ServerStableDeviceRescueTest-377461276 tempest-ServerStableDeviceRescueTest-377461276-project-member] Registering scheme swift+https with {'store': , 'location_class': , 'store_entry': 'swift'} {{(pid=99724) register_scheme_map /opt/stack/data/venv/lib/python3.12/site-packages/glance_store/location.py:146}}
Jul 20 14:34:36.747052 np0000005501 devstack@g-api.service[99724]: DEBUG glance_store.location [None req-87c88dbe-598f-4ed4-8ed1-0c7618c1bc60 tempest-ServerStableDeviceRescueTest-377461276 tempest-ServerStableDeviceRescueTest-377461276-project-member] Registering scheme swift with {'store': , 'location_class': , 'store_entry': 'swift'} {{(pid=99724) register_scheme_map /opt/stack/data/venv/lib/python3.12/site-packages/glance_store/location.py:146}}
Jul 20 14:34:36.747135 np0000005501 devstack@g-api.service[99724]: DEBUG glance_store.location [None req-87c88dbe-598f-4ed4-8ed1-0c7618c1bc60 tempest-ServerStableDeviceRescueTest-377461276 tempest-ServerStableDeviceRescueTest-377461276-project-member] Registering scheme swift+http with {'store': , 'location_class': , 'store_entry': 'swift'} {{(pid=99724) register_scheme_map /opt/stack/data/venv/lib/python3.12/site-packages/glance_store/location.py:146}}
Jul 20 14:34:36.747213 np0000005501 devstack@g-api.service[99724]: DEBUG glance_store.location [None req-87c88dbe-598f-4ed4-8ed1-0c7618c1bc60 tempest-ServerStableDeviceRescueTest-377461276 tempest-ServerStableDeviceRescueTest-377461276-project-member] Registering scheme swift+https with {'store': , 'location_class': , 'store_entry': 'swift'} {{(pid=99724) register_scheme_map /opt/stack/data/venv/lib/python3.12/site-packages/glance_store/location.py:146}}
Jul 20 14:34:36.747286 np0000005501 devstack@g-api.service[99724]: DEBUG glance_store.location [None req-87c88dbe-598f-4ed4-8ed1-0c7618c1bc60 tempest-ServerStableDeviceRescueTest-377461276 tempest-ServerStableDeviceRescueTest-377461276-project-member] Registering scheme swift with {'store': , 'location_class': , 'store_entry': 'swift'} {{(pid=99724) register_scheme_map /opt/stack/data/venv/lib/python3.12/site-packages/glance_store/location.py:146}}
Jul 20 14:34:36.747357 np0000005501 devstack@g-api.service[99724]: DEBUG glance_store.location [None req-87c88dbe-598f-4ed4-8ed1-0c7618c1bc60 tempest-ServerStableDeviceRescueTest-377461276 tempest-ServerStableDeviceRescueTest-377461276-project-member] Registering scheme swift+http with {'store': , 'location_class': , 'store_entry': 'swift'} {{(pid=99724) register_scheme_map /opt/stack/data/venv/lib/python3.12/site-packages/glance_store/location.py:146}}
Jul 20 14:34:36.747432 np0000005501 devstack@g-api.service[99724]: DEBUG glance_store.location [None req-87c88dbe-598f-4ed4-8ed1-0c7618c1bc60 tempest-ServerStableDeviceRescueTest-377461276 tempest-ServerStableDeviceRescueTest-377461276-project-member] Registering scheme swift+config with {'store': , 'location_class': , 'store_entry': 'swift'} {{(pid=99724) register_scheme_map /opt/stack/data/venv/lib/python3.12/site-packages/glance_store/location.py:146}}
Jul 20 14:34:36.869907 np0000005501 devstack@g-api.service[99723]: DEBUG glance.api.middleware.version_negotiation [None req-8f75d18e-aa5f-422d-9d0f-029dc42a76b4 tempest-ServerActionsV293TestJSON-526186884 tempest-ServerActionsV293TestJSON-526186884-project-member] Determining version of request: GET /v2/images/55ddd7eb-d5bf-45b2-b97c-9d72234d2cfa Accept: */* {{(pid=99723) process_request /opt/stack/glance/glance/api/middleware/version_negotiation.py:44}}
Jul 20 14:34:36.870706 np0000005501 devstack@g-api.service[99723]: DEBUG glance.api.middleware.version_negotiation [None req-8f75d18e-aa5f-422d-9d0f-029dc42a76b4 tempest-ServerActionsV293TestJSON-526186884 tempest-ServerActionsV293TestJSON-526186884-project-member] Using url versioning {{(pid=99723) process_request /opt/stack/glance/glance/api/middleware/version_negotiation.py:57}}
Jul 20 14:34:36.870706 np0000005501 devstack@g-api.service[99723]: DEBUG glance.api.middleware.version_negotiation [None req-8f75d18e-aa5f-422d-9d0f-029dc42a76b4 tempest-ServerActionsV293TestJSON-526186884 tempest-ServerActionsV293TestJSON-526186884-project-member] Matched version: v2 {{(pid=99723) process_request /opt/stack/glance/glance/api/middleware/version_negotiation.py:69}}
Jul 20 14:34:36.870706 np0000005501 devstack@g-api.service[99723]: DEBUG glance.api.middleware.version_negotiation [None req-8f75d18e-aa5f-422d-9d0f-029dc42a76b4 tempest-ServerActionsV293TestJSON-526186884 tempest-ServerActionsV293TestJSON-526186884-project-member] new path /v2/images/55ddd7eb-d5bf-45b2-b97c-9d72234d2cfa {{(pid=99723) process_request /opt/stack/glance/glance/api/middleware/version_negotiation.py:70}}
Jul 20 14:34:37.080675 np0000005501 devstack@g-api.service[99725]: DEBUG glance.api.middleware.version_negotiation [None req-8f75d18e-aa5f-422d-9d0f-029dc42a76b4 tempest-ServerActionsV293TestJSON-526186884 tempest-ServerActionsV293TestJSON-526186884-project-member] Determining version of request: GET /v2/images/01bc42fa-e785-4301-8f90-2396227605a1 Accept: */* {{(pid=99725) process_request /opt/stack/glance/glance/api/middleware/version_negotiation.py:44}}
Jul 20 14:34:37.081193 np0000005501 devstack@g-api.service[99725]: DEBUG glance.api.middleware.version_negotiation [None req-8f75d18e-aa5f-422d-9d0f-029dc42a76b4 tempest-ServerActionsV293TestJSON-526186884 tempest-ServerActionsV293TestJSON-526186884-project-member] Using url versioning {{(pid=99725) process_request /opt/stack/glance/glance/api/middleware/version_negotiation.py:57}}
Jul 20 14:34:37.081193 np0000005501 devstack@g-api.service[99725]: DEBUG glance.api.middleware.version_negotiation [None req-8f75d18e-aa5f-422d-9d0f-029dc42a76b4 tempest-ServerActionsV293TestJSON-526186884 tempest-ServerActionsV293TestJSON-526186884-project-member] Matched version: v2 {{(pid=99725) process_request /opt/stack/glance/glance/api/middleware/version_negotiation.py:69}}
Jul 20 14:34:37.081453 np0000005501 devstack@g-api.service[99725]: DEBUG glance.api.middleware.version_negotiation [None req-8f75d18e-aa5f-422d-9d0f-029dc42a76b4 tempest-ServerActionsV293TestJSON-526186884 tempest-ServerActionsV293TestJSON-526186884-project-member] new path /v2/images/01bc42fa-e785-4301-8f90-2396227605a1 {{(pid=99725) process_request /opt/stack/glance/glance/api/middleware/version_negotiation.py:70}}
Jul 20 14:34:37.098995 np0000005501 devstack@g-api.service[99725]: [pid: 99725|app: 0|req: 40/116] 127.0.0.1 () {44 vars in 1115 bytes} [Mon Jul 20 14:34:37 2026] GET /v2/images/01bc42fa-e785-4301-8f90-2396227605a1 => generated 1444 bytes in 18 msecs (HTTP/1.1 200) 4 headers in 158 bytes (1 switches on core 0)
Jul 20 14:34:37.149365 np0000005501 devstack@g-api.service[99725]: DEBUG glance.api.middleware.version_negotiation [None req-c43719d8-a184-4da3-972a-c686ed41d89c tempest-ServerStableDeviceRescueTest-377461276 tempest-ServerStableDeviceRescueTest-377461276-project-member] Determining version of request: GET /v2/schemas/image Accept: */* {{(pid=99725) process_request /opt/stack/glance/glance/api/middleware/version_negotiation.py:44}}
Jul 20 14:34:37.149583 np0000005501 devstack@g-api.service[99725]: DEBUG glance.api.middleware.version_negotiation [None req-c43719d8-a184-4da3-972a-c686ed41d89c tempest-ServerStableDeviceRescueTest-377461276 tempest-ServerStableDeviceRescueTest-377461276-project-member] Using url versioning {{(pid=99725) process_request /opt/stack/glance/glance/api/middleware/version_negotiation.py:57}}
Jul 20 14:34:37.149767 np0000005501 devstack@g-api.service[99725]: DEBUG glance.api.middleware.version_negotiation [None req-c43719d8-a184-4da3-972a-c686ed41d89c tempest-ServerStableDeviceRescueTest-377461276 tempest-ServerStableDeviceRescueTest-377461276-project-member] Matched version: v2 {{(pid=99725) process_request /opt/stack/glance/glance/api/middleware/version_negotiation.py:69}}
Jul 20 14:34:37.149874 np0000005501 devstack@g-api.service[99725]: DEBUG glance.api.middleware.version_negotiation [None req-c43719d8-a184-4da3-972a-c686ed41d89c tempest-ServerStableDeviceRescueTest-377461276 tempest-ServerStableDeviceRescueTest-377461276-project-member] new path /v2/schemas/image {{(pid=99725) process_request /opt/stack/glance/glance/api/middleware/version_negotiation.py:70}}
Jul 20 14:34:37.153130 np0000005501 devstack@g-api.service[99725]: [pid: 99725|app: 0|req: 41/117] 127.0.0.1 () {44 vars in 1055 bytes} [Mon Jul 20 14:34:37 2026] GET /v2/schemas/image => generated 6083 bytes in 4 msecs (HTTP/1.1 200) 4 headers in 158 bytes (1 switches on core 0)
Jul 20 14:34:37.303449 np0000005501 devstack@g-api.service[99723]: [pid: 99723|app: 0|req: 40/118] 127.0.0.1 () {44 vars in 1115 bytes} [Mon Jul 20 14:34:36 2026] GET /v2/images/55ddd7eb-d5bf-45b2-b97c-9d72234d2cfa => generated 1044 bytes in 434 msecs (HTTP/1.1 200) 4 headers in 158 bytes (1 switches on core 0)
Jul 20 14:34:37.316601 np0000005501 devstack@g-api.service[99725]: DEBUG glance.api.middleware.version_negotiation [None req-c43719d8-a184-4da3-972a-c686ed41d89c tempest-ServerStableDeviceRescueTest-377461276 tempest-ServerStableDeviceRescueTest-377461276-project-member] Determining version of request: GET /v2/schemas/image Accept: */* {{(pid=99725) process_request /opt/stack/glance/glance/api/middleware/version_negotiation.py:44}}
Jul 20 14:34:37.316792 np0000005501 devstack@g-api.service[99725]: DEBUG glance.api.middleware.version_negotiation [None req-c43719d8-a184-4da3-972a-c686ed41d89c tempest-ServerStableDeviceRescueTest-377461276 tempest-ServerStableDeviceRescueTest-377461276-project-member] Using url versioning {{(pid=99725) process_request /opt/stack/glance/glance/api/middleware/version_negotiation.py:57}}
Jul 20 14:34:37.316981 np0000005501 devstack@g-api.service[99725]: DEBUG glance.api.middleware.version_negotiation [None req-c43719d8-a184-4da3-972a-c686ed41d89c tempest-ServerStableDeviceRescueTest-377461276 tempest-ServerStableDeviceRescueTest-377461276-project-member] Matched version: v2 {{(pid=99725) process_request /opt/stack/glance/glance/api/middleware/version_negotiation.py:69}}
Jul 20 14:34:37.317079 np0000005501 devstack@g-api.service[99725]: DEBUG glance.api.middleware.version_negotiation [None req-c43719d8-a184-4da3-972a-c686ed41d89c tempest-ServerStableDeviceRescueTest-377461276 tempest-ServerStableDeviceRescueTest-377461276-project-member] new path /v2/schemas/image {{(pid=99725) process_request /opt/stack/glance/glance/api/middleware/version_negotiation.py:70}}
Jul 20 14:34:37.319689 np0000005501 devstack@g-api.service[99725]: [pid: 99725|app: 0|req: 42/119] 127.0.0.1 () {44 vars in 1055 bytes} [Mon Jul 20 14:34:37 2026] GET /v2/schemas/image => generated 6083 bytes in 3 msecs (HTTP/1.1 200) 4 headers in 158 bytes (1 switches on core 0)
Jul 20 14:34:37.330488 np0000005501 devstack@g-api.service[99723]: DEBUG glance.api.middleware.version_negotiation [None req-8f75d18e-aa5f-422d-9d0f-029dc42a76b4 tempest-ServerActionsV293TestJSON-526186884 tempest-ServerActionsV293TestJSON-526186884-project-member] Determining version of request: GET /v2/schemas/image Accept: */* {{(pid=99723) process_request /opt/stack/glance/glance/api/middleware/version_negotiation.py:44}}
Jul 20 14:34:37.331711 np0000005501 devstack@g-api.service[99723]: DEBUG glance.api.middleware.version_negotiation [None req-8f75d18e-aa5f-422d-9d0f-029dc42a76b4 tempest-ServerActionsV293TestJSON-526186884 tempest-ServerActionsV293TestJSON-526186884-project-member] Using url versioning {{(pid=99723) process_request /opt/stack/glance/glance/api/middleware/version_negotiation.py:57}}
Jul 20 14:34:37.331711 np0000005501 devstack@g-api.service[99723]: DEBUG glance.api.middleware.version_negotiation [None req-8f75d18e-aa5f-422d-9d0f-029dc42a76b4 tempest-ServerActionsV293TestJSON-526186884 tempest-ServerActionsV293TestJSON-526186884-project-member] Matched version: v2 {{(pid=99723) process_request /opt/stack/glance/glance/api/middleware/version_negotiation.py:69}}
Jul 20 14:34:37.332082 np0000005501 devstack@g-api.service[99723]: DEBUG glance.api.middleware.version_negotiation [None req-8f75d18e-aa5f-422d-9d0f-029dc42a76b4 tempest-ServerActionsV293TestJSON-526186884 tempest-ServerActionsV293TestJSON-526186884-project-member] new path /v2/schemas/image {{(pid=99723) process_request /opt/stack/glance/glance/api/middleware/version_negotiation.py:70}}
Jul 20 14:34:37.336354 np0000005501 devstack@g-api.service[99723]: [pid: 99723|app: 0|req: 41/120] 127.0.0.1 () {44 vars in 1055 bytes} [Mon Jul 20 14:34:37 2026] GET /v2/schemas/image => generated 6083 bytes in 6 msecs (HTTP/1.1 200) 4 headers in 158 bytes (1 switches on core 0)
Jul 20 14:34:37.370261 np0000005501 devstack@g-api.service[99725]: DEBUG glance.api.middleware.version_negotiation [None req-8f75d18e-aa5f-422d-9d0f-029dc42a76b4 tempest-ServerActionsV293TestJSON-526186884 tempest-ServerActionsV293TestJSON-526186884-project-member] Determining version of request: GET /v2/images/55ddd7eb-d5bf-45b2-b97c-9d72234d2cfa Accept: */* {{(pid=99725) process_request /opt/stack/glance/glance/api/middleware/version_negotiation.py:44}}
Jul 20 14:34:37.370477 np0000005501 devstack@g-api.service[99725]: DEBUG glance.api.middleware.version_negotiation [None req-8f75d18e-aa5f-422d-9d0f-029dc42a76b4 tempest-ServerActionsV293TestJSON-526186884 tempest-ServerActionsV293TestJSON-526186884-project-member] Using url versioning {{(pid=99725) process_request /opt/stack/glance/glance/api/middleware/version_negotiation.py:57}}
Jul 20 14:34:37.370639 np0000005501 devstack@g-api.service[99725]: DEBUG glance.api.middleware.version_negotiation [None req-8f75d18e-aa5f-422d-9d0f-029dc42a76b4 tempest-ServerActionsV293TestJSON-526186884 tempest-ServerActionsV293TestJSON-526186884-project-member] Matched version: v2 {{(pid=99725) process_request /opt/stack/glance/glance/api/middleware/version_negotiation.py:69}}
Jul 20 14:34:37.370765 np0000005501 devstack@g-api.service[99725]: DEBUG glance.api.middleware.version_negotiation [None req-8f75d18e-aa5f-422d-9d0f-029dc42a76b4 tempest-ServerActionsV293TestJSON-526186884 tempest-ServerActionsV293TestJSON-526186884-project-member] new path /v2/images/55ddd7eb-d5bf-45b2-b97c-9d72234d2cfa {{(pid=99725) process_request /opt/stack/glance/glance/api/middleware/version_negotiation.py:70}}
Jul 20 14:34:37.381010 np0000005501 devstack@g-api.service[99725]: [pid: 99725|app: 0|req: 43/121] 127.0.0.1 () {44 vars in 1115 bytes} [Mon Jul 20 14:34:37 2026] GET /v2/images/55ddd7eb-d5bf-45b2-b97c-9d72234d2cfa => generated 1044 bytes in 11 msecs (HTTP/1.1 200) 4 headers in 158 bytes (1 switches on core 0)
Jul 20 14:34:37.391539 np0000005501 devstack@g-api.service[99723]: DEBUG glance.api.middleware.version_negotiation [None req-8f75d18e-aa5f-422d-9d0f-029dc42a76b4 tempest-ServerActionsV293TestJSON-526186884 tempest-ServerActionsV293TestJSON-526186884-project-member] Determining version of request: GET /v2/schemas/image Accept: */* {{(pid=99723) process_request /opt/stack/glance/glance/api/middleware/version_negotiation.py:44}}
Jul 20 14:34:37.391539 np0000005501 devstack@g-api.service[99723]: DEBUG glance.api.middleware.version_negotiation [None req-8f75d18e-aa5f-422d-9d0f-029dc42a76b4 tempest-ServerActionsV293TestJSON-526186884 tempest-ServerActionsV293TestJSON-526186884-project-member] Using url versioning {{(pid=99723) process_request /opt/stack/glance/glance/api/middleware/version_negotiation.py:57}}
Jul 20 14:34:37.391539 np0000005501 devstack@g-api.service[99723]: DEBUG glance.api.middleware.version_negotiation [None req-8f75d18e-aa5f-422d-9d0f-029dc42a76b4 tempest-ServerActionsV293TestJSON-526186884 tempest-ServerActionsV293TestJSON-526186884-project-member] Matched version: v2 {{(pid=99723) process_request /opt/stack/glance/glance/api/middleware/version_negotiation.py:69}}
Jul 20 14:34:37.391539 np0000005501 devstack@g-api.service[99723]: DEBUG glance.api.middleware.version_negotiation [None req-8f75d18e-aa5f-422d-9d0f-029dc42a76b4 tempest-ServerActionsV293TestJSON-526186884 tempest-ServerActionsV293TestJSON-526186884-project-member] new path /v2/schemas/image {{(pid=99723) process_request /opt/stack/glance/glance/api/middleware/version_negotiation.py:70}}
Jul 20 14:34:37.401824 np0000005501 devstack@g-api.service[99723]: [pid: 99723|app: 0|req: 42/122] 127.0.0.1 () {44 vars in 1055 bytes} [Mon Jul 20 14:34:37 2026] GET /v2/schemas/image => generated 6083 bytes in 12 msecs (HTTP/1.1 200) 4 headers in 158 bytes (1 switches on core 0)
Jul 20 14:34:37.402090 np0000005501 devstack@g-api.service[99724]: DEBUG swiftclient [None req-87c88dbe-598f-4ed4-8ed1-0c7618c1bc60 tempest-ServerStableDeviceRescueTest-377461276 tempest-ServerStableDeviceRescueTest-377461276-project-member] REQ: curl -i https://10.4.3.252:8080/v1/AUTH_6d79edd61dcb48b2a999e3e9ac1ec015/glance -I -H "X-Auth-Token: gAAAAABqXjH8a7i3..." {{(pid=99724) http_log /opt/stack/data/venv/lib/python3.12/site-packages/swiftclient/client.py:160}}
Jul 20 14:34:37.402453 np0000005501 devstack@g-api.service[99724]: DEBUG swiftclient [None req-87c88dbe-598f-4ed4-8ed1-0c7618c1bc60 tempest-ServerStableDeviceRescueTest-377461276 tempest-ServerStableDeviceRescueTest-377461276-project-member] RESP STATUS: 204 No Content {{(pid=99724) http_log /opt/stack/data/venv/lib/python3.12/site-packages/swiftclient/client.py:161}}
Jul 20 14:34:37.402453 np0000005501 devstack@g-api.service[99724]: DEBUG swiftclient [None req-87c88dbe-598f-4ed4-8ed1-0c7618c1bc60 tempest-ServerStableDeviceRescueTest-377461276 tempest-ServerStableDeviceRescueTest-377461276-project-member] RESP HEADERS: {'Date': 'Mon, 20 Jul 2026 14:34:37 GMT', 'Server': 'Apache/2.4.58 (Ubuntu)', 'Content-Type': 'text/plain; charset=utf-8', 'X-Container-Object-Count': '5', 'X-Container-Bytes-Used': '86048768', 'X-Timestamp': '1784557895.58777', 'Last-Modified': 'Mon, 20 Jul 2026 14:31:36 GMT', 'Accept-Ranges': 'bytes', 'X-Storage-Policy': 'Policy-0', 'X-Container-Sharding': 'False', 'Vary': 'Accept', 'X-Trans-Id': 'txa0ae4a028e7a4a5a9cfb2-006a5e31fd', 'X-Openstack-Request-Id': 'txa0ae4a028e7a4a5a9cfb2-006a5e31fd', 'Connection': 'close'} {{(pid=99724) http_log /opt/stack/data/venv/lib/python3.12/site-packages/swiftclient/client.py:162}}
Jul 20 14:34:37.402787 np0000005501 devstack@g-api.service[99724]: DEBUG glance_store._drivers.swift.store [None req-87c88dbe-598f-4ed4-8ed1-0c7618c1bc60 tempest-ServerStableDeviceRescueTest-377461276 tempest-ServerStableDeviceRescueTest-377461276-project-member] Adding image object '01bc42fa-e785-4301-8f90-2396227605a1' to Swift {{(pid=99724) add /opt/stack/data/venv/lib/python3.12/site-packages/glance_store/_drivers/swift/store.py:970}}
Jul 20 14:34:37.402787 np0000005501 devstack@g-api.service[99724]: DEBUG glance_store._drivers.swift.store [None req-87c88dbe-598f-4ed4-8ed1-0c7618c1bc60 tempest-ServerStableDeviceRescueTest-377461276 tempest-ServerStableDeviceRescueTest-377461276-project-member] Cannot determine image size because it is either not provided in the request or chunked-transfer encoding is used. Adding image as a segmented object to Swift. {{(pid=99724) add /opt/stack/data/venv/lib/python3.12/site-packages/glance_store/_drivers/swift/store.py:994}}
Jul 20 14:34:37.411231 np0000005501 devstack@g-api.service[99725]: DEBUG glance.api.middleware.version_negotiation [None req-8f75d18e-aa5f-422d-9d0f-029dc42a76b4 tempest-ServerActionsV293TestJSON-526186884 tempest-ServerActionsV293TestJSON-526186884-project-member] Determining version of request: GET /v2/schemas/image Accept: */* {{(pid=99725) process_request /opt/stack/glance/glance/api/middleware/version_negotiation.py:44}}
Jul 20 14:34:37.411964 np0000005501 devstack@g-api.service[99725]: DEBUG glance.api.middleware.version_negotiation [None req-8f75d18e-aa5f-422d-9d0f-029dc42a76b4 tempest-ServerActionsV293TestJSON-526186884 tempest-ServerActionsV293TestJSON-526186884-project-member] Using url versioning {{(pid=99725) process_request /opt/stack/glance/glance/api/middleware/version_negotiation.py:57}}
Jul 20 14:34:37.412053 np0000005501 devstack@g-api.service[99724]: DEBUG oslo_utils.imageutils.format_inspector [None req-87c88dbe-598f-4ed4-8ed1-0c7618c1bc60 tempest-ServerStableDeviceRescueTest-377461276 tempest-ServerStableDeviceRescueTest-377461276-project-member] Format inspector for vmdk does not match, excluding from consideration (Signature KDMV not found: b'QFI\xfb') {{(pid=99724) _process_chunk /opt/stack/data/venv/lib/python3.12/site-packages/oslo_utils/imageutils/format_inspector.py:1758}}
Jul 20 14:34:37.412101 np0000005501 devstack@g-api.service[99725]: DEBUG glance.api.middleware.version_negotiation [None req-8f75d18e-aa5f-422d-9d0f-029dc42a76b4 tempest-ServerActionsV293TestJSON-526186884 tempest-ServerActionsV293TestJSON-526186884-project-member] Matched version: v2 {{(pid=99725) process_request /opt/stack/glance/glance/api/middleware/version_negotiation.py:69}}
Jul 20 14:34:37.412244 np0000005501 devstack@g-api.service[99725]: DEBUG glance.api.middleware.version_negotiation [None req-8f75d18e-aa5f-422d-9d0f-029dc42a76b4 tempest-ServerActionsV293TestJSON-526186884 tempest-ServerActionsV293TestJSON-526186884-project-member] new path /v2/schemas/image {{(pid=99725) process_request /opt/stack/glance/glance/api/middleware/version_negotiation.py:70}}
Jul 20 14:34:37.414605 np0000005501 devstack@g-api.service[99724]: DEBUG oslo_utils.imageutils.format_inspector [None req-87c88dbe-598f-4ed4-8ed1-0c7618c1bc60 tempest-ServerStableDeviceRescueTest-377461276 tempest-ServerStableDeviceRescueTest-377461276-project-member] Format inspector for vhdx does not match, excluding from consideration (Region signature not found at 30000) {{(pid=99724) _process_chunk /opt/stack/data/venv/lib/python3.12/site-packages/oslo_utils/imageutils/format_inspector.py:1758}}
Jul 20 14:34:37.416226 np0000005501 devstack@g-api.service[99725]: [pid: 99725|app: 0|req: 44/123] 127.0.0.1 () {44 vars in 1055 bytes} [Mon Jul 20 14:34:37 2026] GET /v2/schemas/image => generated 6083 bytes in 5 msecs (HTTP/1.1 200) 4 headers in 158 bytes (1 switches on core 0)
Jul 20 14:34:37.694578 np0000005501 devstack@g-api.service[99723]: DEBUG glance.api.middleware.version_negotiation [None req-8f75d18e-aa5f-422d-9d0f-029dc42a76b4 tempest-ServerActionsV293TestJSON-526186884 tempest-ServerActionsV293TestJSON-526186884-project-member] Determining version of request: GET /versions Accept: */* {{(pid=99723) process_request /opt/stack/glance/glance/api/middleware/version_negotiation.py:44}}
Jul 20 14:34:37.694578 np0000005501 devstack@g-api.service[99723]: [pid: 99723|app: 0|req: 43/124] 127.0.0.1 () {44 vars in 1039 bytes} [Mon Jul 20 14:34:37 2026] GET /versions => generated 1515 bytes in 1 msecs (HTTP/1.1 200) 3 headers in 92 bytes (1 switches on core 0)
Jul 20 14:34:37.707871 np0000005501 devstack@g-api.service[99725]: DEBUG glance.api.middleware.version_negotiation [None req-8f75d18e-aa5f-422d-9d0f-029dc42a76b4 tempest-ServerActionsV293TestJSON-526186884 tempest-ServerActionsV293TestJSON-526186884-project-member] Determining version of request: GET /v2/images/55ddd7eb-d5bf-45b2-b97c-9d72234d2cfa/locations Accept: */* {{(pid=99725) process_request /opt/stack/glance/glance/api/middleware/version_negotiation.py:44}}
Jul 20 14:34:37.709102 np0000005501 devstack@g-api.service[99725]: DEBUG glance.api.middleware.version_negotiation [None req-8f75d18e-aa5f-422d-9d0f-029dc42a76b4 tempest-ServerActionsV293TestJSON-526186884 tempest-ServerActionsV293TestJSON-526186884-project-member] Using url versioning {{(pid=99725) process_request /opt/stack/glance/glance/api/middleware/version_negotiation.py:57}}
Jul 20 14:34:37.709102 np0000005501 devstack@g-api.service[99725]: DEBUG glance.api.middleware.version_negotiation [None req-8f75d18e-aa5f-422d-9d0f-029dc42a76b4 tempest-ServerActionsV293TestJSON-526186884 tempest-ServerActionsV293TestJSON-526186884-project-member] Matched version: v2 {{(pid=99725) process_request /opt/stack/glance/glance/api/middleware/version_negotiation.py:69}}
Jul 20 14:34:37.709102 np0000005501 devstack@g-api.service[99725]: DEBUG glance.api.middleware.version_negotiation [None req-8f75d18e-aa5f-422d-9d0f-029dc42a76b4 tempest-ServerActionsV293TestJSON-526186884 tempest-ServerActionsV293TestJSON-526186884-project-member] new path /v2/images/55ddd7eb-d5bf-45b2-b97c-9d72234d2cfa/locations {{(pid=99725) process_request /opt/stack/glance/glance/api/middleware/version_negotiation.py:70}}
Jul 20 14:34:37.957116 np0000005501 devstack@g-api.service[99725]: [pid: 99725|app: 0|req: 45/125] 127.0.0.1 () {44 vars in 1135 bytes} [Mon Jul 20 14:34:37 2026] GET /v2/images/55ddd7eb-d5bf-45b2-b97c-9d72234d2cfa/locations => generated 92 bytes in 249 msecs (HTTP/1.1 200) 4 headers in 156 bytes (1 switches on core 0)
Jul 20 14:34:38.054430 np0000005501 devstack@g-api.service[99724]: DEBUG swiftclient [None req-87c88dbe-598f-4ed4-8ed1-0c7618c1bc60 tempest-ServerStableDeviceRescueTest-377461276 tempest-ServerStableDeviceRescueTest-377461276-project-member] REQ: curl -i https://10.4.3.252:8080/v1/AUTH_6d79edd61dcb48b2a999e3e9ac1ec015/glance/01bc42fa-e785-4301-8f90-2396227605a1-00001 -X PUT -H "X-Auth-Token: gAAAAABqXjH8a7i3..." {{(pid=99724) http_log /opt/stack/data/venv/lib/python3.12/site-packages/swiftclient/client.py:160}}
Jul 20 14:34:38.055014 np0000005501 devstack@g-api.service[99724]: DEBUG swiftclient [None req-87c88dbe-598f-4ed4-8ed1-0c7618c1bc60 tempest-ServerStableDeviceRescueTest-377461276 tempest-ServerStableDeviceRescueTest-377461276-project-member] RESP STATUS: 201 Created {{(pid=99724) http_log /opt/stack/data/venv/lib/python3.12/site-packages/swiftclient/client.py:161}}
Jul 20 14:34:38.055014 np0000005501 devstack@g-api.service[99724]: DEBUG swiftclient [None req-87c88dbe-598f-4ed4-8ed1-0c7618c1bc60 tempest-ServerStableDeviceRescueTest-377461276 tempest-ServerStableDeviceRescueTest-377461276-project-member] RESP HEADERS: {'Date': 'Mon, 20 Jul 2026 14:34:38 GMT', 'Server': 'Apache/2.4.58 (Ubuntu)', 'Content-Type': 'text/html; charset=UTF-8', 'Content-Length': '0', 'Etag': '8ee42b76d2c475883601afe8494205f2', 'Last-Modified': 'Mon, 20 Jul 2026 14:34:38 GMT', 'X-Trans-Id': 'txdd8ecdf9e195472cb4df0-006a5e31fd', 'X-Openstack-Request-Id': 'txdd8ecdf9e195472cb4df0-006a5e31fd', 'Connection': 'close'} {{(pid=99724) http_log /opt/stack/data/venv/lib/python3.12/site-packages/swiftclient/client.py:162}}
Jul 20 14:34:38.055150 np0000005501 devstack@g-api.service[99724]: DEBUG glance_store._drivers.swift.store [None req-87c88dbe-598f-4ed4-8ed1-0c7618c1bc60 tempest-ServerStableDeviceRescueTest-377461276 tempest-ServerStableDeviceRescueTest-377461276-project-member] Wrote chunk 01bc42fa-e785-4301-8f90-2396227605a1-00001 (1/?) of length 54067200 to Swift returning MD5 of content: 8ee42b76d2c475883601afe8494205f2 {{(pid=99724) add /opt/stack/data/venv/lib/python3.12/site-packages/glance_store/_drivers/swift/store.py:1059}}
Jul 20 14:34:38.055400 np0000005501 devstack@g-api.service[99724]: DEBUG glance_store._drivers.swift.store [None req-87c88dbe-598f-4ed4-8ed1-0c7618c1bc60 tempest-ServerStableDeviceRescueTest-377461276 tempest-ServerStableDeviceRescueTest-377461276-project-member] Not writing zero-length chunk. {{(pid=99724) add /opt/stack/data/venv/lib/python3.12/site-packages/glance_store/_drivers/swift/store.py:1028}}
Jul 20 14:34:38.075674 np0000005501 devstack@g-api.service[99723]: DEBUG glance.api.middleware.version_negotiation [None req-8f75d18e-aa5f-422d-9d0f-029dc42a76b4 tempest-ServerActionsV293TestJSON-526186884 tempest-ServerActionsV293TestJSON-526186884-project-member] Determining version of request: GET /v2/images/55ddd7eb-d5bf-45b2-b97c-9d72234d2cfa Accept: */* {{(pid=99723) process_request /opt/stack/glance/glance/api/middleware/version_negotiation.py:44}}
Jul 20 14:34:38.076214 np0000005501 devstack@g-api.service[99723]: DEBUG glance.api.middleware.version_negotiation [None req-8f75d18e-aa5f-422d-9d0f-029dc42a76b4 tempest-ServerActionsV293TestJSON-526186884 tempest-ServerActionsV293TestJSON-526186884-project-member] Using url versioning {{(pid=99723) process_request /opt/stack/glance/glance/api/middleware/version_negotiation.py:57}}
Jul 20 14:34:38.076214 np0000005501 devstack@g-api.service[99723]: DEBUG glance.api.middleware.version_negotiation [None req-8f75d18e-aa5f-422d-9d0f-029dc42a76b4 tempest-ServerActionsV293TestJSON-526186884 tempest-ServerActionsV293TestJSON-526186884-project-member] Matched version: v2 {{(pid=99723) process_request /opt/stack/glance/glance/api/middleware/version_negotiation.py:69}}
Jul 20 14:34:38.076336 np0000005501 devstack@g-api.service[99723]: DEBUG glance.api.middleware.version_negotiation [None req-8f75d18e-aa5f-422d-9d0f-029dc42a76b4 tempest-ServerActionsV293TestJSON-526186884 tempest-ServerActionsV293TestJSON-526186884-project-member] new path /v2/images/55ddd7eb-d5bf-45b2-b97c-9d72234d2cfa {{(pid=99723) process_request /opt/stack/glance/glance/api/middleware/version_negotiation.py:70}}
Jul 20 14:34:38.096544 np0000005501 devstack@g-api.service[99724]: DEBUG swiftclient [None req-87c88dbe-598f-4ed4-8ed1-0c7618c1bc60 tempest-ServerStableDeviceRescueTest-377461276 tempest-ServerStableDeviceRescueTest-377461276-project-member] REQ: curl -i https://10.4.3.252:8080/v1/AUTH_6d79edd61dcb48b2a999e3e9ac1ec015/glance/01bc42fa-e785-4301-8f90-2396227605a1 -X PUT -H "X-Object-Manifest: glance/01bc42fa-e785-4301-8f90-2396227605a1-" -H "X-Auth-Token: gAAAAABqXjH8a7i3..." -H "Content-Length: 0" {{(pid=99724) http_log /opt/stack/data/venv/lib/python3.12/site-packages/swiftclient/client.py:160}}
Jul 20 14:34:38.097845 np0000005501 devstack@g-api.service[99724]: DEBUG swiftclient [None req-87c88dbe-598f-4ed4-8ed1-0c7618c1bc60 tempest-ServerStableDeviceRescueTest-377461276 tempest-ServerStableDeviceRescueTest-377461276-project-member] RESP STATUS: 201 Created {{(pid=99724) http_log /opt/stack/data/venv/lib/python3.12/site-packages/swiftclient/client.py:161}}
Jul 20 14:34:38.097845 np0000005501 devstack@g-api.service[99724]: DEBUG swiftclient [None req-87c88dbe-598f-4ed4-8ed1-0c7618c1bc60 tempest-ServerStableDeviceRescueTest-377461276 tempest-ServerStableDeviceRescueTest-377461276-project-member] RESP HEADERS: {'Date': 'Mon, 20 Jul 2026 14:34:38 GMT', 'Server': 'Apache/2.4.58 (Ubuntu)', 'Content-Type': 'text/html; charset=UTF-8', 'Content-Length': '0', 'Etag': 'd41d8cd98f00b204e9800998ecf8427e', 'Last-Modified': 'Mon, 20 Jul 2026 14:34:39 GMT', 'X-Trans-Id': 'txaae555e4474e42e5bc844-006a5e31fe', 'X-Openstack-Request-Id': 'txaae555e4474e42e5bc844-006a5e31fe', 'Connection': 'close'} {{(pid=99724) http_log /opt/stack/data/venv/lib/python3.12/site-packages/swiftclient/client.py:162}}
Jul 20 14:34:38.097845 np0000005501 devstack@g-api.service[99724]: INFO glance.location [None req-87c88dbe-598f-4ed4-8ed1-0c7618c1bc60 tempest-ServerStableDeviceRescueTest-377461276 tempest-ServerStableDeviceRescueTest-377461276-project-member] Image format matched and virtual size computed: 1073741824
Jul 20 14:34:38.098763 np0000005501 devstack@g-api.service[99723]: [pid: 99723|app: 0|req: 44/126] 127.0.0.1 () {44 vars in 1115 bytes} [Mon Jul 20 14:34:38 2026] GET /v2/images/55ddd7eb-d5bf-45b2-b97c-9d72234d2cfa => generated 1044 bytes in 23 msecs (HTTP/1.1 200) 4 headers in 158 bytes (1 switches on core 0)
Jul 20 14:34:38.118947 np0000005501 devstack@g-api.service[99725]: DEBUG glance.api.middleware.version_negotiation [None req-8f75d18e-aa5f-422d-9d0f-029dc42a76b4 service glance] Determining version of request: GET /v2/schemas/image Accept: */* {{(pid=99725) process_request /opt/stack/glance/glance/api/middleware/version_negotiation.py:44}}
Jul 20 14:34:38.118947 np0000005501 devstack@g-api.service[99725]: DEBUG glance.api.middleware.version_negotiation [None req-8f75d18e-aa5f-422d-9d0f-029dc42a76b4 service glance] Using url versioning {{(pid=99725) process_request /opt/stack/glance/glance/api/middleware/version_negotiation.py:57}}
Jul 20 14:34:38.118947 np0000005501 devstack@g-api.service[99725]: DEBUG glance.api.middleware.version_negotiation [None req-8f75d18e-aa5f-422d-9d0f-029dc42a76b4 service glance] Matched version: v2 {{(pid=99725) process_request /opt/stack/glance/glance/api/middleware/version_negotiation.py:69}}
Jul 20 14:34:38.118947 np0000005501 devstack@g-api.service[99725]: DEBUG glance.api.middleware.version_negotiation [None req-8f75d18e-aa5f-422d-9d0f-029dc42a76b4 service glance] new path /v2/schemas/image {{(pid=99725) process_request /opt/stack/glance/glance/api/middleware/version_negotiation.py:70}}
Jul 20 14:34:38.126491 np0000005501 devstack@g-api.service[99725]: [pid: 99725|app: 0|req: 46/127] 127.0.0.1 () {44 vars in 1055 bytes} [Mon Jul 20 14:34:38 2026] GET /v2/schemas/image => generated 6083 bytes in 9 msecs (HTTP/1.1 200) 4 headers in 158 bytes (1 switches on core 0)
Jul 20 14:34:38.139575 np0000005501 devstack@g-api.service[99723]: DEBUG glance.api.middleware.version_negotiation [None req-8f75d18e-aa5f-422d-9d0f-029dc42a76b4 tempest-ServerActionsV293TestJSON-526186884 tempest-ServerActionsV293TestJSON-526186884-project-member] Determining version of request: GET /v2/schemas/image Accept: */* {{(pid=99723) process_request /opt/stack/glance/glance/api/middleware/version_negotiation.py:44}}
Jul 20 14:34:38.139794 np0000005501 devstack@g-api.service[99723]: DEBUG glance.api.middleware.version_negotiation [None req-8f75d18e-aa5f-422d-9d0f-029dc42a76b4 tempest-ServerActionsV293TestJSON-526186884 tempest-ServerActionsV293TestJSON-526186884-project-member] Using url versioning {{(pid=99723) process_request /opt/stack/glance/glance/api/middleware/version_negotiation.py:57}}
Jul 20 14:34:38.140217 np0000005501 devstack@g-api.service[99723]: DEBUG glance.api.middleware.version_negotiation [None req-8f75d18e-aa5f-422d-9d0f-029dc42a76b4 tempest-ServerActionsV293TestJSON-526186884 tempest-ServerActionsV293TestJSON-526186884-project-member] Matched version: v2 {{(pid=99723) process_request /opt/stack/glance/glance/api/middleware/version_negotiation.py:69}}
Jul 20 14:34:38.141228 np0000005501 devstack@g-api.service[99723]: DEBUG glance.api.middleware.version_negotiation [None req-8f75d18e-aa5f-422d-9d0f-029dc42a76b4 tempest-ServerActionsV293TestJSON-526186884 tempest-ServerActionsV293TestJSON-526186884-project-member] new path /v2/schemas/image {{(pid=99723) process_request /opt/stack/glance/glance/api/middleware/version_negotiation.py:70}}
Jul 20 14:34:38.146058 np0000005501 devstack@g-api.service[99723]: [pid: 99723|app: 0|req: 45/128] 127.0.0.1 () {44 vars in 1055 bytes} [Mon Jul 20 14:34:38 2026] GET /v2/schemas/image => generated 6083 bytes in 7 msecs (HTTP/1.1 200) 4 headers in 158 bytes (1 switches on core 0)
Jul 20 14:34:38.169183 np0000005501 devstack@g-api.service[99724]: DEBUG glance_store.backend [None req-87c88dbe-598f-4ed4-8ed1-0c7618c1bc60 tempest-ServerStableDeviceRescueTest-377461276 tempest-ServerStableDeviceRescueTest-377461276-project-member] Attempting to import store swift {{(pid=99724) _load_store /opt/stack/data/venv/lib/python3.12/site-packages/glance_store/backend.py:215}}
Jul 20 14:34:38.171558 np0000005501 devstack@g-api.service[99724]: DEBUG glance_store.capabilities [None req-87c88dbe-598f-4ed4-8ed1-0c7618c1bc60 tempest-ServerStableDeviceRescueTest-377461276 tempest-ServerStableDeviceRescueTest-377461276-project-member] Store glance_store._drivers.swift.store.SingleTenantStore doesn't support updating dynamic storage capabilities. Please overwrite 'update_capabilities' method of the store to implement updating logics if needed. {{(pid=99724) update_capabilities /opt/stack/data/venv/lib/python3.12/site-packages/glance_store/capabilities.py:91}}
Jul 20 14:34:38.171558 np0000005501 devstack@g-api.service[99724]: DEBUG glance_store.driver [None req-87c88dbe-598f-4ed4-8ed1-0c7618c1bc60 tempest-ServerStableDeviceRescueTest-377461276 tempest-ServerStableDeviceRescueTest-377461276-project-member] Late loading location class glance_store._drivers.swift.store.StoreLocation {{(pid=99724) get_store_location_class /opt/stack/data/venv/lib/python3.12/site-packages/glance_store/driver.py:134}}
Jul 20 14:34:38.171656 np0000005501 devstack@g-api.service[99724]: DEBUG glance_store.location [None req-87c88dbe-598f-4ed4-8ed1-0c7618c1bc60 tempest-ServerStableDeviceRescueTest-377461276 tempest-ServerStableDeviceRescueTest-377461276-project-member] Registering scheme swift+https with {'store': , 'location_class': , 'store_entry': 'swift'} {{(pid=99724) register_scheme_map /opt/stack/data/venv/lib/python3.12/site-packages/glance_store/location.py:146}}
Jul 20 14:34:38.171798 np0000005501 devstack@g-api.service[99724]: DEBUG glance_store.location [None req-87c88dbe-598f-4ed4-8ed1-0c7618c1bc60 tempest-ServerStableDeviceRescueTest-377461276 tempest-ServerStableDeviceRescueTest-377461276-project-member] Registering scheme swift+https with {'store': , 'location_class': , 'store_entry': 'swift'} {{(pid=99724) register_scheme_map /opt/stack/data/venv/lib/python3.12/site-packages/glance_store/location.py:146}}
Jul 20 14:34:38.171849 np0000005501 devstack@g-api.service[99724]: DEBUG glance_store.location [None req-87c88dbe-598f-4ed4-8ed1-0c7618c1bc60 tempest-ServerStableDeviceRescueTest-377461276 tempest-ServerStableDeviceRescueTest-377461276-project-member] Registering scheme swift with {'store': , 'location_class': , 'store_entry': 'swift'} {{(pid=99724) register_scheme_map /opt/stack/data/venv/lib/python3.12/site-packages/glance_store/location.py:146}}
Jul 20 14:34:38.172173 np0000005501 devstack@g-api.service[99724]: DEBUG glance_store.location [None req-87c88dbe-598f-4ed4-8ed1-0c7618c1bc60 tempest-ServerStableDeviceRescueTest-377461276 tempest-ServerStableDeviceRescueTest-377461276-project-member] Registering scheme swift+https with {'store': , 'location_class': , 'store_entry': 'swift'} {{(pid=99724) register_scheme_map /opt/stack/data/venv/lib/python3.12/site-packages/glance_store/location.py:146}}
Jul 20 14:34:38.172291 np0000005501 devstack@g-api.service[99724]: DEBUG glance_store.location [None req-87c88dbe-598f-4ed4-8ed1-0c7618c1bc60 tempest-ServerStableDeviceRescueTest-377461276 tempest-ServerStableDeviceRescueTest-377461276-project-member] Registering scheme swift with {'store': , 'location_class': , 'store_entry': 'swift'} {{(pid=99724) register_scheme_map /opt/stack/data/venv/lib/python3.12/site-packages/glance_store/location.py:146}}
Jul 20 14:34:38.172401 np0000005501 devstack@g-api.service[99724]: DEBUG glance_store.location [None req-87c88dbe-598f-4ed4-8ed1-0c7618c1bc60 tempest-ServerStableDeviceRescueTest-377461276 tempest-ServerStableDeviceRescueTest-377461276-project-member] Registering scheme swift+http with {'store': , 'location_class': , 'store_entry': 'swift'} {{(pid=99724) register_scheme_map /opt/stack/data/venv/lib/python3.12/site-packages/glance_store/location.py:146}}
Jul 20 14:34:38.172505 np0000005501 devstack@g-api.service[99724]: DEBUG glance_store.location [None req-87c88dbe-598f-4ed4-8ed1-0c7618c1bc60 tempest-ServerStableDeviceRescueTest-377461276 tempest-ServerStableDeviceRescueTest-377461276-project-member] Registering scheme swift+https with {'store': , 'location_class': , 'store_entry': 'swift'} {{(pid=99724) register_scheme_map /opt/stack/data/venv/lib/python3.12/site-packages/glance_store/location.py:146}}
Jul 20 14:34:38.172628 np0000005501 devstack@g-api.service[99724]: DEBUG glance_store.location [None req-87c88dbe-598f-4ed4-8ed1-0c7618c1bc60 tempest-ServerStableDeviceRescueTest-377461276 tempest-ServerStableDeviceRescueTest-377461276-project-member] Registering scheme swift with {'store': , 'location_class': , 'store_entry': 'swift'} {{(pid=99724) register_scheme_map /opt/stack/data/venv/lib/python3.12/site-packages/glance_store/location.py:146}}
Jul 20 14:34:38.175980 np0000005501 devstack@g-api.service[99724]: DEBUG glance_store.location [None req-87c88dbe-598f-4ed4-8ed1-0c7618c1bc60 tempest-ServerStableDeviceRescueTest-377461276 tempest-ServerStableDeviceRescueTest-377461276-project-member] Registering scheme swift+http with {'store': , 'location_class': , 'store_entry': 'swift'} {{(pid=99724) register_scheme_map /opt/stack/data/venv/lib/python3.12/site-packages/glance_store/location.py:146}}
Jul 20 14:34:38.175980 np0000005501 devstack@g-api.service[99724]: DEBUG glance_store.location [None req-87c88dbe-598f-4ed4-8ed1-0c7618c1bc60 tempest-ServerStableDeviceRescueTest-377461276 tempest-ServerStableDeviceRescueTest-377461276-project-member] Registering scheme swift+config with {'store': , 'location_class': , 'store_entry': 'swift'} {{(pid=99724) register_scheme_map /opt/stack/data/venv/lib/python3.12/site-packages/glance_store/location.py:146}}
Jul 20 14:34:38.175980 np0000005501 devstack@g-api.service[99724]: DEBUG glance_store.backend [None req-87c88dbe-598f-4ed4-8ed1-0c7618c1bc60 tempest-ServerStableDeviceRescueTest-377461276 tempest-ServerStableDeviceRescueTest-377461276-project-member] Skipping store.set_acls... not implemented. {{(pid=99724) set_acls /opt/stack/data/venv/lib/python3.12/site-packages/glance_store/backend.py:507}}
Jul 20 14:34:38.176764 np0000005501 devstack@g-api.service[99724]: [pid: 99724|app: 0|req: 38/129] 127.0.0.1 () {46 vars in 1158 bytes} [Mon Jul 20 14:34:34 2026] PUT /v2/images/01bc42fa-e785-4301-8f90-2396227605a1/file => generated 0 bytes in 3458 msecs (HTTP/1.1 204) 4 headers in 171 bytes (1 switches on core 0)
Jul 20 14:34:38.249321 np0000005501 devstack@g-api.service[99725]: DEBUG glance.api.middleware.version_negotiation [None req-8f75d18e-aa5f-422d-9d0f-029dc42a76b4 tempest-ServerActionsV293TestJSON-526186884 tempest-ServerActionsV293TestJSON-526186884-project-member] Determining version of request: GET /v2/images/01bc42fa-e785-4301-8f90-2396227605a1 Accept: */* {{(pid=99725) process_request /opt/stack/glance/glance/api/middleware/version_negotiation.py:44}}
Jul 20 14:34:38.249549 np0000005501 devstack@g-api.service[99725]: DEBUG glance.api.middleware.version_negotiation [None req-8f75d18e-aa5f-422d-9d0f-029dc42a76b4 tempest-ServerActionsV293TestJSON-526186884 tempest-ServerActionsV293TestJSON-526186884-project-member] Using url versioning {{(pid=99725) process_request /opt/stack/glance/glance/api/middleware/version_negotiation.py:57}}
Jul 20 14:34:38.250435 np0000005501 devstack@g-api.service[99725]: DEBUG glance.api.middleware.version_negotiation [None req-8f75d18e-aa5f-422d-9d0f-029dc42a76b4 tempest-ServerActionsV293TestJSON-526186884 tempest-ServerActionsV293TestJSON-526186884-project-member] Matched version: v2 {{(pid=99725) process_request /opt/stack/glance/glance/api/middleware/version_negotiation.py:69}}
Jul 20 14:34:38.250435 np0000005501 devstack@g-api.service[99725]: DEBUG glance.api.middleware.version_negotiation [None req-8f75d18e-aa5f-422d-9d0f-029dc42a76b4 tempest-ServerActionsV293TestJSON-526186884 tempest-ServerActionsV293TestJSON-526186884-project-member] new path /v2/images/01bc42fa-e785-4301-8f90-2396227605a1 {{(pid=99725) process_request /opt/stack/glance/glance/api/middleware/version_negotiation.py:70}}
Jul 20 14:34:38.269049 np0000005501 devstack@g-api.service[99725]: [pid: 99725|app: 0|req: 47/130] 127.0.0.1 () {44 vars in 1115 bytes} [Mon Jul 20 14:34:38 2026] GET /v2/images/01bc42fa-e785-4301-8f90-2396227605a1 => generated 1614 bytes in 19 msecs (HTTP/1.1 200) 4 headers in 158 bytes (1 switches on core 0)
Jul 20 14:34:38.327901 np0000005501 devstack@g-api.service[99723]: DEBUG glance.api.middleware.version_negotiation [None req-8f75d18e-aa5f-422d-9d0f-029dc42a76b4 tempest-ServerActionsV293TestJSON-526186884 tempest-ServerActionsV293TestJSON-526186884-project-member] Determining version of request: GET /v2/schemas/image Accept: */* {{(pid=99723) process_request /opt/stack/glance/glance/api/middleware/version_negotiation.py:44}}
Jul 20 14:34:38.328221 np0000005501 devstack@g-api.service[99723]: DEBUG glance.api.middleware.version_negotiation [None req-8f75d18e-aa5f-422d-9d0f-029dc42a76b4 tempest-ServerActionsV293TestJSON-526186884 tempest-ServerActionsV293TestJSON-526186884-project-member] Using url versioning {{(pid=99723) process_request /opt/stack/glance/glance/api/middleware/version_negotiation.py:57}}
Jul 20 14:34:38.328221 np0000005501 devstack@g-api.service[99723]: DEBUG glance.api.middleware.version_negotiation [None req-8f75d18e-aa5f-422d-9d0f-029dc42a76b4 tempest-ServerActionsV293TestJSON-526186884 tempest-ServerActionsV293TestJSON-526186884-project-member] Matched version: v2 {{(pid=99723) process_request /opt/stack/glance/glance/api/middleware/version_negotiation.py:69}}
Jul 20 14:34:38.329756 np0000005501 devstack@g-api.service[99723]: DEBUG glance.api.middleware.version_negotiation [None req-8f75d18e-aa5f-422d-9d0f-029dc42a76b4 tempest-ServerActionsV293TestJSON-526186884 tempest-ServerActionsV293TestJSON-526186884-project-member] new path /v2/schemas/image {{(pid=99723) process_request /opt/stack/glance/glance/api/middleware/version_negotiation.py:70}}
Jul 20 14:34:38.336129 np0000005501 devstack@g-api.service[99723]: [pid: 99723|app: 0|req: 46/131] 127.0.0.1 () {44 vars in 1055 bytes} [Mon Jul 20 14:34:38 2026] GET /v2/schemas/image => generated 6083 bytes in 9 msecs (HTTP/1.1 200) 4 headers in 158 bytes (1 switches on core 0)
Jul 20 14:34:38.449497 np0000005501 devstack@g-api.service[99724]: DEBUG glance.api.middleware.version_negotiation [None req-87c88dbe-598f-4ed4-8ed1-0c7618c1bc60 tempest-ServerStableDeviceRescueTest-377461276 tempest-ServerStableDeviceRescueTest-377461276-project-member] Determining version of request: GET /v2/images/01bc42fa-e785-4301-8f90-2396227605a1 Accept: */* {{(pid=99724) process_request /opt/stack/glance/glance/api/middleware/version_negotiation.py:44}}
Jul 20 14:34:38.449732 np0000005501 devstack@g-api.service[99724]: DEBUG glance.api.middleware.version_negotiation [None req-87c88dbe-598f-4ed4-8ed1-0c7618c1bc60 tempest-ServerStableDeviceRescueTest-377461276 tempest-ServerStableDeviceRescueTest-377461276-project-member] Using url versioning {{(pid=99724) process_request /opt/stack/glance/glance/api/middleware/version_negotiation.py:57}}
Jul 20 14:34:38.450377 np0000005501 devstack@g-api.service[99724]: DEBUG glance.api.middleware.version_negotiation [None req-87c88dbe-598f-4ed4-8ed1-0c7618c1bc60 tempest-ServerStableDeviceRescueTest-377461276 tempest-ServerStableDeviceRescueTest-377461276-project-member] Matched version: v2 {{(pid=99724) process_request /opt/stack/glance/glance/api/middleware/version_negotiation.py:69}}
Jul 20 14:34:38.450377 np0000005501 devstack@g-api.service[99724]: DEBUG glance.api.middleware.version_negotiation [None req-87c88dbe-598f-4ed4-8ed1-0c7618c1bc60 tempest-ServerStableDeviceRescueTest-377461276 tempest-ServerStableDeviceRescueTest-377461276-project-member] new path /v2/images/01bc42fa-e785-4301-8f90-2396227605a1 {{(pid=99724) process_request /opt/stack/glance/glance/api/middleware/version_negotiation.py:70}}
Jul 20 14:34:38.475911 np0000005501 devstack@g-api.service[99724]: [pid: 99724|app: 0|req: 39/132] 127.0.0.1 () {44 vars in 1115 bytes} [Mon Jul 20 14:34:38 2026] GET /v2/images/01bc42fa-e785-4301-8f90-2396227605a1 => generated 1614 bytes in 27 msecs (HTTP/1.1 200) 4 headers in 158 bytes (1 switches on core 0)
Jul 20 14:34:38.511525 np0000005501 devstack@g-api.service[99725]: DEBUG glance.api.middleware.version_negotiation [None req-87c88dbe-598f-4ed4-8ed1-0c7618c1bc60 tempest-ServerStableDeviceRescueTest-377461276 tempest-ServerStableDeviceRescueTest-377461276-project-member] Determining version of request: GET /v2/schemas/image Accept: */* {{(pid=99725) process_request /opt/stack/glance/glance/api/middleware/version_negotiation.py:44}}
Jul 20 14:34:38.511525 np0000005501 devstack@g-api.service[99725]: DEBUG glance.api.middleware.version_negotiation [None req-87c88dbe-598f-4ed4-8ed1-0c7618c1bc60 tempest-ServerStableDeviceRescueTest-377461276 tempest-ServerStableDeviceRescueTest-377461276-project-member] Using url versioning {{(pid=99725) process_request /opt/stack/glance/glance/api/middleware/version_negotiation.py:57}}
Jul 20 14:34:38.511714 np0000005501 devstack@g-api.service[99725]: DEBUG glance.api.middleware.version_negotiation [None req-87c88dbe-598f-4ed4-8ed1-0c7618c1bc60 tempest-ServerStableDeviceRescueTest-377461276 tempest-ServerStableDeviceRescueTest-377461276-project-member] Matched version: v2 {{(pid=99725) process_request /opt/stack/glance/glance/api/middleware/version_negotiation.py:69}}
Jul 20 14:34:38.511749 np0000005501 devstack@g-api.service[99725]: DEBUG glance.api.middleware.version_negotiation [None req-87c88dbe-598f-4ed4-8ed1-0c7618c1bc60 tempest-ServerStableDeviceRescueTest-377461276 tempest-ServerStableDeviceRescueTest-377461276-project-member] new path /v2/schemas/image {{(pid=99725) process_request /opt/stack/glance/glance/api/middleware/version_negotiation.py:70}}
