Jul 20 14:31:05.855919 np0000005501 nova-scheduler[93417]: DEBUG cotyledon.oslo_config_glue [-] oslo_messaging_rabbit.rabbit_quorum_max_memory_bytes = 0 {{(pid=93417) log_opt_values /opt/stack/data/venv/lib/python3.12/site-packages/oslo_config/cfg.py:3253}}
Jul 20 14:31:05.855919 np0000005501 nova-scheduler[93417]: DEBUG cotyledon.oslo_config_glue [-] oslo_messaging_rabbit.rabbit_quorum_max_memory_length = 0 {{(pid=93417) log_opt_values /opt/stack/data/venv/lib/python3.12/site-packages/oslo_config/cfg.py:3253}}
Jul 20 14:31:05.855919 np0000005501 nova-scheduler[93417]: DEBUG cotyledon.oslo_config_glue [-] oslo_messaging_rabbit.rabbit_quorum_queue = False {{(pid=93417) log_opt_values /opt/stack/data/venv/lib/python3.12/site-packages/oslo_config/cfg.py:3253}}
Jul 20 14:31:05.855919 np0000005501 nova-scheduler[93417]: DEBUG cotyledon.oslo_config_glue [-] oslo_messaging_rabbit.rabbit_retry_backoff = 2 {{(pid=93417) log_opt_values /opt/stack/data/venv/lib/python3.12/site-packages/oslo_config/cfg.py:3253}}
Jul 20 14:31:05.856102 np0000005501 nova-scheduler[93417]: DEBUG cotyledon.oslo_config_glue [-] oslo_messaging_rabbit.rabbit_retry_interval = 1 {{(pid=93417) log_opt_values /opt/stack/data/venv/lib/python3.12/site-packages/oslo_config/cfg.py:3253}}
Jul 20 14:31:05.856102 np0000005501 nova-scheduler[93417]: DEBUG cotyledon.oslo_config_glue [-] oslo_messaging_rabbit.rabbit_stream_fanout = False {{(pid=93417) log_opt_values /opt/stack/data/venv/lib/python3.12/site-packages/oslo_config/cfg.py:3253}}
Jul 20 14:31:05.856102 np0000005501 nova-scheduler[93417]: DEBUG cotyledon.oslo_config_glue [-] oslo_messaging_rabbit.rabbit_transient_queues_ttl = 1800 {{(pid=93417) log_opt_values /opt/stack/data/venv/lib/python3.12/site-packages/oslo_config/cfg.py:3253}}
Jul 20 14:31:05.856102 np0000005501 nova-scheduler[93417]: DEBUG cotyledon.oslo_config_glue [-] oslo_messaging_rabbit.rabbit_transient_quorum_queue = False {{(pid=93417) log_opt_values /opt/stack/data/venv/lib/python3.12/site-packages/oslo_config/cfg.py:3253}}
Jul 20 14:31:05.856102 np0000005501 nova-scheduler[93417]: DEBUG cotyledon.oslo_config_glue [-] oslo_messaging_rabbit.rpc_conn_pool_size = 30 {{(pid=93417) log_opt_values /opt/stack/data/venv/lib/python3.12/site-packages/oslo_config/cfg.py:3253}}
Jul 20 14:31:05.856102 np0000005501 nova-scheduler[93417]: DEBUG cotyledon.oslo_config_glue [-] oslo_messaging_rabbit.ssl = False {{(pid=93417) log_opt_values /opt/stack/data/venv/lib/python3.12/site-packages/oslo_config/cfg.py:3253}}
Jul 20 14:31:05.856102 np0000005501 nova-scheduler[93417]: DEBUG cotyledon.oslo_config_glue [-] oslo_messaging_rabbit.ssl_ca_file = {{(pid=93417) log_opt_values /opt/stack/data/venv/lib/python3.12/site-packages/oslo_config/cfg.py:3253}}
Jul 20 14:31:05.856102 np0000005501 nova-scheduler[93417]: DEBUG cotyledon.oslo_config_glue [-] oslo_messaging_rabbit.ssl_cert_file = {{(pid=93417) log_opt_values /opt/stack/data/venv/lib/python3.12/site-packages/oslo_config/cfg.py:3253}}
Jul 20 14:31:05.856102 np0000005501 nova-scheduler[93417]: DEBUG cotyledon.oslo_config_glue [-] oslo_messaging_rabbit.ssl_enforce_fips_mode = False {{(pid=93417) log_opt_values /opt/stack/data/venv/lib/python3.12/site-packages/oslo_config/cfg.py:3253}}
Jul 20 14:31:05.856279 np0000005501 nova-scheduler[93417]: DEBUG cotyledon.oslo_config_glue [-] oslo_messaging_rabbit.ssl_enforce_hostname_verification = True {{(pid=93417) log_opt_values /opt/stack/data/venv/lib/python3.12/site-packages/oslo_config/cfg.py:3253}}
Jul 20 14:31:05.856279 np0000005501 nova-scheduler[93417]: DEBUG cotyledon.oslo_config_glue [-] oslo_messaging_rabbit.ssl_key_file = {{(pid=93417) log_opt_values /opt/stack/data/venv/lib/python3.12/site-packages/oslo_config/cfg.py:3253}}
Jul 20 14:31:05.856279 np0000005501 nova-scheduler[93417]: DEBUG cotyledon.oslo_config_glue [-] oslo_messaging_rabbit.ssl_version = {{(pid=93417) log_opt_values /opt/stack/data/venv/lib/python3.12/site-packages/oslo_config/cfg.py:3253}}
Jul 20 14:31:05.856279 np0000005501 nova-scheduler[93417]: DEBUG cotyledon.oslo_config_glue [-] oslo_messaging_rabbit.use_queue_manager = False {{(pid=93417) log_opt_values /opt/stack/data/venv/lib/python3.12/site-packages/oslo_config/cfg.py:3253}}
Jul 20 14:31:05.856279 np0000005501 nova-scheduler[93417]: DEBUG cotyledon.oslo_config_glue [-] oslo_messaging_notifications.driver = ['messagingv2'] {{(pid=93417) log_opt_values /opt/stack/data/venv/lib/python3.12/site-packages/oslo_config/cfg.py:3253}}
Jul 20 14:31:05.856279 np0000005501 nova-scheduler[93417]: DEBUG cotyledon.oslo_config_glue [-] oslo_messaging_notifications.retry = -1 {{(pid=93417) log_opt_values /opt/stack/data/venv/lib/python3.12/site-packages/oslo_config/cfg.py:3253}}
Jul 20 14:31:05.856279 np0000005501 nova-scheduler[93417]: DEBUG cotyledon.oslo_config_glue [-] oslo_messaging_notifications.topics = ['notifications'] {{(pid=93417) log_opt_values /opt/stack/data/venv/lib/python3.12/site-packages/oslo_config/cfg.py:3253}}
Jul 20 14:31:05.856279 np0000005501 nova-scheduler[93417]: DEBUG cotyledon.oslo_config_glue [-] oslo_messaging_notifications.transport_url = **** {{(pid=93417) log_opt_values /opt/stack/data/venv/lib/python3.12/site-packages/oslo_config/cfg.py:3253}}
Jul 20 14:31:05.856279 np0000005501 nova-scheduler[93417]: DEBUG cotyledon.oslo_config_glue [-] oslo_limit.auth_section = None {{(pid=93417) log_opt_values /opt/stack/data/venv/lib/python3.12/site-packages/oslo_config/cfg.py:3253}}
Jul 20 14:31:05.856449 np0000005501 nova-scheduler[93417]: DEBUG cotyledon.oslo_config_glue [-] oslo_limit.auth_type = None {{(pid=93417) log_opt_values /opt/stack/data/venv/lib/python3.12/site-packages/oslo_config/cfg.py:3253}}
Jul 20 14:31:05.856449 np0000005501 nova-scheduler[93417]: DEBUG cotyledon.oslo_config_glue [-] oslo_limit.cafile = None {{(pid=93417) log_opt_values /opt/stack/data/venv/lib/python3.12/site-packages/oslo_config/cfg.py:3253}}
Jul 20 14:31:05.856449 np0000005501 nova-scheduler[93417]: DEBUG cotyledon.oslo_config_glue [-] oslo_limit.certfile = None {{(pid=93417) log_opt_values /opt/stack/data/venv/lib/python3.12/site-packages/oslo_config/cfg.py:3253}}
Jul 20 14:31:05.856449 np0000005501 nova-scheduler[93417]: DEBUG cotyledon.oslo_config_glue [-] oslo_limit.collect_timing = False {{(pid=93417) log_opt_values /opt/stack/data/venv/lib/python3.12/site-packages/oslo_config/cfg.py:3253}}
Jul 20 14:31:05.856449 np0000005501 nova-scheduler[93417]: DEBUG cotyledon.oslo_config_glue [-] oslo_limit.connect_retries = None {{(pid=93417) log_opt_values /opt/stack/data/venv/lib/python3.12/site-packages/oslo_config/cfg.py:3253}}
Jul 20 14:31:05.856449 np0000005501 nova-scheduler[93417]: DEBUG cotyledon.oslo_config_glue [-] oslo_limit.connect_retry_delay = None {{(pid=93417) log_opt_values /opt/stack/data/venv/lib/python3.12/site-packages/oslo_config/cfg.py:3253}}
Jul 20 14:31:05.856449 np0000005501 nova-scheduler[93417]: DEBUG cotyledon.oslo_config_glue [-] oslo_limit.endpoint_id = None {{(pid=93417) log_opt_values /opt/stack/data/venv/lib/python3.12/site-packages/oslo_config/cfg.py:3253}}
Jul 20 14:31:05.856449 np0000005501 nova-scheduler[93417]: DEBUG cotyledon.oslo_config_glue [-] oslo_limit.endpoint_interface = public {{(pid=93417) log_opt_values /opt/stack/data/venv/lib/python3.12/site-packages/oslo_config/cfg.py:3253}}
Jul 20 14:31:05.856449 np0000005501 nova-scheduler[93417]: DEBUG cotyledon.oslo_config_glue [-] oslo_limit.endpoint_override = None {{(pid=93417) log_opt_values /opt/stack/data/venv/lib/python3.12/site-packages/oslo_config/cfg.py:3253}}
Jul 20 14:31:05.856630 np0000005501 nova-scheduler[93417]: DEBUG cotyledon.oslo_config_glue [-] oslo_limit.endpoint_region_name = None {{(pid=93417) log_opt_values /opt/stack/data/venv/lib/python3.12/site-packages/oslo_config/cfg.py:3253}}
Jul 20 14:31:05.856630 np0000005501 nova-scheduler[93417]: DEBUG cotyledon.oslo_config_glue [-] oslo_limit.endpoint_service_name = None {{(pid=93417) log_opt_values /opt/stack/data/venv/lib/python3.12/site-packages/oslo_config/cfg.py:3253}}
Jul 20 14:31:05.856630 np0000005501 nova-scheduler[93417]: DEBUG cotyledon.oslo_config_glue [-] oslo_limit.endpoint_service_type = None {{(pid=93417) log_opt_values /opt/stack/data/venv/lib/python3.12/site-packages/oslo_config/cfg.py:3253}}
Jul 20 14:31:05.856630 np0000005501 nova-scheduler[93417]: DEBUG cotyledon.oslo_config_glue [-] oslo_limit.insecure = False {{(pid=93417) log_opt_values /opt/stack/data/venv/lib/python3.12/site-packages/oslo_config/cfg.py:3253}}
Jul 20 14:31:05.856630 np0000005501 nova-scheduler[93417]: DEBUG cotyledon.oslo_config_glue [-] oslo_limit.keyfile = None {{(pid=93417) log_opt_values /opt/stack/data/venv/lib/python3.12/site-packages/oslo_config/cfg.py:3253}}
Jul 20 14:31:05.856630 np0000005501 nova-scheduler[93417]: DEBUG cotyledon.oslo_config_glue [-] oslo_limit.max_version = None {{(pid=93417) log_opt_values /opt/stack/data/venv/lib/python3.12/site-packages/oslo_config/cfg.py:3253}}
Jul 20 14:31:05.856630 np0000005501 nova-scheduler[93417]: DEBUG cotyledon.oslo_config_glue [-] oslo_limit.min_version = None {{(pid=93417) log_opt_values /opt/stack/data/venv/lib/python3.12/site-packages/oslo_config/cfg.py:3253}}
Jul 20 14:31:05.856630 np0000005501 nova-scheduler[93417]: DEBUG cotyledon.oslo_config_glue [-] oslo_limit.region_name = None {{(pid=93417) log_opt_values /opt/stack/data/venv/lib/python3.12/site-packages/oslo_config/cfg.py:3253}}
Jul 20 14:31:05.856630 np0000005501 nova-scheduler[93417]: DEBUG cotyledon.oslo_config_glue [-] oslo_limit.retriable_status_codes = None {{(pid=93417) log_opt_values /opt/stack/data/venv/lib/python3.12/site-packages/oslo_config/cfg.py:3253}}
Jul 20 14:31:05.856798 np0000005501 nova-scheduler[93417]: DEBUG cotyledon.oslo_config_glue [-] oslo_limit.service_name = None {{(pid=93417) log_opt_values /opt/stack/data/venv/lib/python3.12/site-packages/oslo_config/cfg.py:3253}}
Jul 20 14:31:05.856798 np0000005501 nova-scheduler[93417]: DEBUG cotyledon.oslo_config_glue [-] oslo_limit.service_type = None {{(pid=93417) log_opt_values /opt/stack/data/venv/lib/python3.12/site-packages/oslo_config/cfg.py:3253}}
Jul 20 14:31:05.856798 np0000005501 nova-scheduler[93417]: DEBUG cotyledon.oslo_config_glue [-] oslo_limit.split_loggers = False {{(pid=93417) log_opt_values /opt/stack/data/venv/lib/python3.12/site-packages/oslo_config/cfg.py:3253}}
Jul 20 14:31:05.856798 np0000005501 nova-scheduler[93417]: DEBUG cotyledon.oslo_config_glue [-] oslo_limit.status_code_retries = None {{(pid=93417) log_opt_values /opt/stack/data/venv/lib/python3.12/site-packages/oslo_config/cfg.py:3253}}
Jul 20 14:31:05.856798 np0000005501 nova-scheduler[93417]: DEBUG cotyledon.oslo_config_glue [-] oslo_limit.status_code_retry_delay = None {{(pid=93417) log_opt_values /opt/stack/data/venv/lib/python3.12/site-packages/oslo_config/cfg.py:3253}}
Jul 20 14:31:05.856798 np0000005501 nova-scheduler[93417]: DEBUG cotyledon.oslo_config_glue [-] oslo_limit.timeout = None {{(pid=93417) log_opt_values /opt/stack/data/venv/lib/python3.12/site-packages/oslo_config/cfg.py:3253}}
Jul 20 14:31:05.856798 np0000005501 nova-scheduler[93417]: DEBUG cotyledon.oslo_config_glue [-] oslo_limit.valid_interfaces = None {{(pid=93417) log_opt_values /opt/stack/data/venv/lib/python3.12/site-packages/oslo_config/cfg.py:3253}}
Jul 20 14:31:05.856798 np0000005501 nova-scheduler[93417]: DEBUG cotyledon.oslo_config_glue [-] oslo_limit.version = None {{(pid=93417) log_opt_values /opt/stack/data/venv/lib/python3.12/site-packages/oslo_config/cfg.py:3253}}
Jul 20 14:31:05.856798 np0000005501 nova-scheduler[93417]: DEBUG cotyledon.oslo_config_glue [-] oslo_reports.file_event_handler = None {{(pid=93417) log_opt_values /opt/stack/data/venv/lib/python3.12/site-packages/oslo_config/cfg.py:3253}}
Jul 20 14:31:05.856982 np0000005501 nova-scheduler[93417]: DEBUG cotyledon.oslo_config_glue [-] oslo_reports.file_event_handler_interval = 1 {{(pid=93417) log_opt_values /opt/stack/data/venv/lib/python3.12/site-packages/oslo_config/cfg.py:3253}}
Jul 20 14:31:05.856982 np0000005501 nova-scheduler[93417]: DEBUG cotyledon.oslo_config_glue [-] oslo_reports.log_dir = None {{(pid=93417) log_opt_values /opt/stack/data/venv/lib/python3.12/site-packages/oslo_config/cfg.py:3253}}
Jul 20 14:31:05.856982 np0000005501 nova-scheduler[93417]: DEBUG cotyledon.oslo_config_glue [-] ******************************************************************************** {{(pid=93417) log_opt_values /opt/stack/data/venv/lib/python3.12/site-packages/oslo_config/cfg.py:3260}}
Jul 20 14:31:05.856982 np0000005501 nova-scheduler[93417]: DEBUG cotyledon._service_worker [-] Run service ServiceWrapper(2) [93417] {{(pid=93417) wait_forever /opt/stack/data/venv/lib/python3.12/site-packages/cotyledon/_service_worker.py:218}}
Jul 20 14:31:05.857066 np0000005501 nova-scheduler[93415]: INFO dbcounter [None req-fc75f2ef-1a2b-43b0-83af-11aa5bf2cdcd None None] Registered counter for database nova_cell0
Jul 20 14:31:05.857092 np0000005501 nova-scheduler[93417]: INFO nova.service [-] Starting scheduler node (version 33.1.0)
Jul 20 14:31:05.857117 np0000005501 nova-scheduler[93413]: DEBUG oslo_db.sqlalchemy.engines [None req-0c45a28b-9328-4f48-aca0-5a3abce98482 None None] MySQL server mode set to STRICT_TRANS_TABLES,STRICT_ALL_TABLES,NO_ZERO_IN_DATE,NO_ZERO_DATE,ERROR_FOR_DIVISION_BY_ZERO,TRADITIONAL,NO_ENGINE_SUBSTITUTION {{(pid=93413) _check_effective_sql_mode /opt/stack/data/venv/lib/python3.12/site-packages/oslo_db/sqlalchemy/engines.py:325}}
Jul 20 14:31:05.857150 np0000005501 nova-scheduler[93417]: INFO dbcounter [None req-af0ac907-125e-4bcc-b62c-c97fa2d35e39 None None] Registered counter for database nova_cell0
Jul 20 14:31:05.862927 np0000005501 nova-scheduler[93413]: DEBUG dbcounter [-] [93413] Writer thread running {{(pid=93413) stat_writer /opt/stack/data/venv/lib/python3.12/site-packages/dbcounter.py:102}}
Jul 20 14:31:05.878354 np0000005501 nova-scheduler[93413]: DEBUG nova.service [None req-0c45a28b-9328-4f48-aca0-5a3abce98482 None None] Creating RPC server for service: nova-scheduler on topic: scheduler {{(pid=93413) start /opt/stack/nova/nova/service.py:196}}
Jul 20 14:31:05.890911 np0000005501 nova-scheduler[93417]: DEBUG oslo_db.sqlalchemy.engines [None req-af0ac907-125e-4bcc-b62c-c97fa2d35e39 None None] MySQL server mode set to STRICT_TRANS_TABLES,STRICT_ALL_TABLES,NO_ZERO_IN_DATE,NO_ZERO_DATE,ERROR_FOR_DIVISION_BY_ZERO,TRADITIONAL,NO_ENGINE_SUBSTITUTION {{(pid=93417) _check_effective_sql_mode /opt/stack/data/venv/lib/python3.12/site-packages/oslo_db/sqlalchemy/engines.py:325}}
Jul 20 14:31:05.904153 np0000005501 nova-scheduler[93413]: DEBUG nova.service [None req-0c45a28b-9328-4f48-aca0-5a3abce98482 None None] Join ServiceGroup membership for this service scheduler {{(pid=93413) start /opt/stack/nova/nova/service.py:222}}
Jul 20 14:31:05.904284 np0000005501 nova-scheduler[93415]: DEBUG oslo_db.sqlalchemy.engines [None req-fc75f2ef-1a2b-43b0-83af-11aa5bf2cdcd None None] MySQL server mode set to STRICT_TRANS_TABLES,STRICT_ALL_TABLES,NO_ZERO_IN_DATE,NO_ZERO_DATE,ERROR_FOR_DIVISION_BY_ZERO,TRADITIONAL,NO_ENGINE_SUBSTITUTION {{(pid=93415) _check_effective_sql_mode /opt/stack/data/venv/lib/python3.12/site-packages/oslo_db/sqlalchemy/engines.py:325}}
Jul 20 14:31:05.904341 np0000005501 nova-scheduler[93417]: DEBUG dbcounter [-] [93417] Writer thread running {{(pid=93417) stat_writer /opt/stack/data/venv/lib/python3.12/site-packages/dbcounter.py:102}}
Jul 20 14:31:05.904391 np0000005501 nova-scheduler[93413]: DEBUG nova.servicegroup.drivers.db [None req-0c45a28b-9328-4f48-aca0-5a3abce98482 None None] DB_Driver: join new ServiceGroup member np0000005501 to the scheduler group, service = {{(pid=93413) join /opt/stack/nova/nova/servicegroup/drivers/db.py:44}}
Jul 20 14:31:05.908280 np0000005501 nova-scheduler[93417]: DEBUG nova.service [None req-af0ac907-125e-4bcc-b62c-c97fa2d35e39 None None] Creating RPC server for service: nova-scheduler on topic: scheduler {{(pid=93417) start /opt/stack/nova/nova/service.py:196}}
Jul 20 14:31:05.914433 np0000005501 nova-scheduler[93415]: DEBUG dbcounter [-] [93415] Writer thread running {{(pid=93415) stat_writer /opt/stack/data/venv/lib/python3.12/site-packages/dbcounter.py:102}}
Jul 20 14:31:05.916928 np0000005501 nova-scheduler[93415]: DEBUG nova.service [None req-fc75f2ef-1a2b-43b0-83af-11aa5bf2cdcd None None] Creating RPC server for service: nova-scheduler on topic: scheduler {{(pid=93415) start /opt/stack/nova/nova/service.py:196}}
Jul 20 14:31:05.928782 np0000005501 nova-scheduler[93417]: DEBUG nova.service [None req-af0ac907-125e-4bcc-b62c-c97fa2d35e39 None None] Join ServiceGroup membership for this service scheduler {{(pid=93417) start /opt/stack/nova/nova/service.py:222}}
Jul 20 14:31:05.929120 np0000005501 nova-scheduler[93417]: DEBUG nova.servicegroup.drivers.db [None req-af0ac907-125e-4bcc-b62c-c97fa2d35e39 None None] DB_Driver: join new ServiceGroup member np0000005501 to the scheduler group, service = {{(pid=93417) join /opt/stack/nova/nova/servicegroup/drivers/db.py:44}}
Jul 20 14:31:05.945361 np0000005501 nova-scheduler[93415]: DEBUG nova.service [None req-fc75f2ef-1a2b-43b0-83af-11aa5bf2cdcd None None] Join ServiceGroup membership for this service scheduler {{(pid=93415) start /opt/stack/nova/nova/service.py:222}}
Jul 20 14:31:05.945605 np0000005501 nova-scheduler[93415]: DEBUG nova.servicegroup.drivers.db [None req-fc75f2ef-1a2b-43b0-83af-11aa5bf2cdcd None None] DB_Driver: join new ServiceGroup member np0000005501 to the scheduler group, service = {{(pid=93415) join /opt/stack/nova/nova/servicegroup/drivers/db.py:44}}
Jul 20 14:31:08.906453 np0000005501 nova-scheduler[93413]: DEBUG oslo.service.backend._threading.loopingcall [None req-9b8d9889-3eaf-4c91-8afc-3bc395bc083b None None] Dynamic interval looping call 'nova.service.Service.periodic_tasks' sleeping for 60.00 seconds {{(pid=93413) _run_loop /opt/stack/data/venv/lib/python3.12/site-packages/oslo_service/backend/_threading/loopingcall.py:125}}
Jul 20 14:31:10.916818 np0000005501 nova-scheduler[93413]: DEBUG oslo.service.backend._threading.loopingcall [-] Fixed interval looping call 'nova.servicegroup.drivers.db.DbDriver._report_state' sleeping for 119.99 seconds {{(pid=93413) _run_loop /opt/stack/data/venv/lib/python3.12/site-packages/oslo_service/backend/_threading/loopingcall.py:125}}
Jul 20 14:31:10.939923 np0000005501 nova-scheduler[93417]: DEBUG oslo.service.backend._threading.loopingcall [-] Fixed interval looping call 'nova.servicegroup.drivers.db.DbDriver._report_state' sleeping for 119.99 seconds {{(pid=93417) _run_loop /opt/stack/data/venv/lib/python3.12/site-packages/oslo_service/backend/_threading/loopingcall.py:125}}
Jul 20 14:31:10.957139 np0000005501 nova-scheduler[93415]: DEBUG oslo.service.backend._threading.loopingcall [-] Fixed interval looping call 'nova.servicegroup.drivers.db.DbDriver._report_state' sleeping for 119.99 seconds {{(pid=93415) _run_loop /opt/stack/data/venv/lib/python3.12/site-packages/oslo_service/backend/_threading/loopingcall.py:125}}
Jul 20 14:31:14.500211 np0000005501 nova-scheduler[92137]: DEBUG dbcounter [-] [92137] Writing DB stats nova_api:SELECT=3 {{(pid=92137) stat_writer /opt/stack/data/venv/lib/python3.12/site-packages/dbcounter.py:115}}
Jul 20 14:31:14.626926 np0000005501 nova-scheduler[92137]: DEBUG dbcounter [-] [92137] Writing DB stats nova_cell0:SELECT=1 {{(pid=92137) stat_writer /opt/stack/data/venv/lib/python3.12/site-packages/dbcounter.py:115}}
Jul 20 14:31:14.630836 np0000005501 nova-scheduler[92137]: DEBUG dbcounter [-] [92137] Writing DB stats nova_cell1:SELECT=1 {{(pid=92137) stat_writer /opt/stack/data/venv/lib/python3.12/site-packages/dbcounter.py:115}}
Jul 20 14:31:20.914198 np0000005501 nova-scheduler[93413]: DEBUG dbcounter [-] [93413] Writing DB stats nova_cell0:SELECT=4,nova_cell0:INSERT=1,nova_cell0:UPDATE=1 {{(pid=93413) stat_writer /opt/stack/data/venv/lib/python3.12/site-packages/dbcounter.py:115}}
Jul 20 14:31:20.937307 np0000005501 nova-scheduler[93417]: DEBUG dbcounter [-] [93417] Writing DB stats nova_cell0:SELECT=3 {{(pid=93417) stat_writer /opt/stack/data/venv/lib/python3.12/site-packages/dbcounter.py:115}}
Jul 20 14:31:20.955178 np0000005501 nova-scheduler[93415]: DEBUG dbcounter [-] [93415] Writing DB stats nova_cell0:SELECT=3 {{(pid=93415) stat_writer /opt/stack/data/venv/lib/python3.12/site-packages/dbcounter.py:115}}
Jul 20 14:31:31.947922 np0000005501 nova-scheduler[93415]: DEBUG oslo.service.backend._threading.loopingcall [None req-860300bd-52f7-41fa-9fe9-7688ad5a6709 None None] Dynamic interval looping call 'nova.service.Service.periodic_tasks' sleeping for 60.00 seconds {{(pid=93415) _run_loop /opt/stack/data/venv/lib/python3.12/site-packages/oslo_service/backend/_threading/loopingcall.py:125}}
Jul 20 14:31:53.931740 np0000005501 nova-scheduler[93417]: DEBUG oslo.service.backend._threading.loopingcall [None req-b22f7f9a-447f-4bc1-81c5-bf6210cd86aa None None] Dynamic interval looping call 'nova.service.Service.periodic_tasks' sleeping for 60.00 seconds {{(pid=93417) _run_loop /opt/stack/data/venv/lib/python3.12/site-packages/oslo_service/backend/_threading/loopingcall.py:125}}
Jul 20 14:32:08.907110 np0000005501 nova-scheduler[93413]: DEBUG oslo.service.backend._threading.loopingcall [None req-9b8d9889-3eaf-4c91-8afc-3bc395bc083b None None] Dynamic interval looping call 'nova.service.Service.periodic_tasks' sleeping for 60.00 seconds {{(pid=93413) _run_loop /opt/stack/data/venv/lib/python3.12/site-packages/oslo_service/backend/_threading/loopingcall.py:125}}
Jul 20 14:32:31.948391 np0000005501 nova-scheduler[93415]: DEBUG oslo.service.backend._threading.loopingcall [None req-860300bd-52f7-41fa-9fe9-7688ad5a6709 None None] Dynamic interval looping call 'nova.service.Service.periodic_tasks' sleeping for 60.00 seconds {{(pid=93415) _run_loop /opt/stack/data/venv/lib/python3.12/site-packages/oslo_service/backend/_threading/loopingcall.py:125}}
Jul 20 14:32:53.932391 np0000005501 nova-scheduler[93417]: DEBUG oslo.service.backend._threading.loopingcall [None req-b22f7f9a-447f-4bc1-81c5-bf6210cd86aa None None] Dynamic interval looping call 'nova.service.Service.periodic_tasks' sleeping for 60.00 seconds {{(pid=93417) _run_loop /opt/stack/data/venv/lib/python3.12/site-packages/oslo_service/backend/_threading/loopingcall.py:125}}
Jul 20 14:33:08.907578 np0000005501 nova-scheduler[93413]: DEBUG oslo.service.backend._threading.loopingcall [None req-9b8d9889-3eaf-4c91-8afc-3bc395bc083b None None] Dynamic interval looping call 'nova.service.Service.periodic_tasks' sleeping for 60.00 seconds {{(pid=93413) _run_loop /opt/stack/data/venv/lib/python3.12/site-packages/oslo_service/backend/_threading/loopingcall.py:125}}
Jul 20 14:33:10.915030 np0000005501 nova-scheduler[93413]: DEBUG oslo.service.backend._threading.loopingcall [-] Fixed interval looping call 'nova.servicegroup.drivers.db.DbDriver._report_state' sleeping for 119.99 seconds {{(pid=93413) _run_loop /opt/stack/data/venv/lib/python3.12/site-packages/oslo_service/backend/_threading/loopingcall.py:125}}
Jul 20 14:33:10.934264 np0000005501 nova-scheduler[93417]: DEBUG oslo.service.backend._threading.loopingcall [-] Fixed interval looping call 'nova.servicegroup.drivers.db.DbDriver._report_state' sleeping for 120.00 seconds {{(pid=93417) _run_loop /opt/stack/data/venv/lib/python3.12/site-packages/oslo_service/backend/_threading/loopingcall.py:125}}
Jul 20 14:33:10.951485 np0000005501 nova-scheduler[93415]: DEBUG oslo.service.backend._threading.loopingcall [-] Fixed interval looping call 'nova.servicegroup.drivers.db.DbDriver._report_state' sleeping for 120.00 seconds {{(pid=93415) _run_loop /opt/stack/data/venv/lib/python3.12/site-packages/oslo_service/backend/_threading/loopingcall.py:125}}
Jul 20 14:33:20.912783 np0000005501 nova-scheduler[93413]: DEBUG dbcounter [-] [93413] Writing DB stats nova_cell0:SELECT=1,nova_cell0:UPDATE=1 {{(pid=93413) stat_writer /opt/stack/data/venv/lib/python3.12/site-packages/dbcounter.py:115}}
Jul 20 14:33:20.932141 np0000005501 nova-scheduler[93417]: DEBUG dbcounter [-] [93417] Writing DB stats nova_cell0:SELECT=1 {{(pid=93417) stat_writer /opt/stack/data/venv/lib/python3.12/site-packages/dbcounter.py:115}}
Jul 20 14:33:20.949834 np0000005501 nova-scheduler[93415]: DEBUG dbcounter [-] [93415] Writing DB stats nova_cell0:SELECT=1 {{(pid=93415) stat_writer /opt/stack/data/venv/lib/python3.12/site-packages/dbcounter.py:115}}
Jul 20 14:33:31.949041 np0000005501 nova-scheduler[93415]: DEBUG oslo.service.backend._threading.loopingcall [None req-860300bd-52f7-41fa-9fe9-7688ad5a6709 None None] Dynamic interval looping call 'nova.service.Service.periodic_tasks' sleeping for 60.00 seconds {{(pid=93415) _run_loop /opt/stack/data/venv/lib/python3.12/site-packages/oslo_service/backend/_threading/loopingcall.py:125}}
Jul 20 14:33:38.707118 np0000005501 nova-scheduler[93413]: DEBUG nova.scheduler.manager [None req-809b692a-6da1-4758-bc20-0cae381d00f9 tempest-ServerStableDeviceRescueTest-377461276 tempest-ServerStableDeviceRescueTest-377461276-project-member] Starting to schedule for instances: ['06cfebbc-ccdc-4113-95af-4ff03a479ac5'] {{(pid=93413) select_destinations /opt/stack/nova/nova/scheduler/manager.py:209}}
Jul 20 14:33:38.709513 np0000005501 nova-scheduler[93413]: DEBUG nova.scheduler.request_filter [None req-809b692a-6da1-4758-bc20-0cae381d00f9 tempest-ServerStableDeviceRescueTest-377461276 tempest-ServerStableDeviceRescueTest-377461276-project-member] compute_status_filter request filter added forbidden trait COMPUTE_STATUS_DISABLED {{(pid=93413) compute_status_filter /opt/stack/nova/nova/scheduler/request_filter.py:253}}
Jul 20 14:33:38.709513 np0000005501 nova-scheduler[93413]: DEBUG nova.scheduler.request_filter [None req-809b692a-6da1-4758-bc20-0cae381d00f9 tempest-ServerStableDeviceRescueTest-377461276 tempest-ServerStableDeviceRescueTest-377461276-project-member] Request filter 'compute_status_filter' took 0.0 seconds {{(pid=93413) wrapper /opt/stack/nova/nova/scheduler/request_filter.py:46}}
Jul 20 14:33:38.709513 np0000005501 nova-scheduler[93413]: DEBUG nova.scheduler.request_filter [None req-809b692a-6da1-4758-bc20-0cae381d00f9 tempest-ServerStableDeviceRescueTest-377461276 tempest-ServerStableDeviceRescueTest-377461276-project-member] Request filter 'accelerators_filter' took 0.0 seconds {{(pid=93413) wrapper /opt/stack/nova/nova/scheduler/request_filter.py:46}}
Jul 20 14:33:38.709513 np0000005501 nova-scheduler[93413]: DEBUG nova.scheduler.request_filter [None req-809b692a-6da1-4758-bc20-0cae381d00f9 tempest-ServerStableDeviceRescueTest-377461276 tempest-ServerStableDeviceRescueTest-377461276-project-member] Request filter 'packed_virtqueue_filter' took 0.0 seconds {{(pid=93413) wrapper /opt/stack/nova/nova/scheduler/request_filter.py:46}}
Jul 20 14:33:38.709513 np0000005501 nova-scheduler[93413]: DEBUG nova.scheduler.request_filter [None req-809b692a-6da1-4758-bc20-0cae381d00f9 tempest-ServerStableDeviceRescueTest-377461276 tempest-ServerStableDeviceRescueTest-377461276-project-member] Request filter 'remote_managed_ports_filter' took 0.0 seconds {{(pid=93413) wrapper /opt/stack/nova/nova/scheduler/request_filter.py:46}}
Jul 20 14:33:38.710118 np0000005501 nova-scheduler[93413]: DEBUG nova.scheduler.request_filter [None req-809b692a-6da1-4758-bc20-0cae381d00f9 tempest-ServerStableDeviceRescueTest-377461276 tempest-ServerStableDeviceRescueTest-377461276-project-member] ephemeral_encryption_filter skipped {{(pid=93413) ephemeral_encryption_filter /opt/stack/nova/nova/scheduler/request_filter.py:426}}
Jul 20 14:33:38.710462 np0000005501 nova-scheduler[93413]: DEBUG nova.scheduler.request_filter [None req-809b692a-6da1-4758-bc20-0cae381d00f9 tempest-ServerStableDeviceRescueTest-377461276 tempest-ServerStableDeviceRescueTest-377461276-project-member] virtio_sound_filter skipped {{(pid=93413) virtio_sound_filter /opt/stack/nova/nova/scheduler/request_filter.py:460}}
Jul 20 14:33:38.710700 np0000005501 nova-scheduler[93413]: DEBUG nova.scheduler.request_filter [None req-809b692a-6da1-4758-bc20-0cae381d00f9 tempest-ServerStableDeviceRescueTest-377461276 tempest-ServerStableDeviceRescueTest-377461276-project-member] tpm_secret_security_filter skipped {{(pid=93413) tpm_secret_security_filter /opt/stack/nova/nova/scheduler/request_filter.py:477}}
Jul 20 14:33:38.820124 np0000005501 nova-scheduler[93417]: DEBUG nova.scheduler.manager [None req-dcb9912c-a4b3-4c27-9a06-4cf4ccf0ff16 tempest-AttachVolumeTestJSON-1184477738 tempest-AttachVolumeTestJSON-1184477738-project-member] Starting to schedule for instances: ['e137649d-e46b-429b-95a5-eceb79eaf488'] {{(pid=93417) select_destinations /opt/stack/nova/nova/scheduler/manager.py:209}}
Jul 20 14:33:38.821045 np0000005501 nova-scheduler[93417]: DEBUG nova.scheduler.request_filter [None req-dcb9912c-a4b3-4c27-9a06-4cf4ccf0ff16 tempest-AttachVolumeTestJSON-1184477738 tempest-AttachVolumeTestJSON-1184477738-project-member] compute_status_filter request filter added forbidden trait COMPUTE_STATUS_DISABLED {{(pid=93417) compute_status_filter /opt/stack/nova/nova/scheduler/request_filter.py:253}}
Jul 20 14:33:38.821045 np0000005501 nova-scheduler[93417]: DEBUG nova.scheduler.request_filter [None req-dcb9912c-a4b3-4c27-9a06-4cf4ccf0ff16 tempest-AttachVolumeTestJSON-1184477738 tempest-AttachVolumeTestJSON-1184477738-project-member] Request filter 'compute_status_filter' took 0.0 seconds {{(pid=93417) wrapper /opt/stack/nova/nova/scheduler/request_filter.py:46}}
Jul 20 14:33:38.821332 np0000005501 nova-scheduler[93417]: DEBUG nova.scheduler.request_filter [None req-dcb9912c-a4b3-4c27-9a06-4cf4ccf0ff16 tempest-AttachVolumeTestJSON-1184477738 tempest-AttachVolumeTestJSON-1184477738-project-member] Request filter 'accelerators_filter' took 0.0 seconds {{(pid=93417) wrapper /opt/stack/nova/nova/scheduler/request_filter.py:46}}
Jul 20 14:33:38.821572 np0000005501 nova-scheduler[93417]: DEBUG nova.scheduler.request_filter [None req-dcb9912c-a4b3-4c27-9a06-4cf4ccf0ff16 tempest-AttachVolumeTestJSON-1184477738 tempest-AttachVolumeTestJSON-1184477738-project-member] Request filter 'packed_virtqueue_filter' took 0.0 seconds {{(pid=93417) wrapper /opt/stack/nova/nova/scheduler/request_filter.py:46}}
Jul 20 14:33:38.821944 np0000005501 nova-scheduler[93417]: DEBUG nova.scheduler.request_filter [None req-dcb9912c-a4b3-4c27-9a06-4cf4ccf0ff16 tempest-AttachVolumeTestJSON-1184477738 tempest-AttachVolumeTestJSON-1184477738-project-member] Request filter 'remote_managed_ports_filter' took 0.0 seconds {{(pid=93417) wrapper /opt/stack/nova/nova/scheduler/request_filter.py:46}}
Jul 20 14:33:38.822142 np0000005501 nova-scheduler[93417]: DEBUG nova.scheduler.request_filter [None req-dcb9912c-a4b3-4c27-9a06-4cf4ccf0ff16 tempest-AttachVolumeTestJSON-1184477738 tempest-AttachVolumeTestJSON-1184477738-project-member] ephemeral_encryption_filter skipped {{(pid=93417) ephemeral_encryption_filter /opt/stack/nova/nova/scheduler/request_filter.py:426}}
Jul 20 14:33:38.822305 np0000005501 nova-scheduler[93417]: DEBUG nova.scheduler.request_filter [None req-dcb9912c-a4b3-4c27-9a06-4cf4ccf0ff16 tempest-AttachVolumeTestJSON-1184477738 tempest-AttachVolumeTestJSON-1184477738-project-member] virtio_sound_filter skipped {{(pid=93417) virtio_sound_filter /opt/stack/nova/nova/scheduler/request_filter.py:460}}
Jul 20 14:33:38.822477 np0000005501 nova-scheduler[93417]: DEBUG nova.scheduler.request_filter [None req-dcb9912c-a4b3-4c27-9a06-4cf4ccf0ff16 tempest-AttachVolumeTestJSON-1184477738 tempest-AttachVolumeTestJSON-1184477738-project-member] tpm_secret_security_filter skipped {{(pid=93417) tpm_secret_security_filter /opt/stack/nova/nova/scheduler/request_filter.py:477}}
Jul 20 14:33:39.207136 np0000005501 nova-scheduler[93417]: INFO nova.utils [None req-dcb9912c-a4b3-4c27-9a06-4cf4ccf0ff16 tempest-AttachVolumeTestJSON-1184477738 tempest-AttachVolumeTestJSON-1184477738-project-member] The cell worker thread pool ForkProcess-3.cell_worker is initialized
Jul 20 14:33:39.207592 np0000005501 nova-scheduler[93417]: DEBUG oslo_concurrency.lockutils [None req-dcb9912c-a4b3-4c27-9a06-4cf4ccf0ff16 tempest-AttachVolumeTestJSON-1184477738 tempest-AttachVolumeTestJSON-1184477738-project-member] Acquiring lock "159175c0-f7fa-4e21-b463-2cf4aa322707" by "nova.context.set_target_cell..get_or_set_cached_cell_and_set_connections" {{(pid=93417) inner /opt/stack/data/venv/lib/python3.12/site-packages/oslo_concurrency/lockutils.py:512}}
Jul 20 14:33:39.207820 np0000005501 nova-scheduler[93417]: DEBUG oslo_concurrency.lockutils [None req-dcb9912c-a4b3-4c27-9a06-4cf4ccf0ff16 tempest-AttachVolumeTestJSON-1184477738 tempest-AttachVolumeTestJSON-1184477738-project-member] Lock "159175c0-f7fa-4e21-b463-2cf4aa322707" acquired by "nova.context.set_target_cell..get_or_set_cached_cell_and_set_connections" :: waited 0.000s {{(pid=93417) inner /opt/stack/data/venv/lib/python3.12/site-packages/oslo_concurrency/lockutils.py:525}}
Jul 20 14:33:39.209478 np0000005501 nova-scheduler[93417]: DEBUG oslo_concurrency.lockutils [None req-dcb9912c-a4b3-4c27-9a06-4cf4ccf0ff16 tempest-AttachVolumeTestJSON-1184477738 tempest-AttachVolumeTestJSON-1184477738-project-member] Lock "159175c0-f7fa-4e21-b463-2cf4aa322707" "released" by "nova.context.set_target_cell..get_or_set_cached_cell_and_set_connections" :: held 0.001s {{(pid=93417) inner /opt/stack/data/venv/lib/python3.12/site-packages/oslo_concurrency/lockutils.py:544}}
Jul 20 14:33:39.211232 np0000005501 nova-scheduler[93417]: INFO dbcounter [None req-dcb9912c-a4b3-4c27-9a06-4cf4ccf0ff16 tempest-AttachVolumeTestJSON-1184477738 tempest-AttachVolumeTestJSON-1184477738-project-member] Registered counter for database nova_cell1
Jul 20 14:33:39.216710 np0000005501 nova-scheduler[93413]: INFO nova.utils [None req-809b692a-6da1-4758-bc20-0cae381d00f9 tempest-ServerStableDeviceRescueTest-377461276 tempest-ServerStableDeviceRescueTest-377461276-project-member] The cell worker thread pool ForkProcess-1.cell_worker is initialized
Jul 20 14:33:39.216710 np0000005501 nova-scheduler[93413]: DEBUG oslo_concurrency.lockutils [None req-809b692a-6da1-4758-bc20-0cae381d00f9 tempest-ServerStableDeviceRescueTest-377461276 tempest-ServerStableDeviceRescueTest-377461276-project-member] Acquiring lock "159175c0-f7fa-4e21-b463-2cf4aa322707" by "nova.context.set_target_cell..get_or_set_cached_cell_and_set_connections" {{(pid=93413) inner /opt/stack/data/venv/lib/python3.12/site-packages/oslo_concurrency/lockutils.py:512}}
Jul 20 14:33:39.216710 np0000005501 nova-scheduler[93413]: DEBUG oslo_concurrency.lockutils [None req-809b692a-6da1-4758-bc20-0cae381d00f9 tempest-ServerStableDeviceRescueTest-377461276 tempest-ServerStableDeviceRescueTest-377461276-project-member] Lock "159175c0-f7fa-4e21-b463-2cf4aa322707" acquired by "nova.context.set_target_cell..get_or_set_cached_cell_and_set_connections" :: waited 0.000s {{(pid=93413) inner /opt/stack/data/venv/lib/python3.12/site-packages/oslo_concurrency/lockutils.py:525}}
Jul 20 14:33:39.216710 np0000005501 nova-scheduler[93413]: DEBUG oslo_concurrency.lockutils [None req-809b692a-6da1-4758-bc20-0cae381d00f9 tempest-ServerStableDeviceRescueTest-377461276 tempest-ServerStableDeviceRescueTest-377461276-project-member] Lock "159175c0-f7fa-4e21-b463-2cf4aa322707" "released" by "nova.context.set_target_cell..get_or_set_cached_cell_and_set_connections" :: held 0.001s {{(pid=93413) inner /opt/stack/data/venv/lib/python3.12/site-packages/oslo_concurrency/lockutils.py:544}}
Jul 20 14:33:39.218278 np0000005501 nova-scheduler[93413]: INFO dbcounter [None req-809b692a-6da1-4758-bc20-0cae381d00f9 tempest-ServerStableDeviceRescueTest-377461276 tempest-ServerStableDeviceRescueTest-377461276-project-member] Registered counter for database nova_cell1
Jul 20 14:33:39.241961 np0000005501 nova-scheduler[93417]: DEBUG oslo_db.sqlalchemy.engines [None req-dcb9912c-a4b3-4c27-9a06-4cf4ccf0ff16 tempest-AttachVolumeTestJSON-1184477738 tempest-AttachVolumeTestJSON-1184477738-project-member] MySQL server mode set to STRICT_TRANS_TABLES,STRICT_ALL_TABLES,NO_ZERO_IN_DATE,NO_ZERO_DATE,ERROR_FOR_DIVISION_BY_ZERO,TRADITIONAL,NO_ENGINE_SUBSTITUTION {{(pid=93417) _check_effective_sql_mode /opt/stack/data/venv/lib/python3.12/site-packages/oslo_db/sqlalchemy/engines.py:325}}
Jul 20 14:33:39.247934 np0000005501 nova-scheduler[93417]: DEBUG dbcounter [-] [93417] Writer thread running {{(pid=93417) stat_writer /opt/stack/data/venv/lib/python3.12/site-packages/dbcounter.py:102}}
Jul 20 14:33:39.251134 np0000005501 nova-scheduler[93413]: DEBUG oslo_db.sqlalchemy.engines [None req-809b692a-6da1-4758-bc20-0cae381d00f9 tempest-ServerStableDeviceRescueTest-377461276 tempest-ServerStableDeviceRescueTest-377461276-project-member] MySQL server mode set to STRICT_TRANS_TABLES,STRICT_ALL_TABLES,NO_ZERO_IN_DATE,NO_ZERO_DATE,ERROR_FOR_DIVISION_BY_ZERO,TRADITIONAL,NO_ENGINE_SUBSTITUTION {{(pid=93413) _check_effective_sql_mode /opt/stack/data/venv/lib/python3.12/site-packages/oslo_db/sqlalchemy/engines.py:325}}
Jul 20 14:33:39.256559 np0000005501 nova-scheduler[93413]: DEBUG dbcounter [-] [93413] Writer thread running {{(pid=93413) stat_writer /opt/stack/data/venv/lib/python3.12/site-packages/dbcounter.py:102}}
Jul 20 14:33:39.257696 np0000005501 nova-scheduler[93417]: DEBUG oslo_db.sqlalchemy.engines [None req-dcb9912c-a4b3-4c27-9a06-4cf4ccf0ff16 tempest-AttachVolumeTestJSON-1184477738 tempest-AttachVolumeTestJSON-1184477738-project-member] Parent process 92137 forked (93417) with an open database connection, which is being discarded and recreated. {{(pid=93417) checkout /opt/stack/data/venv/lib/python3.12/site-packages/oslo_db/sqlalchemy/engines.py:402}}
Jul 20 14:33:39.299240 np0000005501 nova-scheduler[93413]: DEBUG dbcounter [-] [93413] Writer thread running {{(pid=93413) stat_writer /opt/stack/data/venv/lib/python3.12/site-packages/dbcounter.py:102}}
Jul 20 14:33:39.302247 np0000005501 nova-scheduler[93413]: DEBUG oslo_concurrency.lockutils [None req-809b692a-6da1-4758-bc20-0cae381d00f9 tempest-ServerStableDeviceRescueTest-377461276 tempest-ServerStableDeviceRescueTest-377461276-project-member] Acquiring lock "159175c0-f7fa-4e21-b463-2cf4aa322707" by "nova.context.set_target_cell..get_or_set_cached_cell_and_set_connections" {{(pid=93413) inner /opt/stack/data/venv/lib/python3.12/site-packages/oslo_concurrency/lockutils.py:512}}
Jul 20 14:33:39.302707 np0000005501 nova-scheduler[93413]: DEBUG oslo_concurrency.lockutils [None req-809b692a-6da1-4758-bc20-0cae381d00f9 tempest-ServerStableDeviceRescueTest-377461276 tempest-ServerStableDeviceRescueTest-377461276-project-member] Lock "159175c0-f7fa-4e21-b463-2cf4aa322707" acquired by "nova.context.set_target_cell..get_or_set_cached_cell_and_set_connections" :: waited 0.001s {{(pid=93413) inner /opt/stack/data/venv/lib/python3.12/site-packages/oslo_concurrency/lockutils.py:525}}
Jul 20 14:33:39.303034 np0000005501 nova-scheduler[93413]: DEBUG oslo_concurrency.lockutils [None req-809b692a-6da1-4758-bc20-0cae381d00f9 tempest-ServerStableDeviceRescueTest-377461276 tempest-ServerStableDeviceRescueTest-377461276-project-member] Lock "159175c0-f7fa-4e21-b463-2cf4aa322707" "released" by "nova.context.set_target_cell..get_or_set_cached_cell_and_set_connections" :: held 0.000s {{(pid=93413) inner /opt/stack/data/venv/lib/python3.12/site-packages/oslo_concurrency/lockutils.py:544}}
Jul 20 14:33:39.304660 np0000005501 nova-scheduler[93417]: DEBUG dbcounter [-] [93417] Writer thread running {{(pid=93417) stat_writer /opt/stack/data/venv/lib/python3.12/site-packages/dbcounter.py:102}}
Jul 20 14:33:39.307084 np0000005501 nova-scheduler[93413]: DEBUG oslo_concurrency.lockutils [None req-809b692a-6da1-4758-bc20-0cae381d00f9 tempest-ServerStableDeviceRescueTest-377461276 tempest-ServerStableDeviceRescueTest-377461276-project-member] Acquiring lock "np0000005501-np0000005501" by "nova.scheduler.host_manager.HostState.update.._locked_update" {{(pid=93413) inner /opt/stack/data/venv/lib/python3.12/site-packages/oslo_concurrency/lockutils.py:512}}
Jul 20 14:33:39.307513 np0000005501 nova-scheduler[93413]: DEBUG oslo_concurrency.lockutils [None req-809b692a-6da1-4758-bc20-0cae381d00f9 tempest-ServerStableDeviceRescueTest-377461276 tempest-ServerStableDeviceRescueTest-377461276-project-member] Lock "np0000005501-np0000005501" acquired by "nova.scheduler.host_manager.HostState.update.._locked_update" :: waited 0.000s {{(pid=93413) inner /opt/stack/data/venv/lib/python3.12/site-packages/oslo_concurrency/lockutils.py:525}}
Jul 20 14:33:39.308647 np0000005501 nova-scheduler[93413]: DEBUG nova.scheduler.host_manager [None req-809b692a-6da1-4758-bc20-0cae381d00f9 tempest-ServerStableDeviceRescueTest-377461276 tempest-ServerStableDeviceRescueTest-377461276-project-member] Update host state from compute node: ComputeNode(cpu_allocation_ratio=4.0,cpu_info='{"arch": "x86_64", "model": "EPYC-Milan", "vendor": "AMD", "topology": {"cells": 1, "sockets": 16, "cores": 1, "threads": 1}, "maxphysaddr": {"mode": "emulate", "bits": 40}, "features": ["vmcb-clean", "xsaves", "f16c", "topoext", "pfthreshold", "clflush", "stibp", "xsavec", "mtrr", "bmi1", "mmxext", "umip", "pause-filter", "nrip-save", "pse", "lfence-always-serializing", "fxsr", "tsc", "arch-capabilities", "ibpb", "no-nested-data-bp", "cmp_legacy", "amd-ssbd", "xsaveerptr", "popcnt", "stibp-always-on", "avx2", "v-vmsave-vmload", "sse", "vaes", "pcid", "bmi2", "ibrs", "flushbyasid", "pdpe1gb", "nx", "fsgsbase", "vpclmulqdq", "amd-stibp", "arat", "pat", "lahf_lm", "virt-ssbd", "tsc_adjust", "amd-psfd", "aes", "msr", "xgetbv1", "pku", "wbnoinvd", "syscall", "x2apic", "adx", "fxsr_opt", "rdctl-no", "vgif", "misalignsse", "skip-l1dfl-vmentry", "npt", "cx16", "erms", "null-sel-clr-base", "spec-ctrl", "svm", "tsc-scale", "xsaveopt", "fma", "pni", "rdrand", "avx", "perfctr_core", "fpu", "gds-no", "pse36", "ssbd", "ssse3", "rdtscp", "invpcid", "mmx", "smap", "lbrv", "cx8", "clflushopt", "rdseed", "movbe", "sha-ni", "smep", "clzero", "pge", "sse2", "mce", "sse4a", "cmov", "xsave", "pschange-mc-no", "rdpid", "svme-addr-chk", "lm", "sep", "pclmuldq", "clwb", "mca", "de", "pae", "osvw", "mds-no", "apic", "abm", "hypervisor", "sse4.1", "fsrm", "tsc-deadline", "3dnowprefetch", "vme", "cr8legacy", "sse4.2"]}',created_at=2026-07-20T14:31:27Z,current_workload=0,deleted=False,deleted_at=None,disk_allocation_ratio=1.0,disk_available_least=73,free_disk_gb=95,free_ram_mb=62765,host='np0000005501',host_ip=10.4.3.252,hypervisor_hostname='np0000005501',hypervisor_type='QEMU',hypervisor_version=8002002,id=1,local_gb=95,local_gb_used=0,mapped=1,memory_mb=63277,memory_mb_used=512,metrics='[]',numa_topology='{"nova_object.name": "NUMATopology", "nova_object.namespace": "nova", "nova_object.version": "1.2", "nova_object.data": {"cells": [{"nova_object.name": "NUMACell", "nova_object.namespace": "nova", "nova_object.version": "1.5", "nova_object.data": {"id": 0, "cpuset": [0, 1, 2, 3, 4, 5, 6, 7, 8, 9, 10, 11, 12, 13, 14, 15], "pcpuset": [0, 1, 2, 3, 4, 5, 6, 7, 8, 9, 10, 11, 12, 13, 14, 15], "memory": 63277, "cpu_usage": 0, "memory_usage": 0, "pinned_cpus": [], "siblings": [[6], [12], [2], [15], [5], [11], [8], [14], [4], [1], [7], [10], [0], [13], [3], [9]], "mempages": [{"nova_object.name": "NUMAPagesTopology", "nova_object.namespace": "nova", "nova_object.version": "1.1", "nova_object.data": {"size_kb": 4, "total": 16177927, "used": 0, "reserved": 0}, "nova_object.changes": ["total", "reserved", "size_kb", "used"]}, {"nova_object.name": "NUMAPagesTopology", "nova_object.namespace": "nova", "nova_object.version": "1.1", "nova_object.data": {"size_kb": 2048, "total": 41, "used": 0, "reserved": 0}, "nova_object.changes": ["total", "reserved", "size_kb", "used"]}, {"nova_object.name": "NUMAPagesTopology", "nova_object.namespace": "nova", "nova_object.version": "1.1", "nova_object.data": {"size_kb": 1048576, "total": 0, "used": 0, "reserved": 0}, "nova_object.changes": ["total", "reserved", "size_kb", "used"]}], "network_metadata": {"nova_object.name": "NetworkMetadata", "nova_object.namespace": "nova", "nova_object.version": "1.0", "nova_object.data": {"physnets": [], "tunneled": false}, "nova_object.changes": ["tunneled", "physnets"]}, "socket": null}, "nova_object.changes": ["cpuset", "pcpuset", "id", "memory", "memory_usage", "siblings", "network_metadata", "cpu_usage", "socket", "mempages", "pinned_cpus"]}]}, "nova_object.changes": ["cells"]}',pci_device_pools=PciDevicePoolList,ram_allocation_ratio=1.0,running_vms=0,service_id=3,stats={failed_builds='0',uptime=' 14:33:13 up 13 min, 2 users, load average: 1.21, 1.30, 0.75
Jul 20 14:33:39.308647 np0000005501 nova-scheduler[93413]: '},supported_hv_specs=[HVSpec,HVSpec,HVSpec,HVSpec,HVSpec,HVSpec,HVSpec,HVSpec,HVSpec,HVSpec,HVSpec,HVSpec,HVSpec,HVSpec,HVSpec,HVSpec,HVSpec,HVSpec,HVSpec,HVSpec,HVSpec,HVSpec,HVSpec,HVSpec,HVSpec],updated_at=2026-07-20T14:33:14Z,uuid=9eebf6f0-3125-4e5a-9fb4-e7fac7c008fe,vcpus=16,vcpus_used=0) {{(pid=93413) _locked_update /opt/stack/nova/nova/scheduler/host_manager.py:168}}
Jul 20 14:33:39.309496 np0000005501 nova-scheduler[93417]: DEBUG oslo_concurrency.lockutils [None req-dcb9912c-a4b3-4c27-9a06-4cf4ccf0ff16 tempest-AttachVolumeTestJSON-1184477738 tempest-AttachVolumeTestJSON-1184477738-project-member] Acquiring lock "159175c0-f7fa-4e21-b463-2cf4aa322707" by "nova.context.set_target_cell..get_or_set_cached_cell_and_set_connections" {{(pid=93417) inner /opt/stack/data/venv/lib/python3.12/site-packages/oslo_concurrency/lockutils.py:512}}
Jul 20 14:33:39.309683 np0000005501 nova-scheduler[93417]: DEBUG oslo_concurrency.lockutils [None req-dcb9912c-a4b3-4c27-9a06-4cf4ccf0ff16 tempest-AttachVolumeTestJSON-1184477738 tempest-AttachVolumeTestJSON-1184477738-project-member] Lock "159175c0-f7fa-4e21-b463-2cf4aa322707" acquired by "nova.context.set_target_cell..get_or_set_cached_cell_and_set_connections" :: waited 0.000s {{(pid=93417) inner /opt/stack/data/venv/lib/python3.12/site-packages/oslo_concurrency/lockutils.py:525}}
Jul 20 14:33:39.309814 np0000005501 nova-scheduler[93413]: DEBUG nova.scheduler.host_manager [None req-809b692a-6da1-4758-bc20-0cae381d00f9 tempest-ServerStableDeviceRescueTest-377461276 tempest-ServerStableDeviceRescueTest-377461276-project-member] Update host state with aggregates: [] {{(pid=93413) _locked_update /opt/stack/nova/nova/scheduler/host_manager.py:171}}
Jul 20 14:33:39.309901 np0000005501 nova-scheduler[93417]: DEBUG oslo_concurrency.lockutils [None req-dcb9912c-a4b3-4c27-9a06-4cf4ccf0ff16 tempest-AttachVolumeTestJSON-1184477738 tempest-AttachVolumeTestJSON-1184477738-project-member] Lock "159175c0-f7fa-4e21-b463-2cf4aa322707" "released" by "nova.context.set_target_cell..get_or_set_cached_cell_and_set_connections" :: held 0.000s {{(pid=93417) inner /opt/stack/data/venv/lib/python3.12/site-packages/oslo_concurrency/lockutils.py:544}}
Jul 20 14:33:39.310116 np0000005501 nova-scheduler[93413]: DEBUG nova.scheduler.host_manager [None req-809b692a-6da1-4758-bc20-0cae381d00f9 tempest-ServerStableDeviceRescueTest-377461276 tempest-ServerStableDeviceRescueTest-377461276-project-member] Update host state with service dict: {'id': 3, 'uuid': 'af82cac8-1d64-42db-98bf-ae7fddcc4eb0', 'host': 'np0000005501', 'binary': 'nova-compute', 'topic': 'compute', 'report_count': 2, 'disabled': False, 'disabled_reason': None, 'last_seen_up': datetime.datetime(2026, 7, 20, 14, 33, 33, tzinfo=datetime.timezone.utc), 'forced_down': False, 'version': 72, 'created_at': datetime.datetime(2026, 7, 20, 14, 31, 27, tzinfo=datetime.timezone.utc), 'updated_at': datetime.datetime(2026, 7, 20, 14, 33, 33, tzinfo=datetime.timezone.utc), 'deleted_at': None, 'deleted': False} {{(pid=93413) _locked_update /opt/stack/nova/nova/scheduler/host_manager.py:174}}
Jul 20 14:33:39.310357 np0000005501 nova-scheduler[93413]: DEBUG nova.scheduler.host_manager [None req-809b692a-6da1-4758-bc20-0cae381d00f9 tempest-ServerStableDeviceRescueTest-377461276 tempest-ServerStableDeviceRescueTest-377461276-project-member] Update host state with instances: [] {{(pid=93413) _locked_update /opt/stack/nova/nova/scheduler/host_manager.py:177}}
Jul 20 14:33:39.310564 np0000005501 nova-scheduler[93413]: DEBUG oslo_concurrency.lockutils [None req-809b692a-6da1-4758-bc20-0cae381d00f9 tempest-ServerStableDeviceRescueTest-377461276 tempest-ServerStableDeviceRescueTest-377461276-project-member] Lock "np0000005501-np0000005501" "released" by "nova.scheduler.host_manager.HostState.update.._locked_update" :: held 0.003s {{(pid=93413) inner /opt/stack/data/venv/lib/python3.12/site-packages/oslo_concurrency/lockutils.py:544}}
Jul 20 14:33:39.311082 np0000005501 nova-scheduler[93413]: DEBUG nova.filters [None req-809b692a-6da1-4758-bc20-0cae381d00f9 tempest-ServerStableDeviceRescueTest-377461276 tempest-ServerStableDeviceRescueTest-377461276-project-member] Starting with 1 host(s) {{(pid=93413) get_filtered_objects /opt/stack/nova/nova/filters.py:70}}
Jul 20 14:33:39.311375 np0000005501 nova-scheduler[93413]: DEBUG nova.filters [None req-809b692a-6da1-4758-bc20-0cae381d00f9 tempest-ServerStableDeviceRescueTest-377461276 tempest-ServerStableDeviceRescueTest-377461276-project-member] Filter ComputeFilter returned 1 host(s) {{(pid=93413) get_filtered_objects /opt/stack/nova/nova/filters.py:102}}
Jul 20 14:33:39.311607 np0000005501 nova-scheduler[93413]: DEBUG nova.filters [None req-809b692a-6da1-4758-bc20-0cae381d00f9 tempest-ServerStableDeviceRescueTest-377461276 tempest-ServerStableDeviceRescueTest-377461276-project-member] Filter ComputeCapabilitiesFilter returned 1 host(s) {{(pid=93413) get_filtered_objects /opt/stack/nova/nova/filters.py:102}}
