Jul 20 12:05:16.571075 np0000005498 devstack@g-api.service[102932]: DEBUG glance.api.middleware.version_negotiation [None req-b679735d-2d2e-4289-ad32-521beb02b038 tempest-VolumesActionsTest-1510562927 tempest-VolumesActionsTest-1510562927-project-member] Determining version of request: GET /v2/schemas/image Accept: */* {{(pid=102932) process_request /opt/stack/glance/glance/api/middleware/version_negotiation.py:44}}
Jul 20 12:05:16.574046 np0000005498 devstack@g-api.service[102932]: DEBUG glance.api.middleware.version_negotiation [None req-b679735d-2d2e-4289-ad32-521beb02b038 tempest-VolumesActionsTest-1510562927 tempest-VolumesActionsTest-1510562927-project-member] Using url versioning {{(pid=102932) process_request /opt/stack/glance/glance/api/middleware/version_negotiation.py:57}}
Jul 20 12:05:16.574046 np0000005498 devstack@g-api.service[102932]: DEBUG glance.api.middleware.version_negotiation [None req-b679735d-2d2e-4289-ad32-521beb02b038 tempest-VolumesActionsTest-1510562927 tempest-VolumesActionsTest-1510562927-project-member] Matched version: v2 {{(pid=102932) process_request /opt/stack/glance/glance/api/middleware/version_negotiation.py:69}}
Jul 20 12:05:16.574046 np0000005498 devstack@g-api.service[102932]: DEBUG glance.api.middleware.version_negotiation [None req-b679735d-2d2e-4289-ad32-521beb02b038 tempest-VolumesActionsTest-1510562927 tempest-VolumesActionsTest-1510562927-project-member] new path /v2/schemas/image {{(pid=102932) process_request /opt/stack/glance/glance/api/middleware/version_negotiation.py:70}}
Jul 20 12:05:16.576669 np0000005498 devstack@g-api.service[102932]: [pid: 102932|app: 0|req: 103/397] 127.0.0.1 () {44 vars in 1055 bytes} [Mon Jul 20 12:05:16 2026] GET /v2/schemas/image => generated 6083 bytes in 6 msecs (HTTP/1.1 200) 4 headers in 158 bytes (1 switches on core 0)
Jul 20 12:05:16.587948 np0000005498 devstack@g-api.service[102931]: DEBUG glance.api.middleware.version_negotiation [None req-b41f0d36-d079-42cf-bf0b-51cbbc303abe tempest-ServerActionsTestOtherA-271519866 tempest-ServerActionsTestOtherA-271519866-project-member] Determining version of request: GET /v2/images/24451fde-bf1a-4357-8924-a334424d9809 Accept: */* {{(pid=102931) process_request /opt/stack/glance/glance/api/middleware/version_negotiation.py:44}}
Jul 20 12:05:16.588105 np0000005498 devstack@g-api.service[102931]: DEBUG glance.api.middleware.version_negotiation [None req-b41f0d36-d079-42cf-bf0b-51cbbc303abe tempest-ServerActionsTestOtherA-271519866 tempest-ServerActionsTestOtherA-271519866-project-member] Using url versioning {{(pid=102931) process_request /opt/stack/glance/glance/api/middleware/version_negotiation.py:57}}
Jul 20 12:05:16.588254 np0000005498 devstack@g-api.service[102931]: DEBUG glance.api.middleware.version_negotiation [None req-b41f0d36-d079-42cf-bf0b-51cbbc303abe tempest-ServerActionsTestOtherA-271519866 tempest-ServerActionsTestOtherA-271519866-project-member] Matched version: v2 {{(pid=102931) process_request /opt/stack/glance/glance/api/middleware/version_negotiation.py:69}}
Jul 20 12:05:16.588377 np0000005498 devstack@g-api.service[102931]: DEBUG glance.api.middleware.version_negotiation [None req-b41f0d36-d079-42cf-bf0b-51cbbc303abe tempest-ServerActionsTestOtherA-271519866 tempest-ServerActionsTestOtherA-271519866-project-member] new path /v2/images/24451fde-bf1a-4357-8924-a334424d9809 {{(pid=102931) process_request /opt/stack/glance/glance/api/middleware/version_negotiation.py:70}}
Jul 20 12:05:16.598612 np0000005498 devstack@g-api.service[102931]: [pid: 102931|app: 0|req: 99/398] 127.0.0.1 () {44 vars in 1115 bytes} [Mon Jul 20 12:05:16 2026] GET /v2/images/24451fde-bf1a-4357-8924-a334424d9809 => generated 1044 bytes in 11 msecs (HTTP/1.1 200) 4 headers in 158 bytes (1 switches on core 0)
Jul 20 12:05:16.608705 np0000005498 devstack@g-api.service[102934]: DEBUG glance.api.middleware.version_negotiation [None req-b41f0d36-d079-42cf-bf0b-51cbbc303abe tempest-ServerActionsTestOtherA-271519866 tempest-ServerActionsTestOtherA-271519866-project-member] Determining version of request: GET /v2/schemas/image Accept: */* {{(pid=102934) process_request /opt/stack/glance/glance/api/middleware/version_negotiation.py:44}}
Jul 20 12:05:16.608705 np0000005498 devstack@g-api.service[102934]: DEBUG glance.api.middleware.version_negotiation [None req-b41f0d36-d079-42cf-bf0b-51cbbc303abe tempest-ServerActionsTestOtherA-271519866 tempest-ServerActionsTestOtherA-271519866-project-member] Using url versioning {{(pid=102934) process_request /opt/stack/glance/glance/api/middleware/version_negotiation.py:57}}
Jul 20 12:05:16.608705 np0000005498 devstack@g-api.service[102934]: DEBUG glance.api.middleware.version_negotiation [None req-b41f0d36-d079-42cf-bf0b-51cbbc303abe tempest-ServerActionsTestOtherA-271519866 tempest-ServerActionsTestOtherA-271519866-project-member] Matched version: v2 {{(pid=102934) process_request /opt/stack/glance/glance/api/middleware/version_negotiation.py:69}}
Jul 20 12:05:16.608705 np0000005498 devstack@g-api.service[102934]: DEBUG glance.api.middleware.version_negotiation [None req-b41f0d36-d079-42cf-bf0b-51cbbc303abe tempest-ServerActionsTestOtherA-271519866 tempest-ServerActionsTestOtherA-271519866-project-member] new path /v2/schemas/image {{(pid=102934) process_request /opt/stack/glance/glance/api/middleware/version_negotiation.py:70}}
Jul 20 12:05:16.614775 np0000005498 devstack@g-api.service[102934]: [pid: 102934|app: 0|req: 99/399] 127.0.0.1 () {44 vars in 1055 bytes} [Mon Jul 20 12:05:16 2026] GET /v2/schemas/image => generated 6083 bytes in 6 msecs (HTTP/1.1 200) 4 headers in 158 bytes (1 switches on core 0)
Jul 20 12:05:16.623174 np0000005498 devstack@g-api.service[102932]: DEBUG glance.api.middleware.version_negotiation [None req-b41f0d36-d079-42cf-bf0b-51cbbc303abe tempest-ServerActionsTestOtherA-271519866 tempest-ServerActionsTestOtherA-271519866-project-member] Determining version of request: GET /v2/schemas/image Accept: */* {{(pid=102932) process_request /opt/stack/glance/glance/api/middleware/version_negotiation.py:44}}
Jul 20 12:05:16.623174 np0000005498 devstack@g-api.service[102932]: DEBUG glance.api.middleware.version_negotiation [None req-b41f0d36-d079-42cf-bf0b-51cbbc303abe tempest-ServerActionsTestOtherA-271519866 tempest-ServerActionsTestOtherA-271519866-project-member] Using url versioning {{(pid=102932) process_request /opt/stack/glance/glance/api/middleware/version_negotiation.py:57}}
Jul 20 12:05:16.623174 np0000005498 devstack@g-api.service[102932]: DEBUG glance.api.middleware.version_negotiation [None req-b41f0d36-d079-42cf-bf0b-51cbbc303abe tempest-ServerActionsTestOtherA-271519866 tempest-ServerActionsTestOtherA-271519866-project-member] Matched version: v2 {{(pid=102932) process_request /opt/stack/glance/glance/api/middleware/version_negotiation.py:69}}
Jul 20 12:05:16.623174 np0000005498 devstack@g-api.service[102932]: DEBUG glance.api.middleware.version_negotiation [None req-b41f0d36-d079-42cf-bf0b-51cbbc303abe tempest-ServerActionsTestOtherA-271519866 tempest-ServerActionsTestOtherA-271519866-project-member] new path /v2/schemas/image {{(pid=102932) process_request /opt/stack/glance/glance/api/middleware/version_negotiation.py:70}}
Jul 20 12:05:16.627055 np0000005498 devstack@g-api.service[102932]: [pid: 102932|app: 0|req: 104/400] 127.0.0.1 () {44 vars in 1055 bytes} [Mon Jul 20 12:05:16 2026] GET /v2/schemas/image => generated 6083 bytes in 4 msecs (HTTP/1.1 200) 4 headers in 158 bytes (1 switches on core 0)
Jul 20 12:05:16.657638 np0000005498 devstack@g-api.service[102931]: DEBUG glance.api.middleware.version_negotiation [None req-b41f0d36-d079-42cf-bf0b-51cbbc303abe tempest-ServerActionsTestOtherA-271519866 tempest-ServerActionsTestOtherA-271519866-project-member] Determining version of request: GET /v2/images/24451fde-bf1a-4357-8924-a334424d9809 Accept: */* {{(pid=102931) process_request /opt/stack/glance/glance/api/middleware/version_negotiation.py:44}}
Jul 20 12:05:16.657820 np0000005498 devstack@g-api.service[102931]: DEBUG glance.api.middleware.version_negotiation [None req-b41f0d36-d079-42cf-bf0b-51cbbc303abe tempest-ServerActionsTestOtherA-271519866 tempest-ServerActionsTestOtherA-271519866-project-member] Using url versioning {{(pid=102931) process_request /opt/stack/glance/glance/api/middleware/version_negotiation.py:57}}
Jul 20 12:05:16.657955 np0000005498 devstack@g-api.service[102931]: DEBUG glance.api.middleware.version_negotiation [None req-b41f0d36-d079-42cf-bf0b-51cbbc303abe tempest-ServerActionsTestOtherA-271519866 tempest-ServerActionsTestOtherA-271519866-project-member] Matched version: v2 {{(pid=102931) process_request /opt/stack/glance/glance/api/middleware/version_negotiation.py:69}}
Jul 20 12:05:16.658116 np0000005498 devstack@g-api.service[102931]: DEBUG glance.api.middleware.version_negotiation [None req-b41f0d36-d079-42cf-bf0b-51cbbc303abe tempest-ServerActionsTestOtherA-271519866 tempest-ServerActionsTestOtherA-271519866-project-member] new path /v2/images/24451fde-bf1a-4357-8924-a334424d9809 {{(pid=102931) process_request /opt/stack/glance/glance/api/middleware/version_negotiation.py:70}}
Jul 20 12:05:16.668599 np0000005498 devstack@g-api.service[102931]: [pid: 102931|app: 0|req: 100/401] 127.0.0.1 () {44 vars in 1115 bytes} [Mon Jul 20 12:05:16 2026] GET /v2/images/24451fde-bf1a-4357-8924-a334424d9809 => generated 1044 bytes in 11 msecs (HTTP/1.1 200) 4 headers in 158 bytes (1 switches on core 0)
Jul 20 12:05:16.677178 np0000005498 devstack@g-api.service[102934]: DEBUG glance.api.middleware.version_negotiation [None req-b41f0d36-d079-42cf-bf0b-51cbbc303abe tempest-ServerActionsTestOtherA-271519866 tempest-ServerActionsTestOtherA-271519866-project-member] Determining version of request: GET /v2/schemas/image Accept: */* {{(pid=102934) process_request /opt/stack/glance/glance/api/middleware/version_negotiation.py:44}}
Jul 20 12:05:16.677417 np0000005498 devstack@g-api.service[102934]: DEBUG glance.api.middleware.version_negotiation [None req-b41f0d36-d079-42cf-bf0b-51cbbc303abe tempest-ServerActionsTestOtherA-271519866 tempest-ServerActionsTestOtherA-271519866-project-member] Using url versioning {{(pid=102934) process_request /opt/stack/glance/glance/api/middleware/version_negotiation.py:57}}
Jul 20 12:05:16.677570 np0000005498 devstack@g-api.service[102934]: DEBUG glance.api.middleware.version_negotiation [None req-b41f0d36-d079-42cf-bf0b-51cbbc303abe tempest-ServerActionsTestOtherA-271519866 tempest-ServerActionsTestOtherA-271519866-project-member] Matched version: v2 {{(pid=102934) process_request /opt/stack/glance/glance/api/middleware/version_negotiation.py:69}}
Jul 20 12:05:16.678006 np0000005498 devstack@g-api.service[102934]: DEBUG glance.api.middleware.version_negotiation [None req-b41f0d36-d079-42cf-bf0b-51cbbc303abe tempest-ServerActionsTestOtherA-271519866 tempest-ServerActionsTestOtherA-271519866-project-member] new path /v2/schemas/image {{(pid=102934) process_request /opt/stack/glance/glance/api/middleware/version_negotiation.py:70}}
Jul 20 12:05:16.680002 np0000005498 devstack@g-api.service[102934]: [pid: 102934|app: 0|req: 100/402] 127.0.0.1 () {44 vars in 1055 bytes} [Mon Jul 20 12:05:16 2026] GET /v2/schemas/image => generated 6083 bytes in 3 msecs (HTTP/1.1 200) 4 headers in 158 bytes (1 switches on core 0)
Jul 20 12:05:17.035001 np0000005498 devstack@g-api.service[102932]: DEBUG glance.api.middleware.version_negotiation [None req-b41f0d36-d079-42cf-bf0b-51cbbc303abe tempest-ServerActionsTestOtherA-271519866 tempest-ServerActionsTestOtherA-271519866-project-member] Determining version of request: GET /v2/images/d14155c0-29cf-4489-8cb9-fad5e7995d92 Accept: application/json {{(pid=102932) process_request /opt/stack/glance/glance/api/middleware/version_negotiation.py:44}}
Jul 20 12:05:17.035578 np0000005498 devstack@g-api.service[102932]: DEBUG glance.api.middleware.version_negotiation [None req-b41f0d36-d079-42cf-bf0b-51cbbc303abe tempest-ServerActionsTestOtherA-271519866 tempest-ServerActionsTestOtherA-271519866-project-member] Using url versioning {{(pid=102932) process_request /opt/stack/glance/glance/api/middleware/version_negotiation.py:57}}
Jul 20 12:05:17.035795 np0000005498 devstack@g-api.service[102932]: DEBUG glance.api.middleware.version_negotiation [None req-b41f0d36-d079-42cf-bf0b-51cbbc303abe tempest-ServerActionsTestOtherA-271519866 tempest-ServerActionsTestOtherA-271519866-project-member] Matched version: v2 {{(pid=102932) process_request /opt/stack/glance/glance/api/middleware/version_negotiation.py:69}}
Jul 20 12:05:17.035966 np0000005498 devstack@g-api.service[102932]: DEBUG glance.api.middleware.version_negotiation [None req-b41f0d36-d079-42cf-bf0b-51cbbc303abe tempest-ServerActionsTestOtherA-271519866 tempest-ServerActionsTestOtherA-271519866-project-member] new path /v2/images/d14155c0-29cf-4489-8cb9-fad5e7995d92 {{(pid=102932) process_request /opt/stack/glance/glance/api/middleware/version_negotiation.py:70}}
Jul 20 12:05:17.044545 np0000005498 devstack@g-api.service[102932]: [pid: 102932|app: 0|req: 105/403] 127.0.0.1 () {40 vars in 838 bytes} [Mon Jul 20 12:05:17 2026] GET /v2/images/d14155c0-29cf-4489-8cb9-fad5e7995d92 => generated 649 bytes in 9 msecs (HTTP/1.1 200) 4 headers in 157 bytes (1 switches on core 0)
Jul 20 12:05:17.167875 np0000005498 devstack@g-api.service[102931]: DEBUG glance.api.middleware.version_negotiation [None req-b41f0d36-d079-42cf-bf0b-51cbbc303abe tempest-ServerActionsTestOtherA-271519866 tempest-ServerActionsTestOtherA-271519866-project-member] Determining version of request: GET /versions Accept: */* {{(pid=102931) process_request /opt/stack/glance/glance/api/middleware/version_negotiation.py:44}}
Jul 20 12:05:17.169020 np0000005498 devstack@g-api.service[102931]: [pid: 102931|app: 0|req: 101/404] 127.0.0.1 () {44 vars in 1039 bytes} [Mon Jul 20 12:05:17 2026] GET /versions => generated 1515 bytes in 1 msecs (HTTP/1.1 200) 3 headers in 92 bytes (1 switches on core 0)
Jul 20 12:05:17.177790 np0000005498 devstack@g-api.service[102934]: DEBUG glance.api.middleware.version_negotiation [None req-b41f0d36-d079-42cf-bf0b-51cbbc303abe tempest-ServerActionsTestOtherA-271519866 tempest-ServerActionsTestOtherA-271519866-project-member] Determining version of request: GET /v2/images/24451fde-bf1a-4357-8924-a334424d9809/locations Accept: */* {{(pid=102934) process_request /opt/stack/glance/glance/api/middleware/version_negotiation.py:44}}
Jul 20 12:05:17.178400 np0000005498 devstack@g-api.service[102934]: DEBUG glance.api.middleware.version_negotiation [None req-b41f0d36-d079-42cf-bf0b-51cbbc303abe tempest-ServerActionsTestOtherA-271519866 tempest-ServerActionsTestOtherA-271519866-project-member] Using url versioning {{(pid=102934) process_request /opt/stack/glance/glance/api/middleware/version_negotiation.py:57}}
Jul 20 12:05:17.178400 np0000005498 devstack@g-api.service[102934]: DEBUG glance.api.middleware.version_negotiation [None req-b41f0d36-d079-42cf-bf0b-51cbbc303abe tempest-ServerActionsTestOtherA-271519866 tempest-ServerActionsTestOtherA-271519866-project-member] Matched version: v2 {{(pid=102934) process_request /opt/stack/glance/glance/api/middleware/version_negotiation.py:69}}
Jul 20 12:05:17.178400 np0000005498 devstack@g-api.service[102934]: DEBUG glance.api.middleware.version_negotiation [None req-b41f0d36-d079-42cf-bf0b-51cbbc303abe tempest-ServerActionsTestOtherA-271519866 tempest-ServerActionsTestOtherA-271519866-project-member] new path /v2/images/24451fde-bf1a-4357-8924-a334424d9809/locations {{(pid=102934) process_request /opt/stack/glance/glance/api/middleware/version_negotiation.py:70}}
Jul 20 12:05:17.239406 np0000005498 devstack@g-api.service[102934]: [pid: 102934|app: 0|req: 101/405] 127.0.0.1 () {44 vars in 1135 bytes} [Mon Jul 20 12:05:17 2026] GET /v2/images/24451fde-bf1a-4357-8924-a334424d9809/locations => generated 92 bytes in 62 msecs (HTTP/1.1 200) 4 headers in 156 bytes (1 switches on core 0)
Jul 20 12:05:17.255412 np0000005498 devstack@g-api.service[102932]: DEBUG glance.api.middleware.version_negotiation [None req-d4f80e52-836a-4699-a963-86927720cfb6 tempest-VolumesActionsTest-1510562927 tempest-VolumesActionsTest-1510562927-project-member] Determining version of request: GET /v2/images/24451fde-bf1a-4357-8924-a334424d9809 Accept: */* {{(pid=102932) process_request /opt/stack/glance/glance/api/middleware/version_negotiation.py:44}}
Jul 20 12:05:17.255412 np0000005498 devstack@g-api.service[102932]: DEBUG glance.api.middleware.version_negotiation [None req-d4f80e52-836a-4699-a963-86927720cfb6 tempest-VolumesActionsTest-1510562927 tempest-VolumesActionsTest-1510562927-project-member] Using url versioning {{(pid=102932) process_request /opt/stack/glance/glance/api/middleware/version_negotiation.py:57}}
Jul 20 12:05:17.255412 np0000005498 devstack@g-api.service[102932]: DEBUG glance.api.middleware.version_negotiation [None req-d4f80e52-836a-4699-a963-86927720cfb6 tempest-VolumesActionsTest-1510562927 tempest-VolumesActionsTest-1510562927-project-member] Matched version: v2 {{(pid=102932) process_request /opt/stack/glance/glance/api/middleware/version_negotiation.py:69}}
Jul 20 12:05:17.255412 np0000005498 devstack@g-api.service[102932]: DEBUG glance.api.middleware.version_negotiation [None req-d4f80e52-836a-4699-a963-86927720cfb6 tempest-VolumesActionsTest-1510562927 tempest-VolumesActionsTest-1510562927-project-member] new path /v2/images/24451fde-bf1a-4357-8924-a334424d9809 {{(pid=102932) process_request /opt/stack/glance/glance/api/middleware/version_negotiation.py:70}}
Jul 20 12:05:17.288056 np0000005498 devstack@g-api.service[102932]: [pid: 102932|app: 0|req: 106/406] 127.0.0.1 () {44 vars in 1115 bytes} [Mon Jul 20 12:05:17 2026] GET /v2/images/24451fde-bf1a-4357-8924-a334424d9809 => generated 1044 bytes in 34 msecs (HTTP/1.1 200) 4 headers in 158 bytes (1 switches on core 0)
Jul 20 12:05:17.301278 np0000005498 devstack@g-api.service[102931]: DEBUG glance.api.middleware.version_negotiation [None req-b41f0d36-d079-42cf-bf0b-51cbbc303abe tempest-ServerActionsTestOtherA-271519866 tempest-ServerActionsTestOtherA-271519866-project-member] Determining version of request: GET /v2/schemas/image Accept: */* {{(pid=102931) process_request /opt/stack/glance/glance/api/middleware/version_negotiation.py:44}}
Jul 20 12:05:17.301508 np0000005498 devstack@g-api.service[102931]: DEBUG glance.api.middleware.version_negotiation [None req-b41f0d36-d079-42cf-bf0b-51cbbc303abe tempest-ServerActionsTestOtherA-271519866 tempest-ServerActionsTestOtherA-271519866-project-member] Using url versioning {{(pid=102931) process_request /opt/stack/glance/glance/api/middleware/version_negotiation.py:57}}
Jul 20 12:05:17.301701 np0000005498 devstack@g-api.service[102931]: DEBUG glance.api.middleware.version_negotiation [None req-b41f0d36-d079-42cf-bf0b-51cbbc303abe tempest-ServerActionsTestOtherA-271519866 tempest-ServerActionsTestOtherA-271519866-project-member] Matched version: v2 {{(pid=102931) process_request /opt/stack/glance/glance/api/middleware/version_negotiation.py:69}}
Jul 20 12:05:17.301849 np0000005498 devstack@g-api.service[102931]: DEBUG glance.api.middleware.version_negotiation [None req-b41f0d36-d079-42cf-bf0b-51cbbc303abe tempest-ServerActionsTestOtherA-271519866 tempest-ServerActionsTestOtherA-271519866-project-member] new path /v2/schemas/image {{(pid=102931) process_request /opt/stack/glance/glance/api/middleware/version_negotiation.py:70}}
Jul 20 12:05:17.307369 np0000005498 devstack@g-api.service[102931]: [pid: 102931|app: 0|req: 102/407] 127.0.0.1 () {44 vars in 1055 bytes} [Mon Jul 20 12:05:17 2026] GET /v2/schemas/image => generated 6083 bytes in 6 msecs (HTTP/1.1 200) 4 headers in 158 bytes (1 switches on core 0)
Jul 20 12:05:17.321179 np0000005498 devstack@g-api.service[102934]: DEBUG glance.api.middleware.version_negotiation [None req-b41f0d36-d079-42cf-bf0b-51cbbc303abe service glance] Determining version of request: GET /v2/schemas/image Accept: */* {{(pid=102934) process_request /opt/stack/glance/glance/api/middleware/version_negotiation.py:44}}
Jul 20 12:05:17.321365 np0000005498 devstack@g-api.service[102934]: DEBUG glance.api.middleware.version_negotiation [None req-b41f0d36-d079-42cf-bf0b-51cbbc303abe service glance] Using url versioning {{(pid=102934) process_request /opt/stack/glance/glance/api/middleware/version_negotiation.py:57}}
Jul 20 12:05:17.321557 np0000005498 devstack@g-api.service[102934]: DEBUG glance.api.middleware.version_negotiation [None req-b41f0d36-d079-42cf-bf0b-51cbbc303abe service glance] Matched version: v2 {{(pid=102934) process_request /opt/stack/glance/glance/api/middleware/version_negotiation.py:69}}
Jul 20 12:05:17.321657 np0000005498 devstack@g-api.service[102934]: DEBUG glance.api.middleware.version_negotiation [None req-b41f0d36-d079-42cf-bf0b-51cbbc303abe service glance] new path /v2/schemas/image {{(pid=102934) process_request /opt/stack/glance/glance/api/middleware/version_negotiation.py:70}}
Jul 20 12:05:17.325629 np0000005498 devstack@g-api.service[102934]: [pid: 102934|app: 0|req: 102/408] 127.0.0.1 () {44 vars in 1055 bytes} [Mon Jul 20 12:05:17 2026] GET /v2/schemas/image => generated 6083 bytes in 6 msecs (HTTP/1.1 200) 4 headers in 158 bytes (1 switches on core 0)
Jul 20 12:05:18.063254 np0000005498 devstack@g-api.service[102932]: DEBUG glance.api.middleware.version_negotiation [None req-b41f0d36-d079-42cf-bf0b-51cbbc303abe tempest-ServerActionsTestOtherA-271519866 tempest-ServerActionsTestOtherA-271519866-project-member] Determining version of request: GET /v2/images/d14155c0-29cf-4489-8cb9-fad5e7995d92 Accept: application/json {{(pid=102932) process_request /opt/stack/glance/glance/api/middleware/version_negotiation.py:44}}
Jul 20 12:05:18.063643 np0000005498 devstack@g-api.service[102932]: DEBUG glance.api.middleware.version_negotiation [None req-b41f0d36-d079-42cf-bf0b-51cbbc303abe tempest-ServerActionsTestOtherA-271519866 tempest-ServerActionsTestOtherA-271519866-project-member] Using url versioning {{(pid=102932) process_request /opt/stack/glance/glance/api/middleware/version_negotiation.py:57}}
Jul 20 12:05:18.063643 np0000005498 devstack@g-api.service[102932]: DEBUG glance.api.middleware.version_negotiation [None req-b41f0d36-d079-42cf-bf0b-51cbbc303abe tempest-ServerActionsTestOtherA-271519866 tempest-ServerActionsTestOtherA-271519866-project-member] Matched version: v2 {{(pid=102932) process_request /opt/stack/glance/glance/api/middleware/version_negotiation.py:69}}
Jul 20 12:05:18.063721 np0000005498 devstack@g-api.service[102932]: DEBUG glance.api.middleware.version_negotiation [None req-b41f0d36-d079-42cf-bf0b-51cbbc303abe tempest-ServerActionsTestOtherA-271519866 tempest-ServerActionsTestOtherA-271519866-project-member] new path /v2/images/d14155c0-29cf-4489-8cb9-fad5e7995d92 {{(pid=102932) process_request /opt/stack/glance/glance/api/middleware/version_negotiation.py:70}}
Jul 20 12:05:18.080047 np0000005498 devstack@g-api.service[102932]: [pid: 102932|app: 0|req: 107/409] 127.0.0.1 () {40 vars in 838 bytes} [Mon Jul 20 12:05:18 2026] GET /v2/images/d14155c0-29cf-4489-8cb9-fad5e7995d92 => generated 649 bytes in 17 msecs (HTTP/1.1 200) 4 headers in 157 bytes (1 switches on core 0)
Jul 20 12:05:18.119707 np0000005498 devstack@g-api.service[102933]: DEBUG swiftclient [None req-3afdd6f4-11e2-4bd2-8b26-651bd65c5f85 tempest-VolumesActionsTest-1510562927 tempest-VolumesActionsTest-1510562927-project-member] REQ: curl -i https://10.4.3.221:8080/v1/AUTH_706ac4d0c2c24757bb5ad4f21fb494ee/glance/d14155c0-29cf-4489-8cb9-fad5e7995d92-00002 -X PUT -H "X-Auth-Token: gAAAAABqXg75JPjb..." {{(pid=102933) http_log /opt/stack/data/venv/lib/python3.12/site-packages/swiftclient/client.py:160}}
Jul 20 12:05:18.120025 np0000005498 devstack@g-api.service[102933]: DEBUG swiftclient [None req-3afdd6f4-11e2-4bd2-8b26-651bd65c5f85 tempest-VolumesActionsTest-1510562927 tempest-VolumesActionsTest-1510562927-project-member] RESP STATUS: 201 Created {{(pid=102933) http_log /opt/stack/data/venv/lib/python3.12/site-packages/swiftclient/client.py:161}}
Jul 20 12:05:18.120025 np0000005498 devstack@g-api.service[102933]: DEBUG swiftclient [None req-3afdd6f4-11e2-4bd2-8b26-651bd65c5f85 tempest-VolumesActionsTest-1510562927 tempest-VolumesActionsTest-1510562927-project-member] RESP HEADERS: {'Date': 'Mon, 20 Jul 2026 12:05:18 GMT', 'Server': 'Apache/2.4.58 (Ubuntu)', 'Content-Type': 'text/html; charset=UTF-8', 'Content-Length': '0', 'Etag': 'eda9a9889837ac4bc81d6387d92c1bec', 'Last-Modified': 'Mon, 20 Jul 2026 12:05:17 GMT', 'X-Trans-Id': 'tx097a623a814f4967a08fe-006a5e0efc', 'X-Openstack-Request-Id': 'tx097a623a814f4967a08fe-006a5e0efc', 'Connection': 'close'} {{(pid=102933) http_log /opt/stack/data/venv/lib/python3.12/site-packages/swiftclient/client.py:162}}
Jul 20 12:05:18.120025 np0000005498 devstack@g-api.service[102933]: DEBUG glance_store._drivers.swift.store [None req-3afdd6f4-11e2-4bd2-8b26-651bd65c5f85 tempest-VolumesActionsTest-1510562927 tempest-VolumesActionsTest-1510562927-project-member] Wrote chunk d14155c0-29cf-4489-8cb9-fad5e7995d92-00002 (2/?) of length 204800000 to Swift returning MD5 of content: eda9a9889837ac4bc81d6387d92c1bec {{(pid=102933) add /opt/stack/data/venv/lib/python3.12/site-packages/glance_store/_drivers/swift/store.py:1059}}
Jul 20 12:05:19.089100 np0000005498 devstack@g-api.service[102931]: DEBUG glance.api.middleware.version_negotiation [None req-b41f0d36-d079-42cf-bf0b-51cbbc303abe tempest-ServerActionsTestOtherA-271519866 tempest-ServerActionsTestOtherA-271519866-project-member] Determining version of request: GET /v2/images/d14155c0-29cf-4489-8cb9-fad5e7995d92 Accept: application/json {{(pid=102931) process_request /opt/stack/glance/glance/api/middleware/version_negotiation.py:44}}
Jul 20 12:05:19.089554 np0000005498 devstack@g-api.service[102931]: DEBUG glance.api.middleware.version_negotiation [None req-b41f0d36-d079-42cf-bf0b-51cbbc303abe tempest-ServerActionsTestOtherA-271519866 tempest-ServerActionsTestOtherA-271519866-project-member] Using url versioning {{(pid=102931) process_request /opt/stack/glance/glance/api/middleware/version_negotiation.py:57}}
Jul 20 12:05:19.089554 np0000005498 devstack@g-api.service[102931]: DEBUG glance.api.middleware.version_negotiation [None req-b41f0d36-d079-42cf-bf0b-51cbbc303abe tempest-ServerActionsTestOtherA-271519866 tempest-ServerActionsTestOtherA-271519866-project-member] Matched version: v2 {{(pid=102931) process_request /opt/stack/glance/glance/api/middleware/version_negotiation.py:69}}
Jul 20 12:05:19.089680 np0000005498 devstack@g-api.service[102931]: DEBUG glance.api.middleware.version_negotiation [None req-b41f0d36-d079-42cf-bf0b-51cbbc303abe tempest-ServerActionsTestOtherA-271519866 tempest-ServerActionsTestOtherA-271519866-project-member] new path /v2/images/d14155c0-29cf-4489-8cb9-fad5e7995d92 {{(pid=102931) process_request /opt/stack/glance/glance/api/middleware/version_negotiation.py:70}}
Jul 20 12:05:19.101039 np0000005498 devstack@g-api.service[102931]: [pid: 102931|app: 0|req: 103/410] 127.0.0.1 () {40 vars in 838 bytes} [Mon Jul 20 12:05:19 2026] GET /v2/images/d14155c0-29cf-4489-8cb9-fad5e7995d92 => generated 649 bytes in 12 msecs (HTTP/1.1 200) 4 headers in 157 bytes (1 switches on core 0)
Jul 20 12:05:20.024716 np0000005498 devstack@g-api.service[102933]: DEBUG swiftclient [None req-3afdd6f4-11e2-4bd2-8b26-651bd65c5f85 tempest-VolumesActionsTest-1510562927 tempest-VolumesActionsTest-1510562927-project-member] REQ: curl -i https://10.4.3.221:8080/v1/AUTH_706ac4d0c2c24757bb5ad4f21fb494ee/glance/d14155c0-29cf-4489-8cb9-fad5e7995d92-00003 -X PUT -H "X-Auth-Token: gAAAAABqXg75JPjb..." {{(pid=102933) http_log /opt/stack/data/venv/lib/python3.12/site-packages/swiftclient/client.py:160}}
Jul 20 12:05:20.025065 np0000005498 devstack@g-api.service[102933]: DEBUG swiftclient [None req-3afdd6f4-11e2-4bd2-8b26-651bd65c5f85 tempest-VolumesActionsTest-1510562927 tempest-VolumesActionsTest-1510562927-project-member] RESP STATUS: 201 Created {{(pid=102933) http_log /opt/stack/data/venv/lib/python3.12/site-packages/swiftclient/client.py:161}}
Jul 20 12:05:20.025065 np0000005498 devstack@g-api.service[102933]: DEBUG swiftclient [None req-3afdd6f4-11e2-4bd2-8b26-651bd65c5f85 tempest-VolumesActionsTest-1510562927 tempest-VolumesActionsTest-1510562927-project-member] RESP HEADERS: {'Date': 'Mon, 20 Jul 2026 12:05:20 GMT', 'Server': 'Apache/2.4.58 (Ubuntu)', 'Content-Type': 'text/html; charset=UTF-8', 'Content-Length': '0', 'Etag': 'eda9a9889837ac4bc81d6387d92c1bec', 'Last-Modified': 'Mon, 20 Jul 2026 12:05:19 GMT', 'X-Trans-Id': 'tx9c7d3fd62a77400cb8baa-006a5e0efe', 'X-Openstack-Request-Id': 'tx9c7d3fd62a77400cb8baa-006a5e0efe', 'Connection': 'close'} {{(pid=102933) http_log /opt/stack/data/venv/lib/python3.12/site-packages/swiftclient/client.py:162}}
Jul 20 12:05:20.025183 np0000005498 devstack@g-api.service[102933]: DEBUG glance_store._drivers.swift.store [None req-3afdd6f4-11e2-4bd2-8b26-651bd65c5f85 tempest-VolumesActionsTest-1510562927 tempest-VolumesActionsTest-1510562927-project-member] Wrote chunk d14155c0-29cf-4489-8cb9-fad5e7995d92-00003 (3/?) of length 204800000 to Swift returning MD5 of content: eda9a9889837ac4bc81d6387d92c1bec {{(pid=102933) add /opt/stack/data/venv/lib/python3.12/site-packages/glance_store/_drivers/swift/store.py:1059}}
Jul 20 12:05:20.110412 np0000005498 devstack@g-api.service[102934]: DEBUG glance.api.middleware.version_negotiation [None req-b41f0d36-d079-42cf-bf0b-51cbbc303abe tempest-ServerActionsTestOtherA-271519866 tempest-ServerActionsTestOtherA-271519866-project-member] Determining version of request: GET /v2/images/d14155c0-29cf-4489-8cb9-fad5e7995d92 Accept: application/json {{(pid=102934) process_request /opt/stack/glance/glance/api/middleware/version_negotiation.py:44}}
Jul 20 12:05:20.110883 np0000005498 devstack@g-api.service[102934]: DEBUG glance.api.middleware.version_negotiation [None req-b41f0d36-d079-42cf-bf0b-51cbbc303abe tempest-ServerActionsTestOtherA-271519866 tempest-ServerActionsTestOtherA-271519866-project-member] Using url versioning {{(pid=102934) process_request /opt/stack/glance/glance/api/middleware/version_negotiation.py:57}}
Jul 20 12:05:20.110883 np0000005498 devstack@g-api.service[102934]: DEBUG glance.api.middleware.version_negotiation [None req-b41f0d36-d079-42cf-bf0b-51cbbc303abe tempest-ServerActionsTestOtherA-271519866 tempest-ServerActionsTestOtherA-271519866-project-member] Matched version: v2 {{(pid=102934) process_request /opt/stack/glance/glance/api/middleware/version_negotiation.py:69}}
Jul 20 12:05:20.110970 np0000005498 devstack@g-api.service[102934]: DEBUG glance.api.middleware.version_negotiation [None req-b41f0d36-d079-42cf-bf0b-51cbbc303abe tempest-ServerActionsTestOtherA-271519866 tempest-ServerActionsTestOtherA-271519866-project-member] new path /v2/images/d14155c0-29cf-4489-8cb9-fad5e7995d92 {{(pid=102934) process_request /opt/stack/glance/glance/api/middleware/version_negotiation.py:70}}
Jul 20 12:05:20.128247 np0000005498 devstack@g-api.service[102934]: [pid: 102934|app: 0|req: 103/411] 127.0.0.1 () {40 vars in 838 bytes} [Mon Jul 20 12:05:20 2026] GET /v2/images/d14155c0-29cf-4489-8cb9-fad5e7995d92 => generated 649 bytes in 18 msecs (HTTP/1.1 200) 4 headers in 157 bytes (1 switches on core 0)
Jul 20 12:05:21.135918 np0000005498 devstack@g-api.service[102932]: DEBUG glance.api.middleware.version_negotiation [None req-9a16c7f0-deb5-49f3-a775-94677497e1bd tempest-VolumesActionsTest-1510562927 tempest-VolumesActionsTest-1510562927-project-member] Determining version of request: GET /v2/images/d14155c0-29cf-4489-8cb9-fad5e7995d92 Accept: application/json {{(pid=102932) process_request /opt/stack/glance/glance/api/middleware/version_negotiation.py:44}}
Jul 20 12:05:21.136257 np0000005498 devstack@g-api.service[102932]: DEBUG glance.api.middleware.version_negotiation [None req-9a16c7f0-deb5-49f3-a775-94677497e1bd tempest-VolumesActionsTest-1510562927 tempest-VolumesActionsTest-1510562927-project-member] Using url versioning {{(pid=102932) process_request /opt/stack/glance/glance/api/middleware/version_negotiation.py:57}}
Jul 20 12:05:21.136257 np0000005498 devstack@g-api.service[102932]: DEBUG glance.api.middleware.version_negotiation [None req-9a16c7f0-deb5-49f3-a775-94677497e1bd tempest-VolumesActionsTest-1510562927 tempest-VolumesActionsTest-1510562927-project-member] Matched version: v2 {{(pid=102932) process_request /opt/stack/glance/glance/api/middleware/version_negotiation.py:69}}
Jul 20 12:05:21.136332 np0000005498 devstack@g-api.service[102932]: DEBUG glance.api.middleware.version_negotiation [None req-9a16c7f0-deb5-49f3-a775-94677497e1bd tempest-VolumesActionsTest-1510562927 tempest-VolumesActionsTest-1510562927-project-member] new path /v2/images/d14155c0-29cf-4489-8cb9-fad5e7995d92 {{(pid=102932) process_request /opt/stack/glance/glance/api/middleware/version_negotiation.py:70}}
Jul 20 12:05:21.149105 np0000005498 devstack@g-api.service[102932]: [pid: 102932|app: 0|req: 108/412] 127.0.0.1 () {40 vars in 838 bytes} [Mon Jul 20 12:05:21 2026] GET /v2/images/d14155c0-29cf-4489-8cb9-fad5e7995d92 => generated 649 bytes in 13 msecs (HTTP/1.1 200) 4 headers in 157 bytes (1 switches on core 0)
Jul 20 12:05:21.929882 np0000005498 devstack@g-api.service[102933]: DEBUG swiftclient [None req-3afdd6f4-11e2-4bd2-8b26-651bd65c5f85 tempest-VolumesActionsTest-1510562927 tempest-VolumesActionsTest-1510562927-project-member] REQ: curl -i https://10.4.3.221:8080/v1/AUTH_706ac4d0c2c24757bb5ad4f21fb494ee/glance/d14155c0-29cf-4489-8cb9-fad5e7995d92-00004 -X PUT -H "X-Auth-Token: gAAAAABqXg75JPjb..." {{(pid=102933) http_log /opt/stack/data/venv/lib/python3.12/site-packages/swiftclient/client.py:160}}
Jul 20 12:05:21.930137 np0000005498 devstack@g-api.service[102933]: DEBUG swiftclient [None req-3afdd6f4-11e2-4bd2-8b26-651bd65c5f85 tempest-VolumesActionsTest-1510562927 tempest-VolumesActionsTest-1510562927-project-member] RESP STATUS: 201 Created {{(pid=102933) http_log /opt/stack/data/venv/lib/python3.12/site-packages/swiftclient/client.py:161}}
Jul 20 12:05:21.930137 np0000005498 devstack@g-api.service[102933]: DEBUG swiftclient [None req-3afdd6f4-11e2-4bd2-8b26-651bd65c5f85 tempest-VolumesActionsTest-1510562927 tempest-VolumesActionsTest-1510562927-project-member] RESP HEADERS: {'Date': 'Mon, 20 Jul 2026 12:05:21 GMT', 'Server': 'Apache/2.4.58 (Ubuntu)', 'Content-Type': 'text/html; charset=UTF-8', 'Content-Length': '0', 'Etag': 'eda9a9889837ac4bc81d6387d92c1bec', 'Last-Modified': 'Mon, 20 Jul 2026 12:05:21 GMT', 'X-Trans-Id': 'txbfb75cef84e3483aa4ff6-006a5e0f00', 'X-Openstack-Request-Id': 'txbfb75cef84e3483aa4ff6-006a5e0f00', 'Connection': 'close'} {{(pid=102933) http_log /opt/stack/data/venv/lib/python3.12/site-packages/swiftclient/client.py:162}}
Jul 20 12:05:21.930238 np0000005498 devstack@g-api.service[102933]: DEBUG glance_store._drivers.swift.store [None req-3afdd6f4-11e2-4bd2-8b26-651bd65c5f85 tempest-VolumesActionsTest-1510562927 tempest-VolumesActionsTest-1510562927-project-member] Wrote chunk d14155c0-29cf-4489-8cb9-fad5e7995d92-00004 (4/?) of length 204800000 to Swift returning MD5 of content: eda9a9889837ac4bc81d6387d92c1bec {{(pid=102933) add /opt/stack/data/venv/lib/python3.12/site-packages/glance_store/_drivers/swift/store.py:1059}}
Jul 20 12:05:22.160399 np0000005498 devstack@g-api.service[102931]: DEBUG glance.api.middleware.version_negotiation [None req-b1e36633-78cb-47e6-a2fa-a9910bf2b6f4 tempest-VolumesActionsTest-1510562927 tempest-VolumesActionsTest-1510562927-project-member] Determining version of request: GET /v2/images/d14155c0-29cf-4489-8cb9-fad5e7995d92 Accept: application/json {{(pid=102931) process_request /opt/stack/glance/glance/api/middleware/version_negotiation.py:44}}
Jul 20 12:05:22.160705 np0000005498 devstack@g-api.service[102931]: DEBUG glance.api.middleware.version_negotiation [None req-b1e36633-78cb-47e6-a2fa-a9910bf2b6f4 tempest-VolumesActionsTest-1510562927 tempest-VolumesActionsTest-1510562927-project-member] Using url versioning {{(pid=102931) process_request /opt/stack/glance/glance/api/middleware/version_negotiation.py:57}}
Jul 20 12:05:22.160705 np0000005498 devstack@g-api.service[102931]: DEBUG glance.api.middleware.version_negotiation [None req-b1e36633-78cb-47e6-a2fa-a9910bf2b6f4 tempest-VolumesActionsTest-1510562927 tempest-VolumesActionsTest-1510562927-project-member] Matched version: v2 {{(pid=102931) process_request /opt/stack/glance/glance/api/middleware/version_negotiation.py:69}}
Jul 20 12:05:22.160801 np0000005498 devstack@g-api.service[102931]: DEBUG glance.api.middleware.version_negotiation [None req-b1e36633-78cb-47e6-a2fa-a9910bf2b6f4 tempest-VolumesActionsTest-1510562927 tempest-VolumesActionsTest-1510562927-project-member] new path /v2/images/d14155c0-29cf-4489-8cb9-fad5e7995d92 {{(pid=102931) process_request /opt/stack/glance/glance/api/middleware/version_negotiation.py:70}}
Jul 20 12:05:22.171568 np0000005498 devstack@g-api.service[102931]: [pid: 102931|app: 0|req: 104/413] 127.0.0.1 () {40 vars in 838 bytes} [Mon Jul 20 12:05:22 2026] GET /v2/images/d14155c0-29cf-4489-8cb9-fad5e7995d92 => generated 649 bytes in 11 msecs (HTTP/1.1 200) 4 headers in 157 bytes (1 switches on core 0)
Jul 20 12:05:23.179073 np0000005498 devstack@g-api.service[102934]: DEBUG glance.api.middleware.version_negotiation [None req-4fc4a314-caaf-4a53-948d-89e610e94aed tempest-VolumesActionsTest-1510562927 tempest-VolumesActionsTest-1510562927-project-member] Determining version of request: GET /v2/images/d14155c0-29cf-4489-8cb9-fad5e7995d92 Accept: application/json {{(pid=102934) process_request /opt/stack/glance/glance/api/middleware/version_negotiation.py:44}}
Jul 20 12:05:23.179569 np0000005498 devstack@g-api.service[102934]: DEBUG glance.api.middleware.version_negotiation [None req-4fc4a314-caaf-4a53-948d-89e610e94aed tempest-VolumesActionsTest-1510562927 tempest-VolumesActionsTest-1510562927-project-member] Using url versioning {{(pid=102934) process_request /opt/stack/glance/glance/api/middleware/version_negotiation.py:57}}
Jul 20 12:05:23.179752 np0000005498 devstack@g-api.service[102934]: DEBUG glance.api.middleware.version_negotiation [None req-4fc4a314-caaf-4a53-948d-89e610e94aed tempest-VolumesActionsTest-1510562927 tempest-VolumesActionsTest-1510562927-project-member] Matched version: v2 {{(pid=102934) process_request /opt/stack/glance/glance/api/middleware/version_negotiation.py:69}}
Jul 20 12:05:23.179897 np0000005498 devstack@g-api.service[102934]: DEBUG glance.api.middleware.version_negotiation [None req-4fc4a314-caaf-4a53-948d-89e610e94aed tempest-VolumesActionsTest-1510562927 tempest-VolumesActionsTest-1510562927-project-member] new path /v2/images/d14155c0-29cf-4489-8cb9-fad5e7995d92 {{(pid=102934) process_request /opt/stack/glance/glance/api/middleware/version_negotiation.py:70}}
Jul 20 12:05:23.194448 np0000005498 devstack@g-api.service[102934]: [pid: 102934|app: 0|req: 104/414] 127.0.0.1 () {40 vars in 838 bytes} [Mon Jul 20 12:05:23 2026] GET /v2/images/d14155c0-29cf-4489-8cb9-fad5e7995d92 => generated 649 bytes in 15 msecs (HTTP/1.1 200) 4 headers in 157 bytes (1 switches on core 0)
Jul 20 12:05:23.251889 np0000005498 devstack@g-api.service[102933]: DEBUG dbcounter [-] [102933] Writing DB stats glance:SELECT=12,glance:UPDATE=1 {{(pid=102933) stat_writer /opt/stack/data/venv/lib/python3.12/site-packages/dbcounter.py:115}}
Jul 20 12:05:23.755548 np0000005498 devstack@g-api.service[102933]: DEBUG swiftclient [None req-3afdd6f4-11e2-4bd2-8b26-651bd65c5f85 tempest-VolumesActionsTest-1510562927 tempest-VolumesActionsTest-1510562927-project-member] REQ: curl -i https://10.4.3.221:8080/v1/AUTH_706ac4d0c2c24757bb5ad4f21fb494ee/glance/d14155c0-29cf-4489-8cb9-fad5e7995d92-00005 -X PUT -H "X-Auth-Token: gAAAAABqXg75JPjb..." {{(pid=102933) http_log /opt/stack/data/venv/lib/python3.12/site-packages/swiftclient/client.py:160}}
Jul 20 12:05:23.755654 np0000005498 devstack@g-api.service[102933]: DEBUG swiftclient [None req-3afdd6f4-11e2-4bd2-8b26-651bd65c5f85 tempest-VolumesActionsTest-1510562927 tempest-VolumesActionsTest-1510562927-project-member] RESP STATUS: 201 Created {{(pid=102933) http_log /opt/stack/data/venv/lib/python3.12/site-packages/swiftclient/client.py:161}}
Jul 20 12:05:23.755801 np0000005498 devstack@g-api.service[102933]: DEBUG swiftclient [None req-3afdd6f4-11e2-4bd2-8b26-651bd65c5f85 tempest-VolumesActionsTest-1510562927 tempest-VolumesActionsTest-1510562927-project-member] RESP HEADERS: {'Date': 'Mon, 20 Jul 2026 12:05:23 GMT', 'Server': 'Apache/2.4.58 (Ubuntu)', 'Content-Type': 'text/html; charset=UTF-8', 'Content-Length': '0', 'Etag': 'eda9a9889837ac4bc81d6387d92c1bec', 'Last-Modified': 'Mon, 20 Jul 2026 12:05:22 GMT', 'X-Trans-Id': 'txc9dcc180d1794e23930ae-006a5e0f01', 'X-Openstack-Request-Id': 'txc9dcc180d1794e23930ae-006a5e0f01', 'Connection': 'close'} {{(pid=102933) http_log /opt/stack/data/venv/lib/python3.12/site-packages/swiftclient/client.py:162}}
Jul 20 12:05:23.755897 np0000005498 devstack@g-api.service[102933]: DEBUG glance_store._drivers.swift.store [None req-3afdd6f4-11e2-4bd2-8b26-651bd65c5f85 tempest-VolumesActionsTest-1510562927 tempest-VolumesActionsTest-1510562927-project-member] Wrote chunk d14155c0-29cf-4489-8cb9-fad5e7995d92-00005 (5/?) of length 204800000 to Swift returning MD5 of content: eda9a9889837ac4bc81d6387d92c1bec {{(pid=102933) add /opt/stack/data/venv/lib/python3.12/site-packages/glance_store/_drivers/swift/store.py:1059}}
Jul 20 12:05:24.202826 np0000005498 devstack@g-api.service[102932]: DEBUG glance.api.middleware.version_negotiation [None req-0fb90992-17fa-4f36-9964-678ece8784eb tempest-VolumesActionsTest-1510562927 tempest-VolumesActionsTest-1510562927-project-member] Determining version of request: GET /v2/images/d14155c0-29cf-4489-8cb9-fad5e7995d92 Accept: application/json {{(pid=102932) process_request /opt/stack/glance/glance/api/middleware/version_negotiation.py:44}}
Jul 20 12:05:24.203308 np0000005498 devstack@g-api.service[102932]: DEBUG glance.api.middleware.version_negotiation [None req-0fb90992-17fa-4f36-9964-678ece8784eb tempest-VolumesActionsTest-1510562927 tempest-VolumesActionsTest-1510562927-project-member] Using url versioning {{(pid=102932) process_request /opt/stack/glance/glance/api/middleware/version_negotiation.py:57}}
Jul 20 12:05:24.203308 np0000005498 devstack@g-api.service[102932]: DEBUG glance.api.middleware.version_negotiation [None req-0fb90992-17fa-4f36-9964-678ece8784eb tempest-VolumesActionsTest-1510562927 tempest-VolumesActionsTest-1510562927-project-member] Matched version: v2 {{(pid=102932) process_request /opt/stack/glance/glance/api/middleware/version_negotiation.py:69}}
Jul 20 12:05:24.203308 np0000005498 devstack@g-api.service[102932]: DEBUG glance.api.middleware.version_negotiation [None req-0fb90992-17fa-4f36-9964-678ece8784eb tempest-VolumesActionsTest-1510562927 tempest-VolumesActionsTest-1510562927-project-member] new path /v2/images/d14155c0-29cf-4489-8cb9-fad5e7995d92 {{(pid=102932) process_request /opt/stack/glance/glance/api/middleware/version_negotiation.py:70}}
Jul 20 12:05:24.212794 np0000005498 devstack@g-api.service[102932]: [pid: 102932|app: 0|req: 109/415] 127.0.0.1 () {40 vars in 838 bytes} [Mon Jul 20 12:05:24 2026] GET /v2/images/d14155c0-29cf-4489-8cb9-fad5e7995d92 => generated 649 bytes in 10 msecs (HTTP/1.1 200) 4 headers in 157 bytes (1 switches on core 0)
Jul 20 12:05:24.219561 np0000005498 devstack@g-api.service[102933]: DEBUG swiftclient [None req-3afdd6f4-11e2-4bd2-8b26-651bd65c5f85 tempest-VolumesActionsTest-1510562927 tempest-VolumesActionsTest-1510562927-project-member] REQ: curl -i https://10.4.3.221:8080/v1/AUTH_706ac4d0c2c24757bb5ad4f21fb494ee/glance/d14155c0-29cf-4489-8cb9-fad5e7995d92-00006 -X PUT -H "X-Auth-Token: gAAAAABqXg75JPjb..." {{(pid=102933) http_log /opt/stack/data/venv/lib/python3.12/site-packages/swiftclient/client.py:160}}
Jul 20 12:05:24.219715 np0000005498 devstack@g-api.service[102933]: DEBUG swiftclient [None req-3afdd6f4-11e2-4bd2-8b26-651bd65c5f85 tempest-VolumesActionsTest-1510562927 tempest-VolumesActionsTest-1510562927-project-member] RESP STATUS: 201 Created {{(pid=102933) http_log /opt/stack/data/venv/lib/python3.12/site-packages/swiftclient/client.py:161}}
Jul 20 12:05:24.219907 np0000005498 devstack@g-api.service[102933]: DEBUG swiftclient [None req-3afdd6f4-11e2-4bd2-8b26-651bd65c5f85 tempest-VolumesActionsTest-1510562927 tempest-VolumesActionsTest-1510562927-project-member] RESP HEADERS: {'Date': 'Mon, 20 Jul 2026 12:05:24 GMT', 'Server': 'Apache/2.4.58 (Ubuntu)', 'Content-Type': 'text/html; charset=UTF-8', 'Content-Length': '0', 'Etag': '708761f3b8777ec77058e63da08eeeb6', 'Last-Modified': 'Mon, 20 Jul 2026 12:05:24 GMT', 'X-Trans-Id': 'tx88fdd736416749deb97e8-006a5e0f03', 'X-Openstack-Request-Id': 'tx88fdd736416749deb97e8-006a5e0f03', 'Connection': 'close'} {{(pid=102933) http_log /opt/stack/data/venv/lib/python3.12/site-packages/swiftclient/client.py:162}}
Jul 20 12:05:24.220094 np0000005498 devstack@g-api.service[102933]: DEBUG glance_store._drivers.swift.store [None req-3afdd6f4-11e2-4bd2-8b26-651bd65c5f85 tempest-VolumesActionsTest-1510562927 tempest-VolumesActionsTest-1510562927-project-member] Wrote chunk d14155c0-29cf-4489-8cb9-fad5e7995d92-00006 (6/?) of length 49741824 to Swift returning MD5 of content: 708761f3b8777ec77058e63da08eeeb6 {{(pid=102933) add /opt/stack/data/venv/lib/python3.12/site-packages/glance_store/_drivers/swift/store.py:1059}}
Jul 20 12:05:24.220390 np0000005498 devstack@g-api.service[102933]: DEBUG glance_store._drivers.swift.store [None req-3afdd6f4-11e2-4bd2-8b26-651bd65c5f85 tempest-VolumesActionsTest-1510562927 tempest-VolumesActionsTest-1510562927-project-member] Not writing zero-length chunk. {{(pid=102933) add /opt/stack/data/venv/lib/python3.12/site-packages/glance_store/_drivers/swift/store.py:1028}}
Jul 20 12:05:24.257085 np0000005498 devstack@g-api.service[102933]: DEBUG swiftclient [None req-3afdd6f4-11e2-4bd2-8b26-651bd65c5f85 tempest-VolumesActionsTest-1510562927 tempest-VolumesActionsTest-1510562927-project-member] REQ: curl -i https://10.4.3.221:8080/v1/AUTH_706ac4d0c2c24757bb5ad4f21fb494ee/glance/d14155c0-29cf-4489-8cb9-fad5e7995d92 -X PUT -H "X-Object-Manifest: glance/d14155c0-29cf-4489-8cb9-fad5e7995d92-" -H "X-Auth-Token: gAAAAABqXg75JPjb..." -H "Content-Length: 0" {{(pid=102933) http_log /opt/stack/data/venv/lib/python3.12/site-packages/swiftclient/client.py:160}}
Jul 20 12:05:24.257582 np0000005498 devstack@g-api.service[102933]: DEBUG swiftclient [None req-3afdd6f4-11e2-4bd2-8b26-651bd65c5f85 tempest-VolumesActionsTest-1510562927 tempest-VolumesActionsTest-1510562927-project-member] RESP STATUS: 201 Created {{(pid=102933) http_log /opt/stack/data/venv/lib/python3.12/site-packages/swiftclient/client.py:161}}
Jul 20 12:05:24.257582 np0000005498 devstack@g-api.service[102933]: DEBUG swiftclient [None req-3afdd6f4-11e2-4bd2-8b26-651bd65c5f85 tempest-VolumesActionsTest-1510562927 tempest-VolumesActionsTest-1510562927-project-member] RESP HEADERS: {'Date': 'Mon, 20 Jul 2026 12:05:24 GMT', 'Server': 'Apache/2.4.58 (Ubuntu)', 'Content-Type': 'text/html; charset=UTF-8', 'Content-Length': '0', 'Etag': 'd41d8cd98f00b204e9800998ecf8427e', 'Last-Modified': 'Mon, 20 Jul 2026 12:05:25 GMT', 'X-Trans-Id': 'tx079bf4db9095427d9638c-006a5e0f04', 'X-Openstack-Request-Id': 'tx079bf4db9095427d9638c-006a5e0f04', 'Connection': 'close'} {{(pid=102933) http_log /opt/stack/data/venv/lib/python3.12/site-packages/swiftclient/client.py:162}}
Jul 20 12:05:24.258116 np0000005498 devstack@g-api.service[102933]: INFO glance.location [None req-3afdd6f4-11e2-4bd2-8b26-651bd65c5f85 tempest-VolumesActionsTest-1510562927 tempest-VolumesActionsTest-1510562927-project-member] Image format matched and virtual size computed: 1073741824
Jul 20 12:05:24.284113 np0000005498 devstack@g-api.service[102933]: DEBUG glance_store.backend [None req-3afdd6f4-11e2-4bd2-8b26-651bd65c5f85 tempest-VolumesActionsTest-1510562927 tempest-VolumesActionsTest-1510562927-project-member] Attempting to import store swift {{(pid=102933) _load_store /opt/stack/data/venv/lib/python3.12/site-packages/glance_store/backend.py:215}}
Jul 20 12:05:24.285848 np0000005498 devstack@g-api.service[102933]: DEBUG glance_store.capabilities [None req-3afdd6f4-11e2-4bd2-8b26-651bd65c5f85 tempest-VolumesActionsTest-1510562927 tempest-VolumesActionsTest-1510562927-project-member] Store glance_store._drivers.swift.store.SingleTenantStore doesn't support updating dynamic storage capabilities. Please overwrite 'update_capabilities' method of the store to implement updating logics if needed. {{(pid=102933) update_capabilities /opt/stack/data/venv/lib/python3.12/site-packages/glance_store/capabilities.py:91}}
Jul 20 12:05:24.285949 np0000005498 devstack@g-api.service[102933]: DEBUG glance_store.driver [None req-3afdd6f4-11e2-4bd2-8b26-651bd65c5f85 tempest-VolumesActionsTest-1510562927 tempest-VolumesActionsTest-1510562927-project-member] Late loading location class glance_store._drivers.swift.store.StoreLocation {{(pid=102933) get_store_location_class /opt/stack/data/venv/lib/python3.12/site-packages/glance_store/driver.py:134}}
Jul 20 12:05:24.286063 np0000005498 devstack@g-api.service[102933]: DEBUG glance_store.location [None req-3afdd6f4-11e2-4bd2-8b26-651bd65c5f85 tempest-VolumesActionsTest-1510562927 tempest-VolumesActionsTest-1510562927-project-member] Registering scheme swift+https with {'store': , 'location_class': , 'store_entry': 'swift'} {{(pid=102933) register_scheme_map /opt/stack/data/venv/lib/python3.12/site-packages/glance_store/location.py:146}}
