Jul 20 11:54:19.800437 np0000005498 nova-scheduler[96541]: DEBUG cotyledon.oslo_config_glue [-] workarounds.handle_virt_lifecycle_events = True {{(pid=96541) log_opt_values /opt/stack/data/venv/lib/python3.12/site-packages/oslo_config/cfg.py:3253}}
Jul 20 11:54:19.800437 np0000005498 nova-scheduler[96541]: DEBUG cotyledon.oslo_config_glue [-] workarounds.libvirt_disable_apic = False {{(pid=96541) log_opt_values /opt/stack/data/venv/lib/python3.12/site-packages/oslo_config/cfg.py:3253}}
Jul 20 11:54:19.800437 np0000005498 nova-scheduler[96541]: DEBUG cotyledon.oslo_config_glue [-] workarounds.never_download_image_if_on_rbd = False {{(pid=96541) log_opt_values /opt/stack/data/venv/lib/python3.12/site-packages/oslo_config/cfg.py:3253}}
Jul 20 11:54:19.800437 np0000005498 nova-scheduler[96541]: DEBUG cotyledon.oslo_config_glue [-] workarounds.qemu_monitor_announce_self_count = 3 {{(pid=96541) log_opt_values /opt/stack/data/venv/lib/python3.12/site-packages/oslo_config/cfg.py:3253}}
Jul 20 11:54:19.800437 np0000005498 nova-scheduler[96541]: DEBUG cotyledon.oslo_config_glue [-] workarounds.qemu_monitor_announce_self_interval = 1 {{(pid=96541) log_opt_values /opt/stack/data/venv/lib/python3.12/site-packages/oslo_config/cfg.py:3253}}
Jul 20 11:54:19.800437 np0000005498 nova-scheduler[96541]: DEBUG cotyledon.oslo_config_glue [-] workarounds.reserve_disk_resource_for_image_cache = False {{(pid=96541) log_opt_values /opt/stack/data/venv/lib/python3.12/site-packages/oslo_config/cfg.py:3253}}
Jul 20 11:54:19.800437 np0000005498 nova-scheduler[96541]: DEBUG cotyledon.oslo_config_glue [-] workarounds.skip_cpu_compare_at_startup = False {{(pid=96541) log_opt_values /opt/stack/data/venv/lib/python3.12/site-packages/oslo_config/cfg.py:3253}}
Jul 20 11:54:19.800437 np0000005498 nova-scheduler[96541]: DEBUG cotyledon.oslo_config_glue [-] workarounds.skip_cpu_compare_on_dest = False {{(pid=96541) log_opt_values /opt/stack/data/venv/lib/python3.12/site-packages/oslo_config/cfg.py:3253}}
Jul 20 11:54:19.800633 np0000005498 nova-scheduler[96541]: DEBUG cotyledon.oslo_config_glue [-] workarounds.skip_hypervisor_version_check_on_lm = False {{(pid=96541) log_opt_values /opt/stack/data/venv/lib/python3.12/site-packages/oslo_config/cfg.py:3253}}
Jul 20 11:54:19.800633 np0000005498 nova-scheduler[96541]: DEBUG cotyledon.oslo_config_glue [-] workarounds.skip_reserve_in_use_ironic_nodes = False {{(pid=96541) log_opt_values /opt/stack/data/venv/lib/python3.12/site-packages/oslo_config/cfg.py:3253}}
Jul 20 11:54:19.800633 np0000005498 nova-scheduler[96541]: DEBUG cotyledon.oslo_config_glue [-] workarounds.unified_limits_count_pcpu_as_vcpu = False {{(pid=96541) log_opt_values /opt/stack/data/venv/lib/python3.12/site-packages/oslo_config/cfg.py:3253}}
Jul 20 11:54:19.800633 np0000005498 nova-scheduler[96541]: DEBUG cotyledon.oslo_config_glue [-] workarounds.wait_for_vif_plugged_event_during_hard_reboot = [] {{(pid=96541) log_opt_values /opt/stack/data/venv/lib/python3.12/site-packages/oslo_config/cfg.py:3253}}
Jul 20 11:54:19.800633 np0000005498 nova-scheduler[96541]: DEBUG cotyledon.oslo_config_glue [-] wsgi.api_paste_config = /etc/nova/api-paste.ini {{(pid=96541) log_opt_values /opt/stack/data/venv/lib/python3.12/site-packages/oslo_config/cfg.py:3253}}
Jul 20 11:54:19.800633 np0000005498 nova-scheduler[96541]: DEBUG cotyledon.oslo_config_glue [-] wsgi.secure_proxy_ssl_header = None {{(pid=96541) log_opt_values /opt/stack/data/venv/lib/python3.12/site-packages/oslo_config/cfg.py:3253}}
Jul 20 11:54:19.800633 np0000005498 nova-scheduler[96541]: DEBUG cotyledon.oslo_config_glue [-] zvm.ca_file = None {{(pid=96541) log_opt_values /opt/stack/data/venv/lib/python3.12/site-packages/oslo_config/cfg.py:3253}}
Jul 20 11:54:19.800633 np0000005498 nova-scheduler[96541]: DEBUG cotyledon.oslo_config_glue [-] zvm.cloud_connector_url = None {{(pid=96541) log_opt_values /opt/stack/data/venv/lib/python3.12/site-packages/oslo_config/cfg.py:3253}}
Jul 20 11:54:19.800633 np0000005498 nova-scheduler[96541]: DEBUG cotyledon.oslo_config_glue [-] zvm.image_tmp_path = /opt/stack/data/nova/images {{(pid=96541) log_opt_values /opt/stack/data/venv/lib/python3.12/site-packages/oslo_config/cfg.py:3253}}
Jul 20 11:54:19.800798 np0000005498 nova-scheduler[96541]: DEBUG cotyledon.oslo_config_glue [-] zvm.reachable_timeout = 300 {{(pid=96541) log_opt_values /opt/stack/data/venv/lib/python3.12/site-packages/oslo_config/cfg.py:3253}}
Jul 20 11:54:19.800798 np0000005498 nova-scheduler[96541]: DEBUG cotyledon.oslo_config_glue [-] oslo_versionedobjects.fatal_exception_format_errors = False {{(pid=96541) log_opt_values /opt/stack/data/venv/lib/python3.12/site-packages/oslo_config/cfg.py:3253}}
Jul 20 11:54:19.800836 np0000005498 nova-scheduler[96543]: INFO nova.service [-] Starting scheduler node (version 33.1.0)
Jul 20 11:54:19.800871 np0000005498 nova-scheduler[96541]: DEBUG cotyledon.oslo_config_glue [-] oslo_middleware.http_basic_auth_user_file = /etc/htpasswd {{(pid=96541) log_opt_values /opt/stack/data/venv/lib/python3.12/site-packages/oslo_config/cfg.py:3253}}
Jul 20 11:54:19.800871 np0000005498 nova-scheduler[96541]: DEBUG cotyledon.oslo_config_glue [-] oslo_messaging_metrics.metrics_buffer_size = 1000 {{(pid=96541) log_opt_values /opt/stack/data/venv/lib/python3.12/site-packages/oslo_config/cfg.py:3253}}
Jul 20 11:54:19.800871 np0000005498 nova-scheduler[96541]: DEBUG cotyledon.oslo_config_glue [-] oslo_messaging_metrics.metrics_enabled = False {{(pid=96541) log_opt_values /opt/stack/data/venv/lib/python3.12/site-packages/oslo_config/cfg.py:3253}}
Jul 20 11:54:19.800871 np0000005498 nova-scheduler[96541]: DEBUG cotyledon.oslo_config_glue [-] oslo_messaging_metrics.metrics_process_name = {{(pid=96541) log_opt_values /opt/stack/data/venv/lib/python3.12/site-packages/oslo_config/cfg.py:3253}}
Jul 20 11:54:19.800871 np0000005498 nova-scheduler[96541]: DEBUG cotyledon.oslo_config_glue [-] oslo_messaging_metrics.metrics_socket_file = /var/tmp/metrics_collector.sock {{(pid=96541) log_opt_values /opt/stack/data/venv/lib/python3.12/site-packages/oslo_config/cfg.py:3253}}
Jul 20 11:54:19.800871 np0000005498 nova-scheduler[96541]: DEBUG cotyledon.oslo_config_glue [-] oslo_messaging_metrics.metrics_thread_stop_timeout = 10 {{(pid=96541) log_opt_values /opt/stack/data/venv/lib/python3.12/site-packages/oslo_config/cfg.py:3253}}
Jul 20 11:54:19.800871 np0000005498 nova-scheduler[96541]: DEBUG cotyledon.oslo_config_glue [-] profiler.connection_string = messaging:// {{(pid=96541) log_opt_values /opt/stack/data/venv/lib/python3.12/site-packages/oslo_config/cfg.py:3253}}
Jul 20 11:54:19.800871 np0000005498 nova-scheduler[96541]: DEBUG cotyledon.oslo_config_glue [-] profiler.enabled = False {{(pid=96541) log_opt_values /opt/stack/data/venv/lib/python3.12/site-packages/oslo_config/cfg.py:3253}}
Jul 20 11:54:19.800871 np0000005498 nova-scheduler[96541]: DEBUG cotyledon.oslo_config_glue [-] profiler.es_doc_type = notification {{(pid=96541) log_opt_values /opt/stack/data/venv/lib/python3.12/site-packages/oslo_config/cfg.py:3253}}
Jul 20 11:54:19.801127 np0000005498 nova-scheduler[96541]: DEBUG cotyledon.oslo_config_glue [-] profiler.es_scroll_size = 10000 {{(pid=96541) log_opt_values /opt/stack/data/venv/lib/python3.12/site-packages/oslo_config/cfg.py:3253}}
Jul 20 11:54:19.801127 np0000005498 nova-scheduler[96541]: DEBUG cotyledon.oslo_config_glue [-] profiler.es_scroll_time = 2m {{(pid=96541) log_opt_values /opt/stack/data/venv/lib/python3.12/site-packages/oslo_config/cfg.py:3253}}
Jul 20 11:54:19.801127 np0000005498 nova-scheduler[96541]: DEBUG cotyledon.oslo_config_glue [-] profiler.filter_error_trace = False {{(pid=96541) log_opt_values /opt/stack/data/venv/lib/python3.12/site-packages/oslo_config/cfg.py:3253}}
Jul 20 11:54:19.801127 np0000005498 nova-scheduler[96541]: DEBUG cotyledon.oslo_config_glue [-] profiler.hmac_keys = **** {{(pid=96541) log_opt_values /opt/stack/data/venv/lib/python3.12/site-packages/oslo_config/cfg.py:3253}}
Jul 20 11:54:19.801127 np0000005498 nova-scheduler[96541]: DEBUG cotyledon.oslo_config_glue [-] profiler.sentinel_service_name = mymaster {{(pid=96541) log_opt_values /opt/stack/data/venv/lib/python3.12/site-packages/oslo_config/cfg.py:3253}}
Jul 20 11:54:19.801127 np0000005498 nova-scheduler[96541]: DEBUG cotyledon.oslo_config_glue [-] profiler.socket_timeout = 0.1 {{(pid=96541) log_opt_values /opt/stack/data/venv/lib/python3.12/site-packages/oslo_config/cfg.py:3253}}
Jul 20 11:54:19.801127 np0000005498 nova-scheduler[96541]: DEBUG cotyledon.oslo_config_glue [-] profiler.trace_requests = False {{(pid=96541) log_opt_values /opt/stack/data/venv/lib/python3.12/site-packages/oslo_config/cfg.py:3253}}
Jul 20 11:54:19.801127 np0000005498 nova-scheduler[96541]: DEBUG cotyledon.oslo_config_glue [-] profiler.trace_sqlalchemy = False {{(pid=96541) log_opt_values /opt/stack/data/venv/lib/python3.12/site-packages/oslo_config/cfg.py:3253}}
Jul 20 11:54:19.801127 np0000005498 nova-scheduler[96541]: DEBUG cotyledon.oslo_config_glue [-] profiler_jaeger.process_tags = {} {{(pid=96541) log_opt_values /opt/stack/data/venv/lib/python3.12/site-packages/oslo_config/cfg.py:3253}}
Jul 20 11:54:19.801329 np0000005498 nova-scheduler[96541]: DEBUG cotyledon.oslo_config_glue [-] profiler_jaeger.service_name_prefix = None {{(pid=96541) log_opt_values /opt/stack/data/venv/lib/python3.12/site-packages/oslo_config/cfg.py:3253}}
Jul 20 11:54:19.801329 np0000005498 nova-scheduler[96541]: DEBUG cotyledon.oslo_config_glue [-] profiler_otlp.service_name_prefix = None {{(pid=96541) log_opt_values /opt/stack/data/venv/lib/python3.12/site-packages/oslo_config/cfg.py:3253}}
Jul 20 11:54:19.801329 np0000005498 nova-scheduler[96541]: DEBUG cotyledon.oslo_config_glue [-] oslo_messaging_rabbit.amqp_auto_delete = False {{(pid=96541) log_opt_values /opt/stack/data/venv/lib/python3.12/site-packages/oslo_config/cfg.py:3253}}
Jul 20 11:54:19.801329 np0000005498 nova-scheduler[96541]: DEBUG cotyledon.oslo_config_glue [-] oslo_messaging_rabbit.amqp_durable_queues = False {{(pid=96541) log_opt_values /opt/stack/data/venv/lib/python3.12/site-packages/oslo_config/cfg.py:3253}}
Jul 20 11:54:19.801329 np0000005498 nova-scheduler[96541]: DEBUG cotyledon.oslo_config_glue [-] oslo_messaging_rabbit.conn_pool_min_size = 2 {{(pid=96541) log_opt_values /opt/stack/data/venv/lib/python3.12/site-packages/oslo_config/cfg.py:3253}}
Jul 20 11:54:19.801329 np0000005498 nova-scheduler[96541]: DEBUG cotyledon.oslo_config_glue [-] oslo_messaging_rabbit.conn_pool_ttl = 1200 {{(pid=96541) log_opt_values /opt/stack/data/venv/lib/python3.12/site-packages/oslo_config/cfg.py:3253}}
Jul 20 11:54:19.801329 np0000005498 nova-scheduler[96541]: DEBUG cotyledon.oslo_config_glue [-] oslo_messaging_rabbit.direct_mandatory_flag = True {{(pid=96541) log_opt_values /opt/stack/data/venv/lib/python3.12/site-packages/oslo_config/cfg.py:3253}}
Jul 20 11:54:19.801329 np0000005498 nova-scheduler[96541]: DEBUG cotyledon.oslo_config_glue [-] oslo_messaging_rabbit.enable_cancel_on_failover = False {{(pid=96541) log_opt_values /opt/stack/data/venv/lib/python3.12/site-packages/oslo_config/cfg.py:3253}}
Jul 20 11:54:19.801329 np0000005498 nova-scheduler[96541]: DEBUG cotyledon.oslo_config_glue [-] oslo_messaging_rabbit.heartbeat_rate = 3 {{(pid=96541) log_opt_values /opt/stack/data/venv/lib/python3.12/site-packages/oslo_config/cfg.py:3253}}
Jul 20 11:54:19.801512 np0000005498 nova-scheduler[96541]: DEBUG cotyledon.oslo_config_glue [-] oslo_messaging_rabbit.heartbeat_timeout_threshold = 60 {{(pid=96541) log_opt_values /opt/stack/data/venv/lib/python3.12/site-packages/oslo_config/cfg.py:3253}}
Jul 20 11:54:19.801512 np0000005498 nova-scheduler[96541]: DEBUG cotyledon.oslo_config_glue [-] oslo_messaging_rabbit.hostname = np0000005498 {{(pid=96541) log_opt_values /opt/stack/data/venv/lib/python3.12/site-packages/oslo_config/cfg.py:3253}}
Jul 20 11:54:19.801512 np0000005498 nova-scheduler[96541]: DEBUG cotyledon.oslo_config_glue [-] oslo_messaging_rabbit.kombu_compression = None {{(pid=96541) log_opt_values /opt/stack/data/venv/lib/python3.12/site-packages/oslo_config/cfg.py:3253}}
Jul 20 11:54:19.801512 np0000005498 nova-scheduler[96541]: DEBUG cotyledon.oslo_config_glue [-] oslo_messaging_rabbit.kombu_failover_strategy = round-robin {{(pid=96541) log_opt_values /opt/stack/data/venv/lib/python3.12/site-packages/oslo_config/cfg.py:3253}}
Jul 20 11:54:19.801512 np0000005498 nova-scheduler[96541]: DEBUG cotyledon.oslo_config_glue [-] oslo_messaging_rabbit.kombu_missing_consumer_retry_timeout = 60 {{(pid=96541) log_opt_values /opt/stack/data/venv/lib/python3.12/site-packages/oslo_config/cfg.py:3253}}
Jul 20 11:54:19.801512 np0000005498 nova-scheduler[96541]: DEBUG cotyledon.oslo_config_glue [-] oslo_messaging_rabbit.kombu_reconnect_delay = 1.0 {{(pid=96541) log_opt_values /opt/stack/data/venv/lib/python3.12/site-packages/oslo_config/cfg.py:3253}}
Jul 20 11:54:19.801512 np0000005498 nova-scheduler[96541]: DEBUG cotyledon.oslo_config_glue [-] oslo_messaging_rabbit.kombu_reconnect_splay = 0.0 {{(pid=96541) log_opt_values /opt/stack/data/venv/lib/python3.12/site-packages/oslo_config/cfg.py:3253}}
Jul 20 11:54:19.801512 np0000005498 nova-scheduler[96541]: DEBUG cotyledon.oslo_config_glue [-] oslo_messaging_rabbit.processname = nova-scheduler {{(pid=96541) log_opt_values /opt/stack/data/venv/lib/python3.12/site-packages/oslo_config/cfg.py:3253}}
Jul 20 11:54:19.801512 np0000005498 nova-scheduler[96541]: DEBUG cotyledon.oslo_config_glue [-] oslo_messaging_rabbit.rabbit_ha_queues = False {{(pid=96541) log_opt_values /opt/stack/data/venv/lib/python3.12/site-packages/oslo_config/cfg.py:3253}}
Jul 20 11:54:19.801776 np0000005498 nova-scheduler[96541]: DEBUG cotyledon.oslo_config_glue [-] oslo_messaging_rabbit.rabbit_interval_max = 30 {{(pid=96541) log_opt_values /opt/stack/data/venv/lib/python3.12/site-packages/oslo_config/cfg.py:3253}}
Jul 20 11:54:19.801776 np0000005498 nova-scheduler[96541]: DEBUG cotyledon.oslo_config_glue [-] oslo_messaging_rabbit.rabbit_login_method = AMQPLAIN {{(pid=96541) log_opt_values /opt/stack/data/venv/lib/python3.12/site-packages/oslo_config/cfg.py:3253}}
Jul 20 11:54:19.801776 np0000005498 nova-scheduler[96541]: DEBUG cotyledon.oslo_config_glue [-] oslo_messaging_rabbit.rabbit_qos_prefetch_count = 0 {{(pid=96541) log_opt_values /opt/stack/data/venv/lib/python3.12/site-packages/oslo_config/cfg.py:3253}}
Jul 20 11:54:19.801776 np0000005498 nova-scheduler[96541]: DEBUG cotyledon.oslo_config_glue [-] oslo_messaging_rabbit.rabbit_quorum_delivery_limit = 0 {{(pid=96541) log_opt_values /opt/stack/data/venv/lib/python3.12/site-packages/oslo_config/cfg.py:3253}}
Jul 20 11:54:19.801776 np0000005498 nova-scheduler[96541]: DEBUG cotyledon.oslo_config_glue [-] oslo_messaging_rabbit.rabbit_quorum_max_memory_bytes = 0 {{(pid=96541) log_opt_values /opt/stack/data/venv/lib/python3.12/site-packages/oslo_config/cfg.py:3253}}
Jul 20 11:54:19.801776 np0000005498 nova-scheduler[96541]: DEBUG cotyledon.oslo_config_glue [-] oslo_messaging_rabbit.rabbit_quorum_max_memory_length = 0 {{(pid=96541) log_opt_values /opt/stack/data/venv/lib/python3.12/site-packages/oslo_config/cfg.py:3253}}
Jul 20 11:54:19.801776 np0000005498 nova-scheduler[96541]: DEBUG cotyledon.oslo_config_glue [-] oslo_messaging_rabbit.rabbit_quorum_queue = False {{(pid=96541) log_opt_values /opt/stack/data/venv/lib/python3.12/site-packages/oslo_config/cfg.py:3253}}
Jul 20 11:54:19.801776 np0000005498 nova-scheduler[96541]: DEBUG cotyledon.oslo_config_glue [-] oslo_messaging_rabbit.rabbit_retry_backoff = 2 {{(pid=96541) log_opt_values /opt/stack/data/venv/lib/python3.12/site-packages/oslo_config/cfg.py:3253}}
Jul 20 11:54:19.801776 np0000005498 nova-scheduler[96541]: DEBUG cotyledon.oslo_config_glue [-] oslo_messaging_rabbit.rabbit_retry_interval = 1 {{(pid=96541) log_opt_values /opt/stack/data/venv/lib/python3.12/site-packages/oslo_config/cfg.py:3253}}
Jul 20 11:54:19.801954 np0000005498 nova-scheduler[96541]: DEBUG cotyledon.oslo_config_glue [-] oslo_messaging_rabbit.rabbit_stream_fanout = False {{(pid=96541) log_opt_values /opt/stack/data/venv/lib/python3.12/site-packages/oslo_config/cfg.py:3253}}
Jul 20 11:54:19.801954 np0000005498 nova-scheduler[96541]: DEBUG cotyledon.oslo_config_glue [-] oslo_messaging_rabbit.rabbit_transient_queues_ttl = 1800 {{(pid=96541) log_opt_values /opt/stack/data/venv/lib/python3.12/site-packages/oslo_config/cfg.py:3253}}
Jul 20 11:54:19.801954 np0000005498 nova-scheduler[96541]: DEBUG cotyledon.oslo_config_glue [-] oslo_messaging_rabbit.rabbit_transient_quorum_queue = False {{(pid=96541) log_opt_values /opt/stack/data/venv/lib/python3.12/site-packages/oslo_config/cfg.py:3253}}
Jul 20 11:54:19.801954 np0000005498 nova-scheduler[96541]: DEBUG cotyledon.oslo_config_glue [-] oslo_messaging_rabbit.rpc_conn_pool_size = 30 {{(pid=96541) log_opt_values /opt/stack/data/venv/lib/python3.12/site-packages/oslo_config/cfg.py:3253}}
Jul 20 11:54:19.801954 np0000005498 nova-scheduler[96541]: DEBUG cotyledon.oslo_config_glue [-] oslo_messaging_rabbit.ssl = False {{(pid=96541) log_opt_values /opt/stack/data/venv/lib/python3.12/site-packages/oslo_config/cfg.py:3253}}
Jul 20 11:54:19.801954 np0000005498 nova-scheduler[96541]: DEBUG cotyledon.oslo_config_glue [-] oslo_messaging_rabbit.ssl_ca_file = {{(pid=96541) log_opt_values /opt/stack/data/venv/lib/python3.12/site-packages/oslo_config/cfg.py:3253}}
Jul 20 11:54:19.801954 np0000005498 nova-scheduler[96541]: DEBUG cotyledon.oslo_config_glue [-] oslo_messaging_rabbit.ssl_cert_file = {{(pid=96541) log_opt_values /opt/stack/data/venv/lib/python3.12/site-packages/oslo_config/cfg.py:3253}}
Jul 20 11:54:19.801954 np0000005498 nova-scheduler[96541]: DEBUG cotyledon.oslo_config_glue [-] oslo_messaging_rabbit.ssl_enforce_fips_mode = False {{(pid=96541) log_opt_values /opt/stack/data/venv/lib/python3.12/site-packages/oslo_config/cfg.py:3253}}
Jul 20 11:54:19.801954 np0000005498 nova-scheduler[96541]: DEBUG cotyledon.oslo_config_glue [-] oslo_messaging_rabbit.ssl_enforce_hostname_verification = True {{(pid=96541) log_opt_values /opt/stack/data/venv/lib/python3.12/site-packages/oslo_config/cfg.py:3253}}
Jul 20 11:54:19.802138 np0000005498 nova-scheduler[96541]: DEBUG cotyledon.oslo_config_glue [-] oslo_messaging_rabbit.ssl_key_file = {{(pid=96541) log_opt_values /opt/stack/data/venv/lib/python3.12/site-packages/oslo_config/cfg.py:3253}}
Jul 20 11:54:19.802138 np0000005498 nova-scheduler[96541]: DEBUG cotyledon.oslo_config_glue [-] oslo_messaging_rabbit.ssl_version = {{(pid=96541) log_opt_values /opt/stack/data/venv/lib/python3.12/site-packages/oslo_config/cfg.py:3253}}
Jul 20 11:54:19.802138 np0000005498 nova-scheduler[96541]: DEBUG cotyledon.oslo_config_glue [-] oslo_messaging_rabbit.use_queue_manager = False {{(pid=96541) log_opt_values /opt/stack/data/venv/lib/python3.12/site-packages/oslo_config/cfg.py:3253}}
Jul 20 11:54:19.802138 np0000005498 nova-scheduler[96541]: DEBUG cotyledon.oslo_config_glue [-] oslo_messaging_notifications.driver = ['messagingv2'] {{(pid=96541) log_opt_values /opt/stack/data/venv/lib/python3.12/site-packages/oslo_config/cfg.py:3253}}
Jul 20 11:54:19.802138 np0000005498 nova-scheduler[96541]: DEBUG cotyledon.oslo_config_glue [-] oslo_messaging_notifications.retry = -1 {{(pid=96541) log_opt_values /opt/stack/data/venv/lib/python3.12/site-packages/oslo_config/cfg.py:3253}}
Jul 20 11:54:19.802238 np0000005498 nova-scheduler[96543]: INFO dbcounter [None req-189a1bbb-dbe2-4da8-980f-f2a199068ac1 None None] Registered counter for database nova_cell0
Jul 20 11:54:19.802266 np0000005498 nova-scheduler[96541]: DEBUG cotyledon.oslo_config_glue [-] oslo_messaging_notifications.topics = ['notifications'] {{(pid=96541) log_opt_values /opt/stack/data/venv/lib/python3.12/site-packages/oslo_config/cfg.py:3253}}
Jul 20 11:54:19.802266 np0000005498 nova-scheduler[96541]: DEBUG cotyledon.oslo_config_glue [-] oslo_messaging_notifications.transport_url = **** {{(pid=96541) log_opt_values /opt/stack/data/venv/lib/python3.12/site-packages/oslo_config/cfg.py:3253}}
Jul 20 11:54:19.802266 np0000005498 nova-scheduler[96541]: DEBUG cotyledon.oslo_config_glue [-] oslo_limit.auth_section = None {{(pid=96541) log_opt_values /opt/stack/data/venv/lib/python3.12/site-packages/oslo_config/cfg.py:3253}}
Jul 20 11:54:19.802266 np0000005498 nova-scheduler[96541]: DEBUG cotyledon.oslo_config_glue [-] oslo_limit.auth_type = None {{(pid=96541) log_opt_values /opt/stack/data/venv/lib/python3.12/site-packages/oslo_config/cfg.py:3253}}
Jul 20 11:54:19.802266 np0000005498 nova-scheduler[96541]: DEBUG cotyledon.oslo_config_glue [-] oslo_limit.cafile = None {{(pid=96541) log_opt_values /opt/stack/data/venv/lib/python3.12/site-packages/oslo_config/cfg.py:3253}}
Jul 20 11:54:19.802266 np0000005498 nova-scheduler[96541]: DEBUG cotyledon.oslo_config_glue [-] oslo_limit.certfile = None {{(pid=96541) log_opt_values /opt/stack/data/venv/lib/python3.12/site-packages/oslo_config/cfg.py:3253}}
Jul 20 11:54:19.802266 np0000005498 nova-scheduler[96541]: DEBUG cotyledon.oslo_config_glue [-] oslo_limit.collect_timing = False {{(pid=96541) log_opt_values /opt/stack/data/venv/lib/python3.12/site-packages/oslo_config/cfg.py:3253}}
Jul 20 11:54:19.802266 np0000005498 nova-scheduler[96541]: DEBUG cotyledon.oslo_config_glue [-] oslo_limit.connect_retries = None {{(pid=96541) log_opt_values /opt/stack/data/venv/lib/python3.12/site-packages/oslo_config/cfg.py:3253}}
Jul 20 11:54:19.802266 np0000005498 nova-scheduler[96541]: DEBUG cotyledon.oslo_config_glue [-] oslo_limit.connect_retry_delay = None {{(pid=96541) log_opt_values /opt/stack/data/venv/lib/python3.12/site-packages/oslo_config/cfg.py:3253}}
Jul 20 11:54:19.802432 np0000005498 nova-scheduler[96541]: DEBUG cotyledon.oslo_config_glue [-] oslo_limit.endpoint_id = None {{(pid=96541) log_opt_values /opt/stack/data/venv/lib/python3.12/site-packages/oslo_config/cfg.py:3253}}
Jul 20 11:54:19.802432 np0000005498 nova-scheduler[96541]: DEBUG cotyledon.oslo_config_glue [-] oslo_limit.endpoint_interface = public {{(pid=96541) log_opt_values /opt/stack/data/venv/lib/python3.12/site-packages/oslo_config/cfg.py:3253}}
Jul 20 11:54:19.802432 np0000005498 nova-scheduler[96541]: DEBUG cotyledon.oslo_config_glue [-] oslo_limit.endpoint_override = None {{(pid=96541) log_opt_values /opt/stack/data/venv/lib/python3.12/site-packages/oslo_config/cfg.py:3253}}
Jul 20 11:54:19.802432 np0000005498 nova-scheduler[96541]: DEBUG cotyledon.oslo_config_glue [-] oslo_limit.endpoint_region_name = None {{(pid=96541) log_opt_values /opt/stack/data/venv/lib/python3.12/site-packages/oslo_config/cfg.py:3253}}
Jul 20 11:54:19.802432 np0000005498 nova-scheduler[96541]: DEBUG cotyledon.oslo_config_glue [-] oslo_limit.endpoint_service_name = None {{(pid=96541) log_opt_values /opt/stack/data/venv/lib/python3.12/site-packages/oslo_config/cfg.py:3253}}
Jul 20 11:54:19.802432 np0000005498 nova-scheduler[96541]: DEBUG cotyledon.oslo_config_glue [-] oslo_limit.endpoint_service_type = None {{(pid=96541) log_opt_values /opt/stack/data/venv/lib/python3.12/site-packages/oslo_config/cfg.py:3253}}
Jul 20 11:54:19.802432 np0000005498 nova-scheduler[96541]: DEBUG cotyledon.oslo_config_glue [-] oslo_limit.insecure = False {{(pid=96541) log_opt_values /opt/stack/data/venv/lib/python3.12/site-packages/oslo_config/cfg.py:3253}}
Jul 20 11:54:19.802432 np0000005498 nova-scheduler[96541]: DEBUG cotyledon.oslo_config_glue [-] oslo_limit.keyfile = None {{(pid=96541) log_opt_values /opt/stack/data/venv/lib/python3.12/site-packages/oslo_config/cfg.py:3253}}
Jul 20 11:54:19.802432 np0000005498 nova-scheduler[96541]: DEBUG cotyledon.oslo_config_glue [-] oslo_limit.max_version = None {{(pid=96541) log_opt_values /opt/stack/data/venv/lib/python3.12/site-packages/oslo_config/cfg.py:3253}}
Jul 20 11:54:19.802623 np0000005498 nova-scheduler[96541]: DEBUG cotyledon.oslo_config_glue [-] oslo_limit.min_version = None {{(pid=96541) log_opt_values /opt/stack/data/venv/lib/python3.12/site-packages/oslo_config/cfg.py:3253}}
Jul 20 11:54:19.802623 np0000005498 nova-scheduler[96541]: DEBUG cotyledon.oslo_config_glue [-] oslo_limit.region_name = None {{(pid=96541) log_opt_values /opt/stack/data/venv/lib/python3.12/site-packages/oslo_config/cfg.py:3253}}
Jul 20 11:54:19.802623 np0000005498 nova-scheduler[96541]: DEBUG cotyledon.oslo_config_glue [-] oslo_limit.retriable_status_codes = None {{(pid=96541) log_opt_values /opt/stack/data/venv/lib/python3.12/site-packages/oslo_config/cfg.py:3253}}
Jul 20 11:54:19.802623 np0000005498 nova-scheduler[96541]: DEBUG cotyledon.oslo_config_glue [-] oslo_limit.service_name = None {{(pid=96541) log_opt_values /opt/stack/data/venv/lib/python3.12/site-packages/oslo_config/cfg.py:3253}}
Jul 20 11:54:19.802623 np0000005498 nova-scheduler[96541]: DEBUG cotyledon.oslo_config_glue [-] oslo_limit.service_type = None {{(pid=96541) log_opt_values /opt/stack/data/venv/lib/python3.12/site-packages/oslo_config/cfg.py:3253}}
Jul 20 11:54:19.802623 np0000005498 nova-scheduler[96541]: DEBUG cotyledon.oslo_config_glue [-] oslo_limit.split_loggers = False {{(pid=96541) log_opt_values /opt/stack/data/venv/lib/python3.12/site-packages/oslo_config/cfg.py:3253}}
Jul 20 11:54:19.802623 np0000005498 nova-scheduler[96541]: DEBUG cotyledon.oslo_config_glue [-] oslo_limit.status_code_retries = None {{(pid=96541) log_opt_values /opt/stack/data/venv/lib/python3.12/site-packages/oslo_config/cfg.py:3253}}
Jul 20 11:54:19.802623 np0000005498 nova-scheduler[96541]: DEBUG cotyledon.oslo_config_glue [-] oslo_limit.status_code_retry_delay = None {{(pid=96541) log_opt_values /opt/stack/data/venv/lib/python3.12/site-packages/oslo_config/cfg.py:3253}}
Jul 20 11:54:19.802623 np0000005498 nova-scheduler[96541]: DEBUG cotyledon.oslo_config_glue [-] oslo_limit.timeout = None {{(pid=96541) log_opt_values /opt/stack/data/venv/lib/python3.12/site-packages/oslo_config/cfg.py:3253}}
Jul 20 11:54:19.802786 np0000005498 nova-scheduler[96541]: DEBUG cotyledon.oslo_config_glue [-] oslo_limit.valid_interfaces = None {{(pid=96541) log_opt_values /opt/stack/data/venv/lib/python3.12/site-packages/oslo_config/cfg.py:3253}}
Jul 20 11:54:19.802786 np0000005498 nova-scheduler[96541]: DEBUG cotyledon.oslo_config_glue [-] oslo_limit.version = None {{(pid=96541) log_opt_values /opt/stack/data/venv/lib/python3.12/site-packages/oslo_config/cfg.py:3253}}
Jul 20 11:54:19.802786 np0000005498 nova-scheduler[96541]: DEBUG cotyledon.oslo_config_glue [-] oslo_reports.file_event_handler = None {{(pid=96541) log_opt_values /opt/stack/data/venv/lib/python3.12/site-packages/oslo_config/cfg.py:3253}}
Jul 20 11:54:19.802786 np0000005498 nova-scheduler[96541]: DEBUG cotyledon.oslo_config_glue [-] oslo_reports.file_event_handler_interval = 1 {{(pid=96541) log_opt_values /opt/stack/data/venv/lib/python3.12/site-packages/oslo_config/cfg.py:3253}}
Jul 20 11:54:19.802786 np0000005498 nova-scheduler[96541]: DEBUG cotyledon.oslo_config_glue [-] oslo_reports.log_dir = None {{(pid=96541) log_opt_values /opt/stack/data/venv/lib/python3.12/site-packages/oslo_config/cfg.py:3253}}
Jul 20 11:54:19.802786 np0000005498 nova-scheduler[96541]: DEBUG cotyledon.oslo_config_glue [-] ******************************************************************************** {{(pid=96541) log_opt_values /opt/stack/data/venv/lib/python3.12/site-packages/oslo_config/cfg.py:3260}}
Jul 20 11:54:19.802786 np0000005498 nova-scheduler[96541]: DEBUG cotyledon._service_worker [-] Run service ServiceWrapper(2) [96541] {{(pid=96541) wait_forever /opt/stack/data/venv/lib/python3.12/site-packages/cotyledon/_service_worker.py:218}}
Jul 20 11:54:19.802786 np0000005498 nova-scheduler[96541]: INFO nova.service [-] Starting scheduler node (version 33.1.0)
Jul 20 11:54:19.804085 np0000005498 nova-scheduler[96541]: INFO dbcounter [None req-8f3baced-3c93-4ad2-8b8f-e4a149ed497e None None] Registered counter for database nova_cell0
Jul 20 11:54:19.812027 np0000005498 nova-scheduler[96539]: DEBUG oslo_db.sqlalchemy.engines [None req-0df59cef-9ea4-4e68-aa95-0cc224f5763d None None] MySQL server mode set to STRICT_TRANS_TABLES,STRICT_ALL_TABLES,NO_ZERO_IN_DATE,NO_ZERO_DATE,ERROR_FOR_DIVISION_BY_ZERO,TRADITIONAL,NO_ENGINE_SUBSTITUTION {{(pid=96539) _check_effective_sql_mode /opt/stack/data/venv/lib/python3.12/site-packages/oslo_db/sqlalchemy/engines.py:325}}
Jul 20 11:54:19.819763 np0000005498 nova-scheduler[96537]: DEBUG oslo_db.sqlalchemy.engines [None req-905f41c7-8e9e-4810-91f5-4630618f06fd None None] MySQL server mode set to STRICT_TRANS_TABLES,STRICT_ALL_TABLES,NO_ZERO_IN_DATE,NO_ZERO_DATE,ERROR_FOR_DIVISION_BY_ZERO,TRADITIONAL,NO_ENGINE_SUBSTITUTION {{(pid=96537) _check_effective_sql_mode /opt/stack/data/venv/lib/python3.12/site-packages/oslo_db/sqlalchemy/engines.py:325}}
Jul 20 11:54:19.822325 np0000005498 nova-scheduler[96539]: DEBUG dbcounter [-] [96539] Writer thread running {{(pid=96539) stat_writer /opt/stack/data/venv/lib/python3.12/site-packages/dbcounter.py:102}}
Jul 20 11:54:19.831397 np0000005498 nova-scheduler[96537]: DEBUG dbcounter [-] [96537] Writer thread running {{(pid=96537) stat_writer /opt/stack/data/venv/lib/python3.12/site-packages/dbcounter.py:102}}
Jul 20 11:54:19.836133 np0000005498 nova-scheduler[96543]: DEBUG oslo_db.sqlalchemy.engines [None req-189a1bbb-dbe2-4da8-980f-f2a199068ac1 None None] MySQL server mode set to STRICT_TRANS_TABLES,STRICT_ALL_TABLES,NO_ZERO_IN_DATE,NO_ZERO_DATE,ERROR_FOR_DIVISION_BY_ZERO,TRADITIONAL,NO_ENGINE_SUBSTITUTION {{(pid=96543) _check_effective_sql_mode /opt/stack/data/venv/lib/python3.12/site-packages/oslo_db/sqlalchemy/engines.py:325}}
Jul 20 11:54:19.844996 np0000005498 nova-scheduler[96539]: DEBUG nova.service [None req-0df59cef-9ea4-4e68-aa95-0cc224f5763d None None] Creating RPC server for service: nova-scheduler on topic: scheduler {{(pid=96539) start /opt/stack/nova/nova/service.py:196}}
Jul 20 11:54:19.847944 np0000005498 nova-scheduler[96543]: DEBUG dbcounter [-] [96543] Writer thread running {{(pid=96543) stat_writer /opt/stack/data/venv/lib/python3.12/site-packages/dbcounter.py:102}}
Jul 20 11:54:19.849235 np0000005498 nova-scheduler[96537]: DEBUG nova.service [None req-905f41c7-8e9e-4810-91f5-4630618f06fd None None] Creating RPC server for service: nova-scheduler on topic: scheduler {{(pid=96537) start /opt/stack/nova/nova/service.py:196}}
Jul 20 11:54:19.851174 np0000005498 nova-scheduler[96543]: DEBUG nova.service [None req-189a1bbb-dbe2-4da8-980f-f2a199068ac1 None None] Creating RPC server for service: nova-scheduler on topic: scheduler {{(pid=96543) start /opt/stack/nova/nova/service.py:196}}
Jul 20 11:54:19.854223 np0000005498 nova-scheduler[96541]: DEBUG oslo_db.sqlalchemy.engines [None req-8f3baced-3c93-4ad2-8b8f-e4a149ed497e None None] MySQL server mode set to STRICT_TRANS_TABLES,STRICT_ALL_TABLES,NO_ZERO_IN_DATE,NO_ZERO_DATE,ERROR_FOR_DIVISION_BY_ZERO,TRADITIONAL,NO_ENGINE_SUBSTITUTION {{(pid=96541) _check_effective_sql_mode /opt/stack/data/venv/lib/python3.12/site-packages/oslo_db/sqlalchemy/engines.py:325}}
Jul 20 11:54:19.865639 np0000005498 nova-scheduler[96541]: DEBUG dbcounter [-] [96541] Writer thread running {{(pid=96541) stat_writer /opt/stack/data/venv/lib/python3.12/site-packages/dbcounter.py:102}}
Jul 20 11:54:19.869503 np0000005498 nova-scheduler[96541]: DEBUG nova.service [None req-8f3baced-3c93-4ad2-8b8f-e4a149ed497e None None] Creating RPC server for service: nova-scheduler on topic: scheduler {{(pid=96541) start /opt/stack/nova/nova/service.py:196}}
Jul 20 11:54:19.883377 np0000005498 nova-scheduler[96543]: DEBUG nova.service [None req-189a1bbb-dbe2-4da8-980f-f2a199068ac1 None None] Join ServiceGroup membership for this service scheduler {{(pid=96543) start /opt/stack/nova/nova/service.py:222}}
Jul 20 11:54:19.883500 np0000005498 nova-scheduler[96539]: DEBUG nova.service [None req-0df59cef-9ea4-4e68-aa95-0cc224f5763d None None] Join ServiceGroup membership for this service scheduler {{(pid=96539) start /opt/stack/nova/nova/service.py:222}}
Jul 20 11:54:19.883711 np0000005498 nova-scheduler[96543]: DEBUG nova.servicegroup.drivers.db [None req-189a1bbb-dbe2-4da8-980f-f2a199068ac1 None None] DB_Driver: join new ServiceGroup member np0000005498 to the scheduler group, service = {{(pid=96543) join /opt/stack/nova/nova/servicegroup/drivers/db.py:44}}
Jul 20 11:54:19.883773 np0000005498 nova-scheduler[96539]: DEBUG nova.servicegroup.drivers.db [None req-0df59cef-9ea4-4e68-aa95-0cc224f5763d None None] DB_Driver: join new ServiceGroup member np0000005498 to the scheduler group, service = {{(pid=96539) join /opt/stack/nova/nova/servicegroup/drivers/db.py:44}}
Jul 20 11:54:19.887173 np0000005498 nova-scheduler[96537]: DEBUG nova.service [None req-905f41c7-8e9e-4810-91f5-4630618f06fd None None] Join ServiceGroup membership for this service scheduler {{(pid=96537) start /opt/stack/nova/nova/service.py:222}}
Jul 20 11:54:19.887243 np0000005498 nova-scheduler[96541]: DEBUG nova.service [None req-8f3baced-3c93-4ad2-8b8f-e4a149ed497e None None] Join ServiceGroup membership for this service scheduler {{(pid=96541) start /opt/stack/nova/nova/service.py:222}}
Jul 20 11:54:19.887473 np0000005498 nova-scheduler[96537]: DEBUG nova.servicegroup.drivers.db [None req-905f41c7-8e9e-4810-91f5-4630618f06fd None None] DB_Driver: join new ServiceGroup member np0000005498 to the scheduler group, service = {{(pid=96537) join /opt/stack/nova/nova/servicegroup/drivers/db.py:44}}
Jul 20 11:54:19.887518 np0000005498 nova-scheduler[96541]: DEBUG nova.servicegroup.drivers.db [None req-8f3baced-3c93-4ad2-8b8f-e4a149ed497e None None] DB_Driver: join new ServiceGroup member np0000005498 to the scheduler group, service = {{(pid=96541) join /opt/stack/nova/nova/servicegroup/drivers/db.py:44}}
Jul 20 11:54:24.901657 np0000005498 nova-scheduler[96539]: DEBUG oslo.service.backend._threading.loopingcall [-] Fixed interval looping call 'nova.servicegroup.drivers.db.DbDriver._report_state' sleeping for 119.98 seconds {{(pid=96539) _run_loop /opt/stack/data/venv/lib/python3.12/site-packages/oslo_service/backend/_threading/loopingcall.py:125}}
Jul 20 11:54:24.903649 np0000005498 nova-scheduler[96537]: DEBUG oslo.service.backend._threading.loopingcall [-] Fixed interval looping call 'nova.servicegroup.drivers.db.DbDriver._report_state' sleeping for 119.99 seconds {{(pid=96537) _run_loop /opt/stack/data/venv/lib/python3.12/site-packages/oslo_service/backend/_threading/loopingcall.py:125}}
Jul 20 11:54:24.904216 np0000005498 nova-scheduler[96543]: DEBUG oslo.service.backend._threading.loopingcall [-] Fixed interval looping call 'nova.servicegroup.drivers.db.DbDriver._report_state' sleeping for 119.98 seconds {{(pid=96543) _run_loop /opt/stack/data/venv/lib/python3.12/site-packages/oslo_service/backend/_threading/loopingcall.py:125}}
Jul 20 11:54:24.910752 np0000005498 nova-scheduler[96541]: DEBUG oslo.service.backend._threading.loopingcall [-] Fixed interval looping call 'nova.servicegroup.drivers.db.DbDriver._report_state' sleeping for 119.98 seconds {{(pid=96541) _run_loop /opt/stack/data/venv/lib/python3.12/site-packages/oslo_service/backend/_threading/loopingcall.py:125}}
Jul 20 11:54:28.396363 np0000005498 nova-scheduler[95276]: DEBUG dbcounter [-] [95276] Writing DB stats nova_api:SELECT=3 {{(pid=95276) stat_writer /opt/stack/data/venv/lib/python3.12/site-packages/dbcounter.py:115}}
Jul 20 11:54:28.536788 np0000005498 nova-scheduler[95276]: DEBUG dbcounter [-] [95276] Writing DB stats nova_cell0:SELECT=1 {{(pid=95276) stat_writer /opt/stack/data/venv/lib/python3.12/site-packages/dbcounter.py:115}}
Jul 20 11:54:28.541253 np0000005498 nova-scheduler[95276]: DEBUG dbcounter [-] [95276] Writing DB stats nova_cell1:SELECT=1 {{(pid=95276) stat_writer /opt/stack/data/venv/lib/python3.12/site-packages/dbcounter.py:115}}
Jul 20 11:54:34.893752 np0000005498 nova-scheduler[96539]: DEBUG dbcounter [-] [96539] Writing DB stats nova_cell0:SELECT=4,nova_cell0:INSERT=1,nova_cell0:UPDATE=1 {{(pid=96539) stat_writer /opt/stack/data/venv/lib/python3.12/site-packages/dbcounter.py:115}}
Jul 20 11:54:34.896264 np0000005498 nova-scheduler[96537]: DEBUG dbcounter [-] [96537] Writing DB stats nova_cell0:SELECT=5,nova_cell0:INSERT=1,nova_cell0:UPDATE=1 {{(pid=96537) stat_writer /opt/stack/data/venv/lib/python3.12/site-packages/dbcounter.py:115}}
Jul 20 11:54:34.897331 np0000005498 nova-scheduler[96543]: DEBUG dbcounter [-] [96543] Writing DB stats nova_cell0:SELECT=3,nova_cell0:UPDATE=1 {{(pid=96543) stat_writer /opt/stack/data/venv/lib/python3.12/site-packages/dbcounter.py:115}}
Jul 20 11:54:34.906888 np0000005498 nova-scheduler[96541]: DEBUG dbcounter [-] [96541] Writing DB stats nova_cell0:SELECT=3,nova_cell0:UPDATE=1 {{(pid=96541) stat_writer /opt/stack/data/venv/lib/python3.12/site-packages/dbcounter.py:115}}
Jul 20 11:54:35.889746 np0000005498 nova-scheduler[96541]: DEBUG oslo.service.backend._threading.loopingcall [None req-245de553-026f-4cdd-80c8-cc0a77d3285f None None] Dynamic interval looping call 'nova.service.Service.periodic_tasks' sleeping for 60.00 seconds {{(pid=96541) _run_loop /opt/stack/data/venv/lib/python3.12/site-packages/oslo_service/backend/_threading/loopingcall.py:125}}
Jul 20 11:55:01.885922 np0000005498 nova-scheduler[96543]: DEBUG oslo.service.backend._threading.loopingcall [None req-a8591962-af5e-4fcb-be79-aee6a1be2ad8 None None] Dynamic interval looping call 'nova.service.Service.periodic_tasks' sleeping for 60.00 seconds {{(pid=96543) _run_loop /opt/stack/data/venv/lib/python3.12/site-packages/oslo_service/backend/_threading/loopingcall.py:125}}
Jul 20 11:55:01.886416 np0000005498 nova-scheduler[96539]: DEBUG oslo.service.backend._threading.loopingcall [None req-f9430dd2-170f-469c-ad47-91764665d330 None None] Dynamic interval looping call 'nova.service.Service.periodic_tasks' sleeping for 60.00 seconds {{(pid=96539) _run_loop /opt/stack/data/venv/lib/python3.12/site-packages/oslo_service/backend/_threading/loopingcall.py:125}}
Jul 20 11:55:14.889536 np0000005498 nova-scheduler[96537]: DEBUG oslo.service.backend._threading.loopingcall [None req-e75a480e-32ad-4eda-ab35-b31317470c5f None None] Dynamic interval looping call 'nova.service.Service.periodic_tasks' sleeping for 60.00 seconds {{(pid=96537) _run_loop /opt/stack/data/venv/lib/python3.12/site-packages/oslo_service/backend/_threading/loopingcall.py:125}}
Jul 20 11:55:35.890338 np0000005498 nova-scheduler[96541]: DEBUG oslo.service.backend._threading.loopingcall [None req-245de553-026f-4cdd-80c8-cc0a77d3285f None None] Dynamic interval looping call 'nova.service.Service.periodic_tasks' sleeping for 60.00 seconds {{(pid=96541) _run_loop /opt/stack/data/venv/lib/python3.12/site-packages/oslo_service/backend/_threading/loopingcall.py:125}}
Jul 20 11:56:01.886645 np0000005498 nova-scheduler[96543]: DEBUG oslo.service.backend._threading.loopingcall [None req-a8591962-af5e-4fcb-be79-aee6a1be2ad8 None None] Dynamic interval looping call 'nova.service.Service.periodic_tasks' sleeping for 60.00 seconds {{(pid=96543) _run_loop /opt/stack/data/venv/lib/python3.12/site-packages/oslo_service/backend/_threading/loopingcall.py:125}}
Jul 20 11:56:01.887191 np0000005498 nova-scheduler[96539]: DEBUG oslo.service.backend._threading.loopingcall [None req-f9430dd2-170f-469c-ad47-91764665d330 None None] Dynamic interval looping call 'nova.service.Service.periodic_tasks' sleeping for 60.00 seconds {{(pid=96539) _run_loop /opt/stack/data/venv/lib/python3.12/site-packages/oslo_service/backend/_threading/loopingcall.py:125}}
Jul 20 11:56:14.889988 np0000005498 nova-scheduler[96537]: DEBUG oslo.service.backend._threading.loopingcall [None req-e75a480e-32ad-4eda-ab35-b31317470c5f None None] Dynamic interval looping call 'nova.service.Service.periodic_tasks' sleeping for 60.00 seconds {{(pid=96537) _run_loop /opt/stack/data/venv/lib/python3.12/site-packages/oslo_service/backend/_threading/loopingcall.py:125}}
Jul 20 11:56:24.889477 np0000005498 nova-scheduler[96539]: DEBUG oslo.service.backend._threading.loopingcall [-] Fixed interval looping call 'nova.servicegroup.drivers.db.DbDriver._report_state' sleeping for 119.99 seconds {{(pid=96539) _run_loop /opt/stack/data/venv/lib/python3.12/site-packages/oslo_service/backend/_threading/loopingcall.py:125}}
Jul 20 11:56:24.890010 np0000005498 nova-scheduler[96543]: DEBUG oslo.service.backend._threading.loopingcall [-] Fixed interval looping call 'nova.servicegroup.drivers.db.DbDriver._report_state' sleeping for 119.99 seconds {{(pid=96543) _run_loop /opt/stack/data/venv/lib/python3.12/site-packages/oslo_service/backend/_threading/loopingcall.py:125}}
Jul 20 11:56:24.894427 np0000005498 nova-scheduler[96541]: DEBUG oslo.service.backend._threading.loopingcall [-] Fixed interval looping call 'nova.servicegroup.drivers.db.DbDriver._report_state' sleeping for 120.00 seconds {{(pid=96541) _run_loop /opt/stack/data/venv/lib/python3.12/site-packages/oslo_service/backend/_threading/loopingcall.py:125}}
Jul 20 11:56:24.895834 np0000005498 nova-scheduler[96537]: DEBUG oslo.service.backend._threading.loopingcall [-] Fixed interval looping call 'nova.servicegroup.drivers.db.DbDriver._report_state' sleeping for 120.00 seconds {{(pid=96537) _run_loop /opt/stack/data/venv/lib/python3.12/site-packages/oslo_service/backend/_threading/loopingcall.py:125}}
Jul 20 11:56:34.885120 np0000005498 nova-scheduler[96539]: DEBUG dbcounter [-] [96539] Writing DB stats nova_cell0:SELECT=1,nova_cell0:UPDATE=1 {{(pid=96539) stat_writer /opt/stack/data/venv/lib/python3.12/site-packages/dbcounter.py:115}}
Jul 20 11:56:34.886610 np0000005498 nova-scheduler[96543]: DEBUG dbcounter [-] [96543] Writing DB stats nova_cell0:SELECT=1,nova_cell0:UPDATE=1 {{(pid=96543) stat_writer /opt/stack/data/venv/lib/python3.12/site-packages/dbcounter.py:115}}
Jul 20 11:56:34.892372 np0000005498 nova-scheduler[96541]: DEBUG dbcounter [-] [96541] Writing DB stats nova_cell0:SELECT=1 {{(pid=96541) stat_writer /opt/stack/data/venv/lib/python3.12/site-packages/dbcounter.py:115}}
Jul 20 11:56:34.893936 np0000005498 nova-scheduler[96537]: DEBUG dbcounter [-] [96537] Writing DB stats nova_cell0:SELECT=1 {{(pid=96537) stat_writer /opt/stack/data/venv/lib/python3.12/site-packages/dbcounter.py:115}}
Jul 20 11:56:35.891139 np0000005498 nova-scheduler[96541]: DEBUG oslo.service.backend._threading.loopingcall [None req-245de553-026f-4cdd-80c8-cc0a77d3285f None None] Dynamic interval looping call 'nova.service.Service.periodic_tasks' sleeping for 60.00 seconds {{(pid=96541) _run_loop /opt/stack/data/venv/lib/python3.12/site-packages/oslo_service/backend/_threading/loopingcall.py:125}}
Jul 20 11:56:54.148689 np0000005498 nova-scheduler[96543]: DEBUG nova.scheduler.manager [None req-66d56486-def6-4856-a5f7-2a2a8c2c3be6 tempest-DeleteServersTestJSON-319277797 tempest-DeleteServersTestJSON-319277797-project-member] Starting to schedule for instances: ['1c934bc8-f81e-47e6-85b4-cb39bf18e359'] {{(pid=96543) select_destinations /opt/stack/nova/nova/scheduler/manager.py:209}}
Jul 20 11:56:54.152390 np0000005498 nova-scheduler[96543]: DEBUG nova.scheduler.request_filter [None req-66d56486-def6-4856-a5f7-2a2a8c2c3be6 tempest-DeleteServersTestJSON-319277797 tempest-DeleteServersTestJSON-319277797-project-member] compute_status_filter request filter added forbidden trait COMPUTE_STATUS_DISABLED {{(pid=96543) compute_status_filter /opt/stack/nova/nova/scheduler/request_filter.py:253}}
Jul 20 11:56:54.152390 np0000005498 nova-scheduler[96543]: DEBUG nova.scheduler.request_filter [None req-66d56486-def6-4856-a5f7-2a2a8c2c3be6 tempest-DeleteServersTestJSON-319277797 tempest-DeleteServersTestJSON-319277797-project-member] Request filter 'compute_status_filter' took 0.0 seconds {{(pid=96543) wrapper /opt/stack/nova/nova/scheduler/request_filter.py:46}}
Jul 20 11:56:54.152390 np0000005498 nova-scheduler[96543]: DEBUG nova.scheduler.request_filter [None req-66d56486-def6-4856-a5f7-2a2a8c2c3be6 tempest-DeleteServersTestJSON-319277797 tempest-DeleteServersTestJSON-319277797-project-member] Request filter 'accelerators_filter' took 0.0 seconds {{(pid=96543) wrapper /opt/stack/nova/nova/scheduler/request_filter.py:46}}
Jul 20 11:56:54.152390 np0000005498 nova-scheduler[96543]: DEBUG nova.scheduler.request_filter [None req-66d56486-def6-4856-a5f7-2a2a8c2c3be6 tempest-DeleteServersTestJSON-319277797 tempest-DeleteServersTestJSON-319277797-project-member] Request filter 'packed_virtqueue_filter' took 0.0 seconds {{(pid=96543) wrapper /opt/stack/nova/nova/scheduler/request_filter.py:46}}
Jul 20 11:56:54.152390 np0000005498 nova-scheduler[96543]: DEBUG nova.scheduler.request_filter [None req-66d56486-def6-4856-a5f7-2a2a8c2c3be6 tempest-DeleteServersTestJSON-319277797 tempest-DeleteServersTestJSON-319277797-project-member] Request filter 'remote_managed_ports_filter' took 0.0 seconds {{(pid=96543) wrapper /opt/stack/nova/nova/scheduler/request_filter.py:46}}
Jul 20 11:56:54.152713 np0000005498 nova-scheduler[96543]: DEBUG nova.scheduler.request_filter [None req-66d56486-def6-4856-a5f7-2a2a8c2c3be6 tempest-DeleteServersTestJSON-319277797 tempest-DeleteServersTestJSON-319277797-project-member] ephemeral_encryption_filter skipped {{(pid=96543) ephemeral_encryption_filter /opt/stack/nova/nova/scheduler/request_filter.py:426}}
Jul 20 11:56:54.153132 np0000005498 nova-scheduler[96543]: DEBUG nova.scheduler.request_filter [None req-66d56486-def6-4856-a5f7-2a2a8c2c3be6 tempest-DeleteServersTestJSON-319277797 tempest-DeleteServersTestJSON-319277797-project-member] virtio_sound_filter skipped {{(pid=96543) virtio_sound_filter /opt/stack/nova/nova/scheduler/request_filter.py:460}}
Jul 20 11:56:54.153323 np0000005498 nova-scheduler[96543]: DEBUG nova.scheduler.request_filter [None req-66d56486-def6-4856-a5f7-2a2a8c2c3be6 tempest-DeleteServersTestJSON-319277797 tempest-DeleteServersTestJSON-319277797-project-member] tpm_secret_security_filter skipped {{(pid=96543) tpm_secret_security_filter /opt/stack/nova/nova/scheduler/request_filter.py:477}}
Jul 20 11:56:55.129890 np0000005498 nova-scheduler[96543]: INFO nova.utils [None req-66d56486-def6-4856-a5f7-2a2a8c2c3be6 tempest-DeleteServersTestJSON-319277797 tempest-DeleteServersTestJSON-319277797-project-member] The cell worker thread pool ForkProcess-4.cell_worker is initialized
Jul 20 11:56:55.130884 np0000005498 nova-scheduler[96543]: DEBUG oslo_concurrency.lockutils [None req-66d56486-def6-4856-a5f7-2a2a8c2c3be6 tempest-DeleteServersTestJSON-319277797 tempest-DeleteServersTestJSON-319277797-project-member] Acquiring lock "55697ce4-b8ff-4f30-a88a-a9173ff2514e" by "nova.context.set_target_cell..get_or_set_cached_cell_and_set_connections" {{(pid=96543) inner /opt/stack/data/venv/lib/python3.12/site-packages/oslo_concurrency/lockutils.py:512}}
Jul 20 11:56:55.130884 np0000005498 nova-scheduler[96543]: DEBUG oslo_concurrency.lockutils [None req-66d56486-def6-4856-a5f7-2a2a8c2c3be6 tempest-DeleteServersTestJSON-319277797 tempest-DeleteServersTestJSON-319277797-project-member] Lock "55697ce4-b8ff-4f30-a88a-a9173ff2514e" acquired by "nova.context.set_target_cell..get_or_set_cached_cell_and_set_connections" :: waited 0.000s {{(pid=96543) inner /opt/stack/data/venv/lib/python3.12/site-packages/oslo_concurrency/lockutils.py:525}}
Jul 20 11:56:55.132560 np0000005498 nova-scheduler[96543]: DEBUG oslo_concurrency.lockutils [None req-66d56486-def6-4856-a5f7-2a2a8c2c3be6 tempest-DeleteServersTestJSON-319277797 tempest-DeleteServersTestJSON-319277797-project-member] Lock "55697ce4-b8ff-4f30-a88a-a9173ff2514e" "released" by "nova.context.set_target_cell..get_or_set_cached_cell_and_set_connections" :: held 0.002s {{(pid=96543) inner /opt/stack/data/venv/lib/python3.12/site-packages/oslo_concurrency/lockutils.py:544}}
Jul 20 11:56:55.134930 np0000005498 nova-scheduler[96543]: INFO dbcounter [None req-66d56486-def6-4856-a5f7-2a2a8c2c3be6 tempest-DeleteServersTestJSON-319277797 tempest-DeleteServersTestJSON-319277797-project-member] Registered counter for database nova_cell1
Jul 20 11:56:55.203870 np0000005498 nova-scheduler[96543]: DEBUG oslo_db.sqlalchemy.engines [None req-66d56486-def6-4856-a5f7-2a2a8c2c3be6 tempest-DeleteServersTestJSON-319277797 tempest-DeleteServersTestJSON-319277797-project-member] MySQL server mode set to STRICT_TRANS_TABLES,STRICT_ALL_TABLES,NO_ZERO_IN_DATE,NO_ZERO_DATE,ERROR_FOR_DIVISION_BY_ZERO,TRADITIONAL,NO_ENGINE_SUBSTITUTION {{(pid=96543) _check_effective_sql_mode /opt/stack/data/venv/lib/python3.12/site-packages/oslo_db/sqlalchemy/engines.py:325}}
Jul 20 11:56:55.218780 np0000005498 nova-scheduler[96543]: DEBUG dbcounter [-] [96543] Writer thread running {{(pid=96543) stat_writer /opt/stack/data/venv/lib/python3.12/site-packages/dbcounter.py:102}}
Jul 20 11:56:55.235275 np0000005498 nova-scheduler[96543]: DEBUG oslo_db.sqlalchemy.engines [None req-66d56486-def6-4856-a5f7-2a2a8c2c3be6 tempest-DeleteServersTestJSON-319277797 tempest-DeleteServersTestJSON-319277797-project-member] Parent process 95276 forked (96543) with an open database connection, which is being discarded and recreated. {{(pid=96543) checkout /opt/stack/data/venv/lib/python3.12/site-packages/oslo_db/sqlalchemy/engines.py:402}}
Jul 20 11:56:55.297825 np0000005498 nova-scheduler[96543]: DEBUG dbcounter [-] [96543] Writer thread running {{(pid=96543) stat_writer /opt/stack/data/venv/lib/python3.12/site-packages/dbcounter.py:102}}
Jul 20 11:56:55.302195 np0000005498 nova-scheduler[96543]: DEBUG oslo_concurrency.lockutils [None req-66d56486-def6-4856-a5f7-2a2a8c2c3be6 tempest-DeleteServersTestJSON-319277797 tempest-DeleteServersTestJSON-319277797-project-member] Acquiring lock "55697ce4-b8ff-4f30-a88a-a9173ff2514e" by "nova.context.set_target_cell..get_or_set_cached_cell_and_set_connections" {{(pid=96543) inner /opt/stack/data/venv/lib/python3.12/site-packages/oslo_concurrency/lockutils.py:512}}
