Jul 20 11:54:25.193970 np0000005498 nova-conductor[98950]: DEBUG cotyledon.oslo_config_glue [-] workarounds.disable_deep_image_inspection = False {{(pid=98950) log_opt_values /opt/stack/data/venv/lib/python3.12/site-packages/oslo_config/cfg.py:3253}}
Jul 20 11:54:25.193970 np0000005498 nova-conductor[98950]: DEBUG cotyledon.oslo_config_glue [-] workarounds.disable_fallback_pcpu_query = False {{(pid=98950) log_opt_values /opt/stack/data/venv/lib/python3.12/site-packages/oslo_config/cfg.py:3253}}
Jul 20 11:54:25.193970 np0000005498 nova-conductor[98950]: DEBUG cotyledon.oslo_config_glue [-] workarounds.disable_group_policy_check_upcall = False {{(pid=98950) log_opt_values /opt/stack/data/venv/lib/python3.12/site-packages/oslo_config/cfg.py:3253}}
Jul 20 11:54:25.193970 np0000005498 nova-conductor[98950]: DEBUG cotyledon.oslo_config_glue [-] workarounds.disable_libvirt_livesnapshot = False {{(pid=98950) log_opt_values /opt/stack/data/venv/lib/python3.12/site-packages/oslo_config/cfg.py:3253}}
Jul 20 11:54:25.193970 np0000005498 nova-conductor[98950]: DEBUG cotyledon.oslo_config_glue [-] workarounds.disable_rootwrap = False {{(pid=98950) log_opt_values /opt/stack/data/venv/lib/python3.12/site-packages/oslo_config/cfg.py:3253}}
Jul 20 11:54:25.194136 np0000005498 nova-conductor[98950]: DEBUG cotyledon.oslo_config_glue [-] workarounds.enable_numa_live_migration = False {{(pid=98950) log_opt_values /opt/stack/data/venv/lib/python3.12/site-packages/oslo_config/cfg.py:3253}}
Jul 20 11:54:25.194136 np0000005498 nova-conductor[98950]: DEBUG cotyledon.oslo_config_glue [-] workarounds.enable_qemu_monitor_announce_self = False {{(pid=98950) log_opt_values /opt/stack/data/venv/lib/python3.12/site-packages/oslo_config/cfg.py:3253}}
Jul 20 11:54:25.194136 np0000005498 nova-conductor[98950]: DEBUG cotyledon.oslo_config_glue [-] workarounds.ensure_libvirt_rbd_instance_dir_cleanup = False {{(pid=98950) log_opt_values /opt/stack/data/venv/lib/python3.12/site-packages/oslo_config/cfg.py:3253}}
Jul 20 11:54:25.194136 np0000005498 nova-conductor[98950]: DEBUG cotyledon.oslo_config_glue [-] workarounds.handle_virt_lifecycle_events = True {{(pid=98950) log_opt_values /opt/stack/data/venv/lib/python3.12/site-packages/oslo_config/cfg.py:3253}}
Jul 20 11:54:25.194136 np0000005498 nova-conductor[98950]: DEBUG cotyledon.oslo_config_glue [-] workarounds.libvirt_disable_apic = False {{(pid=98950) log_opt_values /opt/stack/data/venv/lib/python3.12/site-packages/oslo_config/cfg.py:3253}}
Jul 20 11:54:25.194136 np0000005498 nova-conductor[98950]: DEBUG cotyledon.oslo_config_glue [-] workarounds.never_download_image_if_on_rbd = False {{(pid=98950) log_opt_values /opt/stack/data/venv/lib/python3.12/site-packages/oslo_config/cfg.py:3253}}
Jul 20 11:54:25.194136 np0000005498 nova-conductor[98950]: DEBUG cotyledon.oslo_config_glue [-] workarounds.qemu_monitor_announce_self_count = 3 {{(pid=98950) log_opt_values /opt/stack/data/venv/lib/python3.12/site-packages/oslo_config/cfg.py:3253}}
Jul 20 11:54:25.194136 np0000005498 nova-conductor[98950]: DEBUG cotyledon.oslo_config_glue [-] workarounds.qemu_monitor_announce_self_interval = 1 {{(pid=98950) log_opt_values /opt/stack/data/venv/lib/python3.12/site-packages/oslo_config/cfg.py:3253}}
Jul 20 11:54:25.194136 np0000005498 nova-conductor[98950]: DEBUG cotyledon.oslo_config_glue [-] workarounds.reserve_disk_resource_for_image_cache = False {{(pid=98950) log_opt_values /opt/stack/data/venv/lib/python3.12/site-packages/oslo_config/cfg.py:3253}}
Jul 20 11:54:25.194622 np0000005498 nova-conductor[98950]: DEBUG cotyledon.oslo_config_glue [-] workarounds.skip_cpu_compare_at_startup = False {{(pid=98950) log_opt_values /opt/stack/data/venv/lib/python3.12/site-packages/oslo_config/cfg.py:3253}}
Jul 20 11:54:25.194622 np0000005498 nova-conductor[98950]: DEBUG cotyledon.oslo_config_glue [-] workarounds.skip_cpu_compare_on_dest = False {{(pid=98950) log_opt_values /opt/stack/data/venv/lib/python3.12/site-packages/oslo_config/cfg.py:3253}}
Jul 20 11:54:25.194622 np0000005498 nova-conductor[98950]: DEBUG cotyledon.oslo_config_glue [-] workarounds.skip_hypervisor_version_check_on_lm = False {{(pid=98950) log_opt_values /opt/stack/data/venv/lib/python3.12/site-packages/oslo_config/cfg.py:3253}}
Jul 20 11:54:25.194622 np0000005498 nova-conductor[98950]: DEBUG cotyledon.oslo_config_glue [-] workarounds.skip_reserve_in_use_ironic_nodes = False {{(pid=98950) log_opt_values /opt/stack/data/venv/lib/python3.12/site-packages/oslo_config/cfg.py:3253}}
Jul 20 11:54:25.194622 np0000005498 nova-conductor[98950]: DEBUG cotyledon.oslo_config_glue [-] workarounds.unified_limits_count_pcpu_as_vcpu = False {{(pid=98950) log_opt_values /opt/stack/data/venv/lib/python3.12/site-packages/oslo_config/cfg.py:3253}}
Jul 20 11:54:25.194622 np0000005498 nova-conductor[98950]: DEBUG cotyledon.oslo_config_glue [-] workarounds.wait_for_vif_plugged_event_during_hard_reboot = [] {{(pid=98950) log_opt_values /opt/stack/data/venv/lib/python3.12/site-packages/oslo_config/cfg.py:3253}}
Jul 20 11:54:25.194622 np0000005498 nova-conductor[98950]: DEBUG cotyledon.oslo_config_glue [-] wsgi.api_paste_config = /etc/nova/api-paste.ini {{(pid=98950) log_opt_values /opt/stack/data/venv/lib/python3.12/site-packages/oslo_config/cfg.py:3253}}
Jul 20 11:54:25.194622 np0000005498 nova-conductor[98950]: DEBUG cotyledon.oslo_config_glue [-] wsgi.secure_proxy_ssl_header = None {{(pid=98950) log_opt_values /opt/stack/data/venv/lib/python3.12/site-packages/oslo_config/cfg.py:3253}}
Jul 20 11:54:25.194622 np0000005498 nova-conductor[98950]: DEBUG cotyledon.oslo_config_glue [-] zvm.ca_file = None {{(pid=98950) log_opt_values /opt/stack/data/venv/lib/python3.12/site-packages/oslo_config/cfg.py:3253}}
Jul 20 11:54:25.194796 np0000005498 nova-conductor[98950]: DEBUG cotyledon.oslo_config_glue [-] zvm.cloud_connector_url = None {{(pid=98950) log_opt_values /opt/stack/data/venv/lib/python3.12/site-packages/oslo_config/cfg.py:3253}}
Jul 20 11:54:25.194796 np0000005498 nova-conductor[98950]: DEBUG cotyledon.oslo_config_glue [-] zvm.image_tmp_path = /opt/stack/data/nova/images {{(pid=98950) log_opt_values /opt/stack/data/venv/lib/python3.12/site-packages/oslo_config/cfg.py:3253}}
Jul 20 11:54:25.194796 np0000005498 nova-conductor[98950]: DEBUG cotyledon.oslo_config_glue [-] zvm.reachable_timeout = 300 {{(pid=98950) log_opt_values /opt/stack/data/venv/lib/python3.12/site-packages/oslo_config/cfg.py:3253}}
Jul 20 11:54:25.194796 np0000005498 nova-conductor[98950]: DEBUG cotyledon.oslo_config_glue [-] oslo_versionedobjects.fatal_exception_format_errors = False {{(pid=98950) log_opt_values /opt/stack/data/venv/lib/python3.12/site-packages/oslo_config/cfg.py:3253}}
Jul 20 11:54:25.194796 np0000005498 nova-conductor[98950]: DEBUG cotyledon.oslo_config_glue [-] oslo_middleware.http_basic_auth_user_file = /etc/htpasswd {{(pid=98950) log_opt_values /opt/stack/data/venv/lib/python3.12/site-packages/oslo_config/cfg.py:3253}}
Jul 20 11:54:25.194796 np0000005498 nova-conductor[98950]: DEBUG cotyledon.oslo_config_glue [-] profiler.connection_string = messaging:// {{(pid=98950) log_opt_values /opt/stack/data/venv/lib/python3.12/site-packages/oslo_config/cfg.py:3253}}
Jul 20 11:54:25.194796 np0000005498 nova-conductor[98950]: DEBUG cotyledon.oslo_config_glue [-] profiler.enabled = False {{(pid=98950) log_opt_values /opt/stack/data/venv/lib/python3.12/site-packages/oslo_config/cfg.py:3253}}
Jul 20 11:54:25.194796 np0000005498 nova-conductor[98950]: DEBUG cotyledon.oslo_config_glue [-] profiler.es_doc_type = notification {{(pid=98950) log_opt_values /opt/stack/data/venv/lib/python3.12/site-packages/oslo_config/cfg.py:3253}}
Jul 20 11:54:25.194796 np0000005498 nova-conductor[98950]: DEBUG cotyledon.oslo_config_glue [-] profiler.es_scroll_size = 10000 {{(pid=98950) log_opt_values /opt/stack/data/venv/lib/python3.12/site-packages/oslo_config/cfg.py:3253}}
Jul 20 11:54:25.194957 np0000005498 nova-conductor[98950]: DEBUG cotyledon.oslo_config_glue [-] profiler.es_scroll_time = 2m {{(pid=98950) log_opt_values /opt/stack/data/venv/lib/python3.12/site-packages/oslo_config/cfg.py:3253}}
Jul 20 11:54:25.194957 np0000005498 nova-conductor[98950]: DEBUG cotyledon.oslo_config_glue [-] profiler.filter_error_trace = False {{(pid=98950) log_opt_values /opt/stack/data/venv/lib/python3.12/site-packages/oslo_config/cfg.py:3253}}
Jul 20 11:54:25.194957 np0000005498 nova-conductor[98950]: DEBUG cotyledon.oslo_config_glue [-] profiler.hmac_keys = **** {{(pid=98950) log_opt_values /opt/stack/data/venv/lib/python3.12/site-packages/oslo_config/cfg.py:3253}}
Jul 20 11:54:25.194957 np0000005498 nova-conductor[98950]: DEBUG cotyledon.oslo_config_glue [-] profiler.sentinel_service_name = mymaster {{(pid=98950) log_opt_values /opt/stack/data/venv/lib/python3.12/site-packages/oslo_config/cfg.py:3253}}
Jul 20 11:54:25.194957 np0000005498 nova-conductor[98950]: DEBUG cotyledon.oslo_config_glue [-] profiler.socket_timeout = 0.1 {{(pid=98950) log_opt_values /opt/stack/data/venv/lib/python3.12/site-packages/oslo_config/cfg.py:3253}}
Jul 20 11:54:25.194957 np0000005498 nova-conductor[98950]: DEBUG cotyledon.oslo_config_glue [-] profiler.trace_requests = False {{(pid=98950) log_opt_values /opt/stack/data/venv/lib/python3.12/site-packages/oslo_config/cfg.py:3253}}
Jul 20 11:54:25.194957 np0000005498 nova-conductor[98950]: DEBUG cotyledon.oslo_config_glue [-] profiler.trace_sqlalchemy = False {{(pid=98950) log_opt_values /opt/stack/data/venv/lib/python3.12/site-packages/oslo_config/cfg.py:3253}}
Jul 20 11:54:25.194957 np0000005498 nova-conductor[98950]: DEBUG cotyledon.oslo_config_glue [-] profiler_jaeger.process_tags = {} {{(pid=98950) log_opt_values /opt/stack/data/venv/lib/python3.12/site-packages/oslo_config/cfg.py:3253}}
Jul 20 11:54:25.194957 np0000005498 nova-conductor[98950]: DEBUG cotyledon.oslo_config_glue [-] profiler_jaeger.service_name_prefix = None {{(pid=98950) log_opt_values /opt/stack/data/venv/lib/python3.12/site-packages/oslo_config/cfg.py:3253}}
Jul 20 11:54:25.195131 np0000005498 nova-conductor[98950]: DEBUG cotyledon.oslo_config_glue [-] profiler_otlp.service_name_prefix = None {{(pid=98950) log_opt_values /opt/stack/data/venv/lib/python3.12/site-packages/oslo_config/cfg.py:3253}}
Jul 20 11:54:25.195131 np0000005498 nova-conductor[98950]: DEBUG cotyledon.oslo_config_glue [-] oslo_messaging_rabbit.amqp_auto_delete = False {{(pid=98950) log_opt_values /opt/stack/data/venv/lib/python3.12/site-packages/oslo_config/cfg.py:3253}}
Jul 20 11:54:25.195131 np0000005498 nova-conductor[98950]: DEBUG cotyledon.oslo_config_glue [-] oslo_messaging_rabbit.amqp_durable_queues = False {{(pid=98950) log_opt_values /opt/stack/data/venv/lib/python3.12/site-packages/oslo_config/cfg.py:3253}}
Jul 20 11:54:25.195131 np0000005498 nova-conductor[98950]: DEBUG cotyledon.oslo_config_glue [-] oslo_messaging_rabbit.conn_pool_min_size = 2 {{(pid=98950) log_opt_values /opt/stack/data/venv/lib/python3.12/site-packages/oslo_config/cfg.py:3253}}
Jul 20 11:54:25.195131 np0000005498 nova-conductor[98950]: DEBUG cotyledon.oslo_config_glue [-] oslo_messaging_rabbit.conn_pool_ttl = 1200 {{(pid=98950) log_opt_values /opt/stack/data/venv/lib/python3.12/site-packages/oslo_config/cfg.py:3253}}
Jul 20 11:54:25.195131 np0000005498 nova-conductor[98950]: DEBUG cotyledon.oslo_config_glue [-] oslo_messaging_rabbit.direct_mandatory_flag = True {{(pid=98950) log_opt_values /opt/stack/data/venv/lib/python3.12/site-packages/oslo_config/cfg.py:3253}}
Jul 20 11:54:25.195131 np0000005498 nova-conductor[98950]: DEBUG cotyledon.oslo_config_glue [-] oslo_messaging_rabbit.enable_cancel_on_failover = False {{(pid=98950) log_opt_values /opt/stack/data/venv/lib/python3.12/site-packages/oslo_config/cfg.py:3253}}
Jul 20 11:54:25.195131 np0000005498 nova-conductor[98950]: DEBUG cotyledon.oslo_config_glue [-] oslo_messaging_rabbit.heartbeat_rate = 3 {{(pid=98950) log_opt_values /opt/stack/data/venv/lib/python3.12/site-packages/oslo_config/cfg.py:3253}}
Jul 20 11:54:25.195131 np0000005498 nova-conductor[98950]: DEBUG cotyledon.oslo_config_glue [-] oslo_messaging_rabbit.heartbeat_timeout_threshold = 60 {{(pid=98950) log_opt_values /opt/stack/data/venv/lib/python3.12/site-packages/oslo_config/cfg.py:3253}}
Jul 20 11:54:25.195296 np0000005498 nova-conductor[98950]: DEBUG cotyledon.oslo_config_glue [-] oslo_messaging_rabbit.hostname = np0000005498 {{(pid=98950) log_opt_values /opt/stack/data/venv/lib/python3.12/site-packages/oslo_config/cfg.py:3253}}
Jul 20 11:54:25.195296 np0000005498 nova-conductor[98950]: DEBUG cotyledon.oslo_config_glue [-] oslo_messaging_rabbit.kombu_compression = None {{(pid=98950) log_opt_values /opt/stack/data/venv/lib/python3.12/site-packages/oslo_config/cfg.py:3253}}
Jul 20 11:54:25.195296 np0000005498 nova-conductor[98950]: DEBUG cotyledon.oslo_config_glue [-] oslo_messaging_rabbit.kombu_failover_strategy = round-robin {{(pid=98950) log_opt_values /opt/stack/data/venv/lib/python3.12/site-packages/oslo_config/cfg.py:3253}}
Jul 20 11:54:25.195296 np0000005498 nova-conductor[98950]: DEBUG cotyledon.oslo_config_glue [-] oslo_messaging_rabbit.kombu_missing_consumer_retry_timeout = 60 {{(pid=98950) log_opt_values /opt/stack/data/venv/lib/python3.12/site-packages/oslo_config/cfg.py:3253}}
Jul 20 11:54:25.195296 np0000005498 nova-conductor[98950]: DEBUG cotyledon.oslo_config_glue [-] oslo_messaging_rabbit.kombu_reconnect_delay = 1.0 {{(pid=98950) log_opt_values /opt/stack/data/venv/lib/python3.12/site-packages/oslo_config/cfg.py:3253}}
Jul 20 11:54:25.195296 np0000005498 nova-conductor[98950]: DEBUG cotyledon.oslo_config_glue [-] oslo_messaging_rabbit.kombu_reconnect_splay = 0.0 {{(pid=98950) log_opt_values /opt/stack/data/venv/lib/python3.12/site-packages/oslo_config/cfg.py:3253}}
Jul 20 11:54:25.195296 np0000005498 nova-conductor[98950]: DEBUG cotyledon.oslo_config_glue [-] oslo_messaging_rabbit.processname = nova-conductor {{(pid=98950) log_opt_values /opt/stack/data/venv/lib/python3.12/site-packages/oslo_config/cfg.py:3253}}
Jul 20 11:54:25.195296 np0000005498 nova-conductor[98950]: DEBUG cotyledon.oslo_config_glue [-] oslo_messaging_rabbit.rabbit_ha_queues = False {{(pid=98950) log_opt_values /opt/stack/data/venv/lib/python3.12/site-packages/oslo_config/cfg.py:3253}}
Jul 20 11:54:25.195296 np0000005498 nova-conductor[98950]: DEBUG cotyledon.oslo_config_glue [-] oslo_messaging_rabbit.rabbit_interval_max = 30 {{(pid=98950) log_opt_values /opt/stack/data/venv/lib/python3.12/site-packages/oslo_config/cfg.py:3253}}
Jul 20 11:54:25.195503 np0000005498 nova-conductor[98950]: DEBUG cotyledon.oslo_config_glue [-] oslo_messaging_rabbit.rabbit_login_method = AMQPLAIN {{(pid=98950) log_opt_values /opt/stack/data/venv/lib/python3.12/site-packages/oslo_config/cfg.py:3253}}
Jul 20 11:54:25.195503 np0000005498 nova-conductor[98950]: DEBUG cotyledon.oslo_config_glue [-] oslo_messaging_rabbit.rabbit_qos_prefetch_count = 0 {{(pid=98950) log_opt_values /opt/stack/data/venv/lib/python3.12/site-packages/oslo_config/cfg.py:3253}}
Jul 20 11:54:25.195503 np0000005498 nova-conductor[98950]: DEBUG cotyledon.oslo_config_glue [-] oslo_messaging_rabbit.rabbit_quorum_delivery_limit = 0 {{(pid=98950) log_opt_values /opt/stack/data/venv/lib/python3.12/site-packages/oslo_config/cfg.py:3253}}
Jul 20 11:54:25.195503 np0000005498 nova-conductor[98950]: DEBUG cotyledon.oslo_config_glue [-] oslo_messaging_rabbit.rabbit_quorum_max_memory_bytes = 0 {{(pid=98950) log_opt_values /opt/stack/data/venv/lib/python3.12/site-packages/oslo_config/cfg.py:3253}}
Jul 20 11:54:25.195503 np0000005498 nova-conductor[98950]: DEBUG cotyledon.oslo_config_glue [-] oslo_messaging_rabbit.rabbit_quorum_max_memory_length = 0 {{(pid=98950) log_opt_values /opt/stack/data/venv/lib/python3.12/site-packages/oslo_config/cfg.py:3253}}
Jul 20 11:54:25.195503 np0000005498 nova-conductor[98950]: DEBUG cotyledon.oslo_config_glue [-] oslo_messaging_rabbit.rabbit_quorum_queue = False {{(pid=98950) log_opt_values /opt/stack/data/venv/lib/python3.12/site-packages/oslo_config/cfg.py:3253}}
Jul 20 11:54:25.195503 np0000005498 nova-conductor[98950]: DEBUG cotyledon.oslo_config_glue [-] oslo_messaging_rabbit.rabbit_retry_backoff = 2 {{(pid=98950) log_opt_values /opt/stack/data/venv/lib/python3.12/site-packages/oslo_config/cfg.py:3253}}
Jul 20 11:54:25.195503 np0000005498 nova-conductor[98950]: DEBUG cotyledon.oslo_config_glue [-] oslo_messaging_rabbit.rabbit_retry_interval = 1 {{(pid=98950) log_opt_values /opt/stack/data/venv/lib/python3.12/site-packages/oslo_config/cfg.py:3253}}
Jul 20 11:54:25.195503 np0000005498 nova-conductor[98950]: DEBUG cotyledon.oslo_config_glue [-] oslo_messaging_rabbit.rabbit_stream_fanout = False {{(pid=98950) log_opt_values /opt/stack/data/venv/lib/python3.12/site-packages/oslo_config/cfg.py:3253}}
Jul 20 11:54:25.195674 np0000005498 nova-conductor[98950]: DEBUG cotyledon.oslo_config_glue [-] oslo_messaging_rabbit.rabbit_transient_queues_ttl = 1800 {{(pid=98950) log_opt_values /opt/stack/data/venv/lib/python3.12/site-packages/oslo_config/cfg.py:3253}}
Jul 20 11:54:25.195674 np0000005498 nova-conductor[98950]: DEBUG cotyledon.oslo_config_glue [-] oslo_messaging_rabbit.rabbit_transient_quorum_queue = False {{(pid=98950) log_opt_values /opt/stack/data/venv/lib/python3.12/site-packages/oslo_config/cfg.py:3253}}
Jul 20 11:54:25.195674 np0000005498 nova-conductor[98950]: DEBUG cotyledon.oslo_config_glue [-] oslo_messaging_rabbit.rpc_conn_pool_size = 30 {{(pid=98950) log_opt_values /opt/stack/data/venv/lib/python3.12/site-packages/oslo_config/cfg.py:3253}}
Jul 20 11:54:25.195674 np0000005498 nova-conductor[98950]: DEBUG cotyledon.oslo_config_glue [-] oslo_messaging_rabbit.ssl = False {{(pid=98950) log_opt_values /opt/stack/data/venv/lib/python3.12/site-packages/oslo_config/cfg.py:3253}}
Jul 20 11:54:25.195674 np0000005498 nova-conductor[98950]: DEBUG cotyledon.oslo_config_glue [-] oslo_messaging_rabbit.ssl_ca_file = {{(pid=98950) log_opt_values /opt/stack/data/venv/lib/python3.12/site-packages/oslo_config/cfg.py:3253}}
Jul 20 11:54:25.195674 np0000005498 nova-conductor[98950]: DEBUG cotyledon.oslo_config_glue [-] oslo_messaging_rabbit.ssl_cert_file = {{(pid=98950) log_opt_values /opt/stack/data/venv/lib/python3.12/site-packages/oslo_config/cfg.py:3253}}
Jul 20 11:54:25.195674 np0000005498 nova-conductor[98950]: DEBUG cotyledon.oslo_config_glue [-] oslo_messaging_rabbit.ssl_enforce_fips_mode = False {{(pid=98950) log_opt_values /opt/stack/data/venv/lib/python3.12/site-packages/oslo_config/cfg.py:3253}}
Jul 20 11:54:25.195674 np0000005498 nova-conductor[98950]: DEBUG cotyledon.oslo_config_glue [-] oslo_messaging_rabbit.ssl_enforce_hostname_verification = True {{(pid=98950) log_opt_values /opt/stack/data/venv/lib/python3.12/site-packages/oslo_config/cfg.py:3253}}
Jul 20 11:54:25.195674 np0000005498 nova-conductor[98950]: DEBUG cotyledon.oslo_config_glue [-] oslo_messaging_rabbit.ssl_key_file = {{(pid=98950) log_opt_values /opt/stack/data/venv/lib/python3.12/site-packages/oslo_config/cfg.py:3253}}
Jul 20 11:54:25.195835 np0000005498 nova-conductor[98950]: DEBUG cotyledon.oslo_config_glue [-] oslo_messaging_rabbit.ssl_version = {{(pid=98950) log_opt_values /opt/stack/data/venv/lib/python3.12/site-packages/oslo_config/cfg.py:3253}}
Jul 20 11:54:25.195835 np0000005498 nova-conductor[98950]: DEBUG cotyledon.oslo_config_glue [-] oslo_messaging_rabbit.use_queue_manager = False {{(pid=98950) log_opt_values /opt/stack/data/venv/lib/python3.12/site-packages/oslo_config/cfg.py:3253}}
Jul 20 11:54:25.195835 np0000005498 nova-conductor[98950]: DEBUG cotyledon.oslo_config_glue [-] oslo_messaging_notifications.driver = ['messagingv2'] {{(pid=98950) log_opt_values /opt/stack/data/venv/lib/python3.12/site-packages/oslo_config/cfg.py:3253}}
Jul 20 11:54:25.195835 np0000005498 nova-conductor[98950]: DEBUG cotyledon.oslo_config_glue [-] oslo_messaging_notifications.retry = -1 {{(pid=98950) log_opt_values /opt/stack/data/venv/lib/python3.12/site-packages/oslo_config/cfg.py:3253}}
Jul 20 11:54:25.195835 np0000005498 nova-conductor[98950]: DEBUG cotyledon.oslo_config_glue [-] oslo_messaging_notifications.topics = ['notifications'] {{(pid=98950) log_opt_values /opt/stack/data/venv/lib/python3.12/site-packages/oslo_config/cfg.py:3253}}
Jul 20 11:54:25.195835 np0000005498 nova-conductor[98950]: DEBUG cotyledon.oslo_config_glue [-] oslo_messaging_notifications.transport_url = **** {{(pid=98950) log_opt_values /opt/stack/data/venv/lib/python3.12/site-packages/oslo_config/cfg.py:3253}}
Jul 20 11:54:25.195835 np0000005498 nova-conductor[98950]: DEBUG cotyledon.oslo_config_glue [-] oslo_limit.auth_section = None {{(pid=98950) log_opt_values /opt/stack/data/venv/lib/python3.12/site-packages/oslo_config/cfg.py:3253}}
Jul 20 11:54:25.195835 np0000005498 nova-conductor[98950]: DEBUG cotyledon.oslo_config_glue [-] oslo_limit.auth_type = None {{(pid=98950) log_opt_values /opt/stack/data/venv/lib/python3.12/site-packages/oslo_config/cfg.py:3253}}
Jul 20 11:54:25.195835 np0000005498 nova-conductor[98950]: DEBUG cotyledon.oslo_config_glue [-] oslo_limit.cafile = None {{(pid=98950) log_opt_values /opt/stack/data/venv/lib/python3.12/site-packages/oslo_config/cfg.py:3253}}
Jul 20 11:54:25.196003 np0000005498 nova-conductor[98950]: DEBUG cotyledon.oslo_config_glue [-] oslo_limit.certfile = None {{(pid=98950) log_opt_values /opt/stack/data/venv/lib/python3.12/site-packages/oslo_config/cfg.py:3253}}
Jul 20 11:54:25.196003 np0000005498 nova-conductor[98950]: DEBUG cotyledon.oslo_config_glue [-] oslo_limit.collect_timing = False {{(pid=98950) log_opt_values /opt/stack/data/venv/lib/python3.12/site-packages/oslo_config/cfg.py:3253}}
Jul 20 11:54:25.196003 np0000005498 nova-conductor[98950]: DEBUG cotyledon.oslo_config_glue [-] oslo_limit.connect_retries = None {{(pid=98950) log_opt_values /opt/stack/data/venv/lib/python3.12/site-packages/oslo_config/cfg.py:3253}}
Jul 20 11:54:25.196003 np0000005498 nova-conductor[98950]: DEBUG cotyledon.oslo_config_glue [-] oslo_limit.connect_retry_delay = None {{(pid=98950) log_opt_values /opt/stack/data/venv/lib/python3.12/site-packages/oslo_config/cfg.py:3253}}
Jul 20 11:54:25.196003 np0000005498 nova-conductor[98950]: DEBUG cotyledon.oslo_config_glue [-] oslo_limit.endpoint_id = None {{(pid=98950) log_opt_values /opt/stack/data/venv/lib/python3.12/site-packages/oslo_config/cfg.py:3253}}
Jul 20 11:54:25.196003 np0000005498 nova-conductor[98950]: DEBUG cotyledon.oslo_config_glue [-] oslo_limit.endpoint_interface = public {{(pid=98950) log_opt_values /opt/stack/data/venv/lib/python3.12/site-packages/oslo_config/cfg.py:3253}}
Jul 20 11:54:25.196003 np0000005498 nova-conductor[98950]: DEBUG cotyledon.oslo_config_glue [-] oslo_limit.endpoint_override = None {{(pid=98950) log_opt_values /opt/stack/data/venv/lib/python3.12/site-packages/oslo_config/cfg.py:3253}}
Jul 20 11:54:25.196003 np0000005498 nova-conductor[98950]: DEBUG cotyledon.oslo_config_glue [-] oslo_limit.endpoint_region_name = None {{(pid=98950) log_opt_values /opt/stack/data/venv/lib/python3.12/site-packages/oslo_config/cfg.py:3253}}
Jul 20 11:54:25.196003 np0000005498 nova-conductor[98950]: DEBUG cotyledon.oslo_config_glue [-] oslo_limit.endpoint_service_name = None {{(pid=98950) log_opt_values /opt/stack/data/venv/lib/python3.12/site-packages/oslo_config/cfg.py:3253}}
Jul 20 11:54:25.196163 np0000005498 nova-conductor[98950]: DEBUG cotyledon.oslo_config_glue [-] oslo_limit.endpoint_service_type = None {{(pid=98950) log_opt_values /opt/stack/data/venv/lib/python3.12/site-packages/oslo_config/cfg.py:3253}}
Jul 20 11:54:25.196163 np0000005498 nova-conductor[98950]: DEBUG cotyledon.oslo_config_glue [-] oslo_limit.insecure = False {{(pid=98950) log_opt_values /opt/stack/data/venv/lib/python3.12/site-packages/oslo_config/cfg.py:3253}}
Jul 20 11:54:25.196163 np0000005498 nova-conductor[98950]: DEBUG cotyledon.oslo_config_glue [-] oslo_limit.keyfile = None {{(pid=98950) log_opt_values /opt/stack/data/venv/lib/python3.12/site-packages/oslo_config/cfg.py:3253}}
Jul 20 11:54:25.196163 np0000005498 nova-conductor[98950]: DEBUG cotyledon.oslo_config_glue [-] oslo_limit.max_version = None {{(pid=98950) log_opt_values /opt/stack/data/venv/lib/python3.12/site-packages/oslo_config/cfg.py:3253}}
Jul 20 11:54:25.196163 np0000005498 nova-conductor[98950]: DEBUG cotyledon.oslo_config_glue [-] oslo_limit.min_version = None {{(pid=98950) log_opt_values /opt/stack/data/venv/lib/python3.12/site-packages/oslo_config/cfg.py:3253}}
Jul 20 11:54:25.196163 np0000005498 nova-conductor[98950]: DEBUG cotyledon.oslo_config_glue [-] oslo_limit.region_name = None {{(pid=98950) log_opt_values /opt/stack/data/venv/lib/python3.12/site-packages/oslo_config/cfg.py:3253}}
Jul 20 11:54:25.196163 np0000005498 nova-conductor[98950]: DEBUG cotyledon.oslo_config_glue [-] oslo_limit.retriable_status_codes = None {{(pid=98950) log_opt_values /opt/stack/data/venv/lib/python3.12/site-packages/oslo_config/cfg.py:3253}}
Jul 20 11:54:25.196163 np0000005498 nova-conductor[98950]: DEBUG cotyledon.oslo_config_glue [-] oslo_limit.service_name = None {{(pid=98950) log_opt_values /opt/stack/data/venv/lib/python3.12/site-packages/oslo_config/cfg.py:3253}}
Jul 20 11:54:25.196163 np0000005498 nova-conductor[98950]: DEBUG cotyledon.oslo_config_glue [-] oslo_limit.service_type = None {{(pid=98950) log_opt_values /opt/stack/data/venv/lib/python3.12/site-packages/oslo_config/cfg.py:3253}}
Jul 20 11:54:25.196332 np0000005498 nova-conductor[98950]: DEBUG cotyledon.oslo_config_glue [-] oslo_limit.split_loggers = False {{(pid=98950) log_opt_values /opt/stack/data/venv/lib/python3.12/site-packages/oslo_config/cfg.py:3253}}
Jul 20 11:54:25.196332 np0000005498 nova-conductor[98950]: DEBUG cotyledon.oslo_config_glue [-] oslo_limit.status_code_retries = None {{(pid=98950) log_opt_values /opt/stack/data/venv/lib/python3.12/site-packages/oslo_config/cfg.py:3253}}
Jul 20 11:54:25.196332 np0000005498 nova-conductor[98950]: DEBUG cotyledon.oslo_config_glue [-] oslo_limit.status_code_retry_delay = None {{(pid=98950) log_opt_values /opt/stack/data/venv/lib/python3.12/site-packages/oslo_config/cfg.py:3253}}
Jul 20 11:54:25.196332 np0000005498 nova-conductor[98950]: DEBUG cotyledon.oslo_config_glue [-] oslo_limit.timeout = None {{(pid=98950) log_opt_values /opt/stack/data/venv/lib/python3.12/site-packages/oslo_config/cfg.py:3253}}
Jul 20 11:54:25.196332 np0000005498 nova-conductor[98950]: DEBUG cotyledon.oslo_config_glue [-] oslo_limit.valid_interfaces = None {{(pid=98950) log_opt_values /opt/stack/data/venv/lib/python3.12/site-packages/oslo_config/cfg.py:3253}}
Jul 20 11:54:25.196332 np0000005498 nova-conductor[98950]: DEBUG cotyledon.oslo_config_glue [-] oslo_limit.version = None {{(pid=98950) log_opt_values /opt/stack/data/venv/lib/python3.12/site-packages/oslo_config/cfg.py:3253}}
Jul 20 11:54:25.196332 np0000005498 nova-conductor[98950]: DEBUG cotyledon.oslo_config_glue [-] oslo_reports.file_event_handler = None {{(pid=98950) log_opt_values /opt/stack/data/venv/lib/python3.12/site-packages/oslo_config/cfg.py:3253}}
Jul 20 11:54:25.196332 np0000005498 nova-conductor[98950]: DEBUG cotyledon.oslo_config_glue [-] oslo_reports.file_event_handler_interval = 1 {{(pid=98950) log_opt_values /opt/stack/data/venv/lib/python3.12/site-packages/oslo_config/cfg.py:3253}}
Jul 20 11:54:25.196332 np0000005498 nova-conductor[98950]: DEBUG cotyledon.oslo_config_glue [-] oslo_reports.log_dir = None {{(pid=98950) log_opt_values /opt/stack/data/venv/lib/python3.12/site-packages/oslo_config/cfg.py:3253}}
Jul 20 11:54:25.196535 np0000005498 nova-conductor[98950]: DEBUG cotyledon.oslo_config_glue [-] ******************************************************************************** {{(pid=98950) log_opt_values /opt/stack/data/venv/lib/python3.12/site-packages/oslo_config/cfg.py:3260}}
Jul 20 11:54:25.196535 np0000005498 nova-conductor[98950]: DEBUG cotyledon._service_worker [-] Run service ServiceWrapper(2) [98950] {{(pid=98950) wait_forever /opt/stack/data/venv/lib/python3.12/site-packages/cotyledon/_service_worker.py:218}}
Jul 20 11:54:25.196535 np0000005498 nova-conductor[98950]: INFO nova.service [-] Starting conductor node (version 33.1.0)
Jul 20 11:54:25.196597 np0000005498 nova-conductor[98928]: DEBUG oslo_db.sqlalchemy.engines [None req-c331d146-da57-4266-960e-f0930f9b0b30 None None] MySQL server mode set to STRICT_TRANS_TABLES,STRICT_ALL_TABLES,NO_ZERO_IN_DATE,NO_ZERO_DATE,ERROR_FOR_DIVISION_BY_ZERO,TRADITIONAL,NO_ENGINE_SUBSTITUTION {{(pid=98928) _check_effective_sql_mode /opt/stack/data/venv/lib/python3.12/site-packages/oslo_db/sqlalchemy/engines.py:325}}
Jul 20 11:54:25.196626 np0000005498 nova-conductor[98937]: DEBUG oslo_db.sqlalchemy.engines [None req-e5fdee96-40d9-4f0b-83db-1f05db9da73b None None] MySQL server mode set to STRICT_TRANS_TABLES,STRICT_ALL_TABLES,NO_ZERO_IN_DATE,NO_ZERO_DATE,ERROR_FOR_DIVISION_BY_ZERO,TRADITIONAL,NO_ENGINE_SUBSTITUTION {{(pid=98937) _check_effective_sql_mode /opt/stack/data/venv/lib/python3.12/site-packages/oslo_db/sqlalchemy/engines.py:325}}
Jul 20 11:54:25.196655 np0000005498 nova-conductor[98950]: INFO dbcounter [None req-910b9e20-0569-45e7-b9da-2f988bc93242 None None] Registered counter for database nova_cell0
Jul 20 11:54:25.196681 np0000005498 nova-conductor[98928]: DEBUG dbcounter [-] [98928] Writer thread running {{(pid=98928) stat_writer /opt/stack/data/venv/lib/python3.12/site-packages/dbcounter.py:102}}
Jul 20 11:54:25.196707 np0000005498 nova-conductor[98937]: DEBUG dbcounter [-] [98937] Writer thread running {{(pid=98937) stat_writer /opt/stack/data/venv/lib/python3.12/site-packages/dbcounter.py:102}}
Jul 20 11:54:25.196734 np0000005498 nova-conductor[98958]: DEBUG oslo_db.sqlalchemy.engines [None req-67ef6ddf-c1eb-4b52-8b50-4668b385f0b3 None None] MySQL server mode set to STRICT_TRANS_TABLES,STRICT_ALL_TABLES,NO_ZERO_IN_DATE,NO_ZERO_DATE,ERROR_FOR_DIVISION_BY_ZERO,TRADITIONAL,NO_ENGINE_SUBSTITUTION {{(pid=98958) _check_effective_sql_mode /opt/stack/data/venv/lib/python3.12/site-packages/oslo_db/sqlalchemy/engines.py:325}}
Jul 20 11:54:25.196761 np0000005498 nova-conductor[98928]: DEBUG nova.service [None req-c331d146-da57-4266-960e-f0930f9b0b30 None None] Creating RPC server for service: nova-conductor on topic: conductor {{(pid=98928) start /opt/stack/nova/nova/service.py:196}}
Jul 20 11:54:25.196787 np0000005498 nova-conductor[98958]: DEBUG dbcounter [-] [98958] Writer thread running {{(pid=98958) stat_writer /opt/stack/data/venv/lib/python3.12/site-packages/dbcounter.py:102}}
Jul 20 11:54:25.196808 np0000005498 nova-conductor[98937]: DEBUG nova.service [None req-e5fdee96-40d9-4f0b-83db-1f05db9da73b None None] Creating RPC server for service: nova-conductor on topic: conductor {{(pid=98937) start /opt/stack/nova/nova/service.py:196}}
Jul 20 11:54:25.196833 np0000005498 nova-conductor[98958]: DEBUG nova.service [None req-67ef6ddf-c1eb-4b52-8b50-4668b385f0b3 None None] Creating RPC server for service: nova-conductor on topic: conductor {{(pid=98958) start /opt/stack/nova/nova/service.py:196}}
Jul 20 11:54:25.196854 np0000005498 nova-conductor[98928]: DEBUG nova.service [None req-c331d146-da57-4266-960e-f0930f9b0b30 None None] Join ServiceGroup membership for this service conductor {{(pid=98928) start /opt/stack/nova/nova/service.py:222}}
Jul 20 11:54:25.196854 np0000005498 nova-conductor[98928]: DEBUG nova.servicegroup.drivers.db [None req-c331d146-da57-4266-960e-f0930f9b0b30 None None] DB_Driver: join new ServiceGroup member np0000005498 to the conductor group, service = {{(pid=98928) join /opt/stack/nova/nova/servicegroup/drivers/db.py:44}}
Jul 20 11:54:25.196917 np0000005498 nova-conductor[98950]: DEBUG oslo_db.sqlalchemy.engines [None req-910b9e20-0569-45e7-b9da-2f988bc93242 None None] MySQL server mode set to STRICT_TRANS_TABLES,STRICT_ALL_TABLES,NO_ZERO_IN_DATE,NO_ZERO_DATE,ERROR_FOR_DIVISION_BY_ZERO,TRADITIONAL,NO_ENGINE_SUBSTITUTION {{(pid=98950) _check_effective_sql_mode /opt/stack/data/venv/lib/python3.12/site-packages/oslo_db/sqlalchemy/engines.py:325}}
Jul 20 11:54:25.196939 np0000005498 nova-conductor[98958]: DEBUG nova.service [None req-67ef6ddf-c1eb-4b52-8b50-4668b385f0b3 None None] Join ServiceGroup membership for this service conductor {{(pid=98958) start /opt/stack/nova/nova/service.py:222}}
Jul 20 11:54:25.196939 np0000005498 nova-conductor[98958]: DEBUG nova.servicegroup.drivers.db [None req-67ef6ddf-c1eb-4b52-8b50-4668b385f0b3 None None] DB_Driver: join new ServiceGroup member np0000005498 to the conductor group, service = {{(pid=98958) join /opt/stack/nova/nova/servicegroup/drivers/db.py:44}}
Jul 20 11:54:25.196982 np0000005498 nova-conductor[98937]: DEBUG nova.service [None req-e5fdee96-40d9-4f0b-83db-1f05db9da73b None None] Join ServiceGroup membership for this service conductor {{(pid=98937) start /opt/stack/nova/nova/service.py:222}}
Jul 20 11:54:25.196982 np0000005498 nova-conductor[98937]: DEBUG nova.servicegroup.drivers.db [None req-e5fdee96-40d9-4f0b-83db-1f05db9da73b None None] DB_Driver: join new ServiceGroup member np0000005498 to the conductor group, service = {{(pid=98937) join /opt/stack/nova/nova/servicegroup/drivers/db.py:44}}
Jul 20 11:54:25.202129 np0000005498 nova-conductor[98950]: DEBUG dbcounter [-] [98950] Writer thread running {{(pid=98950) stat_writer /opt/stack/data/venv/lib/python3.12/site-packages/dbcounter.py:102}}
Jul 20 11:54:25.205214 np0000005498 nova-conductor[98950]: DEBUG nova.service [None req-910b9e20-0569-45e7-b9da-2f988bc93242 None None] Creating RPC server for service: nova-conductor on topic: conductor {{(pid=98950) start /opt/stack/nova/nova/service.py:196}}
Jul 20 11:54:25.221427 np0000005498 nova-conductor[98950]: DEBUG nova.service [None req-910b9e20-0569-45e7-b9da-2f988bc93242 None None] Join ServiceGroup membership for this service conductor {{(pid=98950) start /opt/stack/nova/nova/service.py:222}}
Jul 20 11:54:25.221622 np0000005498 nova-conductor[98950]: DEBUG nova.servicegroup.drivers.db [None req-910b9e20-0569-45e7-b9da-2f988bc93242 None None] DB_Driver: join new ServiceGroup member np0000005498 to the conductor group, service = {{(pid=98950) join /opt/stack/nova/nova/servicegroup/drivers/db.py:44}}
Jul 20 11:54:30.209584 np0000005498 nova-conductor[98928]: DEBUG oslo.service.backend._threading.loopingcall [-] Fixed interval looping call 'nova.servicegroup.drivers.db.DbDriver._report_state' sleeping for 119.98 seconds {{(pid=98928) _run_loop /opt/stack/data/venv/lib/python3.12/site-packages/oslo_service/backend/_threading/loopingcall.py:125}}
Jul 20 11:54:30.211110 np0000005498 nova-conductor[98937]: DEBUG oslo.service.backend._threading.loopingcall [-] Fixed interval looping call 'nova.servicegroup.drivers.db.DbDriver._report_state' sleeping for 119.98 seconds {{(pid=98937) _run_loop /opt/stack/data/venv/lib/python3.12/site-packages/oslo_service/backend/_threading/loopingcall.py:125}}
Jul 20 11:54:30.212078 np0000005498 nova-conductor[98958]: DEBUG oslo.service.backend._threading.loopingcall [-] Fixed interval looping call 'nova.servicegroup.drivers.db.DbDriver._report_state' sleeping for 119.98 seconds {{(pid=98958) _run_loop /opt/stack/data/venv/lib/python3.12/site-packages/oslo_service/backend/_threading/loopingcall.py:125}}
Jul 20 11:54:30.231930 np0000005498 nova-conductor[98950]: DEBUG oslo.service.backend._threading.loopingcall [-] Fixed interval looping call 'nova.servicegroup.drivers.db.DbDriver._report_state' sleeping for 119.99 seconds {{(pid=98950) _run_loop /opt/stack/data/venv/lib/python3.12/site-packages/oslo_service/backend/_threading/loopingcall.py:125}}
Jul 20 11:54:33.774283 np0000005498 nova-conductor[97484]: DEBUG dbcounter [-] [97484] Writing DB stats nova_api:SELECT=1 {{(pid=97484) stat_writer /opt/stack/data/venv/lib/python3.12/site-packages/dbcounter.py:115}}
Jul 20 11:54:33.900533 np0000005498 nova-conductor[97484]: DEBUG dbcounter [-] [97484] Writing DB stats nova_cell0:SELECT=1 {{(pid=97484) stat_writer /opt/stack/data/venv/lib/python3.12/site-packages/dbcounter.py:115}}
Jul 20 11:54:33.901022 np0000005498 nova-conductor[97484]: DEBUG dbcounter [-] [97484] Writing DB stats nova_cell1:SELECT=1 {{(pid=97484) stat_writer /opt/stack/data/venv/lib/python3.12/site-packages/dbcounter.py:115}}
Jul 20 11:54:40.202305 np0000005498 nova-conductor[98928]: DEBUG dbcounter [-] [98928] Writing DB stats nova_cell0:SELECT=4,nova_cell0:INSERT=1,nova_cell0:UPDATE=1 {{(pid=98928) stat_writer /opt/stack/data/venv/lib/python3.12/site-packages/dbcounter.py:115}}
Jul 20 11:54:40.203360 np0000005498 nova-conductor[98937]: DEBUG dbcounter [-] [98937] Writing DB stats nova_cell0:SELECT=5,nova_cell0:INSERT=1,nova_cell0:UPDATE=1 {{(pid=98937) stat_writer /opt/stack/data/venv/lib/python3.12/site-packages/dbcounter.py:115}}
Jul 20 11:54:40.206838 np0000005498 nova-conductor[98958]: DEBUG dbcounter [-] [98958] Writing DB stats nova_cell0:SELECT=3,nova_cell0:UPDATE=1 {{(pid=98958) stat_writer /opt/stack/data/venv/lib/python3.12/site-packages/dbcounter.py:115}}
Jul 20 11:54:40.229166 np0000005498 nova-conductor[98950]: DEBUG dbcounter [-] [98950] Writing DB stats nova_cell0:SELECT=3 {{(pid=98950) stat_writer /opt/stack/data/venv/lib/python3.12/site-packages/dbcounter.py:115}}
Jul 20 11:54:47.193992 np0000005498 nova-conductor[98928]: DEBUG oslo.service.backend._threading.loopingcall [None req-a8c5bec8-8ef1-4d7e-b5d3-ff8debe5eded None None] Dynamic interval looping call 'nova.service.Service.periodic_tasks' sleeping for 60.00 seconds {{(pid=98928) _run_loop /opt/stack/data/venv/lib/python3.12/site-packages/oslo_service/backend/_threading/loopingcall.py:125}}
Jul 20 11:54:57.195647 np0000005498 nova-conductor[98937]: DEBUG oslo.service.backend._threading.loopingcall [None req-ce80a834-a3f2-4796-90c0-a6ebf6427e89 None None] Dynamic interval looping call 'nova.service.Service.periodic_tasks' sleeping for 60.00 seconds {{(pid=98937) _run_loop /opt/stack/data/venv/lib/python3.12/site-packages/oslo_service/backend/_threading/loopingcall.py:125}}
Jul 20 11:55:01.195251 np0000005498 nova-conductor[98958]: DEBUG oslo.service.backend._threading.loopingcall [None req-b44c3e4a-9af0-4809-891e-708305c0f164 None None] Dynamic interval looping call 'nova.service.Service.periodic_tasks' sleeping for 60.00 seconds {{(pid=98958) _run_loop /opt/stack/data/venv/lib/python3.12/site-packages/oslo_service/backend/_threading/loopingcall.py:125}}
Jul 20 11:55:22.223989 np0000005498 nova-conductor[98950]: DEBUG oslo.service.backend._threading.loopingcall [None req-25208e15-d8d1-4834-8341-6c3e93113c8f None None] Dynamic interval looping call 'nova.service.Service.periodic_tasks' sleeping for 60.00 seconds {{(pid=98950) _run_loop /opt/stack/data/venv/lib/python3.12/site-packages/oslo_service/backend/_threading/loopingcall.py:125}}
Jul 20 11:55:47.194729 np0000005498 nova-conductor[98928]: DEBUG oslo.service.backend._threading.loopingcall [None req-a8c5bec8-8ef1-4d7e-b5d3-ff8debe5eded None None] Dynamic interval looping call 'nova.service.Service.periodic_tasks' sleeping for 60.00 seconds {{(pid=98928) _run_loop /opt/stack/data/venv/lib/python3.12/site-packages/oslo_service/backend/_threading/loopingcall.py:125}}
Jul 20 11:55:57.196182 np0000005498 nova-conductor[98937]: DEBUG oslo.service.backend._threading.loopingcall [None req-ce80a834-a3f2-4796-90c0-a6ebf6427e89 None None] Dynamic interval looping call 'nova.service.Service.periodic_tasks' sleeping for 60.00 seconds {{(pid=98937) _run_loop /opt/stack/data/venv/lib/python3.12/site-packages/oslo_service/backend/_threading/loopingcall.py:125}}
Jul 20 11:56:01.195856 np0000005498 nova-conductor[98958]: DEBUG oslo.service.backend._threading.loopingcall [None req-b44c3e4a-9af0-4809-891e-708305c0f164 None None] Dynamic interval looping call 'nova.service.Service.periodic_tasks' sleeping for 60.00 seconds {{(pid=98958) _run_loop /opt/stack/data/venv/lib/python3.12/site-packages/oslo_service/backend/_threading/loopingcall.py:125}}
Jul 20 11:56:22.224811 np0000005498 nova-conductor[98950]: DEBUG oslo.service.backend._threading.loopingcall [None req-25208e15-d8d1-4834-8341-6c3e93113c8f None None] Dynamic interval looping call 'nova.service.Service.periodic_tasks' sleeping for 60.00 seconds {{(pid=98950) _run_loop /opt/stack/data/venv/lib/python3.12/site-packages/oslo_service/backend/_threading/loopingcall.py:125}}
Jul 20 11:56:30.197302 np0000005498 nova-conductor[98928]: DEBUG oslo.service.backend._threading.loopingcall [-] Fixed interval looping call 'nova.servicegroup.drivers.db.DbDriver._report_state' sleeping for 119.99 seconds {{(pid=98928) _run_loop /opt/stack/data/venv/lib/python3.12/site-packages/oslo_service/backend/_threading/loopingcall.py:125}}
Jul 20 11:56:30.198788 np0000005498 nova-conductor[98937]: DEBUG oslo.service.backend._threading.loopingcall [-] Fixed interval looping call 'nova.servicegroup.drivers.db.DbDriver._report_state' sleeping for 119.99 seconds {{(pid=98937) _run_loop /opt/stack/data/venv/lib/python3.12/site-packages/oslo_service/backend/_threading/loopingcall.py:125}}
Jul 20 11:56:30.199476 np0000005498 nova-conductor[98958]: DEBUG oslo.service.backend._threading.loopingcall [-] Fixed interval looping call 'nova.servicegroup.drivers.db.DbDriver._report_state' sleeping for 119.99 seconds {{(pid=98958) _run_loop /opt/stack/data/venv/lib/python3.12/site-packages/oslo_service/backend/_threading/loopingcall.py:125}}
Jul 20 11:56:30.225971 np0000005498 nova-conductor[98950]: DEBUG oslo.service.backend._threading.loopingcall [-] Fixed interval looping call 'nova.servicegroup.drivers.db.DbDriver._report_state' sleeping for 120.00 seconds {{(pid=98950) _run_loop /opt/stack/data/venv/lib/python3.12/site-packages/oslo_service/backend/_threading/loopingcall.py:125}}
Jul 20 11:56:40.439616 np0000005498 nova-conductor[98928]: DEBUG dbcounter [-] [98928] Writing DB stats nova_cell0:SELECT=1,nova_cell0:UPDATE=1 {{(pid=98928) stat_writer /opt/stack/data/venv/lib/python3.12/site-packages/dbcounter.py:115}}
Jul 20 11:56:40.440827 np0000005498 nova-conductor[98937]: DEBUG dbcounter [-] [98937] Writing DB stats nova_cell0:SELECT=1,nova_cell0:UPDATE=1 {{(pid=98937) stat_writer /opt/stack/data/venv/lib/python3.12/site-packages/dbcounter.py:115}}
Jul 20 11:56:40.441922 np0000005498 nova-conductor[98958]: DEBUG dbcounter [-] [98958] Writing DB stats nova_cell0:SELECT=1,nova_cell0:UPDATE=1 {{(pid=98958) stat_writer /opt/stack/data/venv/lib/python3.12/site-packages/dbcounter.py:115}}
Jul 20 11:56:40.442724 np0000005498 nova-conductor[98950]: DEBUG dbcounter [-] [98950] Writing DB stats nova_cell0:SELECT=1 {{(pid=98950) stat_writer /opt/stack/data/venv/lib/python3.12/site-packages/dbcounter.py:115}}
Jul 20 11:56:47.196005 np0000005498 nova-conductor[98928]: DEBUG oslo.service.backend._threading.loopingcall [None req-a8c5bec8-8ef1-4d7e-b5d3-ff8debe5eded None None] Dynamic interval looping call 'nova.service.Service.periodic_tasks' sleeping for 60.00 seconds {{(pid=98928) _run_loop /opt/stack/data/venv/lib/python3.12/site-packages/oslo_service/backend/_threading/loopingcall.py:125}}
Jul 20 11:56:54.046540 np0000005498 nova-conductor[98928]: DEBUG oslo_db.sqlalchemy.engines [None req-66d56486-def6-4856-a5f7-2a2a8c2c3be6 tempest-DeleteServersTestJSON-319277797 tempest-DeleteServersTestJSON-319277797-project-member] Parent process 97484 forked (98928) with an open database connection, which is being discarded and recreated. {{(pid=98928) checkout /opt/stack/data/venv/lib/python3.12/site-packages/oslo_db/sqlalchemy/engines.py:402}}
Jul 20 11:56:54.100874 np0000005498 nova-conductor[98928]: DEBUG dbcounter [-] [98928] Writer thread running {{(pid=98928) stat_writer /opt/stack/data/venv/lib/python3.12/site-packages/dbcounter.py:102}}
Jul 20 11:56:55.534063 np0000005498 nova-conductor[98928]: DEBUG nova.conductor.manager [None req-66d56486-def6-4856-a5f7-2a2a8c2c3be6 tempest-DeleteServersTestJSON-319277797 tempest-DeleteServersTestJSON-319277797-project-member] Took 1.43 seconds to select destinations for 1 instance(s). {{(pid=98928) _schedule_instances /opt/stack/nova/nova/conductor/manager.py:968}}
Jul 20 11:56:55.565358 np0000005498 nova-conductor[98928]: DEBUG oslo_concurrency.lockutils [None req-66d56486-def6-4856-a5f7-2a2a8c2c3be6 tempest-DeleteServersTestJSON-319277797 tempest-DeleteServersTestJSON-319277797-project-member] Acquiring lock "55697ce4-b8ff-4f30-a88a-a9173ff2514e" by "nova.context.set_target_cell..get_or_set_cached_cell_and_set_connections" {{(pid=98928) inner /opt/stack/data/venv/lib/python3.12/site-packages/oslo_concurrency/lockutils.py:512}}
Jul 20 11:56:55.565358 np0000005498 nova-conductor[98928]: DEBUG oslo_concurrency.lockutils [None req-66d56486-def6-4856-a5f7-2a2a8c2c3be6 tempest-DeleteServersTestJSON-319277797 tempest-DeleteServersTestJSON-319277797-project-member] Lock "55697ce4-b8ff-4f30-a88a-a9173ff2514e" acquired by "nova.context.set_target_cell..get_or_set_cached_cell_and_set_connections" :: waited 0.000s {{(pid=98928) inner /opt/stack/data/venv/lib/python3.12/site-packages/oslo_concurrency/lockutils.py:525}}
Jul 20 11:56:55.567200 np0000005498 nova-conductor[98928]: DEBUG oslo_concurrency.lockutils [None req-66d56486-def6-4856-a5f7-2a2a8c2c3be6 tempest-DeleteServersTestJSON-319277797 tempest-DeleteServersTestJSON-319277797-project-member] Lock "55697ce4-b8ff-4f30-a88a-a9173ff2514e" "released" by "nova.context.set_target_cell..get_or_set_cached_cell_and_set_connections" :: held 0.002s {{(pid=98928) inner /opt/stack/data/venv/lib/python3.12/site-packages/oslo_concurrency/lockutils.py:544}}
Jul 20 11:56:55.569599 np0000005498 nova-conductor[98928]: INFO dbcounter [None req-66d56486-def6-4856-a5f7-2a2a8c2c3be6 tempest-DeleteServersTestJSON-319277797 tempest-DeleteServersTestJSON-319277797-project-member] Registered counter for database nova_cell1
Jul 20 11:56:55.627516 np0000005498 nova-conductor[98928]: DEBUG oslo_db.sqlalchemy.engines [None req-66d56486-def6-4856-a5f7-2a2a8c2c3be6 tempest-DeleteServersTestJSON-319277797 tempest-DeleteServersTestJSON-319277797-project-member] MySQL server mode set to STRICT_TRANS_TABLES,STRICT_ALL_TABLES,NO_ZERO_IN_DATE,NO_ZERO_DATE,ERROR_FOR_DIVISION_BY_ZERO,TRADITIONAL,NO_ENGINE_SUBSTITUTION {{(pid=98928) _check_effective_sql_mode /opt/stack/data/venv/lib/python3.12/site-packages/oslo_db/sqlalchemy/engines.py:325}}
Jul 20 11:56:55.633934 np0000005498 nova-conductor[98928]: DEBUG dbcounter [-] [98928] Writer thread running {{(pid=98928) stat_writer /opt/stack/data/venv/lib/python3.12/site-packages/dbcounter.py:102}}
Jul 20 11:56:55.720297 np0000005498 nova-conductor[98928]: INFO nova.utils [None req-66d56486-def6-4856-a5f7-2a2a8c2c3be6 tempest-DeleteServersTestJSON-319277797 tempest-DeleteServersTestJSON-319277797-project-member] The cell worker thread pool ForkProcess-1.cell_worker is initialized
Jul 20 11:56:55.720681 np0000005498 nova-conductor[98928]: DEBUG oslo_concurrency.lockutils [None req-66d56486-def6-4856-a5f7-2a2a8c2c3be6 tempest-DeleteServersTestJSON-319277797 tempest-DeleteServersTestJSON-319277797-project-member] Acquiring lock "00000000-0000-0000-0000-000000000000" by "nova.context.set_target_cell..get_or_set_cached_cell_and_set_connections" {{(pid=98928) inner /opt/stack/data/venv/lib/python3.12/site-packages/oslo_concurrency/lockutils.py:512}}
Jul 20 11:56:55.720896 np0000005498 nova-conductor[98928]: DEBUG oslo_concurrency.lockutils [None req-66d56486-def6-4856-a5f7-2a2a8c2c3be6 tempest-DeleteServersTestJSON-319277797 tempest-DeleteServersTestJSON-319277797-project-member] Lock "00000000-0000-0000-0000-000000000000" acquired by "nova.context.set_target_cell..get_or_set_cached_cell_and_set_connections" :: waited 0.000s {{(pid=98928) inner /opt/stack/data/venv/lib/python3.12/site-packages/oslo_concurrency/lockutils.py:525}}
Jul 20 11:56:55.721812 np0000005498 nova-conductor[98928]: DEBUG oslo_concurrency.lockutils [None req-66d56486-def6-4856-a5f7-2a2a8c2c3be6 tempest-DeleteServersTestJSON-319277797 tempest-DeleteServersTestJSON-319277797-project-member] Lock "00000000-0000-0000-0000-000000000000" "released" by "nova.context.set_target_cell..get_or_set_cached_cell_and_set_connections" :: held 0.000s {{(pid=98928) inner /opt/stack/data/venv/lib/python3.12/site-packages/oslo_concurrency/lockutils.py:544}}
Jul 20 11:56:55.722157 np0000005498 nova-conductor[98928]: DEBUG oslo_concurrency.lockutils [None req-66d56486-def6-4856-a5f7-2a2a8c2c3be6 tempest-DeleteServersTestJSON-319277797 tempest-DeleteServersTestJSON-319277797-project-member] Acquiring lock "55697ce4-b8ff-4f30-a88a-a9173ff2514e" by "nova.context.set_target_cell..get_or_set_cached_cell_and_set_connections" {{(pid=98928) inner /opt/stack/data/venv/lib/python3.12/site-packages/oslo_concurrency/lockutils.py:512}}
Jul 20 11:56:55.722332 np0000005498 nova-conductor[98928]: DEBUG oslo_concurrency.lockutils [None req-66d56486-def6-4856-a5f7-2a2a8c2c3be6 tempest-DeleteServersTestJSON-319277797 tempest-DeleteServersTestJSON-319277797-project-member] Lock "55697ce4-b8ff-4f30-a88a-a9173ff2514e" acquired by "nova.context.set_target_cell..get_or_set_cached_cell_and_set_connections" :: waited 0.000s {{(pid=98928) inner /opt/stack/data/venv/lib/python3.12/site-packages/oslo_concurrency/lockutils.py:525}}
Jul 20 11:56:55.722487 np0000005498 nova-conductor[98928]: DEBUG oslo_concurrency.lockutils [None req-66d56486-def6-4856-a5f7-2a2a8c2c3be6 tempest-DeleteServersTestJSON-319277797 tempest-DeleteServersTestJSON-319277797-project-member] Lock "55697ce4-b8ff-4f30-a88a-a9173ff2514e" "released" by "nova.context.set_target_cell..get_or_set_cached_cell_and_set_connections" :: held 0.000s {{(pid=98928) inner /opt/stack/data/venv/lib/python3.12/site-packages/oslo_concurrency/lockutils.py:544}}
Jul 20 11:56:55.724884 np0000005498 nova-conductor[98928]: INFO dbcounter [None req-66d56486-def6-4856-a5f7-2a2a8c2c3be6 tempest-DeleteServersTestJSON-319277797 tempest-DeleteServersTestJSON-319277797-project-member] Registered counter for database nova_cell0
