Jul 20 11:53:55.559374 np0000005498 devstack@neutron-api.service[90695]: DEBUG ovsdbapp.backend.ovs_idl.event [None req-46829b63-a646-42d0-8f57-8db084c65739 None None] Matched CREATE: ChassisAgentWriteEvent(events=('create', 'update'), table='Chassis_Private', conditions=None, old_conditions=None), priority=20 to row=Chassis_Private(uuid=1c8cebf1-fcb7-4e0e-aa33-87bbdbbbbe31, chassis=156ce8e5-6cd4-41bb-a25f-af6da61eddc9, external_ids={'neutron:ovn-bridge': 'br-int', 'neutron:ovn-neutron-agent-id': '425e6e49-1330-5d97-9f97-5b545a1f4722', 'neutron:ovn-neutron-agent-sb-cfg': '0'}, name='928d5919-5d56-4813-a34a-d1eb55788b20', nb_cfg=0, nb_cfg_timestamp=0) old= {{(pid=90695) matches /opt/stack/data/venv/lib/python3.12/site-packages/ovsdbapp/backend/ovs_idl/event.py:55}}
Jul 20 11:53:55.559940 np0000005498 devstack@neutron-api.service[90695]: DEBUG ovsdbapp.backend.ovs_idl.event [None req-46829b63-a646-42d0-8f57-8db084c65739 None None] Matched CREATE: ChassisOVNAgentWriteEvent(events=('create', 'update'), table='Chassis_Private', conditions=None, old_conditions=None), priority=20 to row=Chassis_Private(uuid=1c8cebf1-fcb7-4e0e-aa33-87bbdbbbbe31, chassis=156ce8e5-6cd4-41bb-a25f-af6da61eddc9, external_ids={'neutron:ovn-bridge': 'br-int', 'neutron:ovn-neutron-agent-id': '425e6e49-1330-5d97-9f97-5b545a1f4722', 'neutron:ovn-neutron-agent-sb-cfg': '0'}, name='928d5919-5d56-4813-a34a-d1eb55788b20', nb_cfg=0, nb_cfg_timestamp=0) old= {{(pid=90695) matches /opt/stack/data/venv/lib/python3.12/site-packages/ovsdbapp/backend/ovs_idl/event.py:55}}
Jul 20 11:53:55.560394 np0000005498 devstack@neutron-api.service[90695]: DEBUG neutron.plugins.ml2.drivers.ovn.mech_driver.ovsdb.ovsdb_monitor [None req-46829b63-a646-42d0-8f57-8db084c65739 None None] Hash Ring: Node c33f2183c0165057bc8ba7ec7589244a (host: np0000005498) handling event "create" for row 1c8cebf1-fcb7-4e0e-aa33-87bbdbbbbe31 (table: Chassis_Private) {{(pid=90695) notify /opt/stack/neutron/neutron/plugins/ml2/drivers/ovn/mech_driver/ovsdb/ovsdb_monitor.py:1009}}
Jul 20 11:53:55.562222 np0000005498 devstack@neutron-api.service[90695]: INFO neutron.plugins.ml2.drivers.ovn.mech_driver.mech_driver [None req-46829b63-a646-42d0-8f57-8db084c65739 None None] WorkerService process has finished the post initialization
Jul 20 11:53:55.562702 np0000005498 devstack@neutron-api.service[90695]: DEBUG oslo_concurrency.processutils [None req-46829b63-a646-42d0-8f57-8db084c65739 None None] Running cmd (subprocess): ovsdb-client transact ssl:10.4.3.221:6641 --timeout 180 -p /opt/stack/data/CA/int-ca/private/devstack-cert.key -c /opt/stack/data/CA/int-ca/devstack-cert.crt -C /opt/stack/data/CA/int-ca/ca-chain.pem ["OVN_Northbound", {"op": "wait", "timeout": 0, "table": "Port_Group", "where": [["name", "==", "pvlan_pg_drop"]], "until": "==", "rows": []}, {"op": "insert", "table": "ACL", "row": {"action": "drop", "direction": "to-lport", "match": "outport == @pvlan_pg_drop && ip", "priority": 1010}, "uuid-name": "pvlandroptoport"}, {"op": "insert", "table": "ACL", "row": {"action": "drop", "direction": "from-lport", "match": "inport == @pvlan_pg_drop && ip", "priority": 1010}, "uuid-name": "pvlandropfromport"}, {"op": "insert", "table": "Port_Group", "row": {"name": "pvlan_pg_drop", "acls": ["set", [["named-uuid", "pvlandroptoport"], ["named-uuid", "pvlandropfromport"]]]}}] {{(pid=90695) execute /opt/stack/data/venv/lib/python3.12/site-packages/oslo_concurrency/processutils.py:440}}
Jul 20 11:53:55.587044 np0000005498 devstack@neutron-api.service[90695]: DEBUG oslo_concurrency.processutils [None req-46829b63-a646-42d0-8f57-8db084c65739 None None] CMD "ovsdb-client transact ssl:10.4.3.221:6641 --timeout 180 -p /opt/stack/data/CA/int-ca/private/devstack-cert.key -c /opt/stack/data/CA/int-ca/devstack-cert.crt -C /opt/stack/data/CA/int-ca/ca-chain.pem ["OVN_Northbound", {"op": "wait", "timeout": 0, "table": "Port_Group", "where": [["name", "==", "pvlan_pg_drop"]], "until": "==", "rows": []}, {"op": "insert", "table": "ACL", "row": {"action": "drop", "direction": "to-lport", "match": "outport == @pvlan_pg_drop && ip", "priority": 1010}, "uuid-name": "pvlandroptoport"}, {"op": "insert", "table": "ACL", "row": {"action": "drop", "direction": "from-lport", "match": "inport == @pvlan_pg_drop && ip", "priority": 1010}, "uuid-name": "pvlandropfromport"}, {"op": "insert", "table": "Port_Group", "row": {"name": "pvlan_pg_drop", "acls": ["set", [["named-uuid", "pvlandroptoport"], ["named-uuid", "pvlandropfromport"]]]}}]" returned: 0 in 0.024s {{(pid=90695) execute /opt/stack/data/venv/lib/python3.12/site-packages/oslo_concurrency/processutils.py:468}}
Jul 20 11:53:55.588923 np0000005498 devstack@neutron-api.service[90695]: WSGI app 0 (mountpoint='') ready in 6 seconds on interpreter 0x720075aa4668 pid: 90695 (default app)
Jul 20 11:53:56.059762 np0000005498 devstack@neutron-api.service[90698]: DEBUG neutron.common.ovn.hash_ring_manager [-] Allow caching, nodes 4>=4 {{(pid=90698) _wait_startup_before_caching /opt/stack/neutron/neutron/common/ovn/hash_ring_manager.py:71}}
Jul 20 11:53:56.060056 np0000005498 devstack@neutron-api.service[90698]: DEBUG neutron.plugins.ml2.drivers.ovn.mech_driver.ovsdb.ovsdb_monitor [-] Hash Ring: Node 7a8019c6ac915edfa47bc166bfb39faf (host: np0000005498) handling event "update" for row bb27ea12-b6cb-418f-b013-04606bfa3c7a (table: Connection) {{(pid=90698) notify /opt/stack/neutron/neutron/plugins/ml2/drivers/ovn/mech_driver/ovsdb/ovsdb_monitor.py:1009}}
Jul 20 11:53:56.060800 np0000005498 devstack@neutron-api.service[90697]: DEBUG neutron.common.ovn.hash_ring_manager [-] Allow caching, nodes 4>=4 {{(pid=90697) _wait_startup_before_caching /opt/stack/neutron/neutron/common/ovn/hash_ring_manager.py:71}}
Jul 20 11:53:56.061018 np0000005498 devstack@neutron-api.service[90697]: DEBUG neutron.plugins.ml2.drivers.ovn.mech_driver.ovsdb.ovsdb_monitor [-] Hash Ring: Node 655b240e1e0a575cb0fe9cfa7736ce8b (host: np0000005498) handling event "update" for row bb27ea12-b6cb-418f-b013-04606bfa3c7a (table: Connection) {{(pid=90697) notify /opt/stack/neutron/neutron/plugins/ml2/drivers/ovn/mech_driver/ovsdb/ovsdb_monitor.py:1009}}
Jul 20 11:53:56.062284 np0000005498 devstack@neutron-api.service[90696]: DEBUG neutron.common.ovn.hash_ring_manager [-] Allow caching, nodes 4>=4 {{(pid=90696) _wait_startup_before_caching /opt/stack/neutron/neutron/common/ovn/hash_ring_manager.py:71}}
Jul 20 11:53:58.568220 np0000005498 devstack@neutron-api.service[90697]: DEBUG neutron.plugins.ml2.drivers.ovn.mech_driver.ovsdb.ovsdb_monitor [-] Hash Ring: Node 655b240e1e0a575cb0fe9cfa7736ce8b (host: np0000005498) handling event "update" for row bb27ea12-b6cb-418f-b013-04606bfa3c7a (table: Connection) {{(pid=90697) notify /opt/stack/neutron/neutron/plugins/ml2/drivers/ovn/mech_driver/ovsdb/ovsdb_monitor.py:1009}}
Jul 20 11:53:58.568743 np0000005498 devstack@neutron-api.service[90698]: DEBUG neutron.plugins.ml2.drivers.ovn.mech_driver.ovsdb.ovsdb_monitor [-] Hash Ring: Node 7a8019c6ac915edfa47bc166bfb39faf (host: np0000005498) handling event "update" for row bb27ea12-b6cb-418f-b013-04606bfa3c7a (table: Connection) {{(pid=90698) notify /opt/stack/neutron/neutron/plugins/ml2/drivers/ovn/mech_driver/ovsdb/ovsdb_monitor.py:1009}}
Jul 20 11:53:59.058919 np0000005498 devstack@neutron-api.service[90698]: DEBUG neutron.api.wsgi [None req-13b3651e-d926-46af-a833-716361ea6a6e admin admin] Missing Content-Type {{(pid=90698) get_content_type /opt/stack/neutron/neutron/api/wsgi.py:80}}
Jul 20 11:53:59.059334 np0000005498 devstack@neutron-api.service[90698]: DEBUG neutron.api.wsgi [None req-13b3651e-d926-46af-a833-716361ea6a6e admin admin] https://10.4.3.221/networking/v2.0/extensions returned with HTTP 200 {{(pid=90698) __call__ /opt/stack/neutron/neutron/api/wsgi.py:540}}
Jul 20 11:53:59.059955 np0000005498 devstack@neutron-api.service[90698]: [pid: 90698|app: 0|req: 2/2] 10.4.3.221 () {64 vars in 1292 bytes} [Mon Jul 20 11:53:58 2026] GET /networking/v2.0/extensions => generated 16171 bytes in 556 msecs (HTTP/1.1 200) 4 headers in 159 bytes (1 switches on core 0)
Jul 20 11:53:59.408536 np0000005498 devstack@neutron-api.service[90697]: DEBUG neutron.api.v2.base [None req-6ac759c9-8a84-48c6-8e35-a026840fba9c admin admin] Request body: {'subnetpool': {'prefixes': ['10.1.0.0/20'], 'name': 'shared-default-subnetpool-v4', 'is_default': True, 'shared': True, 'default_prefixlen': 26}} {{(pid=90697) prepare_request_body /opt/stack/neutron/neutron/api/v2/base.py:727}}
Jul 20 11:53:59.589396 np0000005498 devstack@neutron-api.service[90697]: DEBUG neutron.policy [None req-6ac759c9-8a84-48c6-8e35-a026840fba9c admin admin] Loaded default policies from ['neutron'] under neutron.policies entry points {{(pid=90697) register_rules /opt/stack/neutron/neutron/policy.py:65}}
Jul 20 11:53:59.716089 np0000005498 devstack@neutron-api.service[90697]: DEBUG neutron_lib.callbacks.manager [None req-6ac759c9-8a84-48c6-8e35-a026840fba9c admin admin] Publish callbacks ['neutron.objects.securitygroup.RbacNeutronDbObjectMixin.validate_rbac_policy_change-1367944751885', 'neutron.objects.address_group.RbacNeutronDbObjectMixin.validate_rbac_policy_change-1367944774747', 'neutron.objects.network.RbacNeutronDbObjectMixin.validate_rbac_policy_change-1367944928418', 'neutron.objects.qos.policy.RbacNeutronDbObjectMixin.validate_rbac_policy_change-1367944923577', 'neutron.objects.subnetpool.RbacNeutronDbObjectMixin.validate_rbac_policy_change-1367944948215', 'neutron.objects.address_scope.RbacNeutronDbObjectMixin.validate_rbac_policy_change-1367944968719', 'neutron.plugins.ml2.plugin.External_net_db_mixin._process_ext_policy_create-497311', 'neutron.plugins.ml2.plugin.NeutronDbPluginV2.validate_network_rbac_policy_change-507575'] for rbac-policy (None), before_create {{(pid=90697) _notify_loop /opt/stack/data/venv/lib/python3.12/site-packages/neutron_lib/callbacks/manager.py:184}}
Jul 20 11:53:59.751195 np0000005498 devstack@neutron-api.service[90697]: DEBUG neutron_lib.callbacks.manager [None req-6ac759c9-8a84-48c6-8e35-a026840fba9c admin admin] Publish callbacks [] for subnetpool (None), before_response {{(pid=90697) _notify_loop /opt/stack/data/venv/lib/python3.12/site-packages/neutron_lib/callbacks/manager.py:184}}
Jul 20 11:53:59.751690 np0000005498 devstack@neutron-api.service[90697]: [pid: 90697|app: 0|req: 1/3] 10.4.3.221 () {68 vars in 1336 bytes} [Mon Jul 20 11:53:59 2026] POST /networking/v2.0/subnetpools => generated 533 bytes in 434 msecs (HTTP/1.1 201) 4 headers in 162 bytes (1 switches on core 0)
Jul 20 11:54:00.056646 np0000005498 devstack@neutron-api.service[90696]: DEBUG neutron.api.v2.base [None req-eab91317-894e-4ec6-827e-de3c87a81751 admin admin] Request body: {'subnetpool': {'prefixes': ['fdb8:b073:ad21::/56'], 'name': 'shared-default-subnetpool-v6', 'is_default': True, 'shared': True, 'default_prefixlen': 64}} {{(pid=90696) prepare_request_body /opt/stack/neutron/neutron/api/v2/base.py:727}}
Jul 20 11:54:00.211260 np0000005498 devstack@neutron-api.service[90696]: DEBUG neutron.policy [None req-eab91317-894e-4ec6-827e-de3c87a81751 admin admin] Loaded default policies from ['neutron'] under neutron.policies entry points {{(pid=90696) register_rules /opt/stack/neutron/neutron/policy.py:65}}
Jul 20 11:54:00.337192 np0000005498 devstack@neutron-api.service[90696]: DEBUG neutron_lib.callbacks.manager [None req-eab91317-894e-4ec6-827e-de3c87a81751 admin admin] Publish callbacks ['neutron.objects.securitygroup.RbacNeutronDbObjectMixin.validate_rbac_policy_change-1367944756756', 'neutron.objects.address_group.RbacNeutronDbObjectMixin.validate_rbac_policy_change-1367944779645', 'neutron.objects.network.RbacNeutronDbObjectMixin.validate_rbac_policy_change-1367944925097', 'neutron.objects.qos.policy.RbacNeutronDbObjectMixin.validate_rbac_policy_change-1367944928428', 'neutron.objects.subnetpool.RbacNeutronDbObjectMixin.validate_rbac_policy_change-1367944950699', 'neutron.objects.address_scope.RbacNeutronDbObjectMixin.validate_rbac_policy_change-1367944953867', 'neutron.plugins.ml2.plugin.External_net_db_mixin._process_ext_policy_create-201818', 'neutron.plugins.ml2.plugin.NeutronDbPluginV2.validate_network_rbac_policy_change-210946'] for rbac-policy (None), before_create {{(pid=90696) _notify_loop /opt/stack/data/venv/lib/python3.12/site-packages/neutron_lib/callbacks/manager.py:184}}
Jul 20 11:54:00.373525 np0000005498 devstack@neutron-api.service[90696]: DEBUG neutron_lib.callbacks.manager [None req-eab91317-894e-4ec6-827e-de3c87a81751 admin admin] Publish callbacks [] for subnetpool (None), before_response {{(pid=90696) _notify_loop /opt/stack/data/venv/lib/python3.12/site-packages/neutron_lib/callbacks/manager.py:184}}
Jul 20 11:54:00.374010 np0000005498 devstack@neutron-api.service[90696]: [pid: 90696|app: 0|req: 1/4] 10.4.3.221 () {68 vars in 1336 bytes} [Mon Jul 20 11:53:59 2026] POST /networking/v2.0/subnetpools => generated 543 bytes in 406 msecs (HTTP/1.1 201) 4 headers in 162 bytes (1 switches on core 0)
Jul 20 11:54:00.684684 np0000005498 devstack@neutron-api.service[90695]: DEBUG neutron.api.v2.base [None req-f13c6dfa-6df7-45c1-96fa-8a65b49aae05 admin admin] Request body: {'network': {'name': 'private', 'admin_state_up': True}} {{(pid=90695) prepare_request_body /opt/stack/neutron/neutron/api/v2/base.py:727}}
Jul 20 11:54:00.712756 np0000005498 devstack@neutron-api.service[90695]: DEBUG neutron.pecan_wsgi.hooks.quota_enforcement [None req-f13c6dfa-6df7-45c1-96fa-8a65b49aae05 admin admin] Made reservation on behalf of b22b8ae2062a47fd84dce396fc88947e for: {'network': 1} {{(pid=90695) before /opt/stack/neutron/neutron/pecan_wsgi/hooks/quota_enforcement.py:66}}
Jul 20 11:54:00.860106 np0000005498 devstack@neutron-api.service[90695]: DEBUG neutron.policy [None req-f13c6dfa-6df7-45c1-96fa-8a65b49aae05 admin admin] Loaded default policies from ['neutron'] under neutron.policies entry points {{(pid=90695) register_rules /opt/stack/neutron/neutron/policy.py:65}}
Jul 20 11:54:00.943589 np0000005498 devstack@neutron-api.service[90695]: DEBUG neutron_lib.callbacks.manager [None req-f13c6dfa-6df7-45c1-96fa-8a65b49aae05 admin admin] Publish callbacks ['neutron.plugins.ml2.plugin.SecurityGroupDbMixin._ensure_default_security_group_handler-474845'] for network (None), before_create {{(pid=90695) _notify_loop /opt/stack/data/venv/lib/python3.12/site-packages/neutron_lib/callbacks/manager.py:184}}
Jul 20 11:54:00.963415 np0000005498 devstack@neutron-api.service[90695]: DEBUG neutron_lib.callbacks.manager [None req-f13c6dfa-6df7-45c1-96fa-8a65b49aae05 admin admin] Publish callbacks [] for security_group (None), before_create {{(pid=90695) _notify_loop /opt/stack/data/venv/lib/python3.12/site-packages/neutron_lib/callbacks/manager.py:184}}
Jul 20 11:54:01.054687 np0000005498 devstack@neutron-api.service[90695]: DEBUG neutron_lib.callbacks.manager [None req-f13c6dfa-6df7-45c1-96fa-8a65b49aae05 admin admin] Publish callbacks ['neutron.plugins.ml2.drivers.ovn.mech_driver.mech_driver.OVNMechanismDriver._create_security_group_precommit-908325'] for security_group (779abec0-f656-4137-b3a5-714957486a62), precommit_create {{(pid=90695) _notify_loop /opt/stack/data/venv/lib/python3.12/site-packages/neutron_lib/callbacks/manager.py:184}}
Jul 20 11:54:01.054872 np0000005498 devstack@neutron-api.service[90695]: DEBUG neutron.db.ovn_revision_numbers_db [None req-f13c6dfa-6df7-45c1-96fa-8a65b49aae05 admin admin] create_initial_revision uuid=779abec0-f656-4137-b3a5-714957486a62, type=security_groups, rev=-1 {{(pid=90695) create_initial_revision /opt/stack/neutron/neutron/db/ovn_revision_numbers_db.py:98}}
Jul 20 11:54:01.057277 np0000005498 devstack@neutron-api.service[90695]: DEBUG neutron.db.ovn_revision_numbers_db [None req-f13c6dfa-6df7-45c1-96fa-8a65b49aae05 admin admin] create_initial_revision uuid=07829652-96b2-4fb3-ba37-aa7660689216, type=security_group_rules, rev=-1 {{(pid=90695) create_initial_revision /opt/stack/neutron/neutron/db/ovn_revision_numbers_db.py:98}}
Jul 20 11:54:01.058255 np0000005498 devstack@neutron-api.service[90695]: DEBUG neutron.db.ovn_revision_numbers_db [None req-f13c6dfa-6df7-45c1-96fa-8a65b49aae05 admin admin] create_initial_revision uuid=3ec6891e-c03b-40fa-ba67-6cfd335aa469, type=security_group_rules, rev=-1 {{(pid=90695) create_initial_revision /opt/stack/neutron/neutron/db/ovn_revision_numbers_db.py:98}}
Jul 20 11:54:01.059153 np0000005498 devstack@neutron-api.service[90695]: DEBUG neutron.db.ovn_revision_numbers_db [None req-f13c6dfa-6df7-45c1-96fa-8a65b49aae05 admin admin] create_initial_revision uuid=e318e6dc-6551-4ef5-9ffa-ef11037e2c51, type=security_group_rules, rev=-1 {{(pid=90695) create_initial_revision /opt/stack/neutron/neutron/db/ovn_revision_numbers_db.py:98}}
Jul 20 11:54:01.060186 np0000005498 devstack@neutron-api.service[90695]: DEBUG neutron.db.ovn_revision_numbers_db [None req-f13c6dfa-6df7-45c1-96fa-8a65b49aae05 admin admin] create_initial_revision uuid=e9ebd1f9-39f3-4f03-a727-ea5a55b1aa8f, type=security_group_rules, rev=-1 {{(pid=90695) create_initial_revision /opt/stack/neutron/neutron/db/ovn_revision_numbers_db.py:98}}
Jul 20 11:54:01.063758 np0000005498 devstack@neutron-api.service[90695]: DEBUG neutron_lib.callbacks.manager [None req-f13c6dfa-6df7-45c1-96fa-8a65b49aae05 admin admin] Publish callbacks ['neutron.plugins.ml2.drivers.ovn.mech_driver.mech_driver.OVNMechanismDriver._create_security_group-908331', 'neutron.plugins.ml2.ovo_rpc._ObjectChangeHandler.handle_event-3561406'] for security_group (779abec0-f656-4137-b3a5-714957486a62), after_create {{(pid=90695) _notify_loop /opt/stack/data/venv/lib/python3.12/site-packages/neutron_lib/callbacks/manager.py:184}}
Jul 20 11:54:01.063930 np0000005498 devstack@neutron-api.service[90695]: INFO neutron.plugins.ml2.drivers.ovn.mech_driver.ovsdb.extensions.qos [None req-f13c6dfa-6df7-45c1-96fa-8a65b49aae05 admin admin] Starting OVNClientQosExtension
Jul 20 11:54:01.064067 np0000005498 devstack@neutron-api.service[90695]: INFO neutron.plugins.ml2.drivers.ovn.mech_driver.ovsdb.extensions.placement [None req-f13c6dfa-6df7-45c1-96fa-8a65b49aae05 admin admin] Starting OVNClientPlacementExtension
Jul 20 11:54:01.065200 np0000005498 devstack@neutron-api.service[90695]: DEBUG ovsdbapp.backend.ovs_idl.transaction [-] Running txn n=1 command(idx=0): PgAddCommand(_result=None, name=pg_779abec0_f656_4137_b3a5_714957486a62, may_exist=False, columns={'acls': [], 'external_ids': {'neutron:security_group_id': '779abec0-f656-4137-b3a5-714957486a62'}}) {{(pid=90695) do_commit /opt/stack/data/venv/lib/python3.12/site-packages/ovsdbapp/backend/ovs_idl/transaction.py:89}}
Jul 20 11:54:01.069201 np0000005498 devstack@neutron-api.service[90695]: DEBUG ovsdbapp.backend.ovs_idl.transaction [-] Running txn n=1 command(idx=1): PgAclAddCommand(_result=None, entity=pg_779abec0_f656_4137_b3a5_714957486a62, direction=to-lport, priority=1002, match=outport == @pg_779abec0_f656_4137_b3a5_714957486a62 && ip4 && ip4.src == $pg_779abec0_f656_4137_b3a5_714957486a62_ip4, action=allow-related, log=False, may_exist=True, severity=[], name=[], meter=[], external_ids={'neutron:security_group_rule_id': '07829652-96b2-4fb3-ba37-aa7660689216'}) {{(pid=90695) do_commit /opt/stack/data/venv/lib/python3.12/site-packages/ovsdbapp/backend/ovs_idl/transaction.py:89}}
Jul 20 11:54:01.069329 np0000005498 devstack@neutron-api.service[90695]: DEBUG ovsdbapp.backend.ovs_idl.transaction [-] Running txn n=1 command(idx=2): PgAclAddCommand(_result=None, entity=pg_779abec0_f656_4137_b3a5_714957486a62, direction=to-lport, priority=1002, match=outport == @pg_779abec0_f656_4137_b3a5_714957486a62 && ip6 && ip6.src == $pg_779abec0_f656_4137_b3a5_714957486a62_ip6, action=allow-related, log=False, may_exist=True, severity=[], name=[], meter=[], external_ids={'neutron:security_group_rule_id': '3ec6891e-c03b-40fa-ba67-6cfd335aa469'}) {{(pid=90695) do_commit /opt/stack/data/venv/lib/python3.12/site-packages/ovsdbapp/backend/ovs_idl/transaction.py:89}}
Jul 20 11:54:01.069609 np0000005498 devstack@neutron-api.service[90695]: DEBUG ovsdbapp.backend.ovs_idl.transaction [-] Running txn n=1 command(idx=3): PgAclAddCommand(_result=None, entity=pg_779abec0_f656_4137_b3a5_714957486a62, direction=from-lport, priority=1002, match=inport == @pg_779abec0_f656_4137_b3a5_714957486a62 && ip6, action=allow-related, log=False, may_exist=True, severity=[], name=[], meter=[], external_ids={'neutron:security_group_rule_id': 'e318e6dc-6551-4ef5-9ffa-ef11037e2c51'}) {{(pid=90695) do_commit /opt/stack/data/venv/lib/python3.12/site-packages/ovsdbapp/backend/ovs_idl/transaction.py:89}}
Jul 20 11:54:01.069818 np0000005498 devstack@neutron-api.service[90695]: DEBUG ovsdbapp.backend.ovs_idl.transaction [-] Running txn n=1 command(idx=4): PgAclAddCommand(_result=None, entity=pg_779abec0_f656_4137_b3a5_714957486a62, direction=from-lport, priority=1002, match=inport == @pg_779abec0_f656_4137_b3a5_714957486a62 && ip4, action=allow-related, log=False, may_exist=True, severity=[], name=[], meter=[], external_ids={'neutron:security_group_rule_id': 'e9ebd1f9-39f3-4f03-a727-ea5a55b1aa8f'}) {{(pid=90695) do_commit /opt/stack/data/venv/lib/python3.12/site-packages/ovsdbapp/backend/ovs_idl/transaction.py:89}}
Jul 20 11:54:01.074293 np0000005498 devstack@neutron-api.service[90695]: DEBUG neutron.plugins.ml2.drivers.ovn.mech_driver.ovsdb.ovsdb_monitor [-] Hash Ring: Node c33f2183c0165057bc8ba7ec7589244a (host: np0000005498) handling event "create" for row 0abd6ed6-e973-4248-9209-9cb97593b9d9 (table: ACL) {{(pid=90695) notify /opt/stack/neutron/neutron/plugins/ml2/drivers/ovn/mech_driver/ovsdb/ovsdb_monitor.py:1009}}
Jul 20 11:54:01.075157 np0000005498 devstack@neutron-api.service[90698]: DEBUG neutron.plugins.ml2.drivers.ovn.mech_driver.ovsdb.ovsdb_monitor [-] Hash Ring: Node 7a8019c6ac915edfa47bc166bfb39faf (host: np0000005498) handling event "create" for row 0abd6ed6-e973-4248-9209-9cb97593b9d9 (table: ACL) {{(pid=90698) notify /opt/stack/neutron/neutron/plugins/ml2/drivers/ovn/mech_driver/ovsdb/ovsdb_monitor.py:1009}}
Jul 20 11:54:01.075453 np0000005498 devstack@neutron-api.service[90698]: DEBUG neutron.plugins.ml2.drivers.ovn.mech_driver.ovsdb.ovsdb_monitor [-] Hash Ring: Node 7a8019c6ac915edfa47bc166bfb39faf (host: np0000005498) handling event "create" for row 52df6570-5ffc-4766-bb6d-73ed94f93a1d (table: ACL) {{(pid=90698) notify /opt/stack/neutron/neutron/plugins/ml2/drivers/ovn/mech_driver/ovsdb/ovsdb_monitor.py:1009}}
Jul 20 11:54:01.075631 np0000005498 devstack@neutron-api.service[90698]: DEBUG neutron.plugins.ml2.drivers.ovn.mech_driver.ovsdb.ovsdb_monitor [-] Hash Ring: Node 7a8019c6ac915edfa47bc166bfb39faf (host: np0000005498) handling event "create" for row c919b609-a41a-42c0-b672-d3ada205a5b4 (table: ACL) {{(pid=90698) notify /opt/stack/neutron/neutron/plugins/ml2/drivers/ovn/mech_driver/ovsdb/ovsdb_monitor.py:1009}}
Jul 20 11:54:01.075705 np0000005498 devstack@neutron-api.service[90697]: DEBUG neutron.plugins.ml2.drivers.ovn.mech_driver.ovsdb.ovsdb_monitor [-] Hash Ring: Node 655b240e1e0a575cb0fe9cfa7736ce8b (host: np0000005498) handling event "create" for row 0abd6ed6-e973-4248-9209-9cb97593b9d9 (table: ACL) {{(pid=90697) notify /opt/stack/neutron/neutron/plugins/ml2/drivers/ovn/mech_driver/ovsdb/ovsdb_monitor.py:1009}}
Jul 20 11:54:01.075976 np0000005498 devstack@neutron-api.service[90698]: DEBUG neutron.plugins.ml2.drivers.ovn.mech_driver.ovsdb.ovsdb_monitor [-] Hash Ring: Node 7a8019c6ac915edfa47bc166bfb39faf (host: np0000005498) handling event "create" for row e8914599-9dfc-4bb2-a6a6-e1d9ab029bc7 (table: ACL) {{(pid=90698) notify /opt/stack/neutron/neutron/plugins/ml2/drivers/ovn/mech_driver/ovsdb/ovsdb_monitor.py:1009}}
Jul 20 11:54:01.076040 np0000005498 devstack@neutron-api.service[90696]: DEBUG neutron.plugins.ml2.drivers.ovn.mech_driver.ovsdb.ovsdb_monitor [-] Hash Ring: Node 4fc1496d977c56f5a01cf801a7d86e3c (host: np0000005498) handling event "create" for row c919b609-a41a-42c0-b672-d3ada205a5b4 (table: ACL) {{(pid=90696) notify /opt/stack/neutron/neutron/plugins/ml2/drivers/ovn/mech_driver/ovsdb/ovsdb_monitor.py:1009}}
Jul 20 11:54:01.076278 np0000005498 devstack@neutron-api.service[90698]: DEBUG neutron.plugins.ml2.drivers.ovn.mech_driver.ovsdb.ovsdb_monitor [-] Hash Ring: Node 7a8019c6ac915edfa47bc166bfb39faf (host: np0000005498) handling event "create" for row 9553771b-6ef3-441d-975c-05852b3ab187 (table: Port_Group) {{(pid=90698) notify /opt/stack/neutron/neutron/plugins/ml2/drivers/ovn/mech_driver/ovsdb/ovsdb_monitor.py:1009}}
Jul 20 11:54:01.096721 np0000005498 devstack@neutron-api.service[90695]: INFO neutron.db.ovn_revision_numbers_db [None req-f13c6dfa-6df7-45c1-96fa-8a65b49aae05 admin admin] Successfully bumped revision number for resource 779abec0-f656-4137-b3a5-714957486a62 (type: security_groups) to 1
Jul 20 11:54:01.109704 np0000005498 devstack@neutron-api.service[90695]: INFO neutron.db.ovn_revision_numbers_db [None req-f13c6dfa-6df7-45c1-96fa-8a65b49aae05 admin admin] Successfully bumped revision number for resource 07829652-96b2-4fb3-ba37-aa7660689216 (type: security_group_rules) to 0
Jul 20 11:54:01.118886 np0000005498 devstack@neutron-api.service[90695]: INFO neutron.db.ovn_revision_numbers_db [None req-f13c6dfa-6df7-45c1-96fa-8a65b49aae05 admin admin] Successfully bumped revision number for resource 3ec6891e-c03b-40fa-ba67-6cfd335aa469 (type: security_group_rules) to 0
Jul 20 11:54:01.127496 np0000005498 devstack@neutron-api.service[90695]: INFO neutron.db.ovn_revision_numbers_db [None req-f13c6dfa-6df7-45c1-96fa-8a65b49aae05 admin admin] Successfully bumped revision number for resource e318e6dc-6551-4ef5-9ffa-ef11037e2c51 (type: security_group_rules) to 0
Jul 20 11:54:01.136287 np0000005498 devstack@neutron-api.service[90695]: INFO neutron.db.ovn_revision_numbers_db [None req-f13c6dfa-6df7-45c1-96fa-8a65b49aae05 admin admin] Successfully bumped revision number for resource e9ebd1f9-39f3-4f03-a727-ea5a55b1aa8f (type: security_group_rules) to 0
Jul 20 11:54:01.155930 np0000005498 devstack@neutron-api.service[90695]: DEBUG neutron.api.rpc.handlers.resources_rpc [None req-f13c6dfa-6df7-45c1-96fa-8a65b49aae05 admin admin] Pushing event updated for resources: {'SecurityGroup': ['ID=779abec0-f656-4137-b3a5-714957486a62,revision_number=1']} {{(pid=90695) push /opt/stack/neutron/neutron/api/rpc/handlers/resources_rpc.py:237}}
Jul 20 11:54:01.162413 np0000005498 devstack@neutron-api.service[90695]: DEBUG ovsdbapp.backend.ovs_idl.transaction [-] Running txn n=1 command(idx=0): CheckLivenessCommand(_result=None) {{(pid=90695) do_commit /opt/stack/data/venv/lib/python3.12/site-packages/ovsdbapp/backend/ovs_idl/transaction.py:89}}
Jul 20 11:54:01.164984 np0000005498 devstack@neutron-api.service[90695]: DEBUG neutron.plugins.ml2.drivers.ovn.mech_driver.ovsdb.ovsdb_monitor [-] Hash Ring: Node c33f2183c0165057bc8ba7ec7589244a (host: np0000005498) handling event "update" for row 355a128c-b07e-49fd-b614-8ae2f41121d5 (table: NB_Global) {{(pid=90695) notify /opt/stack/neutron/neutron/plugins/ml2/drivers/ovn/mech_driver/ovsdb/ovsdb_monitor.py:1009}}
Jul 20 11:54:01.165307 np0000005498 devstack@neutron-api.service[90698]: DEBUG neutron.plugins.ml2.drivers.ovn.mech_driver.ovsdb.ovsdb_monitor [-] Hash Ring: Node 7a8019c6ac915edfa47bc166bfb39faf (host: np0000005498) handling event "update" for row 355a128c-b07e-49fd-b614-8ae2f41121d5 (table: NB_Global) {{(pid=90698) notify /opt/stack/neutron/neutron/plugins/ml2/drivers/ovn/mech_driver/ovsdb/ovsdb_monitor.py:1009}}
Jul 20 11:54:01.166040 np0000005498 devstack@neutron-api.service[90695]: DEBUG neutron.plugins.ml2.drivers.ovn.mech_driver.ovsdb.ovsdb_monitor [-] Hash Ring: Node c33f2183c0165057bc8ba7ec7589244a (host: np0000005498) handling event "update" for row 355a128c-b07e-49fd-b614-8ae2f41121d5 (table: NB_Global) {{(pid=90695) notify /opt/stack/neutron/neutron/plugins/ml2/drivers/ovn/mech_driver/ovsdb/ovsdb_monitor.py:1009}}
Jul 20 11:54:01.166908 np0000005498 devstack@neutron-api.service[90698]: DEBUG neutron.plugins.ml2.drivers.ovn.mech_driver.ovsdb.ovsdb_monitor [-] Hash Ring: Node 7a8019c6ac915edfa47bc166bfb39faf (host: np0000005498) handling event "update" for row 355a128c-b07e-49fd-b614-8ae2f41121d5 (table: NB_Global) {{(pid=90698) notify /opt/stack/neutron/neutron/plugins/ml2/drivers/ovn/mech_driver/ovsdb/ovsdb_monitor.py:1009}}
Jul 20 11:54:01.168249 np0000005498 devstack@neutron-api.service[90698]: DEBUG neutron.plugins.ml2.drivers.ovn.mech_driver.ovsdb.ovsdb_monitor [-] Hash Ring: Node 7a8019c6ac915edfa47bc166bfb39faf (host: np0000005498) handling event "update" for row 355a128c-b07e-49fd-b614-8ae2f41121d5 (table: NB_Global) {{(pid=90698) notify /opt/stack/neutron/neutron/plugins/ml2/drivers/ovn/mech_driver/ovsdb/ovsdb_monitor.py:1009}}
Jul 20 11:54:01.168362 np0000005498 devstack@neutron-api.service[90695]: DEBUG neutron.api.rpc.callbacks.version_manager [None req-f13c6dfa-6df7-45c1-96fa-8a65b49aae05 admin admin] Tracked resource versions report:
Jul 20 11:54:01.168362 np0000005498 devstack@neutron-api.service[90695]: pushed versions:
Jul 20 11:54:01.168362 np0000005498 devstack@neutron-api.service[90695]: { 'AddressGroup': {'1.2'},
Jul 20 11:54:01.168362 np0000005498 devstack@neutron-api.service[90695]: 'Agent': {'1.1'},
Jul 20 11:54:01.168362 np0000005498 devstack@neutron-api.service[90695]: 'ConntrackHelper': {'1.0'},
Jul 20 11:54:01.168362 np0000005498 devstack@neutron-api.service[90695]: 'LocalIPAssociation': {'1.0'},
Jul 20 11:54:01.168362 np0000005498 devstack@neutron-api.service[90695]: 'Log': {'1.0'},
Jul 20 11:54:01.168362 np0000005498 devstack@neutron-api.service[90695]: 'NDPProxy': {'1.0'},
Jul 20 11:54:01.168362 np0000005498 devstack@neutron-api.service[90695]: 'Network': {'1.3'},
Jul 20 11:54:01.168362 np0000005498 devstack@neutron-api.service[90695]: 'Port': {'1.11'},
Jul 20 11:54:01.168362 np0000005498 devstack@neutron-api.service[90695]: 'PortForwarding': {'1.3'},
Jul 20 11:54:01.168362 np0000005498 devstack@neutron-api.service[90695]: 'QosPolicy': {'1.10'},
Jul 20 11:54:01.168362 np0000005498 devstack@neutron-api.service[90695]: 'SecurityGroup': {'1.6'},
Jul 20 11:54:01.168362 np0000005498 devstack@neutron-api.service[90695]: 'SecurityGroupRule': {'1.3'},
Jul 20 11:54:01.168362 np0000005498 devstack@neutron-api.service[90695]: 'SubPort': {'1.0'},
Jul 20 11:54:01.168362 np0000005498 devstack@neutron-api.service[90695]: 'Subnet': {'1.2'},
Jul 20 11:54:01.168362 np0000005498 devstack@neutron-api.service[90695]: 'Trunk': {'1.1'}}
Jul 20 11:54:01.168362 np0000005498 devstack@neutron-api.service[90695]: consumer versions:
Jul 20 11:54:01.168362 np0000005498 devstack@neutron-api.service[90695]: {}
Jul 20 11:54:01.168362 np0000005498 devstack@neutron-api.service[90695]: {{(pid=90695) report /opt/stack/neutron/neutron/api/rpc/callbacks/version_manager.py:183}}
Jul 20 11:54:01.168990 np0000005498 devstack@neutron-api.service[90697]: DEBUG ovsdbapp.backend.ovs_idl.event [-] Matched UPDATE: ChassisAgentWriteEvent(events=('create', 'update'), table='Chassis_Private', conditions=None, old_conditions=None), priority=20 to row=Chassis_Private(uuid=1c8cebf1-fcb7-4e0e-aa33-87bbdbbbbe31, chassis=156ce8e5-6cd4-41bb-a25f-af6da61eddc9, external_ids={'neutron:ovn-bridge': 'br-int', 'neutron:ovn-neutron-agent-id': '425e6e49-1330-5d97-9f97-5b545a1f4722', 'neutron:ovn-neutron-agent-sb-cfg': '0'}, name='928d5919-5d56-4813-a34a-d1eb55788b20', nb_cfg=1, nb_cfg_timestamp=1784548441165) old=Chassis_Private(uuid=1c8cebf1-fcb7-4e0e-aa33-87bbdbbbbe31, nb_cfg=0, nb_cfg_timestamp=0) {{(pid=90697) matches /opt/stack/data/venv/lib/python3.12/site-packages/ovsdbapp/backend/ovs_idl/event.py:55}}
Jul 20 11:54:01.169452 np0000005498 devstack@neutron-api.service[90698]: DEBUG ovsdbapp.backend.ovs_idl.event [-] Matched UPDATE: ChassisAgentWriteEvent(events=('create', 'update'), table='Chassis_Private', conditions=None, old_conditions=None), priority=20 to row=Chassis_Private(uuid=1c8cebf1-fcb7-4e0e-aa33-87bbdbbbbe31, chassis=156ce8e5-6cd4-41bb-a25f-af6da61eddc9, external_ids={'neutron:ovn-bridge': 'br-int', 'neutron:ovn-neutron-agent-id': '425e6e49-1330-5d97-9f97-5b545a1f4722', 'neutron:ovn-neutron-agent-sb-cfg': '0'}, name='928d5919-5d56-4813-a34a-d1eb55788b20', nb_cfg=1, nb_cfg_timestamp=1784548441165) old=Chassis_Private(uuid=1c8cebf1-fcb7-4e0e-aa33-87bbdbbbbe31, nb_cfg=0, nb_cfg_timestamp=0) {{(pid=90698) matches /opt/stack/data/venv/lib/python3.12/site-packages/ovsdbapp/backend/ovs_idl/event.py:55}}
Jul 20 11:54:01.169711 np0000005498 devstack@neutron-api.service[90696]: DEBUG ovsdbapp.backend.ovs_idl.event [-] Matched UPDATE: ChassisAgentWriteEvent(events=('create', 'update'), table='Chassis_Private', conditions=None, old_conditions=None), priority=20 to row=Chassis_Private(uuid=1c8cebf1-fcb7-4e0e-aa33-87bbdbbbbe31, chassis=156ce8e5-6cd4-41bb-a25f-af6da61eddc9, external_ids={'neutron:ovn-bridge': 'br-int', 'neutron:ovn-neutron-agent-id': '425e6e49-1330-5d97-9f97-5b545a1f4722', 'neutron:ovn-neutron-agent-sb-cfg': '0'}, name='928d5919-5d56-4813-a34a-d1eb55788b20', nb_cfg=1, nb_cfg_timestamp=1784548441165) old=Chassis_Private(uuid=1c8cebf1-fcb7-4e0e-aa33-87bbdbbbbe31, nb_cfg=0, nb_cfg_timestamp=0) {{(pid=90696) matches /opt/stack/data/venv/lib/python3.12/site-packages/ovsdbapp/backend/ovs_idl/event.py:55}}
Jul 20 11:54:01.172776 np0000005498 devstack@neutron-api.service[90697]: DEBUG ovsdbapp.backend.ovs_idl.event [-] Matched UPDATE: ChassisOVNAgentWriteEvent(events=('create', 'update'), table='Chassis_Private', conditions=None, old_conditions=None), priority=20 to row=Chassis_Private(uuid=1c8cebf1-fcb7-4e0e-aa33-87bbdbbbbe31, chassis=156ce8e5-6cd4-41bb-a25f-af6da61eddc9, external_ids={'neutron:ovn-bridge': 'br-int', 'neutron:ovn-neutron-agent-id': '425e6e49-1330-5d97-9f97-5b545a1f4722', 'neutron:ovn-neutron-agent-sb-cfg': '1'}, name='928d5919-5d56-4813-a34a-d1eb55788b20', nb_cfg=1, nb_cfg_timestamp=1784548441165) old=Chassis_Private(uuid=1c8cebf1-fcb7-4e0e-aa33-87bbdbbbbe31, external_ids={'neutron:ovn-bridge': 'br-int', 'neutron:ovn-neutron-agent-id': '425e6e49-1330-5d97-9f97-5b545a1f4722', 'neutron:ovn-neutron-agent-sb-cfg': '0'}) {{(pid=90697) matches /opt/stack/data/venv/lib/python3.12/site-packages/ovsdbapp/backend/ovs_idl/event.py:55}}
Jul 20 11:54:01.173123 np0000005498 devstack@neutron-api.service[90696]: DEBUG ovsdbapp.backend.ovs_idl.event [-] Matched UPDATE: ChassisOVNAgentWriteEvent(events=('create', 'update'), table='Chassis_Private', conditions=None, old_conditions=None), priority=20 to row=Chassis_Private(uuid=1c8cebf1-fcb7-4e0e-aa33-87bbdbbbbe31, chassis=156ce8e5-6cd4-41bb-a25f-af6da61eddc9, external_ids={'neutron:ovn-bridge': 'br-int', 'neutron:ovn-neutron-agent-id': '425e6e49-1330-5d97-9f97-5b545a1f4722', 'neutron:ovn-neutron-agent-sb-cfg': '1'}, name='928d5919-5d56-4813-a34a-d1eb55788b20', nb_cfg=1, nb_cfg_timestamp=1784548441165) old=Chassis_Private(uuid=1c8cebf1-fcb7-4e0e-aa33-87bbdbbbbe31, external_ids={'neutron:ovn-bridge': 'br-int', 'neutron:ovn-neutron-agent-id': '425e6e49-1330-5d97-9f97-5b545a1f4722', 'neutron:ovn-neutron-agent-sb-cfg': '0'}) {{(pid=90696) matches /opt/stack/data/venv/lib/python3.12/site-packages/ovsdbapp/backend/ovs_idl/event.py:55}}
Jul 20 11:54:01.173780 np0000005498 devstack@neutron-api.service[90698]: DEBUG neutron.plugins.ml2.drivers.ovn.mech_driver.ovsdb.ovsdb_monitor [-] Hash Ring: Node 7a8019c6ac915edfa47bc166bfb39faf (host: np0000005498) handling event "update" for row 355a128c-b07e-49fd-b614-8ae2f41121d5 (table: NB_Global) {{(pid=90698) notify /opt/stack/neutron/neutron/plugins/ml2/drivers/ovn/mech_driver/ovsdb/ovsdb_monitor.py:1009}}
Jul 20 11:54:01.174061 np0000005498 devstack@neutron-api.service[90695]: DEBUG neutron.plugins.ml2.drivers.ovn.mech_driver.ovsdb.ovsdb_monitor [-] Hash Ring: Node c33f2183c0165057bc8ba7ec7589244a (host: np0000005498) handling event "update" for row 355a128c-b07e-49fd-b614-8ae2f41121d5 (table: NB_Global) {{(pid=90695) notify /opt/stack/neutron/neutron/plugins/ml2/drivers/ovn/mech_driver/ovsdb/ovsdb_monitor.py:1009}}
Jul 20 11:54:01.175493 np0000005498 devstack@neutron-api.service[90698]: DEBUG neutron.common.ovn.hash_ring_manager [-] Allow caching, nodes 4>=4 {{(pid=90698) _wait_startup_before_caching /opt/stack/neutron/neutron/common/ovn/hash_ring_manager.py:71}}
Jul 20 11:54:01.175567 np0000005498 devstack@neutron-api.service[90695]: DEBUG ovsdbapp.backend.ovs_idl.event [-] Matched UPDATE: ChassisAgentWriteEvent(events=('create', 'update'), table='Chassis_Private', conditions=None, old_conditions=None), priority=20 to row=Chassis_Private(uuid=1c8cebf1-fcb7-4e0e-aa33-87bbdbbbbe31, chassis=156ce8e5-6cd4-41bb-a25f-af6da61eddc9, external_ids={'neutron:ovn-bridge': 'br-int', 'neutron:ovn-neutron-agent-id': '425e6e49-1330-5d97-9f97-5b545a1f4722', 'neutron:ovn-neutron-agent-sb-cfg': '0'}, name='928d5919-5d56-4813-a34a-d1eb55788b20', nb_cfg=1, nb_cfg_timestamp=1784548441165) old=Chassis_Private(uuid=1c8cebf1-fcb7-4e0e-aa33-87bbdbbbbe31, nb_cfg=0, nb_cfg_timestamp=0) {{(pid=90695) matches /opt/stack/data/venv/lib/python3.12/site-packages/ovsdbapp/backend/ovs_idl/event.py:55}}
Jul 20 11:54:01.175663 np0000005498 devstack@neutron-api.service[90698]: DEBUG neutron.plugins.ml2.drivers.ovn.mech_driver.ovsdb.ovsdb_monitor [-] Hash Ring: Node 7a8019c6ac915edfa47bc166bfb39faf (host: np0000005498) handling event "update" for row 1c8cebf1-fcb7-4e0e-aa33-87bbdbbbbe31 (table: Chassis_Private) {{(pid=90698) notify /opt/stack/neutron/neutron/plugins/ml2/drivers/ovn/mech_driver/ovsdb/ovsdb_monitor.py:1009}}
Jul 20 11:54:01.176514 np0000005498 devstack@neutron-api.service[90695]: DEBUG neutron.plugins.ml2.drivers.ovn.mech_driver.ovsdb.ovsdb_monitor [-] Hash Ring: Node c33f2183c0165057bc8ba7ec7589244a (host: np0000005498) handling event "update" for row 1c8cebf1-fcb7-4e0e-aa33-87bbdbbbbe31 (table: Chassis_Private) {{(pid=90695) notify /opt/stack/neutron/neutron/plugins/ml2/drivers/ovn/mech_driver/ovsdb/ovsdb_monitor.py:1009}}
Jul 20 11:54:01.176874 np0000005498 devstack@neutron-api.service[90698]: DEBUG ovsdbapp.backend.ovs_idl.event [-] Matched UPDATE: ChassisOVNAgentWriteEvent(events=('create', 'update'), table='Chassis_Private', conditions=None, old_conditions=None), priority=20 to row=Chassis_Private(uuid=1c8cebf1-fcb7-4e0e-aa33-87bbdbbbbe31, chassis=156ce8e5-6cd4-41bb-a25f-af6da61eddc9, external_ids={'neutron:ovn-bridge': 'br-int', 'neutron:ovn-neutron-agent-id': '425e6e49-1330-5d97-9f97-5b545a1f4722', 'neutron:ovn-neutron-agent-sb-cfg': '1'}, name='928d5919-5d56-4813-a34a-d1eb55788b20', nb_cfg=1, nb_cfg_timestamp=1784548441165) old=Chassis_Private(uuid=1c8cebf1-fcb7-4e0e-aa33-87bbdbbbbe31, external_ids={'neutron:ovn-bridge': 'br-int', 'neutron:ovn-neutron-agent-id': '425e6e49-1330-5d97-9f97-5b545a1f4722', 'neutron:ovn-neutron-agent-sb-cfg': '0'}) {{(pid=90698) matches /opt/stack/data/venv/lib/python3.12/site-packages/ovsdbapp/backend/ovs_idl/event.py:55}}
Jul 20 11:54:01.177124 np0000005498 devstack@neutron-api.service[90698]: DEBUG neutron.plugins.ml2.drivers.ovn.mech_driver.ovsdb.ovsdb_monitor [-] Hash Ring: Node 7a8019c6ac915edfa47bc166bfb39faf (host: np0000005498) handling event "update" for row 1c8cebf1-fcb7-4e0e-aa33-87bbdbbbbe31 (table: Chassis_Private) {{(pid=90698) notify /opt/stack/neutron/neutron/plugins/ml2/drivers/ovn/mech_driver/ovsdb/ovsdb_monitor.py:1009}}
Jul 20 11:54:01.177279 np0000005498 devstack@neutron-api.service[90695]: DEBUG neutron.plugins.ml2.drivers.ovn.mech_driver.ovsdb.ovsdb_monitor [-] Hash Ring: Node c33f2183c0165057bc8ba7ec7589244a (host: np0000005498) handling event "update" for row 355a128c-b07e-49fd-b614-8ae2f41121d5 (table: NB_Global) {{(pid=90695) notify /opt/stack/neutron/neutron/plugins/ml2/drivers/ovn/mech_driver/ovsdb/ovsdb_monitor.py:1009}}
Jul 20 11:54:01.179721 np0000005498 devstack@neutron-api.service[90695]: DEBUG ovsdbapp.backend.ovs_idl.event [-] Matched UPDATE: ChassisOVNAgentWriteEvent(events=('create', 'update'), table='Chassis_Private', conditions=None, old_conditions=None), priority=20 to row=Chassis_Private(uuid=1c8cebf1-fcb7-4e0e-aa33-87bbdbbbbe31, chassis=156ce8e5-6cd4-41bb-a25f-af6da61eddc9, external_ids={'neutron:ovn-bridge': 'br-int', 'neutron:ovn-neutron-agent-id': '425e6e49-1330-5d97-9f97-5b545a1f4722', 'neutron:ovn-neutron-agent-sb-cfg': '1'}, name='928d5919-5d56-4813-a34a-d1eb55788b20', nb_cfg=1, nb_cfg_timestamp=1784548441165) old=Chassis_Private(uuid=1c8cebf1-fcb7-4e0e-aa33-87bbdbbbbe31, external_ids={'neutron:ovn-bridge': 'br-int', 'neutron:ovn-neutron-agent-id': '425e6e49-1330-5d97-9f97-5b545a1f4722', 'neutron:ovn-neutron-agent-sb-cfg': '0'}) {{(pid=90695) matches /opt/stack/data/venv/lib/python3.12/site-packages/ovsdbapp/backend/ovs_idl/event.py:55}}
Jul 20 11:54:01.180733 np0000005498 devstack@neutron-api.service[90695]: DEBUG neutron.plugins.ml2.drivers.ovn.mech_driver.ovsdb.ovsdb_monitor [-] Hash Ring: Node c33f2183c0165057bc8ba7ec7589244a (host: np0000005498) handling event "update" for row 1c8cebf1-fcb7-4e0e-aa33-87bbdbbbbe31 (table: Chassis_Private) {{(pid=90695) notify /opt/stack/neutron/neutron/plugins/ml2/drivers/ovn/mech_driver/ovsdb/ovsdb_monitor.py:1009}}
Jul 20 11:54:01.217027 np0000005498 devstack@neutron-api.service[90695]: DEBUG neutron.plugins.ml2.drivers.helpers [None req-f13c6dfa-6df7-45c1-96fa-8a65b49aae05 admin admin] geneve segment allocate from pool success with {'geneve_vni': 39040} {{(pid=90695) allocate_partially_specified_segment /opt/stack/neutron/neutron/plugins/ml2/drivers/helpers.py:142}}
Jul 20 11:54:01.227595 np0000005498 devstack@neutron-api.service[90695]: DEBUG neutron_lib.callbacks.manager [None req-f13c6dfa-6df7-45c1-96fa-8a65b49aae05 admin admin] Publish callbacks ['neutron.services.segments.db._add_segment_host_mapping_for_segment-7834136550684', 'neutron.plugins.ml2.plugin.Ml2Plugin._handle_segment_change-40321'] for segment (7a793dcb-1f05-4e54-ad68-439ea7389fd0), precommit_create {{(pid=90695) _notify_loop /opt/stack/data/venv/lib/python3.12/site-packages/neutron_lib/callbacks/manager.py:184}}
Jul 20 11:54:01.227784 np0000005498 devstack@neutron-api.service[90695]: INFO neutron.db.segments_db [None req-f13c6dfa-6df7-45c1-96fa-8a65b49aae05 admin admin] Added segment 7a793dcb-1f05-4e54-ad68-439ea7389fd0 of type geneve for network 619694b9-15f1-4464-86d4-da1c0c47ae2c
Jul 20 11:54:01.267940 np0000005498 devstack@neutron-api.service[90695]: DEBUG neutron_lib.callbacks.manager [None req-f13c6dfa-6df7-45c1-96fa-8a65b49aae05 admin admin] Publish callbacks ['neutron.services.auto_allocate.db._ensure_external_network_default_value_callback-7834133923570'] for network (619694b9-15f1-4464-86d4-da1c0c47ae2c), precommit_create {{(pid=90695) _notify_loop /opt/stack/data/venv/lib/python3.12/site-packages/neutron_lib/callbacks/manager.py:184}}
Jul 20 11:54:01.283758 np0000005498 devstack@neutron-api.service[90695]: DEBUG neutron.plugins.ml2.drivers.ovn.mech_driver.mech_driver [None req-f13c6dfa-6df7-45c1-96fa-8a65b49aae05 admin admin] Validating network segment with type geneve, segmentation ID 39040, physical network None {{(pid=90695) _validate_network_segments /opt/stack/neutron/neutron/plugins/ml2/drivers/ovn/mech_driver/mech_driver.py:646}}
Jul 20 11:54:01.283867 np0000005498 devstack@neutron-api.service[90695]: DEBUG neutron.db.ovn_revision_numbers_db [None req-f13c6dfa-6df7-45c1-96fa-8a65b49aae05 admin admin] create_initial_revision uuid=619694b9-15f1-4464-86d4-da1c0c47ae2c, type=networks, rev=-1 {{(pid=90695) create_initial_revision /opt/stack/neutron/neutron/db/ovn_revision_numbers_db.py:98}}
Jul 20 11:54:01.297440 np0000005498 devstack@neutron-api.service[90695]: DEBUG neutron_lib.callbacks.manager [None req-f13c6dfa-6df7-45c1-96fa-8a65b49aae05 admin admin] Publish callbacks ['neutron.plugins.ml2.ovo_rpc._ObjectChangeHandler.handle_event-3561403'] for network (619694b9-15f1-4464-86d4-da1c0c47ae2c), after_create {{(pid=90695) _notify_loop /opt/stack/data/venv/lib/python3.12/site-packages/neutron_lib/callbacks/manager.py:184}}
Jul 20 11:54:01.344611 np0000005498 devstack@neutron-api.service[90695]: DEBUG neutron.api.rpc.handlers.resources_rpc [None req-f13c6dfa-6df7-45c1-96fa-8a65b49aae05 admin admin] Pushing event updated for resources: {'Network': ['ID=619694b9-15f1-4464-86d4-da1c0c47ae2c,revision_number=1']} {{(pid=90695) push /opt/stack/neutron/neutron/api/rpc/handlers/resources_rpc.py:237}}
Jul 20 11:54:01.351437 np0000005498 devstack@neutron-api.service[90695]: DEBUG ovsdbapp.backend.ovs_idl.transaction [-] Running txn n=1 command(idx=0): AddNetworkCommand(_result=None, network_uuid=619694b9-15f1-4464-86d4-da1c0c47ae2c, may_exist=True, columns={'external_ids': {'neutron:network_name': 'private', 'neutron:mtu': '1372', 'neutron:revision_number': '1', 'neutron:availability_zone_hints': '', 'neutron:provnet-network-type': 'geneve'}, 'other_config': {'mcast_snoop': 'false', 'mcast_flood_unregistered': 'false', 'vlan-passthru': 'false'}}) {{(pid=90695) do_commit /opt/stack/data/venv/lib/python3.12/site-packages/ovsdbapp/backend/ovs_idl/transaction.py:89}}
Jul 20 11:54:01.351882 np0000005498 devstack@neutron-api.service[90695]: DEBUG neutron.common.ovn.utils [-] OVS persist_uuid supported=True {{(pid=90695) ovs_persist_uuid_supported /opt/stack/neutron/neutron/common/ovn/utils.py:1564}}
Jul 20 11:54:01.354987 np0000005498 devstack@neutron-api.service[90698]: DEBUG neutron.plugins.ml2.drivers.ovn.mech_driver.ovsdb.ovsdb_monitor [-] Hash Ring: Node 7a8019c6ac915edfa47bc166bfb39faf (host: np0000005498) handling event "create" for row 619694b9-15f1-4464-86d4-da1c0c47ae2c (table: Logical_Switch) {{(pid=90698) notify /opt/stack/neutron/neutron/plugins/ml2/drivers/ovn/mech_driver/ovsdb/ovsdb_monitor.py:1009}}
Jul 20 11:54:01.355060 np0000005498 devstack@neutron-api.service[90697]: DEBUG neutron.plugins.ml2.drivers.ovn.mech_driver.ovsdb.ovsdb_monitor [-] Hash Ring: Node 655b240e1e0a575cb0fe9cfa7736ce8b (host: np0000005498) handling event "create" for row 619694b9-15f1-4464-86d4-da1c0c47ae2c (table: Logical_Switch) {{(pid=90697) notify /opt/stack/neutron/neutron/plugins/ml2/drivers/ovn/mech_driver/ovsdb/ovsdb_monitor.py:1009}}
Jul 20 11:54:01.358424 np0000005498 devstack@neutron-api.service[90698]: DEBUG neutron.plugins.ml2.drivers.ovn.mech_driver.ovsdb.ovsdb_monitor [-] Hash Ring: Node 7a8019c6ac915edfa47bc166bfb39faf (host: np0000005498) handling event "create" for row d04b004a-5521-4bd8-b7d3-b0d6c750c0e6 (table: Datapath_Binding) {{(pid=90698) notify /opt/stack/neutron/neutron/plugins/ml2/drivers/ovn/mech_driver/ovsdb/ovsdb_monitor.py:1009}}
Jul 20 11:54:01.384299 np0000005498 devstack@neutron-api.service[90695]: INFO neutron.db.ovn_revision_numbers_db [None req-f13c6dfa-6df7-45c1-96fa-8a65b49aae05 admin admin] Successfully bumped revision number for resource 619694b9-15f1-4464-86d4-da1c0c47ae2c (type: networks) to 1
Jul 20 11:54:01.442229 np0000005498 devstack@neutron-api.service[90695]: DEBUG neutron_lib.callbacks.manager [None req-f13c6dfa-6df7-45c1-96fa-8a65b49aae05 admin admin] Publish callbacks ['neutron.plugins.ml2.plugin.SecurityGroupDbMixin._ensure_default_security_group_handler-474845'] for port (None), before_create {{(pid=90695) _notify_loop /opt/stack/data/venv/lib/python3.12/site-packages/neutron_lib/callbacks/manager.py:184}}
Jul 20 11:54:01.721979 np0000005498 devstack@neutron-api.service[90695]: DEBUG neutron_lib.callbacks.manager [None req-f13c6dfa-6df7-45c1-96fa-8a65b49aae05 admin admin] Publish callbacks ['neutron.plugins.ml2.drivers.ovn.mech_driver.mech_driver.OVNMechanismDriver._validate_allowed_address_pairs-908701'] for allowed_address_pair (34b11b68-b5f0-4697-a1bd-0ad2fbc7a336), before_create {{(pid=90695) _notify_loop /opt/stack/data/venv/lib/python3.12/site-packages/neutron_lib/callbacks/manager.py:184}}
Jul 20 11:54:01.722399 np0000005498 devstack@neutron-api.service[90695]: DEBUG neutron_lib.callbacks.manager [None req-f13c6dfa-6df7-45c1-96fa-8a65b49aae05 admin admin] Publish callbacks [] for port (34b11b68-b5f0-4697-a1bd-0ad2fbc7a336), precommit_create {{(pid=90695) _notify_loop /opt/stack/data/venv/lib/python3.12/site-packages/neutron_lib/callbacks/manager.py:184}}
Jul 20 11:54:01.722583 np0000005498 devstack@neutron-api.service[90695]: DEBUG neutron.plugins.ml2.drivers.ovn.mech_driver.mech_driver [None req-f13c6dfa-6df7-45c1-96fa-8a65b49aae05 admin admin] No provisioning block for port 34b11b68-b5f0-4697-a1bd-0ad2fbc7a336 since it does not have a host {{(pid=90695) _is_port_provisioning_required /opt/stack/neutron/neutron/plugins/ml2/drivers/ovn/mech_driver/mech_driver.py:899}}
Jul 20 11:54:01.722684 np0000005498 devstack@neutron-api.service[90695]: DEBUG neutron.db.ovn_revision_numbers_db [None req-f13c6dfa-6df7-45c1-96fa-8a65b49aae05 admin admin] create_initial_revision uuid=34b11b68-b5f0-4697-a1bd-0ad2fbc7a336, type=ports, rev=-1 {{(pid=90695) create_initial_revision /opt/stack/neutron/neutron/db/ovn_revision_numbers_db.py:98}}
Jul 20 11:54:01.774111 np0000005498 devstack@neutron-api.service[90695]: DEBUG neutron_lib.callbacks.manager [None req-f13c6dfa-6df7-45c1-96fa-8a65b49aae05 admin admin] Publish callbacks ['neutron.plugins.ml2.ovo_rpc._ObjectChangeHandler.handle_event-3561354'] for port (34b11b68-b5f0-4697-a1bd-0ad2fbc7a336), after_create {{(pid=90695) _notify_loop /opt/stack/data/venv/lib/python3.12/site-packages/neutron_lib/callbacks/manager.py:184}}
Jul 20 11:54:01.821350 np0000005498 devstack@neutron-api.service[90695]: DEBUG neutron.api.rpc.handlers.resources_rpc [None req-f13c6dfa-6df7-45c1-96fa-8a65b49aae05 admin admin] Pushing event updated for resources: {'Port': ['ID=34b11b68-b5f0-4697-a1bd-0ad2fbc7a336,revision_number=1']} {{(pid=90695) push /opt/stack/neutron/neutron/api/rpc/handlers/resources_rpc.py:237}}
