Jun 11 23:08:07.002588 np0000002687 devstack@g-api.service[102115]: DEBUG glance_store.capabilities [-] Store glance_store._drivers.swift.store.SingleTenantStore doesn't support updating dynamic storage capabilities. Please overwrite 'update_capabilities' method of the store to implement updating logics if needed. {{(pid=102115) update_capabilities /opt/stack/data/venv/lib/python3.12/site-packages/glance_store/capabilities.py:91}}
Jun 11 23:08:07.002644 np0000002687 devstack@g-api.service[102115]: DEBUG glance_store.backend [-] Registering store swift with schemes ('swift+https', 'swift', 'swift+http', 'swift+config') {{(pid=102115) create_stores /opt/stack/data/venv/lib/python3.12/site-packages/glance_store/backend.py:261}}
Jun 11 23:08:07.002680 np0000002687 devstack@g-api.service[102115]: DEBUG glance_store.driver [-] Late loading location class glance_store._drivers.swift.store.StoreLocation {{(pid=102115) get_store_location_class /opt/stack/data/venv/lib/python3.12/site-packages/glance_store/driver.py:134}}
Jun 11 23:08:07.002752 np0000002687 devstack@g-api.service[102115]: DEBUG glance_store.location [-] Registering scheme swift+https with {'store': , 'location_class': , 'store_entry': 'swift'} {{(pid=102115) register_scheme_map /opt/stack/data/venv/lib/python3.12/site-packages/glance_store/location.py:146}}
Jun 11 23:08:07.002831 np0000002687 devstack@g-api.service[102115]: DEBUG glance_store.location [-] Registering scheme swift with {'store': , 'location_class': , 'store_entry': 'swift'} {{(pid=102115) register_scheme_map /opt/stack/data/venv/lib/python3.12/site-packages/glance_store/location.py:146}}
Jun 11 23:08:07.002872 np0000002687 devstack@g-api.service[102115]: DEBUG glance_store.location [-] Registering scheme swift+http with {'store': , 'location_class': , 'store_entry': 'swift'} {{(pid=102115) register_scheme_map /opt/stack/data/venv/lib/python3.12/site-packages/glance_store/location.py:146}}
Jun 11 23:08:07.002970 np0000002687 devstack@g-api.service[102115]: DEBUG glance_store.location [-] Registering scheme swift+config with {'store': , 'location_class': , 'store_entry': 'swift'} {{(pid=102115) register_scheme_map /opt/stack/data/venv/lib/python3.12/site-packages/glance_store/location.py:146}}
Jun 11 23:08:07.003033 np0000002687 devstack@g-api.service[102115]: DEBUG glance_store.backend [-] Attempting to import store http {{(pid=102115) _load_store /opt/stack/data/venv/lib/python3.12/site-packages/glance_store/backend.py:215}}
Jun 11 23:08:07.003275 np0000002687 devstack@g-api.service[102115]: DEBUG glance_store.capabilities [-] Store glance_store._drivers.http.Store doesn't support updating dynamic storage capabilities. Please overwrite 'update_capabilities' method of the store to implement updating logics if needed. {{(pid=102115) update_capabilities /opt/stack/data/venv/lib/python3.12/site-packages/glance_store/capabilities.py:91}}
Jun 11 23:08:07.003335 np0000002687 devstack@g-api.service[102115]: DEBUG glance_store.backend [-] Registering store http with schemes ('http', 'https') {{(pid=102115) create_stores /opt/stack/data/venv/lib/python3.12/site-packages/glance_store/backend.py:261}}
Jun 11 23:08:07.003421 np0000002687 devstack@g-api.service[102115]: DEBUG glance_store.driver [-] Late loading location class glance_store._drivers.http.StoreLocation {{(pid=102115) get_store_location_class /opt/stack/data/venv/lib/python3.12/site-packages/glance_store/driver.py:134}}
Jun 11 23:08:07.003503 np0000002687 devstack@g-api.service[102115]: DEBUG glance_store.location [-] Registering scheme http with {'store': , 'location_class': , 'store_entry': 'http'} {{(pid=102115) register_scheme_map /opt/stack/data/venv/lib/python3.12/site-packages/glance_store/location.py:146}}
Jun 11 23:08:07.003583 np0000002687 devstack@g-api.service[102115]: DEBUG glance_store.location [-] Registering scheme https with {'store': , 'location_class': , 'store_entry': 'http'} {{(pid=102115) register_scheme_map /opt/stack/data/venv/lib/python3.12/site-packages/glance_store/location.py:146}}
Jun 11 23:08:07.003721 np0000002687 devstack@g-api.service[102115]: DEBUG glance_store.backend [-] Attempting to import store swift {{(pid=102115) _load_store /opt/stack/data/venv/lib/python3.12/site-packages/glance_store/backend.py:215}}
Jun 11 23:08:07.004897 np0000002687 devstack@g-api.service[102115]: DEBUG glance_store.capabilities [-] Store glance_store._drivers.swift.store.SingleTenantStore doesn't support updating dynamic storage capabilities. Please overwrite 'update_capabilities' method of the store to implement updating logics if needed. {{(pid=102115) update_capabilities /opt/stack/data/venv/lib/python3.12/site-packages/glance_store/capabilities.py:91}}
Jun 11 23:08:07.004957 np0000002687 devstack@g-api.service[102115]: DEBUG glance_store.driver [-] Late loading location class glance_store._drivers.swift.store.StoreLocation {{(pid=102115) get_store_location_class /opt/stack/data/venv/lib/python3.12/site-packages/glance_store/driver.py:134}}
Jun 11 23:08:07.005054 np0000002687 devstack@g-api.service[102115]: DEBUG glance_store.location [-] Registering scheme swift+https with {'store': , 'location_class': , 'store_entry': 'swift'} {{(pid=102115) register_scheme_map /opt/stack/data/venv/lib/python3.12/site-packages/glance_store/location.py:146}}
Jun 11 23:08:07.005119 np0000002687 devstack@g-api.service[102115]: DEBUG glance_store.location [-] Registering scheme swift+https with {'store': , 'location_class': , 'store_entry': 'swift'} {{(pid=102115) register_scheme_map /opt/stack/data/venv/lib/python3.12/site-packages/glance_store/location.py:146}}
Jun 11 23:08:07.005208 np0000002687 devstack@g-api.service[102115]: DEBUG glance_store.location [-] Registering scheme swift with {'store': , 'location_class': , 'store_entry': 'swift'} {{(pid=102115) register_scheme_map /opt/stack/data/venv/lib/python3.12/site-packages/glance_store/location.py:146}}
Jun 11 23:08:07.005285 np0000002687 devstack@g-api.service[102115]: DEBUG glance_store.location [-] Registering scheme swift+https with {'store': , 'location_class': , 'store_entry': 'swift'} {{(pid=102115) register_scheme_map /opt/stack/data/venv/lib/python3.12/site-packages/glance_store/location.py:146}}
Jun 11 23:08:07.005373 np0000002687 devstack@g-api.service[102115]: DEBUG glance_store.location [-] Registering scheme swift with {'store': , 'location_class': , 'store_entry': 'swift'} {{(pid=102115) register_scheme_map /opt/stack/data/venv/lib/python3.12/site-packages/glance_store/location.py:146}}
Jun 11 23:08:07.005442 np0000002687 devstack@g-api.service[102115]: DEBUG glance_store.location [-] Registering scheme swift+http with {'store': , 'location_class': , 'store_entry': 'swift'} {{(pid=102115) register_scheme_map /opt/stack/data/venv/lib/python3.12/site-packages/glance_store/location.py:146}}
Jun 11 23:08:07.005522 np0000002687 devstack@g-api.service[102115]: DEBUG glance_store.location [-] Registering scheme swift+https with {'store': , 'location_class': , 'store_entry': 'swift'} {{(pid=102115) register_scheme_map /opt/stack/data/venv/lib/python3.12/site-packages/glance_store/location.py:146}}
Jun 11 23:08:07.005598 np0000002687 devstack@g-api.service[102115]: DEBUG glance_store.location [-] Registering scheme swift with {'store': , 'location_class': , 'store_entry': 'swift'} {{(pid=102115) register_scheme_map /opt/stack/data/venv/lib/python3.12/site-packages/glance_store/location.py:146}}
Jun 11 23:08:07.005679 np0000002687 devstack@g-api.service[102115]: DEBUG glance_store.location [-] Registering scheme swift+http with {'store': , 'location_class': , 'store_entry': 'swift'} {{(pid=102115) register_scheme_map /opt/stack/data/venv/lib/python3.12/site-packages/glance_store/location.py:146}}
Jun 11 23:08:07.005754 np0000002687 devstack@g-api.service[102115]: DEBUG glance_store.location [-] Registering scheme swift+config with {'store': , 'location_class': , 'store_entry': 'swift'} {{(pid=102115) register_scheme_map /opt/stack/data/venv/lib/python3.12/site-packages/glance_store/location.py:146}}
Jun 11 23:08:07.006092 np0000002687 devstack@g-api.service[102115]: DEBUG glance.sqlite_migration [-] SQLite caching database not located, skipping migration {{(pid=102115) get_db_path /opt/stack/glance/glance/sqlite_migration.py:68}}
Jun 11 23:08:07.006295 np0000002687 devstack@g-api.service[102115]: WARNING glance.common.wsgi_app [-] Import methods are enabled but staging directory /tmp/staging/ does not exist; Imports will fail!
Jun 11 23:08:07.236415 np0000002687 devstack@g-api.service[102116]: DEBUG glance.common.config [None req-3ec0e0fd-7802-4a62-84e6-b54000a85e01 None None] Loading glance-api-keystone+cachemanagement from /etc/glance/glance-api-paste.ini {{(pid=102116) load_paste_app /opt/stack/glance/glance/common/config.py:758}}
Jun 11 23:08:07.264890 np0000002687 devstack@g-api.service[102115]: DEBUG glance.common.config [None req-068c216f-6dcc-483d-a9b5-fbb232988b91 None None] Loading glance-api-keystone+cachemanagement from /etc/glance/glance-api-paste.ini {{(pid=102115) load_paste_app /opt/stack/glance/glance/common/config.py:758}}
Jun 11 23:08:07.271021 np0000002687 devstack@g-api.service[102117]: DEBUG glance.common.config [None req-98838706-7c11-4ee6-92b6-8477f34f0338 None None] Loading glance-api-keystone+cachemanagement from /etc/glance/glance-api-paste.ini {{(pid=102117) load_paste_app /opt/stack/glance/glance/common/config.py:758}}
Jun 11 23:08:07.833487 np0000002687 devstack@g-api.service[102116]: INFO glance.image_cache [None req-3ec0e0fd-7802-4a62-84e6-b54000a85e01 None None] Image cache loaded driver 'centralized_db'.
Jun 11 23:08:07.841318 np0000002687 devstack@g-api.service[102117]: INFO glance.image_cache [None req-98838706-7c11-4ee6-92b6-8477f34f0338 None None] Image cache loaded driver 'centralized_db'.
Jun 11 23:08:07.843615 np0000002687 devstack@g-api.service[102115]: INFO glance.image_cache [None req-068c216f-6dcc-483d-a9b5-fbb232988b91 None None] Image cache loaded driver 'centralized_db'.
Jun 11 23:08:07.877823 np0000002687 devstack@g-api.service[102116]: INFO dbcounter [None req-3ec0e0fd-7802-4a62-84e6-b54000a85e01 None None] Registered counter for database glance
Jun 11 23:08:07.885359 np0000002687 devstack@g-api.service[102115]: INFO dbcounter [None req-068c216f-6dcc-483d-a9b5-fbb232988b91 None None] Registered counter for database glance
Jun 11 23:08:07.889864 np0000002687 devstack@g-api.service[102117]: INFO dbcounter [None req-98838706-7c11-4ee6-92b6-8477f34f0338 None None] Registered counter for database glance
Jun 11 23:08:07.929229 np0000002687 devstack@g-api.service[102116]: DEBUG oslo_db.sqlalchemy.engines [None req-3ec0e0fd-7802-4a62-84e6-b54000a85e01 None None] MySQL server mode set to STRICT_TRANS_TABLES,STRICT_ALL_TABLES,NO_ZERO_IN_DATE,NO_ZERO_DATE,ERROR_FOR_DIVISION_BY_ZERO,TRADITIONAL,NO_ENGINE_SUBSTITUTION {{(pid=102116) _check_effective_sql_mode /opt/stack/data/venv/lib/python3.12/site-packages/oslo_db/sqlalchemy/engines.py:325}}
Jun 11 23:08:07.929637 np0000002687 devstack@g-api.service[102115]: DEBUG oslo_db.sqlalchemy.engines [None req-068c216f-6dcc-483d-a9b5-fbb232988b91 None None] MySQL server mode set to STRICT_TRANS_TABLES,STRICT_ALL_TABLES,NO_ZERO_IN_DATE,NO_ZERO_DATE,ERROR_FOR_DIVISION_BY_ZERO,TRADITIONAL,NO_ENGINE_SUBSTITUTION {{(pid=102115) _check_effective_sql_mode /opt/stack/data/venv/lib/python3.12/site-packages/oslo_db/sqlalchemy/engines.py:325}}
Jun 11 23:08:07.938692 np0000002687 devstack@g-api.service[102117]: DEBUG oslo_db.sqlalchemy.engines [None req-98838706-7c11-4ee6-92b6-8477f34f0338 None None] MySQL server mode set to STRICT_TRANS_TABLES,STRICT_ALL_TABLES,NO_ZERO_IN_DATE,NO_ZERO_DATE,ERROR_FOR_DIVISION_BY_ZERO,TRADITIONAL,NO_ENGINE_SUBSTITUTION {{(pid=102117) _check_effective_sql_mode /opt/stack/data/venv/lib/python3.12/site-packages/oslo_db/sqlalchemy/engines.py:325}}
Jun 11 23:08:07.950650 np0000002687 devstack@g-api.service[102115]: DEBUG dbcounter [-] [102115] Writer thread running {{(pid=102115) stat_writer /opt/stack/data/venv/lib/python3.12/site-packages/dbcounter.py:102}}
Jun 11 23:08:07.952057 np0000002687 devstack@g-api.service[102116]: DEBUG dbcounter [-] [102116] Writer thread running {{(pid=102116) stat_writer /opt/stack/data/venv/lib/python3.12/site-packages/dbcounter.py:102}}
Jun 11 23:08:07.956013 np0000002687 devstack@g-api.service[102116]: DEBUG glance.image_cache.drivers.centralized_db [None req-3ec0e0fd-7802-4a62-84e6-b54000a85e01 None None] Node reference is already recorded, ignoring it {{(pid=102116) configure /opt/stack/glance/glance/image_cache/drivers/centralized_db.py:71}}
Jun 11 23:08:07.958949 np0000002687 devstack@g-api.service[102117]: DEBUG dbcounter [-] [102117] Writer thread running {{(pid=102117) stat_writer /opt/stack/data/venv/lib/python3.12/site-packages/dbcounter.py:102}}
Jun 11 23:08:07.961365 np0000002687 devstack@g-api.service[102117]: DEBUG glance.image_cache.drivers.centralized_db [None req-98838706-7c11-4ee6-92b6-8477f34f0338 None None] Node reference is already recorded, ignoring it {{(pid=102117) configure /opt/stack/glance/glance/image_cache/drivers/centralized_db.py:71}}
Jun 11 23:08:07.961720 np0000002687 devstack@g-api.service[102116]: INFO glance.image_cache [None req-3ec0e0fd-7802-4a62-84e6-b54000a85e01 None None] Image cache loaded driver 'centralized_db'.
Jun 11 23:08:07.961887 np0000002687 devstack@g-api.service[102115]: INFO glance.image_cache [None req-068c216f-6dcc-483d-a9b5-fbb232988b91 None None] Image cache loaded driver 'centralized_db'.
Jun 11 23:08:07.966124 np0000002687 devstack@g-api.service[102117]: INFO glance.image_cache [None req-98838706-7c11-4ee6-92b6-8477f34f0338 None None] Image cache loaded driver 'centralized_db'.
Jun 11 23:08:07.968952 np0000002687 devstack@g-api.service[102116]: DEBUG glance.image_cache.drivers.centralized_db [None req-3ec0e0fd-7802-4a62-84e6-b54000a85e01 None None] Node reference is already recorded, ignoring it {{(pid=102116) configure /opt/stack/glance/glance/image_cache/drivers/centralized_db.py:71}}
Jun 11 23:08:07.970596 np0000002687 devstack@g-api.service[102115]: DEBUG glance.image_cache.drivers.centralized_db [None req-068c216f-6dcc-483d-a9b5-fbb232988b91 None None] Node reference is already recorded, ignoring it {{(pid=102115) configure /opt/stack/glance/glance/image_cache/drivers/centralized_db.py:71}}
Jun 11 23:08:07.971760 np0000002687 devstack@g-api.service[102117]: DEBUG glance.image_cache.drivers.centralized_db [None req-98838706-7c11-4ee6-92b6-8477f34f0338 None None] Node reference is already recorded, ignoring it {{(pid=102117) configure /opt/stack/glance/glance/image_cache/drivers/centralized_db.py:71}}
Jun 11 23:08:07.973586 np0000002687 devstack@g-api.service[102116]: DEBUG glance.api.v2.cached_images [None req-3ec0e0fd-7802-4a62-84e6-b54000a85e01 None None] Started cache worker thread {{(pid=102116) __init__ /opt/stack/glance/glance/api/v2/cached_images.py:69}}
Jun 11 23:08:07.974161 np0000002687 devstack@g-api.service[102116]: INFO glance.image_cache [None req-3ec0e0fd-7802-4a62-84e6-b54000a85e01 None None] Image cache loaded driver 'centralized_db'.
Jun 11 23:08:07.975907 np0000002687 devstack@g-api.service[102117]: DEBUG glance.api.v2.cached_images [None req-98838706-7c11-4ee6-92b6-8477f34f0338 None None] Started cache worker thread {{(pid=102117) __init__ /opt/stack/glance/glance/api/v2/cached_images.py:69}}
Jun 11 23:08:07.976368 np0000002687 devstack@g-api.service[102117]: INFO glance.image_cache [None req-98838706-7c11-4ee6-92b6-8477f34f0338 None None] Image cache loaded driver 'centralized_db'.
Jun 11 23:08:07.977147 np0000002687 devstack@g-api.service[102115]: DEBUG glance.api.v2.cached_images [None req-068c216f-6dcc-483d-a9b5-fbb232988b91 None None] Started cache worker thread {{(pid=102115) __init__ /opt/stack/glance/glance/api/v2/cached_images.py:69}}
Jun 11 23:08:07.977943 np0000002687 devstack@g-api.service[102115]: INFO glance.image_cache [None req-068c216f-6dcc-483d-a9b5-fbb232988b91 None None] Image cache loaded driver 'centralized_db'.
Jun 11 23:08:07.980134 np0000002687 devstack@g-api.service[102116]: DEBUG glance.image_cache.drivers.centralized_db [None req-3ec0e0fd-7802-4a62-84e6-b54000a85e01 None None] Node reference is already recorded, ignoring it {{(pid=102116) configure /opt/stack/glance/glance/image_cache/drivers/centralized_db.py:71}}
Jun 11 23:08:07.981810 np0000002687 devstack@g-api.service[102117]: DEBUG glance.image_cache.drivers.centralized_db [None req-98838706-7c11-4ee6-92b6-8477f34f0338 None None] Node reference is already recorded, ignoring it {{(pid=102117) configure /opt/stack/glance/glance/image_cache/drivers/centralized_db.py:71}}
Jun 11 23:08:07.984266 np0000002687 devstack@g-api.service[102116]: INFO glance.api.middleware.cache_manage [None req-3ec0e0fd-7802-4a62-84e6-b54000a85e01 None None] Initialized image cache management middleware
Jun 11 23:08:07.984413 np0000002687 devstack@g-api.service[102116]: INFO glance.image_cache [None req-3ec0e0fd-7802-4a62-84e6-b54000a85e01 None None] Image cache loaded driver 'centralized_db'.
Jun 11 23:08:07.985595 np0000002687 devstack@g-api.service[102117]: INFO glance.api.middleware.cache_manage [None req-98838706-7c11-4ee6-92b6-8477f34f0338 None None] Initialized image cache management middleware
Jun 11 23:08:07.985732 np0000002687 devstack@g-api.service[102117]: INFO glance.image_cache [None req-98838706-7c11-4ee6-92b6-8477f34f0338 None None] Image cache loaded driver 'centralized_db'.
Jun 11 23:08:07.985972 np0000002687 devstack@g-api.service[102115]: DEBUG glance.image_cache.drivers.centralized_db [None req-068c216f-6dcc-483d-a9b5-fbb232988b91 None None] Node reference is already recorded, ignoring it {{(pid=102115) configure /opt/stack/glance/glance/image_cache/drivers/centralized_db.py:71}}
Jun 11 23:08:07.990480 np0000002687 devstack@g-api.service[102116]: DEBUG glance.image_cache.drivers.centralized_db [None req-3ec0e0fd-7802-4a62-84e6-b54000a85e01 None None] Node reference is already recorded, ignoring it {{(pid=102116) configure /opt/stack/glance/glance/image_cache/drivers/centralized_db.py:71}}
Jun 11 23:08:07.991301 np0000002687 devstack@g-api.service[102117]: DEBUG glance.image_cache.drivers.centralized_db [None req-98838706-7c11-4ee6-92b6-8477f34f0338 None None] Node reference is already recorded, ignoring it {{(pid=102117) configure /opt/stack/glance/glance/image_cache/drivers/centralized_db.py:71}}
Jun 11 23:08:07.992358 np0000002687 devstack@g-api.service[102115]: INFO glance.api.middleware.cache_manage [None req-068c216f-6dcc-483d-a9b5-fbb232988b91 None None] Initialized image cache management middleware
Jun 11 23:08:07.992531 np0000002687 devstack@g-api.service[102115]: INFO glance.image_cache [None req-068c216f-6dcc-483d-a9b5-fbb232988b91 None None] Image cache loaded driver 'centralized_db'.
Jun 11 23:08:07.993748 np0000002687 devstack@g-api.service[102116]: INFO glance.api.middleware.cache [None req-3ec0e0fd-7802-4a62-84e6-b54000a85e01 None None] Initialized image cache middleware
Jun 11 23:08:07.995320 np0000002687 devstack@g-api.service[102117]: INFO glance.api.middleware.cache [None req-98838706-7c11-4ee6-92b6-8477f34f0338 None None] Initialized image cache middleware
Jun 11 23:08:08.000455 np0000002687 devstack@g-api.service[102115]: DEBUG glance.image_cache.drivers.centralized_db [None req-068c216f-6dcc-483d-a9b5-fbb232988b91 None None] Node reference is already recorded, ignoring it {{(pid=102115) configure /opt/stack/glance/glance/image_cache/drivers/centralized_db.py:71}}
Jun 11 23:08:08.005448 np0000002687 devstack@g-api.service[102115]: INFO glance.api.middleware.cache [None req-068c216f-6dcc-483d-a9b5-fbb232988b91 None None] Initialized image cache middleware
Jun 11 23:08:08.085741 np0000002687 devstack@g-api.service[102117]: DEBUG glance.common.config [None req-98838706-7c11-4ee6-92b6-8477f34f0338 None None] ******************************************************************************** {{(pid=102117) log_opt_values /opt/stack/data/venv/lib/python3.12/site-packages/oslo_config/cfg.py:3229}}
Jun 11 23:08:08.085905 np0000002687 devstack@g-api.service[102117]: DEBUG glance.common.config [None req-98838706-7c11-4ee6-92b6-8477f34f0338 None None] Configuration options gathered from: {{(pid=102117) log_opt_values /opt/stack/data/venv/lib/python3.12/site-packages/oslo_config/cfg.py:3230}}
Jun 11 23:08:08.086094 np0000002687 devstack@g-api.service[102117]: DEBUG glance.common.config [None req-98838706-7c11-4ee6-92b6-8477f34f0338 None None] command line args: [] {{(pid=102117) log_opt_values /opt/stack/data/venv/lib/python3.12/site-packages/oslo_config/cfg.py:3231}}
Jun 11 23:08:08.086215 np0000002687 devstack@g-api.service[102117]: DEBUG glance.common.config [None req-98838706-7c11-4ee6-92b6-8477f34f0338 None None] config files: ['/etc/glance/glance-image-import.conf', '/etc/glance/glance-api.conf'] {{(pid=102117) log_opt_values /opt/stack/data/venv/lib/python3.12/site-packages/oslo_config/cfg.py:3232}}
Jun 11 23:08:08.086283 np0000002687 devstack@g-api.service[102117]: DEBUG glance.common.config [None req-98838706-7c11-4ee6-92b6-8477f34f0338 None None] ================================================================================ {{(pid=102117) log_opt_values /opt/stack/data/venv/lib/python3.12/site-packages/oslo_config/cfg.py:3237}}
Jun 11 23:08:08.086403 np0000002687 devstack@g-api.service[102117]: DEBUG glance.common.config [None req-98838706-7c11-4ee6-92b6-8477f34f0338 None None] allow_anonymous_access = False {{(pid=102117) log_opt_values /opt/stack/data/venv/lib/python3.12/site-packages/oslo_config/cfg.py:3245}}
Jun 11 23:08:08.086505 np0000002687 devstack@g-api.service[102117]: DEBUG glance.common.config [None req-98838706-7c11-4ee6-92b6-8477f34f0338 None None] api_limit_max = 1000 {{(pid=102117) log_opt_values /opt/stack/data/venv/lib/python3.12/site-packages/oslo_config/cfg.py:3245}}
Jun 11 23:08:08.086598 np0000002687 devstack@g-api.service[102117]: DEBUG glance.common.config [None req-98838706-7c11-4ee6-92b6-8477f34f0338 None None] backlog = 4096 {{(pid=102117) log_opt_values /opt/stack/data/venv/lib/python3.12/site-packages/oslo_config/cfg.py:3245}}
Jun 11 23:08:08.086718 np0000002687 devstack@g-api.service[102117]: DEBUG glance.common.config [None req-98838706-7c11-4ee6-92b6-8477f34f0338 None None] bind_host = 0.0.0.0 {{(pid=102117) log_opt_values /opt/stack/data/venv/lib/python3.12/site-packages/oslo_config/cfg.py:3245}}
Jun 11 23:08:08.086849 np0000002687 devstack@g-api.service[102117]: DEBUG glance.common.config [None req-98838706-7c11-4ee6-92b6-8477f34f0338 None None] bind_port = 19292 {{(pid=102117) log_opt_values /opt/stack/data/venv/lib/python3.12/site-packages/oslo_config/cfg.py:3245}}
Jun 11 23:08:08.086945 np0000002687 devstack@g-api.service[102117]: DEBUG glance.common.config [None req-98838706-7c11-4ee6-92b6-8477f34f0338 None None] client_socket_timeout = 900 {{(pid=102117) log_opt_values /opt/stack/data/venv/lib/python3.12/site-packages/oslo_config/cfg.py:3245}}
Jun 11 23:08:08.087039 np0000002687 devstack@g-api.service[102117]: DEBUG glance.common.config [None req-98838706-7c11-4ee6-92b6-8477f34f0338 None None] config_dir = [] {{(pid=102117) log_opt_values /opt/stack/data/venv/lib/python3.12/site-packages/oslo_config/cfg.py:3245}}
Jun 11 23:08:08.087111 np0000002687 devstack@g-api.service[102117]: DEBUG glance.common.config [None req-98838706-7c11-4ee6-92b6-8477f34f0338 None None] config_file = ['/etc/glance/glance-image-import.conf', '/etc/glance/glance-api.conf'] {{(pid=102117) log_opt_values /opt/stack/data/venv/lib/python3.12/site-packages/oslo_config/cfg.py:3245}}
Jun 11 23:08:08.087333 np0000002687 devstack@g-api.service[102117]: DEBUG glance.common.config [None req-98838706-7c11-4ee6-92b6-8477f34f0338 None None] config_source = [] {{(pid=102117) log_opt_values /opt/stack/data/venv/lib/python3.12/site-packages/oslo_config/cfg.py:3245}}
Jun 11 23:08:08.087458 np0000002687 devstack@g-api.service[102117]: DEBUG glance.common.config [None req-98838706-7c11-4ee6-92b6-8477f34f0338 None None] control_exchange = glance {{(pid=102117) log_opt_values /opt/stack/data/venv/lib/python3.12/site-packages/oslo_config/cfg.py:3245}}
Jun 11 23:08:08.087530 np0000002687 devstack@g-api.service[102117]: DEBUG glance.common.config [None req-98838706-7c11-4ee6-92b6-8477f34f0338 None None] debug = True {{(pid=102117) log_opt_values /opt/stack/data/venv/lib/python3.12/site-packages/oslo_config/cfg.py:3245}}
Jun 11 23:08:08.087682 np0000002687 devstack@g-api.service[102117]: DEBUG glance.common.config [None req-98838706-7c11-4ee6-92b6-8477f34f0338 None None] default_log_levels = ['amqp=WARN', 'boto=WARN', 'sqlalchemy=WARN', 'suds=INFO', 'oslo.messaging=INFO', 'oslo_messaging=INFO', 'iso8601=WARN', 'requests.packages.urllib3.connectionpool=WARN', 'urllib3.connectionpool=WARN', 'websocket=WARN', 'requests.packages.urllib3.util.retry=WARN', 'urllib3.util.retry=WARN', 'keystonemiddleware=WARN', 'routes.middleware=WARN', 'stevedore=WARN', 'taskflow=WARN', 'keystoneauth=WARN', 'oslo.cache=INFO', 'oslo_policy=INFO', 'dogpile.core.dogpile=INFO'] {{(pid=102117) log_opt_values /opt/stack/data/venv/lib/python3.12/site-packages/oslo_config/cfg.py:3245}}
Jun 11 23:08:08.087812 np0000002687 devstack@g-api.service[102117]: DEBUG glance.common.config [None req-98838706-7c11-4ee6-92b6-8477f34f0338 None None] default_publisher_id = image.localhost {{(pid=102117) log_opt_values /opt/stack/data/venv/lib/python3.12/site-packages/oslo_config/cfg.py:3245}}
Jun 11 23:08:08.087919 np0000002687 devstack@g-api.service[102117]: DEBUG glance.common.config [None req-98838706-7c11-4ee6-92b6-8477f34f0338 None None] delayed_delete = False {{(pid=102117) log_opt_values /opt/stack/data/venv/lib/python3.12/site-packages/oslo_config/cfg.py:3245}}
Jun 11 23:08:08.088022 np0000002687 devstack@g-api.service[102117]: DEBUG glance.common.config [None req-98838706-7c11-4ee6-92b6-8477f34f0338 None None] digest_algorithm = sha256 {{(pid=102117) log_opt_values /opt/stack/data/venv/lib/python3.12/site-packages/oslo_config/cfg.py:3245}}
Jun 11 23:08:08.088114 np0000002687 devstack@g-api.service[102117]: DEBUG glance.common.config [None req-98838706-7c11-4ee6-92b6-8477f34f0338 None None] disabled_notifications = [] {{(pid=102117) log_opt_values /opt/stack/data/venv/lib/python3.12/site-packages/oslo_config/cfg.py:3245}}
Jun 11 23:08:08.088201 np0000002687 devstack@g-api.service[102117]: DEBUG glance.common.config [None req-98838706-7c11-4ee6-92b6-8477f34f0338 None None] do_secure_hash = True {{(pid=102117) log_opt_values /opt/stack/data/venv/lib/python3.12/site-packages/oslo_config/cfg.py:3245}}
Jun 11 23:08:08.088287 np0000002687 devstack@g-api.service[102117]: DEBUG glance.common.config [None req-98838706-7c11-4ee6-92b6-8477f34f0338 None None] enabled_backends = None {{(pid=102117) log_opt_values /opt/stack/data/venv/lib/python3.12/site-packages/oslo_config/cfg.py:3245}}
Jun 11 23:08:08.088391 np0000002687 devstack@g-api.service[102117]: DEBUG glance.common.config [None req-98838706-7c11-4ee6-92b6-8477f34f0338 None None] enabled_import_methods = ['glance-direct', 'web-download', 'copy-image'] {{(pid=102117) log_opt_values /opt/stack/data/venv/lib/python3.12/site-packages/oslo_config/cfg.py:3245}}
Jun 11 23:08:08.088512 np0000002687 devstack@g-api.service[102117]: DEBUG glance.common.config [None req-98838706-7c11-4ee6-92b6-8477f34f0338 None None] fatal_deprecations = False {{(pid=102117) log_opt_values /opt/stack/data/venv/lib/python3.12/site-packages/oslo_config/cfg.py:3245}}
Jun 11 23:08:08.088633 np0000002687 devstack@g-api.service[102117]: DEBUG glance.common.config [None req-98838706-7c11-4ee6-92b6-8477f34f0338 None None] hashing_algorithm = sha512 {{(pid=102117) log_opt_values /opt/stack/data/venv/lib/python3.12/site-packages/oslo_config/cfg.py:3245}}
Jun 11 23:08:08.088725 np0000002687 devstack@g-api.service[102117]: DEBUG glance.common.config [None req-98838706-7c11-4ee6-92b6-8477f34f0338 None None] http_keepalive = True {{(pid=102117) log_opt_values /opt/stack/data/venv/lib/python3.12/site-packages/oslo_config/cfg.py:3245}}
Jun 11 23:08:08.088842 np0000002687 devstack@g-api.service[102117]: DEBUG glance.common.config [None req-98838706-7c11-4ee6-92b6-8477f34f0338 None None] http_retries = 3 {{(pid=102117) log_opt_values /opt/stack/data/venv/lib/python3.12/site-packages/oslo_config/cfg.py:3245}}
Jun 11 23:08:08.088939 np0000002687 devstack@g-api.service[102117]: DEBUG glance.common.config [None req-98838706-7c11-4ee6-92b6-8477f34f0338 None None] image_cache_dir = /opt/stack/data/glance/cache/ {{(pid=102117) log_opt_values /opt/stack/data/venv/lib/python3.12/site-packages/oslo_config/cfg.py:3245}}
Jun 11 23:08:08.089032 np0000002687 devstack@g-api.service[102117]: DEBUG glance.common.config [None req-98838706-7c11-4ee6-92b6-8477f34f0338 None None] image_cache_driver = centralized_db {{(pid=102117) log_opt_values /opt/stack/data/venv/lib/python3.12/site-packages/oslo_config/cfg.py:3245}}
Jun 11 23:08:08.089118 np0000002687 devstack@g-api.service[102117]: DEBUG glance.common.config [None req-98838706-7c11-4ee6-92b6-8477f34f0338 None None] image_cache_max_size = 10737418240 {{(pid=102117) log_opt_values /opt/stack/data/venv/lib/python3.12/site-packages/oslo_config/cfg.py:3245}}
Jun 11 23:08:08.089208 np0000002687 devstack@g-api.service[102117]: DEBUG glance.common.config [None req-98838706-7c11-4ee6-92b6-8477f34f0338 None None] image_cache_sqlite_db = cache.db {{(pid=102117) log_opt_values /opt/stack/data/venv/lib/python3.12/site-packages/oslo_config/cfg.py:3245}}
Jun 11 23:08:08.089300 np0000002687 devstack@g-api.service[102117]: DEBUG glance.common.config [None req-98838706-7c11-4ee6-92b6-8477f34f0338 None None] image_cache_stall_time = 86400 {{(pid=102117) log_opt_values /opt/stack/data/venv/lib/python3.12/site-packages/oslo_config/cfg.py:3245}}
Jun 11 23:08:08.089386 np0000002687 devstack@g-api.service[102117]: DEBUG glance.common.config [None req-98838706-7c11-4ee6-92b6-8477f34f0338 None None] image_location_quota = 10 {{(pid=102117) log_opt_values /opt/stack/data/venv/lib/python3.12/site-packages/oslo_config/cfg.py:3245}}
Jun 11 23:08:08.089473 np0000002687 devstack@g-api.service[102117]: DEBUG glance.common.config [None req-98838706-7c11-4ee6-92b6-8477f34f0338 None None] image_member_quota = 128 {{(pid=102117) log_opt_values /opt/stack/data/venv/lib/python3.12/site-packages/oslo_config/cfg.py:3245}}
Jun 11 23:08:08.089556 np0000002687 devstack@g-api.service[102117]: DEBUG glance.common.config [None req-98838706-7c11-4ee6-92b6-8477f34f0338 None None] image_property_quota = 128 {{(pid=102117) log_opt_values /opt/stack/data/venv/lib/python3.12/site-packages/oslo_config/cfg.py:3245}}
Jun 11 23:08:08.089642 np0000002687 devstack@g-api.service[102117]: DEBUG glance.common.config [None req-98838706-7c11-4ee6-92b6-8477f34f0338 None None] image_size_cap = 1099511627776 {{(pid=102117) log_opt_values /opt/stack/data/venv/lib/python3.12/site-packages/oslo_config/cfg.py:3245}}
Jun 11 23:08:08.089724 np0000002687 devstack@g-api.service[102117]: DEBUG glance.common.config [None req-98838706-7c11-4ee6-92b6-8477f34f0338 None None] image_tag_quota = 128 {{(pid=102117) log_opt_values /opt/stack/data/venv/lib/python3.12/site-packages/oslo_config/cfg.py:3245}}
Jun 11 23:08:08.089845 np0000002687 devstack@g-api.service[102117]: DEBUG glance.common.config [None req-98838706-7c11-4ee6-92b6-8477f34f0338 None None] instance_format = [instance: %(uuid)s] {{(pid=102117) log_opt_values /opt/stack/data/venv/lib/python3.12/site-packages/oslo_config/cfg.py:3245}}
Jun 11 23:08:08.089936 np0000002687 devstack@g-api.service[102117]: DEBUG glance.common.config [None req-98838706-7c11-4ee6-92b6-8477f34f0338 None None] instance_uuid_format = [instance: %(uuid)s] {{(pid=102117) log_opt_values /opt/stack/data/venv/lib/python3.12/site-packages/oslo_config/cfg.py:3245}}
Jun 11 23:08:08.090021 np0000002687 devstack@g-api.service[102117]: DEBUG glance.common.config [None req-98838706-7c11-4ee6-92b6-8477f34f0338 None None] limit_param_default = 25 {{(pid=102117) log_opt_values /opt/stack/data/venv/lib/python3.12/site-packages/oslo_config/cfg.py:3245}}
Jun 11 23:08:08.090116 np0000002687 devstack@g-api.service[102117]: DEBUG glance.common.config [None req-98838706-7c11-4ee6-92b6-8477f34f0338 None None] log_color = False {{(pid=102117) log_opt_values /opt/stack/data/venv/lib/python3.12/site-packages/oslo_config/cfg.py:3245}}
Jun 11 23:08:08.090204 np0000002687 devstack@g-api.service[102117]: DEBUG glance.common.config [None req-98838706-7c11-4ee6-92b6-8477f34f0338 None None] log_config_append = None {{(pid=102117) log_opt_values /opt/stack/data/venv/lib/python3.12/site-packages/oslo_config/cfg.py:3245}}
Jun 11 23:08:08.090296 np0000002687 devstack@g-api.service[102117]: DEBUG glance.common.config [None req-98838706-7c11-4ee6-92b6-8477f34f0338 None None] log_date_format = %Y-%m-%d %H:%M:%S {{(pid=102117) log_opt_values /opt/stack/data/venv/lib/python3.12/site-packages/oslo_config/cfg.py:3245}}
Jun 11 23:08:08.090383 np0000002687 devstack@g-api.service[102117]: DEBUG glance.common.config [None req-98838706-7c11-4ee6-92b6-8477f34f0338 None None] log_dir = None {{(pid=102117) log_opt_values /opt/stack/data/venv/lib/python3.12/site-packages/oslo_config/cfg.py:3245}}
Jun 11 23:08:08.090469 np0000002687 devstack@g-api.service[102117]: DEBUG glance.common.config [None req-98838706-7c11-4ee6-92b6-8477f34f0338 None None] log_file = None {{(pid=102117) log_opt_values /opt/stack/data/venv/lib/python3.12/site-packages/oslo_config/cfg.py:3245}}
Jun 11 23:08:08.090555 np0000002687 devstack@g-api.service[102117]: DEBUG glance.common.config [None req-98838706-7c11-4ee6-92b6-8477f34f0338 None None] log_rotate_interval = 1 {{(pid=102117) log_opt_values /opt/stack/data/venv/lib/python3.12/site-packages/oslo_config/cfg.py:3245}}
Jun 11 23:08:08.090649 np0000002687 devstack@g-api.service[102117]: DEBUG glance.common.config [None req-98838706-7c11-4ee6-92b6-8477f34f0338 None None] log_rotate_interval_type = days {{(pid=102117) log_opt_values /opt/stack/data/venv/lib/python3.12/site-packages/oslo_config/cfg.py:3245}}
Jun 11 23:08:08.090751 np0000002687 devstack@g-api.service[102117]: DEBUG glance.common.config [None req-98838706-7c11-4ee6-92b6-8477f34f0338 None None] log_rotation_type = none {{(pid=102117) log_opt_values /opt/stack/data/venv/lib/python3.12/site-packages/oslo_config/cfg.py:3245}}
Jun 11 23:08:08.090832 np0000002687 devstack@g-api.service[102117]: DEBUG glance.common.config [None req-98838706-7c11-4ee6-92b6-8477f34f0338 None None] logging_context_format_string = %(color)s%(levelname)s %(name)s [%(global_request_id)s %(request_id)s %(project_name)s %(user_name)s%(color)s] %(instance)s%(color)s%(message)s {{(pid=102117) log_opt_values /opt/stack/data/venv/lib/python3.12/site-packages/oslo_config/cfg.py:3245}}
Jun 11 23:08:08.090899 np0000002687 devstack@g-api.service[102117]: DEBUG glance.common.config [None req-98838706-7c11-4ee6-92b6-8477f34f0338 None None] logging_debug_format_suffix = {{(pid=%(process)d) %(funcName)s %(pathname)s:%(lineno)d}} {{(pid=102117) log_opt_values /opt/stack/data/venv/lib/python3.12/site-packages/oslo_config/cfg.py:3245}}
Jun 11 23:08:08.090989 np0000002687 devstack@g-api.service[102117]: DEBUG glance.common.config [None req-98838706-7c11-4ee6-92b6-8477f34f0338 None None] logging_default_format_string = %(color)s%(levelname)s %(name)s [-%(color)s] %(instance)s%(color)s%(message)s {{(pid=102117) log_opt_values /opt/stack/data/venv/lib/python3.12/site-packages/oslo_config/cfg.py:3245}}
Jun 11 23:08:08.091080 np0000002687 devstack@g-api.service[102117]: DEBUG glance.common.config [None req-98838706-7c11-4ee6-92b6-8477f34f0338 None None] logging_exception_prefix = ERROR %(name)s %(instance)s {{(pid=102117) log_opt_values /opt/stack/data/venv/lib/python3.12/site-packages/oslo_config/cfg.py:3245}}
Jun 11 23:08:08.091144 np0000002687 devstack@g-api.service[102117]: DEBUG glance.common.config [None req-98838706-7c11-4ee6-92b6-8477f34f0338 None None] logging_user_identity_format = %(user)s %(project)s %(domain)s %(system_scope)s %(user_domain)s %(project_domain)s {{(pid=102117) log_opt_values /opt/stack/data/venv/lib/python3.12/site-packages/oslo_config/cfg.py:3245}}
Jun 11 23:08:08.091230 np0000002687 devstack@g-api.service[102117]: DEBUG glance.common.config [None req-98838706-7c11-4ee6-92b6-8477f34f0338 None None] max_header_line = 16384 {{(pid=102117) log_opt_values /opt/stack/data/venv/lib/python3.12/site-packages/oslo_config/cfg.py:3245}}
Jun 11 23:08:08.091313 np0000002687 devstack@g-api.service[102117]: DEBUG glance.common.config [None req-98838706-7c11-4ee6-92b6-8477f34f0338 None None] max_logfile_count = 30 {{(pid=102117) log_opt_values /opt/stack/data/venv/lib/python3.12/site-packages/oslo_config/cfg.py:3245}}
Jun 11 23:08:08.091397 np0000002687 devstack@g-api.service[102117]: DEBUG glance.common.config [None req-98838706-7c11-4ee6-92b6-8477f34f0338 None None] max_logfile_size_mb = 200 {{(pid=102117) log_opt_values /opt/stack/data/venv/lib/python3.12/site-packages/oslo_config/cfg.py:3245}}
Jun 11 23:08:08.091479 np0000002687 devstack@g-api.service[102117]: DEBUG glance.common.config [None req-98838706-7c11-4ee6-92b6-8477f34f0338 None None] max_request_id_length = 64 {{(pid=102117) log_opt_values /opt/stack/data/venv/lib/python3.12/site-packages/oslo_config/cfg.py:3245}}
Jun 11 23:08:08.091569 np0000002687 devstack@g-api.service[102117]: DEBUG glance.common.config [None req-98838706-7c11-4ee6-92b6-8477f34f0338 None None] metadata_encryption_key = **** {{(pid=102117) log_opt_values /opt/stack/data/venv/lib/python3.12/site-packages/oslo_config/cfg.py:3245}}
Jun 11 23:08:08.091657 np0000002687 devstack@g-api.service[102117]: DEBUG glance.common.config [None req-98838706-7c11-4ee6-92b6-8477f34f0338 None None] node_staging_uri = file:///tmp/staging/ {{(pid=102117) log_opt_values /opt/stack/data/venv/lib/python3.12/site-packages/oslo_config/cfg.py:3245}}
Jun 11 23:08:08.091740 np0000002687 devstack@g-api.service[102117]: DEBUG glance.common.config [None req-98838706-7c11-4ee6-92b6-8477f34f0338 None None] property_protection_file = None {{(pid=102117) log_opt_values /opt/stack/data/venv/lib/python3.12/site-packages/oslo_config/cfg.py:3245}}
Jun 11 23:08:08.091864 np0000002687 devstack@g-api.service[102117]: DEBUG glance.common.config [None req-98838706-7c11-4ee6-92b6-8477f34f0338 None None] property_protection_rule_format = roles {{(pid=102117) log_opt_values /opt/stack/data/venv/lib/python3.12/site-packages/oslo_config/cfg.py:3245}}
Jun 11 23:08:08.091949 np0000002687 devstack@g-api.service[102117]: DEBUG glance.common.config [None req-98838706-7c11-4ee6-92b6-8477f34f0338 None None] public_endpoint = https://10.4.3.209/image {{(pid=102117) log_opt_values /opt/stack/data/venv/lib/python3.12/site-packages/oslo_config/cfg.py:3245}}
Jun 11 23:08:08.092034 np0000002687 devstack@g-api.service[102117]: DEBUG glance.common.config [None req-98838706-7c11-4ee6-92b6-8477f34f0338 None None] publish_errors = False {{(pid=102117) log_opt_values /opt/stack/data/venv/lib/python3.12/site-packages/oslo_config/cfg.py:3245}}
Jun 11 23:08:08.092117 np0000002687 devstack@g-api.service[102117]: DEBUG glance.common.config [None req-98838706-7c11-4ee6-92b6-8477f34f0338 None None] pydev_worker_debug_host = None {{(pid=102117) log_opt_values /opt/stack/data/venv/lib/python3.12/site-packages/oslo_config/cfg.py:3245}}
Jun 11 23:08:08.092203 np0000002687 devstack@g-api.service[102117]: DEBUG glance.common.config [None req-98838706-7c11-4ee6-92b6-8477f34f0338 None None] pydev_worker_debug_port = 5678 {{(pid=102117) log_opt_values /opt/stack/data/venv/lib/python3.12/site-packages/oslo_config/cfg.py:3245}}
Jun 11 23:08:08.092286 np0000002687 devstack@g-api.service[102117]: DEBUG glance.common.config [None req-98838706-7c11-4ee6-92b6-8477f34f0338 None None] rate_limit_burst = 0 {{(pid=102117) log_opt_values /opt/stack/data/venv/lib/python3.12/site-packages/oslo_config/cfg.py:3245}}
Jun 11 23:08:08.092376 np0000002687 devstack@g-api.service[102117]: DEBUG glance.common.config [None req-98838706-7c11-4ee6-92b6-8477f34f0338 None None] rate_limit_except_level = CRITICAL {{(pid=102117) log_opt_values /opt/stack/data/venv/lib/python3.12/site-packages/oslo_config/cfg.py:3245}}
Jun 11 23:08:08.092459 np0000002687 devstack@g-api.service[102117]: DEBUG glance.common.config [None req-98838706-7c11-4ee6-92b6-8477f34f0338 None None] rate_limit_interval = 0 {{(pid=102117) log_opt_values /opt/stack/data/venv/lib/python3.12/site-packages/oslo_config/cfg.py:3245}}
Jun 11 23:08:08.092543 np0000002687 devstack@g-api.service[102117]: DEBUG glance.common.config [None req-98838706-7c11-4ee6-92b6-8477f34f0338 None None] scrub_pool_size = 1 {{(pid=102117) log_opt_values /opt/stack/data/venv/lib/python3.12/site-packages/oslo_config/cfg.py:3245}}
Jun 11 23:08:08.092626 np0000002687 devstack@g-api.service[102117]: DEBUG glance.common.config [None req-98838706-7c11-4ee6-92b6-8477f34f0338 None None] scrub_time = 0 {{(pid=102117) log_opt_values /opt/stack/data/venv/lib/python3.12/site-packages/oslo_config/cfg.py:3245}}
Jun 11 23:08:08.092711 np0000002687 devstack@g-api.service[102117]: DEBUG glance.common.config [None req-98838706-7c11-4ee6-92b6-8477f34f0338 None None] shell_completion = None {{(pid=102117) log_opt_values /opt/stack/data/venv/lib/python3.12/site-packages/oslo_config/cfg.py:3245}}
Jun 11 23:08:08.092825 np0000002687 devstack@g-api.service[102117]: DEBUG glance.common.config [None req-98838706-7c11-4ee6-92b6-8477f34f0338 None None] show_image_direct_url = False {{(pid=102117) log_opt_values /opt/stack/data/venv/lib/python3.12/site-packages/oslo_config/cfg.py:3245}}
Jun 11 23:08:08.093023 np0000002687 devstack@g-api.service[102117]: WARNING oslo_config.cfg [None req-98838706-7c11-4ee6-92b6-8477f34f0338 None None] Deprecated: Option "show_multiple_locations" from group "DEFAULT" is deprecated for removal (Use of this option, deprecated since Newton, is a security risk and will be removed once we figure out a way to satisfy those use cases that currently require it. An earlier announcement that the same functionality can be achieved with greater granularity by using policies is incorrect. You cannot work around this option via policy configuration at the present time, though that is the direction we believe the fix will take. Please keep an eye on the Glance release notes to stay up to date on progress in addressing this issue.). Its value may be silently ignored in the future.
Jun 11 23:08:08.093125 np0000002687 devstack@g-api.service[102117]: DEBUG glance.common.config [None req-98838706-7c11-4ee6-92b6-8477f34f0338 None None] show_multiple_locations = False {{(pid=102117) log_opt_values /opt/stack/data/venv/lib/python3.12/site-packages/oslo_config/cfg.py:3245}}
Jun 11 23:08:08.093219 np0000002687 devstack@g-api.service[102117]: DEBUG glance.common.config [None req-98838706-7c11-4ee6-92b6-8477f34f0338 None None] syslog_log_facility = LOG_USER {{(pid=102117) log_opt_values /opt/stack/data/venv/lib/python3.12/site-packages/oslo_config/cfg.py:3245}}
Jun 11 23:08:08.093306 np0000002687 devstack@g-api.service[102117]: DEBUG glance.common.config [None req-98838706-7c11-4ee6-92b6-8477f34f0338 None None] tcp_keepidle = 600 {{(pid=102117) log_opt_values /opt/stack/data/venv/lib/python3.12/site-packages/oslo_config/cfg.py:3245}}
Jun 11 23:08:08.093397 np0000002687 devstack@g-api.service[102117]: DEBUG glance.common.config [None req-98838706-7c11-4ee6-92b6-8477f34f0338 None None] transport_url = **** {{(pid=102117) log_opt_values /opt/stack/data/venv/lib/python3.12/site-packages/oslo_config/cfg.py:3245}}
Jun 11 23:08:08.093482 np0000002687 devstack@g-api.service[102117]: DEBUG glance.common.config [None req-98838706-7c11-4ee6-92b6-8477f34f0338 None None] use_journal = False {{(pid=102117) log_opt_values /opt/stack/data/venv/lib/python3.12/site-packages/oslo_config/cfg.py:3245}}
Jun 11 23:08:08.093567 np0000002687 devstack@g-api.service[102117]: DEBUG glance.common.config [None req-98838706-7c11-4ee6-92b6-8477f34f0338 None None] use_json = False {{(pid=102117) log_opt_values /opt/stack/data/venv/lib/python3.12/site-packages/oslo_config/cfg.py:3245}}
Jun 11 23:08:08.093657 np0000002687 devstack@g-api.service[102117]: DEBUG glance.common.config [None req-98838706-7c11-4ee6-92b6-8477f34f0338 None None] use_keystone_limits = True {{(pid=102117) log_opt_values /opt/stack/data/venv/lib/python3.12/site-packages/oslo_config/cfg.py:3245}}
Jun 11 23:08:08.093743 np0000002687 devstack@g-api.service[102117]: DEBUG glance.common.config [None req-98838706-7c11-4ee6-92b6-8477f34f0338 None None] use_stderr = False {{(pid=102117) log_opt_values /opt/stack/data/venv/lib/python3.12/site-packages/oslo_config/cfg.py:3245}}
Jun 11 23:08:08.093863 np0000002687 devstack@g-api.service[102117]: DEBUG glance.common.config [None req-98838706-7c11-4ee6-92b6-8477f34f0338 None None] use_syslog = False {{(pid=102117) log_opt_values /opt/stack/data/venv/lib/python3.12/site-packages/oslo_config/cfg.py:3245}}
Jun 11 23:08:08.093955 np0000002687 devstack@g-api.service[102117]: DEBUG glance.common.config [None req-98838706-7c11-4ee6-92b6-8477f34f0338 None None] user_storage_quota = 0 {{(pid=102117) log_opt_values /opt/stack/data/venv/lib/python3.12/site-packages/oslo_config/cfg.py:3245}}
Jun 11 23:08:08.094044 np0000002687 devstack@g-api.service[102117]: DEBUG glance.common.config [None req-98838706-7c11-4ee6-92b6-8477f34f0338 None None] worker_self_reference_url = http://127.0.0.1:60999 {{(pid=102117) log_opt_values /opt/stack/data/venv/lib/python3.12/site-packages/oslo_config/cfg.py:3245}}
Jun 11 23:08:08.094127 np0000002687 devstack@g-api.service[102117]: DEBUG glance.common.config [None req-98838706-7c11-4ee6-92b6-8477f34f0338 None None] workers = None {{(pid=102117) log_opt_values /opt/stack/data/venv/lib/python3.12/site-packages/oslo_config/cfg.py:3245}}
Jun 11 23:08:08.094226 np0000002687 devstack@g-api.service[102117]: DEBUG glance.common.config [None req-98838706-7c11-4ee6-92b6-8477f34f0338 None None] oslo_concurrency.disable_process_locking = False {{(pid=102117) log_opt_values /opt/stack/data/venv/lib/python3.12/site-packages/oslo_config/cfg.py:3256}}
Jun 11 23:08:08.094322 np0000002687 devstack@g-api.service[102117]: DEBUG glance.common.config [None req-98838706-7c11-4ee6-92b6-8477f34f0338 None None] oslo_concurrency.lock_path = /opt/stack/data/glance/locks {{(pid=102117) log_opt_values /opt/stack/data/venv/lib/python3.12/site-packages/oslo_config/cfg.py:3256}}
Jun 11 23:08:08.094415 np0000002687 devstack@g-api.service[102117]: DEBUG glance.common.config [None req-98838706-7c11-4ee6-92b6-8477f34f0338 None None] oslo_middleware.enable_proxy_headers_parsing = False {{(pid=102117) log_opt_values /opt/stack/data/venv/lib/python3.12/site-packages/oslo_config/cfg.py:3256}}
Jun 11 23:08:08.094578 np0000002687 devstack@g-api.service[102117]: DEBUG glance.common.config [None req-98838706-7c11-4ee6-92b6-8477f34f0338 None None] oslo_middleware.http_basic_auth_user_file = /etc/htpasswd {{(pid=102117) log_opt_values /opt/stack/data/venv/lib/python3.12/site-packages/oslo_config/cfg.py:3256}}
Jun 11 23:08:08.094674 np0000002687 devstack@g-api.service[102117]: DEBUG glance.common.config [None req-98838706-7c11-4ee6-92b6-8477f34f0338 None None] paste_deploy.config_file = None {{(pid=102117) log_opt_values /opt/stack/data/venv/lib/python3.12/site-packages/oslo_config/cfg.py:3256}}
Jun 11 23:08:08.094764 np0000002687 devstack@g-api.service[102117]: DEBUG glance.common.config [None req-98838706-7c11-4ee6-92b6-8477f34f0338 None None] paste_deploy.flavor = keystone+cachemanagement {{(pid=102117) log_opt_values /opt/stack/data/venv/lib/python3.12/site-packages/oslo_config/cfg.py:3256}}
Jun 11 23:08:08.094975 np0000002687 devstack@g-api.service[102117]: DEBUG glance.common.config [None req-98838706-7c11-4ee6-92b6-8477f34f0338 None None] image_format.container_formats = ['ami', 'ari', 'aki', 'bare', 'ovf', 'ova', 'docker', 'compressed'] {{(pid=102117) log_opt_values /opt/stack/data/venv/lib/python3.12/site-packages/oslo_config/cfg.py:3256}}
Jun 11 23:08:08.095105 np0000002687 devstack@g-api.service[102117]: DEBUG glance.common.config [None req-98838706-7c11-4ee6-92b6-8477f34f0338 None None] image_format.disk_formats = ['ami', 'ari', 'aki', 'vhd', 'vhdx', 'vmdk', 'raw', 'qcow2', 'vdi', 'iso', 'ploop'] {{(pid=102117) log_opt_values /opt/stack/data/venv/lib/python3.12/site-packages/oslo_config/cfg.py:3256}}
Jun 11 23:08:08.095197 np0000002687 devstack@g-api.service[102117]: DEBUG glance.common.config [None req-98838706-7c11-4ee6-92b6-8477f34f0338 None None] image_format.gpt_safety_checks_nonfatal = [] {{(pid=102117) log_opt_values /opt/stack/data/venv/lib/python3.12/site-packages/oslo_config/cfg.py:3256}}
Jun 11 23:08:08.095292 np0000002687 devstack@g-api.service[102117]: DEBUG glance.common.config [None req-98838706-7c11-4ee6-92b6-8477f34f0338 None None] image_format.require_image_format_match = True {{(pid=102117) log_opt_values /opt/stack/data/venv/lib/python3.12/site-packages/oslo_config/cfg.py:3256}}
Jun 11 23:08:08.095390 np0000002687 devstack@g-api.service[102117]: DEBUG glance.common.config [None req-98838706-7c11-4ee6-92b6-8477f34f0338 None None] image_format.vmdk_allowed_types = ['streamOptimized', 'monolithicSparse'] {{(pid=102117) log_opt_values /opt/stack/data/venv/lib/python3.12/site-packages/oslo_config/cfg.py:3256}}
Jun 11 23:08:08.095489 np0000002687 devstack@g-api.service[102117]: DEBUG glance.common.config [None req-98838706-7c11-4ee6-92b6-8477f34f0338 None None] task.task_executor = taskflow {{(pid=102117) log_opt_values /opt/stack/data/venv/lib/python3.12/site-packages/oslo_config/cfg.py:3256}}
