Jul 28 07:56:10.084142 np0000005966 nova-conductor[99149]: DEBUG cotyledon.oslo_config_glue [-] workarounds.disable_deep_image_inspection = False {{(pid=99149) log_opt_values /opt/stack/data/venv/lib/python3.12/site-packages/oslo_config/cfg.py:3253}}
Jul 28 07:56:10.084142 np0000005966 nova-conductor[99149]: DEBUG cotyledon.oslo_config_glue [-] workarounds.disable_fallback_pcpu_query = False {{(pid=99149) log_opt_values /opt/stack/data/venv/lib/python3.12/site-packages/oslo_config/cfg.py:3253}}
Jul 28 07:56:10.084142 np0000005966 nova-conductor[99149]: DEBUG cotyledon.oslo_config_glue [-] workarounds.disable_group_policy_check_upcall = False {{(pid=99149) log_opt_values /opt/stack/data/venv/lib/python3.12/site-packages/oslo_config/cfg.py:3253}}
Jul 28 07:56:10.084142 np0000005966 nova-conductor[99149]: DEBUG cotyledon.oslo_config_glue [-] workarounds.disable_libvirt_livesnapshot = False {{(pid=99149) log_opt_values /opt/stack/data/venv/lib/python3.12/site-packages/oslo_config/cfg.py:3253}}
Jul 28 07:56:10.084142 np0000005966 nova-conductor[99149]: DEBUG cotyledon.oslo_config_glue [-] workarounds.disable_rootwrap = False {{(pid=99149) log_opt_values /opt/stack/data/venv/lib/python3.12/site-packages/oslo_config/cfg.py:3253}}
Jul 28 07:56:10.084142 np0000005966 nova-conductor[99149]: DEBUG cotyledon.oslo_config_glue [-] workarounds.enable_numa_live_migration = False {{(pid=99149) log_opt_values /opt/stack/data/venv/lib/python3.12/site-packages/oslo_config/cfg.py:3253}}
Jul 28 07:56:10.084142 np0000005966 nova-conductor[99149]: DEBUG cotyledon.oslo_config_glue [-] workarounds.enable_qemu_monitor_announce_self = False {{(pid=99149) log_opt_values /opt/stack/data/venv/lib/python3.12/site-packages/oslo_config/cfg.py:3253}}
Jul 28 07:56:10.084142 np0000005966 nova-conductor[99149]: DEBUG cotyledon.oslo_config_glue [-] workarounds.ensure_libvirt_rbd_instance_dir_cleanup = False {{(pid=99149) log_opt_values /opt/stack/data/venv/lib/python3.12/site-packages/oslo_config/cfg.py:3253}}
Jul 28 07:56:10.084338 np0000005966 nova-conductor[99149]: DEBUG cotyledon.oslo_config_glue [-] workarounds.handle_virt_lifecycle_events = True {{(pid=99149) log_opt_values /opt/stack/data/venv/lib/python3.12/site-packages/oslo_config/cfg.py:3253}}
Jul 28 07:56:10.084338 np0000005966 nova-conductor[99149]: DEBUG cotyledon.oslo_config_glue [-] workarounds.libvirt_disable_apic = False {{(pid=99149) log_opt_values /opt/stack/data/venv/lib/python3.12/site-packages/oslo_config/cfg.py:3253}}
Jul 28 07:56:10.084338 np0000005966 nova-conductor[99149]: DEBUG cotyledon.oslo_config_glue [-] workarounds.never_download_image_if_on_rbd = False {{(pid=99149) log_opt_values /opt/stack/data/venv/lib/python3.12/site-packages/oslo_config/cfg.py:3253}}
Jul 28 07:56:10.084338 np0000005966 nova-conductor[99149]: DEBUG cotyledon.oslo_config_glue [-] workarounds.qemu_monitor_announce_self_count = 3 {{(pid=99149) log_opt_values /opt/stack/data/venv/lib/python3.12/site-packages/oslo_config/cfg.py:3253}}
Jul 28 07:56:10.084338 np0000005966 nova-conductor[99149]: DEBUG cotyledon.oslo_config_glue [-] workarounds.qemu_monitor_announce_self_interval = 1 {{(pid=99149) log_opt_values /opt/stack/data/venv/lib/python3.12/site-packages/oslo_config/cfg.py:3253}}
Jul 28 07:56:10.084338 np0000005966 nova-conductor[99149]: DEBUG cotyledon.oslo_config_glue [-] workarounds.reserve_disk_resource_for_image_cache = False {{(pid=99149) log_opt_values /opt/stack/data/venv/lib/python3.12/site-packages/oslo_config/cfg.py:3253}}
Jul 28 07:56:10.084338 np0000005966 nova-conductor[99149]: DEBUG cotyledon.oslo_config_glue [-] workarounds.skip_cpu_compare_at_startup = False {{(pid=99149) log_opt_values /opt/stack/data/venv/lib/python3.12/site-packages/oslo_config/cfg.py:3253}}
Jul 28 07:56:10.084338 np0000005966 nova-conductor[99149]: DEBUG cotyledon.oslo_config_glue [-] workarounds.skip_cpu_compare_on_dest = False {{(pid=99149) log_opt_values /opt/stack/data/venv/lib/python3.12/site-packages/oslo_config/cfg.py:3253}}
Jul 28 07:56:10.084338 np0000005966 nova-conductor[99149]: DEBUG cotyledon.oslo_config_glue [-] workarounds.skip_hypervisor_version_check_on_lm = False {{(pid=99149) log_opt_values /opt/stack/data/venv/lib/python3.12/site-packages/oslo_config/cfg.py:3253}}
Jul 28 07:56:10.084560 np0000005966 nova-conductor[99149]: DEBUG cotyledon.oslo_config_glue [-] workarounds.skip_reserve_in_use_ironic_nodes = False {{(pid=99149) log_opt_values /opt/stack/data/venv/lib/python3.12/site-packages/oslo_config/cfg.py:3253}}
Jul 28 07:56:10.084560 np0000005966 nova-conductor[99149]: DEBUG cotyledon.oslo_config_glue [-] workarounds.unified_limits_count_pcpu_as_vcpu = False {{(pid=99149) log_opt_values /opt/stack/data/venv/lib/python3.12/site-packages/oslo_config/cfg.py:3253}}
Jul 28 07:56:10.084560 np0000005966 nova-conductor[99149]: DEBUG cotyledon.oslo_config_glue [-] workarounds.wait_for_vif_plugged_event_during_hard_reboot = [] {{(pid=99149) log_opt_values /opt/stack/data/venv/lib/python3.12/site-packages/oslo_config/cfg.py:3253}}
Jul 28 07:56:10.084560 np0000005966 nova-conductor[99149]: DEBUG cotyledon.oslo_config_glue [-] wsgi.api_paste_config = /etc/nova/api-paste.ini {{(pid=99149) log_opt_values /opt/stack/data/venv/lib/python3.12/site-packages/oslo_config/cfg.py:3253}}
Jul 28 07:56:10.084560 np0000005966 nova-conductor[99149]: DEBUG cotyledon.oslo_config_glue [-] wsgi.secure_proxy_ssl_header = None {{(pid=99149) log_opt_values /opt/stack/data/venv/lib/python3.12/site-packages/oslo_config/cfg.py:3253}}
Jul 28 07:56:10.084560 np0000005966 nova-conductor[99149]: DEBUG cotyledon.oslo_config_glue [-] zvm.ca_file = None {{(pid=99149) log_opt_values /opt/stack/data/venv/lib/python3.12/site-packages/oslo_config/cfg.py:3253}}
Jul 28 07:56:10.084560 np0000005966 nova-conductor[99149]: DEBUG cotyledon.oslo_config_glue [-] zvm.cloud_connector_url = None {{(pid=99149) log_opt_values /opt/stack/data/venv/lib/python3.12/site-packages/oslo_config/cfg.py:3253}}
Jul 28 07:56:10.084560 np0000005966 nova-conductor[99149]: DEBUG cotyledon.oslo_config_glue [-] zvm.image_tmp_path = /opt/stack/data/nova/images {{(pid=99149) log_opt_values /opt/stack/data/venv/lib/python3.12/site-packages/oslo_config/cfg.py:3253}}
Jul 28 07:56:10.084560 np0000005966 nova-conductor[99149]: DEBUG cotyledon.oslo_config_glue [-] zvm.reachable_timeout = 300 {{(pid=99149) log_opt_values /opt/stack/data/venv/lib/python3.12/site-packages/oslo_config/cfg.py:3253}}
Jul 28 07:56:10.084760 np0000005966 nova-conductor[99149]: DEBUG cotyledon.oslo_config_glue [-] oslo_versionedobjects.fatal_exception_format_errors = False {{(pid=99149) log_opt_values /opt/stack/data/venv/lib/python3.12/site-packages/oslo_config/cfg.py:3253}}
Jul 28 07:56:10.084760 np0000005966 nova-conductor[99149]: DEBUG cotyledon.oslo_config_glue [-] oslo_middleware.http_basic_auth_user_file = /etc/htpasswd {{(pid=99149) log_opt_values /opt/stack/data/venv/lib/python3.12/site-packages/oslo_config/cfg.py:3253}}
Jul 28 07:56:10.084760 np0000005966 nova-conductor[99149]: DEBUG cotyledon.oslo_config_glue [-] profiler.connection_string = messaging:// {{(pid=99149) log_opt_values /opt/stack/data/venv/lib/python3.12/site-packages/oslo_config/cfg.py:3253}}
Jul 28 07:56:10.084760 np0000005966 nova-conductor[99149]: DEBUG cotyledon.oslo_config_glue [-] profiler.enabled = False {{(pid=99149) log_opt_values /opt/stack/data/venv/lib/python3.12/site-packages/oslo_config/cfg.py:3253}}
Jul 28 07:56:10.084760 np0000005966 nova-conductor[99149]: DEBUG cotyledon.oslo_config_glue [-] profiler.es_doc_type = notification {{(pid=99149) log_opt_values /opt/stack/data/venv/lib/python3.12/site-packages/oslo_config/cfg.py:3253}}
Jul 28 07:56:10.084760 np0000005966 nova-conductor[99149]: DEBUG cotyledon.oslo_config_glue [-] profiler.es_scroll_size = 10000 {{(pid=99149) log_opt_values /opt/stack/data/venv/lib/python3.12/site-packages/oslo_config/cfg.py:3253}}
Jul 28 07:56:10.084760 np0000005966 nova-conductor[99149]: DEBUG cotyledon.oslo_config_glue [-] profiler.es_scroll_time = 2m {{(pid=99149) log_opt_values /opt/stack/data/venv/lib/python3.12/site-packages/oslo_config/cfg.py:3253}}
Jul 28 07:56:10.084760 np0000005966 nova-conductor[99149]: DEBUG cotyledon.oslo_config_glue [-] profiler.filter_error_trace = False {{(pid=99149) log_opt_values /opt/stack/data/venv/lib/python3.12/site-packages/oslo_config/cfg.py:3253}}
Jul 28 07:56:10.084760 np0000005966 nova-conductor[99149]: DEBUG cotyledon.oslo_config_glue [-] profiler.hmac_keys = **** {{(pid=99149) log_opt_values /opt/stack/data/venv/lib/python3.12/site-packages/oslo_config/cfg.py:3253}}
Jul 28 07:56:10.084975 np0000005966 nova-conductor[99149]: DEBUG cotyledon.oslo_config_glue [-] profiler.sentinel_service_name = mymaster {{(pid=99149) log_opt_values /opt/stack/data/venv/lib/python3.12/site-packages/oslo_config/cfg.py:3253}}
Jul 28 07:56:10.084975 np0000005966 nova-conductor[99149]: DEBUG cotyledon.oslo_config_glue [-] profiler.socket_timeout = 0.1 {{(pid=99149) log_opt_values /opt/stack/data/venv/lib/python3.12/site-packages/oslo_config/cfg.py:3253}}
Jul 28 07:56:10.084975 np0000005966 nova-conductor[99149]: DEBUG cotyledon.oslo_config_glue [-] profiler.trace_requests = False {{(pid=99149) log_opt_values /opt/stack/data/venv/lib/python3.12/site-packages/oslo_config/cfg.py:3253}}
Jul 28 07:56:10.084975 np0000005966 nova-conductor[99149]: DEBUG cotyledon.oslo_config_glue [-] profiler.trace_sqlalchemy = False {{(pid=99149) log_opt_values /opt/stack/data/venv/lib/python3.12/site-packages/oslo_config/cfg.py:3253}}
Jul 28 07:56:10.084975 np0000005966 nova-conductor[99149]: DEBUG cotyledon.oslo_config_glue [-] profiler_jaeger.process_tags = {} {{(pid=99149) log_opt_values /opt/stack/data/venv/lib/python3.12/site-packages/oslo_config/cfg.py:3253}}
Jul 28 07:56:10.084975 np0000005966 nova-conductor[99149]: DEBUG cotyledon.oslo_config_glue [-] profiler_jaeger.service_name_prefix = None {{(pid=99149) log_opt_values /opt/stack/data/venv/lib/python3.12/site-packages/oslo_config/cfg.py:3253}}
Jul 28 07:56:10.084975 np0000005966 nova-conductor[99149]: DEBUG cotyledon.oslo_config_glue [-] profiler_otlp.service_name_prefix = None {{(pid=99149) log_opt_values /opt/stack/data/venv/lib/python3.12/site-packages/oslo_config/cfg.py:3253}}
Jul 28 07:56:10.084975 np0000005966 nova-conductor[99149]: DEBUG cotyledon.oslo_config_glue [-] oslo_messaging_rabbit.amqp_auto_delete = False {{(pid=99149) log_opt_values /opt/stack/data/venv/lib/python3.12/site-packages/oslo_config/cfg.py:3253}}
Jul 28 07:56:10.084975 np0000005966 nova-conductor[99149]: DEBUG cotyledon.oslo_config_glue [-] oslo_messaging_rabbit.amqp_durable_queues = False {{(pid=99149) log_opt_values /opt/stack/data/venv/lib/python3.12/site-packages/oslo_config/cfg.py:3253}}
Jul 28 07:56:10.085192 np0000005966 nova-conductor[99149]: DEBUG cotyledon.oslo_config_glue [-] oslo_messaging_rabbit.conn_pool_min_size = 2 {{(pid=99149) log_opt_values /opt/stack/data/venv/lib/python3.12/site-packages/oslo_config/cfg.py:3253}}
Jul 28 07:56:10.085192 np0000005966 nova-conductor[99149]: DEBUG cotyledon.oslo_config_glue [-] oslo_messaging_rabbit.conn_pool_ttl = 1200 {{(pid=99149) log_opt_values /opt/stack/data/venv/lib/python3.12/site-packages/oslo_config/cfg.py:3253}}
Jul 28 07:56:10.085192 np0000005966 nova-conductor[99149]: DEBUG cotyledon.oslo_config_glue [-] oslo_messaging_rabbit.direct_mandatory_flag = True {{(pid=99149) log_opt_values /opt/stack/data/venv/lib/python3.12/site-packages/oslo_config/cfg.py:3253}}
Jul 28 07:56:10.085192 np0000005966 nova-conductor[99149]: DEBUG cotyledon.oslo_config_glue [-] oslo_messaging_rabbit.enable_cancel_on_failover = False {{(pid=99149) log_opt_values /opt/stack/data/venv/lib/python3.12/site-packages/oslo_config/cfg.py:3253}}
Jul 28 07:56:10.085192 np0000005966 nova-conductor[99149]: DEBUG cotyledon.oslo_config_glue [-] oslo_messaging_rabbit.heartbeat_rate = 3 {{(pid=99149) log_opt_values /opt/stack/data/venv/lib/python3.12/site-packages/oslo_config/cfg.py:3253}}
Jul 28 07:56:10.085192 np0000005966 nova-conductor[99149]: DEBUG cotyledon.oslo_config_glue [-] oslo_messaging_rabbit.heartbeat_timeout_threshold = 60 {{(pid=99149) log_opt_values /opt/stack/data/venv/lib/python3.12/site-packages/oslo_config/cfg.py:3253}}
Jul 28 07:56:10.085192 np0000005966 nova-conductor[99149]: DEBUG cotyledon.oslo_config_glue [-] oslo_messaging_rabbit.hostname = np0000005966 {{(pid=99149) log_opt_values /opt/stack/data/venv/lib/python3.12/site-packages/oslo_config/cfg.py:3253}}
Jul 28 07:56:10.085192 np0000005966 nova-conductor[99149]: DEBUG cotyledon.oslo_config_glue [-] oslo_messaging_rabbit.kombu_compression = None {{(pid=99149) log_opt_values /opt/stack/data/venv/lib/python3.12/site-packages/oslo_config/cfg.py:3253}}
Jul 28 07:56:10.085192 np0000005966 nova-conductor[99149]: DEBUG cotyledon.oslo_config_glue [-] oslo_messaging_rabbit.kombu_failover_strategy = round-robin {{(pid=99149) log_opt_values /opt/stack/data/venv/lib/python3.12/site-packages/oslo_config/cfg.py:3253}}
Jul 28 07:56:10.085422 np0000005966 nova-conductor[99149]: DEBUG cotyledon.oslo_config_glue [-] oslo_messaging_rabbit.kombu_missing_consumer_retry_timeout = 60 {{(pid=99149) log_opt_values /opt/stack/data/venv/lib/python3.12/site-packages/oslo_config/cfg.py:3253}}
Jul 28 07:56:10.085422 np0000005966 nova-conductor[99149]: DEBUG cotyledon.oslo_config_glue [-] oslo_messaging_rabbit.kombu_reconnect_delay = 1.0 {{(pid=99149) log_opt_values /opt/stack/data/venv/lib/python3.12/site-packages/oslo_config/cfg.py:3253}}
Jul 28 07:56:10.085422 np0000005966 nova-conductor[99149]: DEBUG cotyledon.oslo_config_glue [-] oslo_messaging_rabbit.kombu_reconnect_splay = 0.0 {{(pid=99149) log_opt_values /opt/stack/data/venv/lib/python3.12/site-packages/oslo_config/cfg.py:3253}}
Jul 28 07:56:10.085422 np0000005966 nova-conductor[99149]: DEBUG cotyledon.oslo_config_glue [-] oslo_messaging_rabbit.processname = nova-conductor {{(pid=99149) log_opt_values /opt/stack/data/venv/lib/python3.12/site-packages/oslo_config/cfg.py:3253}}
Jul 28 07:56:10.085422 np0000005966 nova-conductor[99149]: DEBUG cotyledon.oslo_config_glue [-] oslo_messaging_rabbit.rabbit_ha_queues = False {{(pid=99149) log_opt_values /opt/stack/data/venv/lib/python3.12/site-packages/oslo_config/cfg.py:3253}}
Jul 28 07:56:10.085422 np0000005966 nova-conductor[99149]: DEBUG cotyledon.oslo_config_glue [-] oslo_messaging_rabbit.rabbit_interval_max = 30 {{(pid=99149) log_opt_values /opt/stack/data/venv/lib/python3.12/site-packages/oslo_config/cfg.py:3253}}
Jul 28 07:56:10.085422 np0000005966 nova-conductor[99149]: DEBUG cotyledon.oslo_config_glue [-] oslo_messaging_rabbit.rabbit_login_method = AMQPLAIN {{(pid=99149) log_opt_values /opt/stack/data/venv/lib/python3.12/site-packages/oslo_config/cfg.py:3253}}
Jul 28 07:56:10.085422 np0000005966 nova-conductor[99149]: DEBUG cotyledon.oslo_config_glue [-] oslo_messaging_rabbit.rabbit_qos_prefetch_count = 0 {{(pid=99149) log_opt_values /opt/stack/data/venv/lib/python3.12/site-packages/oslo_config/cfg.py:3253}}
Jul 28 07:56:10.085422 np0000005966 nova-conductor[99149]: DEBUG cotyledon.oslo_config_glue [-] oslo_messaging_rabbit.rabbit_quorum_delivery_limit = 0 {{(pid=99149) log_opt_values /opt/stack/data/venv/lib/python3.12/site-packages/oslo_config/cfg.py:3253}}
Jul 28 07:56:10.085707 np0000005966 nova-conductor[99149]: DEBUG cotyledon.oslo_config_glue [-] oslo_messaging_rabbit.rabbit_quorum_max_memory_bytes = 0 {{(pid=99149) log_opt_values /opt/stack/data/venv/lib/python3.12/site-packages/oslo_config/cfg.py:3253}}
Jul 28 07:56:10.085707 np0000005966 nova-conductor[99149]: DEBUG cotyledon.oslo_config_glue [-] oslo_messaging_rabbit.rabbit_quorum_max_memory_length = 0 {{(pid=99149) log_opt_values /opt/stack/data/venv/lib/python3.12/site-packages/oslo_config/cfg.py:3253}}
Jul 28 07:56:10.085707 np0000005966 nova-conductor[99149]: DEBUG cotyledon.oslo_config_glue [-] oslo_messaging_rabbit.rabbit_quorum_queue = False {{(pid=99149) log_opt_values /opt/stack/data/venv/lib/python3.12/site-packages/oslo_config/cfg.py:3253}}
Jul 28 07:56:10.085707 np0000005966 nova-conductor[99149]: DEBUG cotyledon.oslo_config_glue [-] oslo_messaging_rabbit.rabbit_retry_backoff = 2 {{(pid=99149) log_opt_values /opt/stack/data/venv/lib/python3.12/site-packages/oslo_config/cfg.py:3253}}
Jul 28 07:56:10.085707 np0000005966 nova-conductor[99149]: DEBUG cotyledon.oslo_config_glue [-] oslo_messaging_rabbit.rabbit_retry_interval = 1 {{(pid=99149) log_opt_values /opt/stack/data/venv/lib/python3.12/site-packages/oslo_config/cfg.py:3253}}
Jul 28 07:56:10.085707 np0000005966 nova-conductor[99149]: DEBUG cotyledon.oslo_config_glue [-] oslo_messaging_rabbit.rabbit_stream_fanout = False {{(pid=99149) log_opt_values /opt/stack/data/venv/lib/python3.12/site-packages/oslo_config/cfg.py:3253}}
Jul 28 07:56:10.085707 np0000005966 nova-conductor[99149]: DEBUG cotyledon.oslo_config_glue [-] oslo_messaging_rabbit.rabbit_transient_queues_ttl = 1800 {{(pid=99149) log_opt_values /opt/stack/data/venv/lib/python3.12/site-packages/oslo_config/cfg.py:3253}}
Jul 28 07:56:10.085707 np0000005966 nova-conductor[99149]: DEBUG cotyledon.oslo_config_glue [-] oslo_messaging_rabbit.rabbit_transient_quorum_queue = False {{(pid=99149) log_opt_values /opt/stack/data/venv/lib/python3.12/site-packages/oslo_config/cfg.py:3253}}
Jul 28 07:56:10.085952 np0000005966 nova-conductor[99149]: DEBUG cotyledon.oslo_config_glue [-] oslo_messaging_rabbit.rpc_conn_pool_size = 30 {{(pid=99149) log_opt_values /opt/stack/data/venv/lib/python3.12/site-packages/oslo_config/cfg.py:3253}}
Jul 28 07:56:10.085952 np0000005966 nova-conductor[99149]: DEBUG cotyledon.oslo_config_glue [-] oslo_messaging_rabbit.ssl = False {{(pid=99149) log_opt_values /opt/stack/data/venv/lib/python3.12/site-packages/oslo_config/cfg.py:3253}}
Jul 28 07:56:10.085952 np0000005966 nova-conductor[99149]: DEBUG cotyledon.oslo_config_glue [-] oslo_messaging_rabbit.ssl_ca_file = {{(pid=99149) log_opt_values /opt/stack/data/venv/lib/python3.12/site-packages/oslo_config/cfg.py:3253}}
Jul 28 07:56:10.085952 np0000005966 nova-conductor[99149]: DEBUG cotyledon.oslo_config_glue [-] oslo_messaging_rabbit.ssl_cert_file = {{(pid=99149) log_opt_values /opt/stack/data/venv/lib/python3.12/site-packages/oslo_config/cfg.py:3253}}
Jul 28 07:56:10.085952 np0000005966 nova-conductor[99149]: DEBUG cotyledon.oslo_config_glue [-] oslo_messaging_rabbit.ssl_enforce_fips_mode = False {{(pid=99149) log_opt_values /opt/stack/data/venv/lib/python3.12/site-packages/oslo_config/cfg.py:3253}}
Jul 28 07:56:10.085952 np0000005966 nova-conductor[99149]: DEBUG cotyledon.oslo_config_glue [-] oslo_messaging_rabbit.ssl_enforce_hostname_verification = True {{(pid=99149) log_opt_values /opt/stack/data/venv/lib/python3.12/site-packages/oslo_config/cfg.py:3253}}
Jul 28 07:56:10.085952 np0000005966 nova-conductor[99149]: DEBUG cotyledon.oslo_config_glue [-] oslo_messaging_rabbit.ssl_key_file = {{(pid=99149) log_opt_values /opt/stack/data/venv/lib/python3.12/site-packages/oslo_config/cfg.py:3253}}
Jul 28 07:56:10.085952 np0000005966 nova-conductor[99149]: DEBUG cotyledon.oslo_config_glue [-] oslo_messaging_rabbit.ssl_version = {{(pid=99149) log_opt_values /opt/stack/data/venv/lib/python3.12/site-packages/oslo_config/cfg.py:3253}}
Jul 28 07:56:10.085952 np0000005966 nova-conductor[99149]: DEBUG cotyledon.oslo_config_glue [-] oslo_messaging_rabbit.use_queue_manager = False {{(pid=99149) log_opt_values /opt/stack/data/venv/lib/python3.12/site-packages/oslo_config/cfg.py:3253}}
Jul 28 07:56:10.086199 np0000005966 nova-conductor[99149]: DEBUG cotyledon.oslo_config_glue [-] oslo_messaging_notifications.driver = ['messagingv2'] {{(pid=99149) log_opt_values /opt/stack/data/venv/lib/python3.12/site-packages/oslo_config/cfg.py:3253}}
Jul 28 07:56:10.086199 np0000005966 nova-conductor[99149]: DEBUG cotyledon.oslo_config_glue [-] oslo_messaging_notifications.retry = -1 {{(pid=99149) log_opt_values /opt/stack/data/venv/lib/python3.12/site-packages/oslo_config/cfg.py:3253}}
Jul 28 07:56:10.086199 np0000005966 nova-conductor[99149]: DEBUG cotyledon.oslo_config_glue [-] oslo_messaging_notifications.topics = ['notifications'] {{(pid=99149) log_opt_values /opt/stack/data/venv/lib/python3.12/site-packages/oslo_config/cfg.py:3253}}
Jul 28 07:56:10.086199 np0000005966 nova-conductor[99149]: DEBUG cotyledon.oslo_config_glue [-] oslo_messaging_notifications.transport_url = **** {{(pid=99149) log_opt_values /opt/stack/data/venv/lib/python3.12/site-packages/oslo_config/cfg.py:3253}}
Jul 28 07:56:10.086199 np0000005966 nova-conductor[99149]: DEBUG cotyledon.oslo_config_glue [-] oslo_limit.auth_section = None {{(pid=99149) log_opt_values /opt/stack/data/venv/lib/python3.12/site-packages/oslo_config/cfg.py:3253}}
Jul 28 07:56:10.086199 np0000005966 nova-conductor[99149]: DEBUG cotyledon.oslo_config_glue [-] oslo_limit.auth_type = None {{(pid=99149) log_opt_values /opt/stack/data/venv/lib/python3.12/site-packages/oslo_config/cfg.py:3253}}
Jul 28 07:56:10.086199 np0000005966 nova-conductor[99149]: DEBUG cotyledon.oslo_config_glue [-] oslo_limit.cafile = None {{(pid=99149) log_opt_values /opt/stack/data/venv/lib/python3.12/site-packages/oslo_config/cfg.py:3253}}
Jul 28 07:56:10.086199 np0000005966 nova-conductor[99149]: DEBUG cotyledon.oslo_config_glue [-] oslo_limit.certfile = None {{(pid=99149) log_opt_values /opt/stack/data/venv/lib/python3.12/site-packages/oslo_config/cfg.py:3253}}
Jul 28 07:56:10.086199 np0000005966 nova-conductor[99149]: DEBUG cotyledon.oslo_config_glue [-] oslo_limit.collect_timing = False {{(pid=99149) log_opt_values /opt/stack/data/venv/lib/python3.12/site-packages/oslo_config/cfg.py:3253}}
Jul 28 07:56:10.086453 np0000005966 nova-conductor[99149]: DEBUG cotyledon.oslo_config_glue [-] oslo_limit.connect_retries = None {{(pid=99149) log_opt_values /opt/stack/data/venv/lib/python3.12/site-packages/oslo_config/cfg.py:3253}}
Jul 28 07:56:10.086453 np0000005966 nova-conductor[99149]: DEBUG cotyledon.oslo_config_glue [-] oslo_limit.connect_retry_delay = None {{(pid=99149) log_opt_values /opt/stack/data/venv/lib/python3.12/site-packages/oslo_config/cfg.py:3253}}
Jul 28 07:56:10.086453 np0000005966 nova-conductor[99149]: DEBUG cotyledon.oslo_config_glue [-] oslo_limit.endpoint_id = None {{(pid=99149) log_opt_values /opt/stack/data/venv/lib/python3.12/site-packages/oslo_config/cfg.py:3253}}
Jul 28 07:56:10.086453 np0000005966 nova-conductor[99149]: DEBUG cotyledon.oslo_config_glue [-] oslo_limit.endpoint_interface = public {{(pid=99149) log_opt_values /opt/stack/data/venv/lib/python3.12/site-packages/oslo_config/cfg.py:3253}}
Jul 28 07:56:10.086453 np0000005966 nova-conductor[99149]: DEBUG cotyledon.oslo_config_glue [-] oslo_limit.endpoint_override = None {{(pid=99149) log_opt_values /opt/stack/data/venv/lib/python3.12/site-packages/oslo_config/cfg.py:3253}}
Jul 28 07:56:10.086453 np0000005966 nova-conductor[99149]: DEBUG cotyledon.oslo_config_glue [-] oslo_limit.endpoint_region_name = None {{(pid=99149) log_opt_values /opt/stack/data/venv/lib/python3.12/site-packages/oslo_config/cfg.py:3253}}
Jul 28 07:56:10.086453 np0000005966 nova-conductor[99149]: DEBUG cotyledon.oslo_config_glue [-] oslo_limit.endpoint_service_name = None {{(pid=99149) log_opt_values /opt/stack/data/venv/lib/python3.12/site-packages/oslo_config/cfg.py:3253}}
Jul 28 07:56:10.086453 np0000005966 nova-conductor[99149]: DEBUG cotyledon.oslo_config_glue [-] oslo_limit.endpoint_service_type = None {{(pid=99149) log_opt_values /opt/stack/data/venv/lib/python3.12/site-packages/oslo_config/cfg.py:3253}}
Jul 28 07:56:10.086453 np0000005966 nova-conductor[99149]: DEBUG cotyledon.oslo_config_glue [-] oslo_limit.insecure = False {{(pid=99149) log_opt_values /opt/stack/data/venv/lib/python3.12/site-packages/oslo_config/cfg.py:3253}}
Jul 28 07:56:10.086727 np0000005966 nova-conductor[99149]: DEBUG cotyledon.oslo_config_glue [-] oslo_limit.keyfile = None {{(pid=99149) log_opt_values /opt/stack/data/venv/lib/python3.12/site-packages/oslo_config/cfg.py:3253}}
Jul 28 07:56:10.086727 np0000005966 nova-conductor[99149]: DEBUG cotyledon.oslo_config_glue [-] oslo_limit.max_version = None {{(pid=99149) log_opt_values /opt/stack/data/venv/lib/python3.12/site-packages/oslo_config/cfg.py:3253}}
Jul 28 07:56:10.086727 np0000005966 nova-conductor[99149]: DEBUG cotyledon.oslo_config_glue [-] oslo_limit.min_version = None {{(pid=99149) log_opt_values /opt/stack/data/venv/lib/python3.12/site-packages/oslo_config/cfg.py:3253}}
Jul 28 07:56:10.086727 np0000005966 nova-conductor[99149]: DEBUG cotyledon.oslo_config_glue [-] oslo_limit.region_name = None {{(pid=99149) log_opt_values /opt/stack/data/venv/lib/python3.12/site-packages/oslo_config/cfg.py:3253}}
Jul 28 07:56:10.086727 np0000005966 nova-conductor[99149]: DEBUG cotyledon.oslo_config_glue [-] oslo_limit.retriable_status_codes = None {{(pid=99149) log_opt_values /opt/stack/data/venv/lib/python3.12/site-packages/oslo_config/cfg.py:3253}}
Jul 28 07:56:10.086727 np0000005966 nova-conductor[99149]: DEBUG cotyledon.oslo_config_glue [-] oslo_limit.service_name = None {{(pid=99149) log_opt_values /opt/stack/data/venv/lib/python3.12/site-packages/oslo_config/cfg.py:3253}}
Jul 28 07:56:10.086727 np0000005966 nova-conductor[99149]: DEBUG cotyledon.oslo_config_glue [-] oslo_limit.service_type = None {{(pid=99149) log_opt_values /opt/stack/data/venv/lib/python3.12/site-packages/oslo_config/cfg.py:3253}}
Jul 28 07:56:10.086727 np0000005966 nova-conductor[99149]: DEBUG cotyledon.oslo_config_glue [-] oslo_limit.split_loggers = False {{(pid=99149) log_opt_values /opt/stack/data/venv/lib/python3.12/site-packages/oslo_config/cfg.py:3253}}
Jul 28 07:56:10.086727 np0000005966 nova-conductor[99149]: DEBUG cotyledon.oslo_config_glue [-] oslo_limit.status_code_retries = None {{(pid=99149) log_opt_values /opt/stack/data/venv/lib/python3.12/site-packages/oslo_config/cfg.py:3253}}
Jul 28 07:56:10.086994 np0000005966 nova-conductor[99149]: DEBUG cotyledon.oslo_config_glue [-] oslo_limit.status_code_retry_delay = None {{(pid=99149) log_opt_values /opt/stack/data/venv/lib/python3.12/site-packages/oslo_config/cfg.py:3253}}
Jul 28 07:56:10.086994 np0000005966 nova-conductor[99149]: DEBUG cotyledon.oslo_config_glue [-] oslo_limit.timeout = None {{(pid=99149) log_opt_values /opt/stack/data/venv/lib/python3.12/site-packages/oslo_config/cfg.py:3253}}
Jul 28 07:56:10.086994 np0000005966 nova-conductor[99149]: DEBUG cotyledon.oslo_config_glue [-] oslo_limit.valid_interfaces = None {{(pid=99149) log_opt_values /opt/stack/data/venv/lib/python3.12/site-packages/oslo_config/cfg.py:3253}}
Jul 28 07:56:10.086994 np0000005966 nova-conductor[99149]: DEBUG cotyledon.oslo_config_glue [-] oslo_limit.version = None {{(pid=99149) log_opt_values /opt/stack/data/venv/lib/python3.12/site-packages/oslo_config/cfg.py:3253}}
Jul 28 07:56:10.086994 np0000005966 nova-conductor[99149]: DEBUG cotyledon.oslo_config_glue [-] oslo_reports.file_event_handler = None {{(pid=99149) log_opt_values /opt/stack/data/venv/lib/python3.12/site-packages/oslo_config/cfg.py:3253}}
Jul 28 07:56:10.086994 np0000005966 nova-conductor[99149]: DEBUG cotyledon.oslo_config_glue [-] oslo_reports.file_event_handler_interval = 1 {{(pid=99149) log_opt_values /opt/stack/data/venv/lib/python3.12/site-packages/oslo_config/cfg.py:3253}}
Jul 28 07:56:10.086994 np0000005966 nova-conductor[99149]: DEBUG cotyledon.oslo_config_glue [-] oslo_reports.log_dir = None {{(pid=99149) log_opt_values /opt/stack/data/venv/lib/python3.12/site-packages/oslo_config/cfg.py:3253}}
Jul 28 07:56:10.086994 np0000005966 nova-conductor[99149]: DEBUG cotyledon.oslo_config_glue [-] ******************************************************************************** {{(pid=99149) log_opt_values /opt/stack/data/venv/lib/python3.12/site-packages/oslo_config/cfg.py:3260}}
Jul 28 07:56:10.086994 np0000005966 nova-conductor[99149]: DEBUG cotyledon._service_worker [-] Run service ServiceWrapper(3) [99149] {{(pid=99149) wait_forever /opt/stack/data/venv/lib/python3.12/site-packages/cotyledon/_service_worker.py:218}}
Jul 28 07:56:10.087243 np0000005966 nova-conductor[99149]: INFO nova.service [-] Starting conductor node (version 33.1.0)
Jul 28 07:56:10.087243 np0000005966 nova-conductor[99149]: INFO dbcounter [None req-1d41ce68-5de4-4838-84f8-f1674ed4cd69 None None] Registered counter for database nova_cell0
Jul 28 07:56:10.087302 np0000005966 nova-conductor[99121]: DEBUG oslo_db.sqlalchemy.engines [None req-8fab7be9-baa8-41c1-aadc-81aa7387b671 None None] MySQL server mode set to STRICT_TRANS_TABLES,STRICT_ALL_TABLES,NO_ZERO_IN_DATE,NO_ZERO_DATE,ERROR_FOR_DIVISION_BY_ZERO,TRADITIONAL,NO_ENGINE_SUBSTITUTION {{(pid=99121) _check_effective_sql_mode /opt/stack/data/venv/lib/python3.12/site-packages/oslo_db/sqlalchemy/engines.py:325}}
Jul 28 07:56:10.087302 np0000005966 nova-conductor[99121]: DEBUG dbcounter [-] [99121] Writer thread running {{(pid=99121) stat_writer /opt/stack/data/venv/lib/python3.12/site-packages/dbcounter.py:102}}
Jul 28 07:56:10.093287 np0000005966 nova-conductor[99128]: DEBUG oslo_db.sqlalchemy.engines [None req-a5a409dc-4cf7-4737-8f51-78c5f69cccf0 None None] MySQL server mode set to STRICT_TRANS_TABLES,STRICT_ALL_TABLES,NO_ZERO_IN_DATE,NO_ZERO_DATE,ERROR_FOR_DIVISION_BY_ZERO,TRADITIONAL,NO_ENGINE_SUBSTITUTION {{(pid=99128) _check_effective_sql_mode /opt/stack/data/venv/lib/python3.12/site-packages/oslo_db/sqlalchemy/engines.py:325}}
Jul 28 07:56:10.093996 np0000005966 nova-conductor[99121]: DEBUG nova.service [None req-8fab7be9-baa8-41c1-aadc-81aa7387b671 None None] Creating RPC server for service: nova-conductor on topic: conductor {{(pid=99121) start /opt/stack/nova/nova/service.py:196}}
Jul 28 07:56:10.107710 np0000005966 nova-conductor[99128]: DEBUG dbcounter [-] [99128] Writer thread running {{(pid=99128) stat_writer /opt/stack/data/venv/lib/python3.12/site-packages/dbcounter.py:102}}
Jul 28 07:56:10.110448 np0000005966 nova-conductor[99134]: DEBUG oslo_db.sqlalchemy.engines [None req-205b3225-dc5b-4d3f-a91e-d31fb3d28870 None None] MySQL server mode set to STRICT_TRANS_TABLES,STRICT_ALL_TABLES,NO_ZERO_IN_DATE,NO_ZERO_DATE,ERROR_FOR_DIVISION_BY_ZERO,TRADITIONAL,NO_ENGINE_SUBSTITUTION {{(pid=99134) _check_effective_sql_mode /opt/stack/data/venv/lib/python3.12/site-packages/oslo_db/sqlalchemy/engines.py:325}}
Jul 28 07:56:10.111803 np0000005966 nova-conductor[99128]: DEBUG nova.service [None req-a5a409dc-4cf7-4737-8f51-78c5f69cccf0 None None] Creating RPC server for service: nova-conductor on topic: conductor {{(pid=99128) start /opt/stack/nova/nova/service.py:196}}
Jul 28 07:56:10.119216 np0000005966 nova-conductor[99149]: DEBUG oslo_db.sqlalchemy.engines [None req-1d41ce68-5de4-4838-84f8-f1674ed4cd69 None None] MySQL server mode set to STRICT_TRANS_TABLES,STRICT_ALL_TABLES,NO_ZERO_IN_DATE,NO_ZERO_DATE,ERROR_FOR_DIVISION_BY_ZERO,TRADITIONAL,NO_ENGINE_SUBSTITUTION {{(pid=99149) _check_effective_sql_mode /opt/stack/data/venv/lib/python3.12/site-packages/oslo_db/sqlalchemy/engines.py:325}}
Jul 28 07:56:10.121786 np0000005966 nova-conductor[99134]: DEBUG dbcounter [-] [99134] Writer thread running {{(pid=99134) stat_writer /opt/stack/data/venv/lib/python3.12/site-packages/dbcounter.py:102}}
Jul 28 07:56:10.125348 np0000005966 nova-conductor[99134]: DEBUG nova.service [None req-205b3225-dc5b-4d3f-a91e-d31fb3d28870 None None] Creating RPC server for service: nova-conductor on topic: conductor {{(pid=99134) start /opt/stack/nova/nova/service.py:196}}
Jul 28 07:56:10.128186 np0000005966 nova-conductor[99121]: DEBUG nova.service [None req-8fab7be9-baa8-41c1-aadc-81aa7387b671 None None] Join ServiceGroup membership for this service conductor {{(pid=99121) start /opt/stack/nova/nova/service.py:222}}
Jul 28 07:56:10.128440 np0000005966 nova-conductor[99121]: DEBUG nova.servicegroup.drivers.db [None req-8fab7be9-baa8-41c1-aadc-81aa7387b671 None None] DB_Driver: join new ServiceGroup member np0000005966 to the conductor group, service = {{(pid=99121) join /opt/stack/nova/nova/servicegroup/drivers/db.py:44}}
Jul 28 07:56:10.131344 np0000005966 nova-conductor[99149]: DEBUG dbcounter [-] [99149] Writer thread running {{(pid=99149) stat_writer /opt/stack/data/venv/lib/python3.12/site-packages/dbcounter.py:102}}
Jul 28 07:56:10.131522 np0000005966 nova-conductor[99128]: DEBUG nova.service [None req-a5a409dc-4cf7-4737-8f51-78c5f69cccf0 None None] Join ServiceGroup membership for this service conductor {{(pid=99128) start /opt/stack/nova/nova/service.py:222}}
Jul 28 07:56:10.131639 np0000005966 nova-conductor[99128]: DEBUG nova.servicegroup.drivers.db [None req-a5a409dc-4cf7-4737-8f51-78c5f69cccf0 None None] DB_Driver: join new ServiceGroup member np0000005966 to the conductor group, service = {{(pid=99128) join /opt/stack/nova/nova/servicegroup/drivers/db.py:44}}
Jul 28 07:56:10.134764 np0000005966 nova-conductor[99149]: DEBUG nova.service [None req-1d41ce68-5de4-4838-84f8-f1674ed4cd69 None None] Creating RPC server for service: nova-conductor on topic: conductor {{(pid=99149) start /opt/stack/nova/nova/service.py:196}}
Jul 28 07:56:10.146186 np0000005966 nova-conductor[99134]: DEBUG nova.service [None req-205b3225-dc5b-4d3f-a91e-d31fb3d28870 None None] Join ServiceGroup membership for this service conductor {{(pid=99134) start /opt/stack/nova/nova/service.py:222}}
Jul 28 07:56:10.146527 np0000005966 nova-conductor[99134]: DEBUG nova.servicegroup.drivers.db [None req-205b3225-dc5b-4d3f-a91e-d31fb3d28870 None None] DB_Driver: join new ServiceGroup member np0000005966 to the conductor group, service = {{(pid=99134) join /opt/stack/nova/nova/servicegroup/drivers/db.py:44}}
Jul 28 07:56:10.159427 np0000005966 nova-conductor[99149]: DEBUG nova.service [None req-1d41ce68-5de4-4838-84f8-f1674ed4cd69 None None] Join ServiceGroup membership for this service conductor {{(pid=99149) start /opt/stack/nova/nova/service.py:222}}
Jul 28 07:56:10.159720 np0000005966 nova-conductor[99149]: DEBUG nova.servicegroup.drivers.db [None req-1d41ce68-5de4-4838-84f8-f1674ed4cd69 None None] DB_Driver: join new ServiceGroup member np0000005966 to the conductor group, service = {{(pid=99149) join /opt/stack/nova/nova/servicegroup/drivers/db.py:44}}
Jul 28 07:56:14.134709 np0000005966 nova-conductor[99128]: DEBUG oslo.service.backend._threading.loopingcall [None req-cceddae6-d0d6-40e5-b197-0fa5966ee7ee None None] Dynamic interval looping call 'nova.service.Service.periodic_tasks' sleeping for 60.00 seconds {{(pid=99128) _run_loop /opt/stack/data/venv/lib/python3.12/site-packages/oslo_service/backend/_threading/loopingcall.py:125}}
Jul 28 07:56:15.142772 np0000005966 nova-conductor[99121]: DEBUG oslo.service.backend._threading.loopingcall [-] Fixed interval looping call 'nova.servicegroup.drivers.db.DbDriver._report_state' sleeping for 119.99 seconds {{(pid=99121) _run_loop /opt/stack/data/venv/lib/python3.12/site-packages/oslo_service/backend/_threading/loopingcall.py:125}}
Jul 28 07:56:15.145033 np0000005966 nova-conductor[99128]: DEBUG oslo.service.backend._threading.loopingcall [-] Fixed interval looping call 'nova.servicegroup.drivers.db.DbDriver._report_state' sleeping for 119.99 seconds {{(pid=99128) _run_loop /opt/stack/data/venv/lib/python3.12/site-packages/oslo_service/backend/_threading/loopingcall.py:125}}
Jul 28 07:56:15.160256 np0000005966 nova-conductor[99134]: DEBUG oslo.service.backend._threading.loopingcall [-] Fixed interval looping call 'nova.servicegroup.drivers.db.DbDriver._report_state' sleeping for 119.99 seconds {{(pid=99134) _run_loop /opt/stack/data/venv/lib/python3.12/site-packages/oslo_service/backend/_threading/loopingcall.py:125}}
Jul 28 07:56:15.170569 np0000005966 nova-conductor[99149]: DEBUG oslo.service.backend._threading.loopingcall [-] Fixed interval looping call 'nova.servicegroup.drivers.db.DbDriver._report_state' sleeping for 119.99 seconds {{(pid=99149) _run_loop /opt/stack/data/venv/lib/python3.12/site-packages/oslo_service/backend/_threading/loopingcall.py:125}}
Jul 28 07:56:18.671308 np0000005966 nova-conductor[97618]: DEBUG dbcounter [-] [97618] Writing DB stats nova_api:SELECT=1 {{(pid=97618) stat_writer /opt/stack/data/venv/lib/python3.12/site-packages/dbcounter.py:115}}
Jul 28 07:56:18.798222 np0000005966 nova-conductor[97618]: DEBUG dbcounter [-] [97618] Writing DB stats nova_cell0:SELECT=1 {{(pid=97618) stat_writer /opt/stack/data/venv/lib/python3.12/site-packages/dbcounter.py:115}}
Jul 28 07:56:18.808426 np0000005966 nova-conductor[97618]: DEBUG dbcounter [-] [97618] Writing DB stats nova_cell1:SELECT=1 {{(pid=97618) stat_writer /opt/stack/data/venv/lib/python3.12/site-packages/dbcounter.py:115}}
Jul 28 07:56:22.148912 np0000005966 nova-conductor[99134]: DEBUG oslo.service.backend._threading.loopingcall [None req-a0a00483-5472-476b-bc57-d1347fe92bfc None None] Dynamic interval looping call 'nova.service.Service.periodic_tasks' sleeping for 60.00 seconds {{(pid=99134) _run_loop /opt/stack/data/venv/lib/python3.12/site-packages/oslo_service/backend/_threading/loopingcall.py:125}}
Jul 28 07:56:25.139252 np0000005966 nova-conductor[99121]: DEBUG dbcounter [-] [99121] Writing DB stats nova_cell0:SELECT=4,nova_cell0:INSERT=1,nova_cell0:UPDATE=1 {{(pid=99121) stat_writer /opt/stack/data/venv/lib/python3.12/site-packages/dbcounter.py:115}}
Jul 28 07:56:25.143535 np0000005966 nova-conductor[99128]: DEBUG dbcounter [-] [99128] Writing DB stats nova_cell0:SELECT=3,nova_cell0:UPDATE=1 {{(pid=99128) stat_writer /opt/stack/data/venv/lib/python3.12/site-packages/dbcounter.py:115}}
Jul 28 07:56:25.155921 np0000005966 nova-conductor[99134]: DEBUG dbcounter [-] [99134] Writing DB stats nova_cell0:SELECT=3 {{(pid=99134) stat_writer /opt/stack/data/venv/lib/python3.12/site-packages/dbcounter.py:115}}
Jul 28 07:56:25.167543 np0000005966 nova-conductor[99149]: DEBUG dbcounter [-] [99149] Writing DB stats nova_cell0:SELECT=3 {{(pid=99149) stat_writer /opt/stack/data/venv/lib/python3.12/site-packages/dbcounter.py:115}}
Jul 28 07:56:39.161826 np0000005966 nova-conductor[99149]: DEBUG oslo.service.backend._threading.loopingcall [None req-fc862147-815e-4343-a8a1-5162a204c012 None None] Dynamic interval looping call 'nova.service.Service.periodic_tasks' sleeping for 60.00 seconds {{(pid=99149) _run_loop /opt/stack/data/venv/lib/python3.12/site-packages/oslo_service/backend/_threading/loopingcall.py:125}}
Jul 28 07:56:51.131095 np0000005966 nova-conductor[99121]: DEBUG oslo.service.backend._threading.loopingcall [None req-27cab32a-c0db-4d6f-b63d-0330d35651b3 None None] Dynamic interval looping call 'nova.service.Service.periodic_tasks' sleeping for 60.00 seconds {{(pid=99121) _run_loop /opt/stack/data/venv/lib/python3.12/site-packages/oslo_service/backend/_threading/loopingcall.py:125}}
Jul 28 07:57:14.135833 np0000005966 nova-conductor[99128]: DEBUG oslo.service.backend._threading.loopingcall [None req-cceddae6-d0d6-40e5-b197-0fa5966ee7ee None None] Dynamic interval looping call 'nova.service.Service.periodic_tasks' sleeping for 60.00 seconds {{(pid=99128) _run_loop /opt/stack/data/venv/lib/python3.12/site-packages/oslo_service/backend/_threading/loopingcall.py:125}}
Jul 28 07:57:22.149621 np0000005966 nova-conductor[99134]: DEBUG oslo.service.backend._threading.loopingcall [None req-a0a00483-5472-476b-bc57-d1347fe92bfc None None] Dynamic interval looping call 'nova.service.Service.periodic_tasks' sleeping for 60.00 seconds {{(pid=99134) _run_loop /opt/stack/data/venv/lib/python3.12/site-packages/oslo_service/backend/_threading/loopingcall.py:125}}
Jul 28 07:57:39.162475 np0000005966 nova-conductor[99149]: DEBUG oslo.service.backend._threading.loopingcall [None req-fc862147-815e-4343-a8a1-5162a204c012 None None] Dynamic interval looping call 'nova.service.Service.periodic_tasks' sleeping for 60.00 seconds {{(pid=99149) _run_loop /opt/stack/data/venv/lib/python3.12/site-packages/oslo_service/backend/_threading/loopingcall.py:125}}
Jul 28 07:57:51.131804 np0000005966 nova-conductor[99121]: DEBUG oslo.service.backend._threading.loopingcall [None req-27cab32a-c0db-4d6f-b63d-0330d35651b3 None None] Dynamic interval looping call 'nova.service.Service.periodic_tasks' sleeping for 60.00 seconds {{(pid=99121) _run_loop /opt/stack/data/venv/lib/python3.12/site-packages/oslo_service/backend/_threading/loopingcall.py:125}}
Jul 28 07:58:14.136350 np0000005966 nova-conductor[99128]: DEBUG oslo.service.backend._threading.loopingcall [None req-cceddae6-d0d6-40e5-b197-0fa5966ee7ee None None] Dynamic interval looping call 'nova.service.Service.periodic_tasks' sleeping for 60.00 seconds {{(pid=99128) _run_loop /opt/stack/data/venv/lib/python3.12/site-packages/oslo_service/backend/_threading/loopingcall.py:125}}
Jul 28 07:58:15.156521 np0000005966 nova-conductor[99121]: DEBUG oslo.service.backend._threading.loopingcall [-] Fixed interval looping call 'nova.servicegroup.drivers.db.DbDriver._report_state' sleeping for 119.98 seconds {{(pid=99121) _run_loop /opt/stack/data/venv/lib/python3.12/site-packages/oslo_service/backend/_threading/loopingcall.py:125}}
Jul 28 07:58:15.157617 np0000005966 nova-conductor[99128]: DEBUG oslo.service.backend._threading.loopingcall [-] Fixed interval looping call 'nova.servicegroup.drivers.db.DbDriver._report_state' sleeping for 119.98 seconds {{(pid=99128) _run_loop /opt/stack/data/venv/lib/python3.12/site-packages/oslo_service/backend/_threading/loopingcall.py:125}}
Jul 28 07:58:15.158406 np0000005966 nova-conductor[99134]: DEBUG oslo.service.backend._threading.loopingcall [-] Fixed interval looping call 'nova.servicegroup.drivers.db.DbDriver._report_state' sleeping for 119.99 seconds {{(pid=99134) _run_loop /opt/stack/data/venv/lib/python3.12/site-packages/oslo_service/backend/_threading/loopingcall.py:125}}
Jul 28 07:58:15.164070 np0000005966 nova-conductor[99149]: DEBUG oslo.service.backend._threading.loopingcall [-] Fixed interval looping call 'nova.servicegroup.drivers.db.DbDriver._report_state' sleeping for 120.00 seconds {{(pid=99149) _run_loop /opt/stack/data/venv/lib/python3.12/site-packages/oslo_service/backend/_threading/loopingcall.py:125}}
Jul 28 07:58:22.150116 np0000005966 nova-conductor[99134]: DEBUG oslo.service.backend._threading.loopingcall [None req-a0a00483-5472-476b-bc57-d1347fe92bfc None None] Dynamic interval looping call 'nova.service.Service.periodic_tasks' sleeping for 60.00 seconds {{(pid=99134) _run_loop /opt/stack/data/venv/lib/python3.12/site-packages/oslo_service/backend/_threading/loopingcall.py:125}}
Jul 28 07:58:25.137010 np0000005966 nova-conductor[99121]: DEBUG dbcounter [-] [99121] Writing DB stats nova_cell0:SELECT=1,nova_cell0:UPDATE=1 {{(pid=99121) stat_writer /opt/stack/data/venv/lib/python3.12/site-packages/dbcounter.py:115}}
Jul 28 07:58:25.139014 np0000005966 nova-conductor[99128]: DEBUG dbcounter [-] [99128] Writing DB stats nova_cell0:SELECT=1,nova_cell0:UPDATE=1 {{(pid=99128) stat_writer /opt/stack/data/venv/lib/python3.12/site-packages/dbcounter.py:115}}
Jul 28 07:58:25.154781 np0000005966 nova-conductor[99134]: DEBUG dbcounter [-] [99134] Writing DB stats nova_cell0:SELECT=1,nova_cell0:UPDATE=1 {{(pid=99134) stat_writer /opt/stack/data/venv/lib/python3.12/site-packages/dbcounter.py:115}}
Jul 28 07:58:25.162356 np0000005966 nova-conductor[99149]: DEBUG dbcounter [-] [99149] Writing DB stats nova_cell0:SELECT=1 {{(pid=99149) stat_writer /opt/stack/data/venv/lib/python3.12/site-packages/dbcounter.py:115}}
Jul 28 07:58:31.308289 np0000005966 nova-conductor[99121]: DEBUG oslo_db.sqlalchemy.engines [None req-42c181c4-b450-432b-8d00-8638baed06af tempest-DeleteServersTestJSON-735700750 tempest-DeleteServersTestJSON-735700750-project-member] Parent process 97618 forked (99121) with an open database connection, which is being discarded and recreated. {{(pid=99121) checkout /opt/stack/data/venv/lib/python3.12/site-packages/oslo_db/sqlalchemy/engines.py:402}}
Jul 28 07:58:31.347981 np0000005966 nova-conductor[99121]: DEBUG dbcounter [-] [99121] Writer thread running {{(pid=99121) stat_writer /opt/stack/data/venv/lib/python3.12/site-packages/dbcounter.py:102}}
Jul 28 07:58:32.353135 np0000005966 nova-conductor[99121]: DEBUG nova.conductor.manager [None req-42c181c4-b450-432b-8d00-8638baed06af tempest-DeleteServersTestJSON-735700750 tempest-DeleteServersTestJSON-735700750-project-member] Took 1.00 seconds to select destinations for 1 instance(s). {{(pid=99121) _schedule_instances /opt/stack/nova/nova/conductor/manager.py:968}}
Jul 28 07:58:32.387409 np0000005966 nova-conductor[99121]: DEBUG oslo_concurrency.lockutils [None req-42c181c4-b450-432b-8d00-8638baed06af tempest-DeleteServersTestJSON-735700750 tempest-DeleteServersTestJSON-735700750-project-member] Acquiring lock "d7dd4c3b-c91c-40e7-a609-72e41fa7af78" by "nova.context.set_target_cell..get_or_set_cached_cell_and_set_connections" {{(pid=99121) inner /opt/stack/data/venv/lib/python3.12/site-packages/oslo_concurrency/lockutils.py:512}}
Jul 28 07:58:32.387698 np0000005966 nova-conductor[99121]: DEBUG oslo_concurrency.lockutils [None req-42c181c4-b450-432b-8d00-8638baed06af tempest-DeleteServersTestJSON-735700750 tempest-DeleteServersTestJSON-735700750-project-member] Lock "d7dd4c3b-c91c-40e7-a609-72e41fa7af78" acquired by "nova.context.set_target_cell..get_or_set_cached_cell_and_set_connections" :: waited 0.000s {{(pid=99121) inner /opt/stack/data/venv/lib/python3.12/site-packages/oslo_concurrency/lockutils.py:525}}
Jul 28 07:58:32.389090 np0000005966 nova-conductor[99121]: DEBUG oslo_concurrency.lockutils [None req-42c181c4-b450-432b-8d00-8638baed06af tempest-DeleteServersTestJSON-735700750 tempest-DeleteServersTestJSON-735700750-project-member] Lock "d7dd4c3b-c91c-40e7-a609-72e41fa7af78" "released" by "nova.context.set_target_cell..get_or_set_cached_cell_and_set_connections" :: held 0.001s {{(pid=99121) inner /opt/stack/data/venv/lib/python3.12/site-packages/oslo_concurrency/lockutils.py:544}}
Jul 28 07:58:32.390874 np0000005966 nova-conductor[99121]: INFO dbcounter [None req-42c181c4-b450-432b-8d00-8638baed06af tempest-DeleteServersTestJSON-735700750 tempest-DeleteServersTestJSON-735700750-project-member] Registered counter for database nova_cell1
Jul 28 07:58:32.431352 np0000005966 nova-conductor[99121]: DEBUG oslo_db.sqlalchemy.engines [None req-42c181c4-b450-432b-8d00-8638baed06af tempest-DeleteServersTestJSON-735700750 tempest-DeleteServersTestJSON-735700750-project-member] MySQL server mode set to STRICT_TRANS_TABLES,STRICT_ALL_TABLES,NO_ZERO_IN_DATE,NO_ZERO_DATE,ERROR_FOR_DIVISION_BY_ZERO,TRADITIONAL,NO_ENGINE_SUBSTITUTION {{(pid=99121) _check_effective_sql_mode /opt/stack/data/venv/lib/python3.12/site-packages/oslo_db/sqlalchemy/engines.py:325}}
Jul 28 07:58:32.437776 np0000005966 nova-conductor[99121]: DEBUG dbcounter [-] [99121] Writer thread running {{(pid=99121) stat_writer /opt/stack/data/venv/lib/python3.12/site-packages/dbcounter.py:102}}
Jul 28 07:58:32.494384 np0000005966 nova-conductor[99121]: INFO nova.utils [None req-42c181c4-b450-432b-8d00-8638baed06af tempest-DeleteServersTestJSON-735700750 tempest-DeleteServersTestJSON-735700750-project-member] The cell worker thread pool ForkProcess-1.cell_worker is initialized
Jul 28 07:58:32.494682 np0000005966 nova-conductor[99121]: DEBUG oslo_concurrency.lockutils [None req-42c181c4-b450-432b-8d00-8638baed06af tempest-DeleteServersTestJSON-735700750 tempest-DeleteServersTestJSON-735700750-project-member] Acquiring lock "00000000-0000-0000-0000-000000000000" by "nova.context.set_target_cell..get_or_set_cached_cell_and_set_connections" {{(pid=99121) inner /opt/stack/data/venv/lib/python3.12/site-packages/oslo_concurrency/lockutils.py:512}}
Jul 28 07:58:32.494851 np0000005966 nova-conductor[99121]: DEBUG oslo_concurrency.lockutils [None req-42c181c4-b450-432b-8d00-8638baed06af tempest-DeleteServersTestJSON-735700750 tempest-DeleteServersTestJSON-735700750-project-member] Lock "00000000-0000-0000-0000-000000000000" acquired by "nova.context.set_target_cell..get_or_set_cached_cell_and_set_connections" :: waited 0.000s {{(pid=99121) inner /opt/stack/data/venv/lib/python3.12/site-packages/oslo_concurrency/lockutils.py:525}}
Jul 28 07:58:32.495255 np0000005966 nova-conductor[99121]: DEBUG oslo_concurrency.lockutils [None req-42c181c4-b450-432b-8d00-8638baed06af tempest-DeleteServersTestJSON-735700750 tempest-DeleteServersTestJSON-735700750-project-member] Lock "00000000-0000-0000-0000-000000000000" "released" by "nova.context.set_target_cell..get_or_set_cached_cell_and_set_connections" :: held 0.000s {{(pid=99121) inner /opt/stack/data/venv/lib/python3.12/site-packages/oslo_concurrency/lockutils.py:544}}
Jul 28 07:58:32.496012 np0000005966 nova-conductor[99121]: DEBUG oslo_concurrency.lockutils [None req-42c181c4-b450-432b-8d00-8638baed06af tempest-DeleteServersTestJSON-735700750 tempest-DeleteServersTestJSON-735700750-project-member] Acquiring lock "d7dd4c3b-c91c-40e7-a609-72e41fa7af78" by "nova.context.set_target_cell..get_or_set_cached_cell_and_set_connections" {{(pid=99121) inner /opt/stack/data/venv/lib/python3.12/site-packages/oslo_concurrency/lockutils.py:512}}
Jul 28 07:58:32.497455 np0000005966 nova-conductor[99121]: INFO dbcounter [None req-42c181c4-b450-432b-8d00-8638baed06af tempest-DeleteServersTestJSON-735700750 tempest-DeleteServersTestJSON-735700750-project-member] Registered counter for database nova_cell0
Jul 28 07:58:32.499171 np0000005966 nova-conductor[99121]: DEBUG oslo_concurrency.lockutils [None req-42c181c4-b450-432b-8d00-8638baed06af tempest-DeleteServersTestJSON-735700750 tempest-DeleteServersTestJSON-735700750-project-member] Lock "d7dd4c3b-c91c-40e7-a609-72e41fa7af78" acquired by "nova.context.set_target_cell..get_or_set_cached_cell_and_set_connections" :: waited 0.001s {{(pid=99121) inner /opt/stack/data/venv/lib/python3.12/site-packages/oslo_concurrency/lockutils.py:525}}
