Jul 28 07:55:36.094835 np0000005966 devstack@neutron-api.service[90894]: DEBUG neutron.api.extensions [None req-218e2d4a-74c5-4e70-bb94-021dd70c433a None None] Loading extension file: extra_dhcp_opt.py {{(pid=90894) _load_all_extensions_from_path /opt/stack/neutron/neutron/api/extensions.py:449}}
Jul 28 07:55:36.094874 np0000005966 devstack@neutron-api.service[90893]: DEBUG neutron.quota.resource_registry [None req-b78b0c20-9968-4eb8-9146-1145a9171787 None None] Tracking information for resource: floatingip configured {{(pid=90893) set_tracked_resource /opt/stack/neutron/neutron/quota/resource_registry.py:203}}
Jul 28 07:55:36.094969 np0000005966 devstack@neutron-api.service[90893]: INFO neutron.services.ovn_l3.plugin [None req-b78b0c20-9968-4eb8-9146-1145a9171787 None None] Starting OVNL3RouterPlugin
Jul 28 07:55:36.095173 np0000005966 devstack@neutron-api.service[90894]: DEBUG neutron.api.extensions [None req-218e2d4a-74c5-4e70-bb94-021dd70c433a None None] Ext name="Neutron Extra DHCP options" alias="extra_dhcp_opt" description="Extra options configuration for DHCP. For example PXE boot options to DHCP clients can be specified (e.g. tftp-server, server-ip-address, bootfile-name)" updated="2013-03-17T12:00:00-00:00" {{(pid=90894) _check_extension /opt/stack/neutron/neutron/api/extensions.py:415}}
Jul 28 07:55:36.095282 np0000005966 devstack@neutron-api.service[90893]: DEBUG neutron_lib.callbacks.manager [None req-b78b0c20-9968-4eb8-9146-1145a9171787 None None] Subscribe: > port_forwarding_plugin after_init 55550000, False {{(pid=90893) subscribe /opt/stack/data/venv/lib/python3.12/site-packages/neutron_lib/callbacks/manager.py:52}}
Jul 28 07:55:36.095420 np0000005966 devstack@neutron-api.service[90894]: INFO neutron.api.extensions [None req-218e2d4a-74c5-4e70-bb94-021dd70c433a None None] Loaded extension: extra_dhcp_opt
Jul 28 07:55:36.095581 np0000005966 devstack@neutron-api.service[90894]: DEBUG neutron.api.extensions [None req-218e2d4a-74c5-4e70-bb94-021dd70c433a None None] Loading extension file: extraroute.py {{(pid=90894) _load_all_extensions_from_path /opt/stack/neutron/neutron/api/extensions.py:449}}
Jul 28 07:55:36.095617 np0000005966 devstack@neutron-api.service[90893]: DEBUG neutron_lib.callbacks.manager [None req-b78b0c20-9968-4eb8-9146-1145a9171787 None None] Subscribe: > router before_create 55550100, False {{(pid=90893) subscribe /opt/stack/data/venv/lib/python3.12/site-packages/neutron_lib/callbacks/manager.py:52}}
Jul 28 07:55:36.095711 np0000005966 devstack@neutron-api.service[90893]: DEBUG neutron_lib.callbacks.manager [None req-b78b0c20-9968-4eb8-9146-1145a9171787 None None] Subscribe: > router precommit_delete 55550100, False {{(pid=90893) subscribe /opt/stack/data/venv/lib/python3.12/site-packages/neutron_lib/callbacks/manager.py:52}}
Jul 28 07:55:36.095822 np0000005966 devstack@neutron-api.service[90893]: DEBUG neutron_lib.callbacks.manager [None req-b78b0c20-9968-4eb8-9146-1145a9171787 None None] Subscribe: > router precommit_create 55550100, False {{(pid=90893) subscribe /opt/stack/data/venv/lib/python3.12/site-packages/neutron_lib/callbacks/manager.py:52}}
Jul 28 07:55:36.095917 np0000005966 devstack@neutron-api.service[90893]: DEBUG neutron_lib.callbacks.manager [None req-b78b0c20-9968-4eb8-9146-1145a9171787 None None] Subscribe: > router precommit_update 55550100, False {{(pid=90893) subscribe /opt/stack/data/venv/lib/python3.12/site-packages/neutron_lib/callbacks/manager.py:52}}
Jul 28 07:55:36.095947 np0000005966 devstack@neutron-api.service[90894]: DEBUG neutron.api.extensions [None req-218e2d4a-74c5-4e70-bb94-021dd70c433a None None] Ext name="Neutron Extra Route" alias="extraroute" description="Extra routes configuration for L3 router" updated="2013-02-01T10:00:00-00:00" {{(pid=90894) _check_extension /opt/stack/neutron/neutron/api/extensions.py:415}}
Jul 28 07:55:36.096202 np0000005966 devstack@neutron-api.service[90894]: INFO neutron.api.extensions [None req-218e2d4a-74c5-4e70-bb94-021dd70c433a None None] Loaded extension: extraroute
Jul 28 07:55:36.096357 np0000005966 devstack@neutron-api.service[90894]: DEBUG neutron.api.extensions [None req-218e2d4a-74c5-4e70-bb94-021dd70c433a None None] Loading extension file: extraroute_atomic.py {{(pid=90894) _load_all_extensions_from_path /opt/stack/neutron/neutron/api/extensions.py:449}}
Jul 28 07:55:36.096773 np0000005966 devstack@neutron-api.service[90894]: DEBUG neutron.api.extensions [None req-218e2d4a-74c5-4e70-bb94-021dd70c433a None None] Ext name="Atomically add/remove extra routes" alias="extraroute-atomic" description="Edit extra routes of a router on server side by atomically adding/removing extra routes" updated="2019-07-10T00:00:00+00:00" {{(pid=90894) _check_extension /opt/stack/neutron/neutron/api/extensions.py:415}}
Jul 28 07:55:36.097046 np0000005966 devstack@neutron-api.service[90894]: INFO neutron.api.extensions [None req-218e2d4a-74c5-4e70-bb94-021dd70c433a None None] Loaded extension: extraroute-atomic
Jul 28 07:55:36.097190 np0000005966 devstack@neutron-api.service[90894]: DEBUG neutron.api.extensions [None req-218e2d4a-74c5-4e70-bb94-021dd70c433a None None] Loading extension file: filter_validation.py {{(pid=90894) _load_all_extensions_from_path /opt/stack/neutron/neutron/api/extensions.py:449}}
Jul 28 07:55:36.097609 np0000005966 devstack@neutron-api.service[90894]: DEBUG neutron.api.extensions [None req-218e2d4a-74c5-4e70-bb94-021dd70c433a None None] Ext name="Filter parameters validation" alias="filter-validation" description="Provides validation on filter parameters." updated="2018-07-04T10:00:00-00:00" {{(pid=90894) _check_extension /opt/stack/neutron/neutron/api/extensions.py:415}}
Jul 28 07:55:36.097883 np0000005966 devstack@neutron-api.service[90894]: INFO neutron.api.extensions [None req-218e2d4a-74c5-4e70-bb94-021dd70c433a None None] Loaded extension: filter-validation
Jul 28 07:55:36.098032 np0000005966 devstack@neutron-api.service[90894]: DEBUG neutron.api.extensions [None req-218e2d4a-74c5-4e70-bb94-021dd70c433a None None] Loading extension file: fip_pf_description.py {{(pid=90894) _load_all_extensions_from_path /opt/stack/neutron/neutron/api/extensions.py:449}}
Jul 28 07:55:36.098358 np0000005966 devstack@neutron-api.service[90894]: DEBUG neutron.api.extensions [None req-218e2d4a-74c5-4e70-bb94-021dd70c433a None None] Ext name="Floating IP Port Forwarding new attribute description" alias="floating-ip-port-forwarding-description" description="Add a description field to Port Forwarding rules" updated="2019-11-01T10:00:00-00:00" {{(pid=90894) _check_extension /opt/stack/neutron/neutron/api/extensions.py:415}}
Jul 28 07:55:36.098638 np0000005966 devstack@neutron-api.service[90894]: INFO neutron.api.extensions [None req-218e2d4a-74c5-4e70-bb94-021dd70c433a None None] Extension floating-ip-port-forwarding-description not supported by any of loaded plugins
Jul 28 07:55:36.098761 np0000005966 devstack@neutron-api.service[90894]: DEBUG neutron.api.extensions [None req-218e2d4a-74c5-4e70-bb94-021dd70c433a None None] Loading extension file: fip_pf_detail.py {{(pid=90894) _load_all_extensions_from_path /opt/stack/neutron/neutron/api/extensions.py:449}}
Jul 28 07:55:36.099073 np0000005966 devstack@neutron-api.service[90894]: DEBUG neutron.api.extensions [None req-218e2d4a-74c5-4e70-bb94-021dd70c433a None None] Ext name="Floating IP port forwarding detail" alias="floating-ip-port-forwarding-detail" description="Allow list floating ip return more port forwarding data, include'id' and 'internal_port_id'" updated="2022-05-06T10:00:00-00:00" {{(pid=90894) _check_extension /opt/stack/neutron/neutron/api/extensions.py:415}}
Jul 28 07:55:36.099177 np0000005966 devstack@neutron-api.service[90893]: DEBUG neutron.services.provider_configuration [None req-b78b0c20-9968-4eb8-9146-1145a9171787 None None] Service providers = [] {{(pid=90893) parse_service_provider_opt /opt/stack/neutron/neutron/services/provider_configuration.py:170}}
Jul 28 07:55:36.099311 np0000005966 devstack@neutron-api.service[90893]: DEBUG neutron.db.servicetype_db [None req-b78b0c20-9968-4eb8-9146-1145a9171787 None None] Adding provider configuration for service L3_ROUTER_NAT {{(pid=90893) add_provider_configuration /opt/stack/neutron/neutron/db/servicetype_db.py:45}}
Jul 28 07:55:36.099351 np0000005966 devstack@neutron-api.service[90894]: INFO neutron.api.extensions [None req-218e2d4a-74c5-4e70-bb94-021dd70c433a None None] Loaded extension: floating-ip-port-forwarding-detail
Jul 28 07:55:36.099470 np0000005966 devstack@neutron-api.service[90894]: DEBUG neutron.api.extensions [None req-218e2d4a-74c5-4e70-bb94-021dd70c433a None None] Loading extension file: fip_pf_port_range.py {{(pid=90894) _load_all_extensions_from_path /opt/stack/neutron/neutron/api/extensions.py:449}}
Jul 28 07:55:36.099852 np0000005966 devstack@neutron-api.service[90894]: DEBUG neutron.api.extensions [None req-218e2d4a-74c5-4e70-bb94-021dd70c433a None None] Ext name="Floating IP Port Forwarding support port ranges" alias="floating-ip-port-forwarding-port-ranges" description="Add support to port ranges" updated="2020-07-01T10:00:00-00:00" {{(pid=90894) _check_extension /opt/stack/neutron/neutron/api/extensions.py:415}}
Jul 28 07:55:36.100111 np0000005966 devstack@neutron-api.service[90894]: INFO neutron.api.extensions [None req-218e2d4a-74c5-4e70-bb94-021dd70c433a None None] Extension floating-ip-port-forwarding-port-ranges not supported by any of loaded plugins
Jul 28 07:55:36.100263 np0000005966 devstack@neutron-api.service[90894]: DEBUG neutron.api.extensions [None req-218e2d4a-74c5-4e70-bb94-021dd70c433a None None] Loading extension file: fip_port_details.py {{(pid=90894) _load_all_extensions_from_path /opt/stack/neutron/neutron/api/extensions.py:449}}
Jul 28 07:55:36.100666 np0000005966 devstack@neutron-api.service[90894]: DEBUG neutron.api.extensions [None req-218e2d4a-74c5-4e70-bb94-021dd70c433a None None] Ext name="Floating IP Port Details Extension" alias="fip-port-details" description="Add port_details attribute to Floating IP resource" updated="2018-04-09T10:00:00-00:00" {{(pid=90894) _check_extension /opt/stack/neutron/neutron/api/extensions.py:415}}
Jul 28 07:55:36.100912 np0000005966 devstack@neutron-api.service[90894]: INFO neutron.api.extensions [None req-218e2d4a-74c5-4e70-bb94-021dd70c433a None None] Loaded extension: fip-port-details
Jul 28 07:55:36.100954 np0000005966 devstack@neutron-api.service[90893]: DEBUG neutron_lib.callbacks.manager [None req-b78b0c20-9968-4eb8-9146-1145a9171787 None None] Subscribe: > router precommit_create 55549900, False {{(pid=90893) subscribe /opt/stack/data/venv/lib/python3.12/site-packages/neutron_lib/callbacks/manager.py:52}}
Jul 28 07:55:36.101060 np0000005966 devstack@neutron-api.service[90894]: DEBUG neutron.api.extensions [None req-218e2d4a-74c5-4e70-bb94-021dd70c433a None None] Loading extension file: flavors.py {{(pid=90894) _load_all_extensions_from_path /opt/stack/neutron/neutron/api/extensions.py:449}}
Jul 28 07:55:36.101106 np0000005966 devstack@neutron-api.service[90893]: DEBUG neutron_lib.callbacks.manager [None req-b78b0c20-9968-4eb8-9146-1145a9171787 None None] Subscribe: > router_interface after_create 55550000, False {{(pid=90893) subscribe /opt/stack/data/venv/lib/python3.12/site-packages/neutron_lib/callbacks/manager.py:52}}
Jul 28 07:55:36.101179 np0000005966 devstack@neutron-api.service[90893]: DEBUG neutron_lib.callbacks.manager [None req-b78b0c20-9968-4eb8-9146-1145a9171787 None None] Subscribe: > floatingip after_create 55550000, False {{(pid=90893) subscribe /opt/stack/data/venv/lib/python3.12/site-packages/neutron_lib/callbacks/manager.py:52}}
Jul 28 07:55:36.101279 np0000005966 devstack@neutron-api.service[90893]: DEBUG neutron_lib.callbacks.manager [None req-b78b0c20-9968-4eb8-9146-1145a9171787 None None] Subscribe: > floatingip precommit_create 55550000, False {{(pid=90893) subscribe /opt/stack/data/venv/lib/python3.12/site-packages/neutron_lib/callbacks/manager.py:52}}
Jul 28 07:55:36.101381 np0000005966 devstack@neutron-api.service[90893]: DEBUG neutron_lib.callbacks.manager [None req-b78b0c20-9968-4eb8-9146-1145a9171787 None None] Subscribe: > floatingip precommit_update 55550000, False {{(pid=90893) subscribe /opt/stack/data/venv/lib/python3.12/site-packages/neutron_lib/callbacks/manager.py:52}}
Jul 28 07:55:36.101465 np0000005966 devstack@neutron-api.service[90894]: DEBUG neutron.api.extensions [None req-218e2d4a-74c5-4e70-bb94-021dd70c433a None None] Ext name="Neutron Service Flavors" alias="flavors" description="Flavor specification for Neutron advanced services." updated="2015-09-17T10:00:00-00:00" {{(pid=90894) _check_extension /opt/stack/neutron/neutron/api/extensions.py:415}}
Jul 28 07:55:36.101528 np0000005966 devstack@neutron-api.service[90893]: DEBUG neutron_lib.callbacks.manager [None req-b78b0c20-9968-4eb8-9146-1145a9171787 None None] Subscribe: > floatingip after_delete 55550000, False {{(pid=90893) subscribe /opt/stack/data/venv/lib/python3.12/site-packages/neutron_lib/callbacks/manager.py:52}}
Jul 28 07:55:36.101631 np0000005966 devstack@neutron-api.service[90893]: DEBUG neutron_lib.callbacks.manager [None req-b78b0c20-9968-4eb8-9146-1145a9171787 None None] Subscribe: > floatingip after_status_update 55550000, False {{(pid=90893) subscribe /opt/stack/data/venv/lib/python3.12/site-packages/neutron_lib/callbacks/manager.py:52}}
Jul 28 07:55:36.101770 np0000005966 devstack@neutron-api.service[90894]: INFO neutron.api.extensions [None req-218e2d4a-74c5-4e70-bb94-021dd70c433a None None] Loaded extension: flavors
Jul 28 07:55:36.101805 np0000005966 devstack@neutron-api.service[90893]: DEBUG neutron_lib.callbacks.manager [None req-b78b0c20-9968-4eb8-9146-1145a9171787 None None] Subscribe: > floatingip after_update 55550000, False {{(pid=90893) subscribe /opt/stack/data/venv/lib/python3.12/site-packages/neutron_lib/callbacks/manager.py:52}}
Jul 28 07:55:36.101908 np0000005966 devstack@neutron-api.service[90893]: DEBUG neutron_lib.callbacks.manager [None req-b78b0c20-9968-4eb8-9146-1145a9171787 None None] Subscribe: > port_forwarding after_create 55550000, False {{(pid=90893) subscribe /opt/stack/data/venv/lib/python3.12/site-packages/neutron_lib/callbacks/manager.py:52}}
Jul 28 07:55:36.101937 np0000005966 devstack@neutron-api.service[90894]: DEBUG neutron.api.extensions [None req-218e2d4a-74c5-4e70-bb94-021dd70c433a None None] Loading extension file: floating_ip_port_forwarding.py {{(pid=90894) _load_all_extensions_from_path /opt/stack/neutron/neutron/api/extensions.py:449}}
Jul 28 07:55:36.102004 np0000005966 devstack@neutron-api.service[90893]: DEBUG neutron_lib.callbacks.manager [None req-b78b0c20-9968-4eb8-9146-1145a9171787 None None] Subscribe: > router_interface after_delete 55550000, False {{(pid=90893) subscribe /opt/stack/data/venv/lib/python3.12/site-packages/neutron_lib/callbacks/manager.py:52}}
Jul 28 07:55:36.102110 np0000005966 devstack@neutron-api.service[90893]: DEBUG neutron_lib.callbacks.manager [None req-b78b0c20-9968-4eb8-9146-1145a9171787 None None] Subscribe: > router after_create 55550000, False {{(pid=90893) subscribe /opt/stack/data/venv/lib/python3.12/site-packages/neutron_lib/callbacks/manager.py:52}}
Jul 28 07:55:36.102225 np0000005966 devstack@neutron-api.service[90893]: DEBUG neutron_lib.callbacks.manager [None req-b78b0c20-9968-4eb8-9146-1145a9171787 None None] Subscribe: > router precommit_create 55550000, False {{(pid=90893) subscribe /opt/stack/data/venv/lib/python3.12/site-packages/neutron_lib/callbacks/manager.py:52}}
Jul 28 07:55:36.102319 np0000005966 devstack@neutron-api.service[90893]: DEBUG neutron_lib.callbacks.manager [None req-b78b0c20-9968-4eb8-9146-1145a9171787 None None] Subscribe: > router after_delete 55550000, False {{(pid=90893) subscribe /opt/stack/data/venv/lib/python3.12/site-packages/neutron_lib/callbacks/manager.py:52}}
Jul 28 07:55:36.102413 np0000005966 devstack@neutron-api.service[90893]: DEBUG neutron_lib.callbacks.manager [None req-b78b0c20-9968-4eb8-9146-1145a9171787 None None] Subscribe: > router after_update 55550000, False {{(pid=90893) subscribe /opt/stack/data/venv/lib/python3.12/site-packages/neutron_lib/callbacks/manager.py:52}}
Jul 28 07:55:36.102456 np0000005966 devstack@neutron-api.service[90894]: DEBUG neutron.api.extensions [None req-218e2d4a-74c5-4e70-bb94-021dd70c433a None None] Ext name="Floating IP Port Forwarding" alias="floating-ip-port-forwarding" description="Allow port forwarding from floating IP port to an internal port" updated="2018-01-19T10:00:00-00:00" {{(pid=90894) _check_extension /opt/stack/neutron/neutron/api/extensions.py:415}}
Jul 28 07:55:36.102557 np0000005966 devstack@neutron-api.service[90893]: DEBUG neutron.services.service_base [None req-b78b0c20-9968-4eb8-9146-1145a9171787 None None] Loaded 'neutron.services.ovn_l3.service_providers.ovn.OvnDriver' provider for service L3_ROUTER_NAT {{(pid=90893) load_drivers /opt/stack/neutron/neutron/services/service_base.py:49}}
Jul 28 07:55:36.102702 np0000005966 devstack@neutron-api.service[90894]: INFO neutron.api.extensions [None req-218e2d4a-74c5-4e70-bb94-021dd70c433a None None] Extension floating-ip-port-forwarding not supported by any of loaded plugins
Jul 28 07:55:36.102741 np0000005966 devstack@neutron-api.service[90893]: DEBUG neutron_lib.callbacks.manager [None req-b78b0c20-9968-4eb8-9146-1145a9171787 None None] Subscribe: > process after_init 55550001, True {{(pid=90893) subscribe /opt/stack/data/venv/lib/python3.12/site-packages/neutron_lib/callbacks/manager.py:52}}
Jul 28 07:55:36.102841 np0000005966 devstack@neutron-api.service[90894]: DEBUG neutron.api.extensions [None req-218e2d4a-74c5-4e70-bb94-021dd70c433a None None] Loading extension file: floatingip_pools.py {{(pid=90894) _load_all_extensions_from_path /opt/stack/neutron/neutron/api/extensions.py:449}}
Jul 28 07:55:36.102875 np0000005966 devstack@neutron-api.service[90893]: DEBUG neutron.manager [None req-b78b0c20-9968-4eb8-9146-1145a9171787 None None] Successfully loaded L3_ROUTER_NAT plugin. Description: L3 Router Service Plugin for basic L3 forwarding using OVN {{(pid=90893) _create_and_add_service_plugin /opt/stack/neutron/neutron/manager.py:236}}
Jul 28 07:55:36.102943 np0000005966 devstack@neutron-api.service[90893]: INFO neutron.manager [None req-b78b0c20-9968-4eb8-9146-1145a9171787 None None] Loading Plugin: auto_allocate
Jul 28 07:55:36.103257 np0000005966 devstack@neutron-api.service[90894]: DEBUG neutron.api.extensions [None req-218e2d4a-74c5-4e70-bb94-021dd70c433a None None] Ext name="Floating IP Pools Extension" alias="floatingip-pools" description="Provides a floating IP pools API." updated="2018-03-21T10:00:00-00:00" {{(pid=90894) _check_extension /opt/stack/neutron/neutron/api/extensions.py:415}}
Jul 28 07:55:36.103521 np0000005966 devstack@neutron-api.service[90894]: INFO neutron.api.extensions [None req-218e2d4a-74c5-4e70-bb94-021dd70c433a None None] Loaded extension: floatingip-pools
Jul 28 07:55:36.103694 np0000005966 devstack@neutron-api.service[90894]: DEBUG neutron.api.extensions [None req-218e2d4a-74c5-4e70-bb94-021dd70c433a None None] Loading extension file: ip_allocation.py {{(pid=90894) _load_all_extensions_from_path /opt/stack/neutron/neutron/api/extensions.py:449}}
Jul 28 07:55:36.104037 np0000005966 devstack@neutron-api.service[90894]: DEBUG neutron.api.extensions [None req-218e2d4a-74c5-4e70-bb94-021dd70c433a None None] Ext name="IP Allocation" alias="ip_allocation" description="IP allocation extension." updated="2016-06-10T23:00:00-00:00" {{(pid=90894) _check_extension /opt/stack/neutron/neutron/api/extensions.py:415}}
Jul 28 07:55:36.104232 np0000005966 devstack@neutron-api.service[90893]: DEBUG neutron_lib.callbacks.manager [None req-b78b0c20-9968-4eb8-9146-1145a9171787 None None] Subscribe: network precommit_update 55550000, False {{(pid=90893) subscribe /opt/stack/data/venv/lib/python3.12/site-packages/neutron_lib/callbacks/manager.py:52}}
Jul 28 07:55:36.104283 np0000005966 devstack@neutron-api.service[90894]: INFO neutron.api.extensions [None req-218e2d4a-74c5-4e70-bb94-021dd70c433a None None] Extension ip_allocation not supported by any of loaded plugins
Jul 28 07:55:36.104333 np0000005966 devstack@neutron-api.service[90893]: DEBUG neutron_lib.callbacks.manager [None req-b78b0c20-9968-4eb8-9146-1145a9171787 None None] Subscribe: network precommit_create 55550000, False {{(pid=90893) subscribe /opt/stack/data/venv/lib/python3.12/site-packages/neutron_lib/callbacks/manager.py:52}}
Jul 28 07:55:36.104418 np0000005966 devstack@neutron-api.service[90894]: DEBUG neutron.api.extensions [None req-218e2d4a-74c5-4e70-bb94-021dd70c433a None None] Loading extension file: ip_substring_port_filtering.py {{(pid=90894) _load_all_extensions_from_path /opt/stack/neutron/neutron/api/extensions.py:449}}
Jul 28 07:55:36.104602 np0000005966 devstack@neutron-api.service[90893]: DEBUG neutron.manager [None req-b78b0c20-9968-4eb8-9146-1145a9171787 None None] Successfully loaded auto-allocated-topology plugin. Description: Auto Allocated Topology - aka get me a network. {{(pid=90893) _create_and_add_service_plugin /opt/stack/neutron/neutron/manager.py:236}}
Jul 28 07:55:36.104692 np0000005966 devstack@neutron-api.service[90893]: INFO neutron.manager [None req-b78b0c20-9968-4eb8-9146-1145a9171787 None None] Loading Plugin: tag
Jul 28 07:55:36.104763 np0000005966 devstack@neutron-api.service[90894]: DEBUG neutron.api.extensions [None req-218e2d4a-74c5-4e70-bb94-021dd70c433a None None] Ext name="IP address substring filtering" alias="ip-substring-filtering" description="Provides IP address substring filtering when listing ports" updated="2017-11-28T09:00:00-00:00" {{(pid=90894) _check_extension /opt/stack/neutron/neutron/api/extensions.py:415}}
Jul 28 07:55:36.105002 np0000005966 devstack@neutron-api.service[90894]: INFO neutron.api.extensions [None req-218e2d4a-74c5-4e70-bb94-021dd70c433a None None] Extension ip-substring-filtering not supported by any of loaded plugins
Jul 28 07:55:36.105148 np0000005966 devstack@neutron-api.service[90894]: DEBUG neutron.api.extensions [None req-218e2d4a-74c5-4e70-bb94-021dd70c433a None None] Loading extension file: l2_adjacency.py {{(pid=90894) _load_all_extensions_from_path /opt/stack/neutron/neutron/api/extensions.py:449}}
Jul 28 07:55:36.105517 np0000005966 devstack@neutron-api.service[90894]: DEBUG neutron.api.extensions [None req-218e2d4a-74c5-4e70-bb94-021dd70c433a None None] Ext name="L2 Adjacency" alias="l2_adjacency" description="Display L2 Adjacency for Neutron Networks." updated="2016-04-12T16:00:00-00:00" {{(pid=90894) _check_extension /opt/stack/neutron/neutron/api/extensions.py:415}}
Jul 28 07:55:36.105805 np0000005966 devstack@neutron-api.service[90894]: INFO neutron.api.extensions [None req-218e2d4a-74c5-4e70-bb94-021dd70c433a None None] Extension l2_adjacency not supported by any of loaded plugins
Jul 28 07:55:36.105936 np0000005966 devstack@neutron-api.service[90894]: DEBUG neutron.api.extensions [None req-218e2d4a-74c5-4e70-bb94-021dd70c433a None None] Loading extension file: l3.py {{(pid=90894) _load_all_extensions_from_path /opt/stack/neutron/neutron/api/extensions.py:449}}
Jul 28 07:55:36.106689 np0000005966 devstack@neutron-api.service[90894]: DEBUG neutron.api.extensions [None req-218e2d4a-74c5-4e70-bb94-021dd70c433a None None] Ext name="Neutron L3 Router" alias="router" description="Router abstraction for basic L3 forwarding between L2 Neutron networks and access to external networks via a NAT gateway." updated="2012-07-20T10:00:00-00:00" {{(pid=90894) _check_extension /opt/stack/neutron/neutron/api/extensions.py:415}}
Jul 28 07:55:36.106994 np0000005966 devstack@neutron-api.service[90894]: INFO neutron.api.extensions [None req-218e2d4a-74c5-4e70-bb94-021dd70c433a None None] Loaded extension: router
Jul 28 07:55:36.107137 np0000005966 devstack@neutron-api.service[90894]: DEBUG neutron.api.extensions [None req-218e2d4a-74c5-4e70-bb94-021dd70c433a None None] Loading extension file: l3_agent_scheduler_ha_chassis_priority.py {{(pid=90894) _load_all_extensions_from_path /opt/stack/neutron/neutron/api/extensions.py:449}}
Jul 28 07:55:36.107868 np0000005966 devstack@neutron-api.service[90894]: DEBUG neutron.api.extensions [None req-218e2d4a-74c5-4e70-bb94-021dd70c433a None None] Ext name="L3 Agent Scheduler HA Chassis Priority" alias="l3-agent-scheduler-ha-chassis-priority" description="Exposes the HA_Chassis priority in the L3 Agent Scheduler API responses and allows setting priority when scheduling a router to a chassis." updated="2026-03-31T00:00:00-00:00" {{(pid=90894) _check_extension /opt/stack/neutron/neutron/api/extensions.py:415}}
Jul 28 07:55:36.107868 np0000005966 devstack@neutron-api.service[90894]: INFO neutron.api.extensions [None req-218e2d4a-74c5-4e70-bb94-021dd70c433a None None] Loaded extension: l3-agent-scheduler-ha-chassis-priority
Jul 28 07:55:36.107868 np0000005966 devstack@neutron-api.service[90894]: DEBUG neutron.api.extensions [None req-218e2d4a-74c5-4e70-bb94-021dd70c433a None None] Loading extension file: l3_conntrack_helper.py {{(pid=90894) _load_all_extensions_from_path /opt/stack/neutron/neutron/api/extensions.py:449}}
Jul 28 07:55:36.108223 np0000005966 devstack@neutron-api.service[90893]: DEBUG neutron.manager [None req-b78b0c20-9968-4eb8-9146-1145a9171787 None None] Successfully loaded TAG plugin. Description: Tag support {{(pid=90893) _create_and_add_service_plugin /opt/stack/neutron/neutron/manager.py:236}}
Jul 28 07:55:36.108223 np0000005966 devstack@neutron-api.service[90893]: INFO neutron.manager [None req-b78b0c20-9968-4eb8-9146-1145a9171787 None None] Loading Plugin: timestamp
Jul 28 07:55:36.108784 np0000005966 devstack@neutron-api.service[90894]: DEBUG neutron.api.extensions [None req-218e2d4a-74c5-4e70-bb94-021dd70c433a None None] Ext name="L3 Conntrack helper" alias="l3-conntrack-helper" description="Allow adding CT target rules for conntrack helper" updated="2019-04-04T10:00:00-00:00" {{(pid=90894) _check_extension /opt/stack/neutron/neutron/api/extensions.py:415}}
Jul 28 07:55:36.109090 np0000005966 devstack@neutron-api.service[90894]: INFO neutron.api.extensions [None req-218e2d4a-74c5-4e70-bb94-021dd70c433a None None] Extension l3-conntrack-helper not supported by any of loaded plugins
Jul 28 07:55:36.109241 np0000005966 devstack@neutron-api.service[90894]: DEBUG neutron.api.extensions [None req-218e2d4a-74c5-4e70-bb94-021dd70c433a None None] Loading extension file: l3_enable_default_route_bfd.py {{(pid=90894) _load_all_extensions_from_path /opt/stack/neutron/neutron/api/extensions.py:449}}
Jul 28 07:55:36.109674 np0000005966 devstack@neutron-api.service[90894]: DEBUG neutron.api.extensions [None req-218e2d4a-74c5-4e70-bb94-021dd70c433a None None] Ext name="Enable Default Route BFD" alias="enable-default-route-bfd" description="Enables configurable BFD behavior for default routes" updated="2023-02-27T00:00:00-00:00" {{(pid=90894) _check_extension /opt/stack/neutron/neutron/api/extensions.py:415}}
Jul 28 07:55:36.109871 np0000005966 devstack@neutron-api.service[90893]: DEBUG neutron.manager [None req-b78b0c20-9968-4eb8-9146-1145a9171787 None None] Successfully loaded timestamp plugin. Description: Adds timestamps to Neutron resources with standard attributes {{(pid=90893) _create_and_add_service_plugin /opt/stack/neutron/neutron/manager.py:236}}
Jul 28 07:55:36.109995 np0000005966 devstack@neutron-api.service[90894]: INFO neutron.api.extensions [None req-218e2d4a-74c5-4e70-bb94-021dd70c433a None None] Loaded extension: enable-default-route-bfd
Jul 28 07:55:36.110128 np0000005966 devstack@neutron-api.service[90893]: INFO neutron.manager [None req-b78b0c20-9968-4eb8-9146-1145a9171787 None None] Loading Plugin: network_ip_availability
Jul 28 07:55:36.110250 np0000005966 devstack@neutron-api.service[90894]: DEBUG neutron.api.extensions [None req-218e2d4a-74c5-4e70-bb94-021dd70c433a None None] Loading extension file: l3_enable_default_route_ecmp.py {{(pid=90894) _load_all_extensions_from_path /opt/stack/neutron/neutron/api/extensions.py:449}}
Jul 28 07:55:36.110345 np0000005966 devstack@neutron-api.service[90894]: DEBUG neutron.api.extensions [None req-218e2d4a-74c5-4e70-bb94-021dd70c433a None None] Ext name="Enable Default Route ECMP" alias="enable-default-route-ecmp" description="Enables configurable ECMP behavior for default routes" updated="2023-02-27T00:00:00-00:00" {{(pid=90894) _check_extension /opt/stack/neutron/neutron/api/extensions.py:415}}
Jul 28 07:55:36.110663 np0000005966 devstack@neutron-api.service[90894]: INFO neutron.api.extensions [None req-218e2d4a-74c5-4e70-bb94-021dd70c433a None None] Loaded extension: enable-default-route-ecmp
Jul 28 07:55:36.110785 np0000005966 devstack@neutron-api.service[90894]: DEBUG neutron.api.extensions [None req-218e2d4a-74c5-4e70-bb94-021dd70c433a None None] Loading extension file: l3_ext_gw_mode.py {{(pid=90894) _load_all_extensions_from_path /opt/stack/neutron/neutron/api/extensions.py:449}}
Jul 28 07:55:36.111118 np0000005966 devstack@neutron-api.service[90894]: DEBUG neutron.api.extensions [None req-218e2d4a-74c5-4e70-bb94-021dd70c433a None None] Ext name="Neutron L3 Configurable external gateway mode" alias="ext-gw-mode" description="Extension of the router abstraction for specifying whether SNAT should occur on the external gateway" updated="2013-03-28T10:00:00-00:00" {{(pid=90894) _check_extension /opt/stack/neutron/neutron/api/extensions.py:415}}
Jul 28 07:55:36.111433 np0000005966 devstack@neutron-api.service[90894]: INFO neutron.api.extensions [None req-218e2d4a-74c5-4e70-bb94-021dd70c433a None None] Loaded extension: ext-gw-mode
Jul 28 07:55:36.111610 np0000005966 devstack@neutron-api.service[90894]: DEBUG neutron.api.extensions [None req-218e2d4a-74c5-4e70-bb94-021dd70c433a None None] Loading extension file: l3_ext_ha_mode.py {{(pid=90894) _load_all_extensions_from_path /opt/stack/neutron/neutron/api/extensions.py:449}}
Jul 28 07:55:36.111943 np0000005966 devstack@neutron-api.service[90894]: DEBUG neutron.api.extensions [None req-218e2d4a-74c5-4e70-bb94-021dd70c433a None None] Ext name="HA Router extension" alias="l3-ha" description="Adds HA capability to routers." updated="2014-04-26T00:00:00-00:00" {{(pid=90894) _check_extension /opt/stack/neutron/neutron/api/extensions.py:415}}
Jul 28 07:55:36.112044 np0000005966 devstack@neutron-api.service[90893]: DEBUG neutron.manager [None req-b78b0c20-9968-4eb8-9146-1145a9171787 None None] Successfully loaded network-ip-availability plugin. Description: Provides IP availability data for each network and subnet. {{(pid=90893) _create_and_add_service_plugin /opt/stack/neutron/neutron/manager.py:236}}
Jul 28 07:55:36.112044 np0000005966 devstack@neutron-api.service[90893]: INFO neutron.manager [None req-b78b0c20-9968-4eb8-9146-1145a9171787 None None] Loading Plugin: flavors
Jul 28 07:55:36.112318 np0000005966 devstack@neutron-api.service[90894]: INFO neutron.api.extensions [None req-218e2d4a-74c5-4e70-bb94-021dd70c433a None None] Loaded extension: l3-ha
Jul 28 07:55:36.112449 np0000005966 devstack@neutron-api.service[90894]: DEBUG neutron.api.extensions [None req-218e2d4a-74c5-4e70-bb94-021dd70c433a None None] Loading extension file: l3_ext_ndp_proxy.py {{(pid=90894) _load_all_extensions_from_path /opt/stack/neutron/neutron/api/extensions.py:449}}
Jul 28 07:55:36.112978 np0000005966 devstack@neutron-api.service[90893]: DEBUG neutron.manager [None req-b78b0c20-9968-4eb8-9146-1145a9171787 None None] Successfully loaded FLAVORS plugin. Description: Neutron Flavors and Service Profiles manager plugin {{(pid=90893) _create_and_add_service_plugin /opt/stack/neutron/neutron/manager.py:236}}
Jul 28 07:55:36.113136 np0000005966 devstack@neutron-api.service[90893]: INFO neutron.manager [None req-b78b0c20-9968-4eb8-9146-1145a9171787 None None] Loading Plugin: revisions
Jul 28 07:55:36.114279 np0000005966 devstack@neutron-api.service[90893]: DEBUG neutron.manager [None req-b78b0c20-9968-4eb8-9146-1145a9171787 None None] Successfully loaded revision_plugin plugin. Description: Adds revision numbers to resources. {{(pid=90893) _create_and_add_service_plugin /opt/stack/neutron/neutron/manager.py:236}}
Jul 28 07:55:36.114437 np0000005966 devstack@neutron-api.service[90893]: DEBUG oslo_concurrency.lockutils [None req-b78b0c20-9968-4eb8-9146-1145a9171787 None None] Lock "manager" "released" by "neutron.manager.NeutronManager._create_instance" :: held 4.324s {{(pid=90893) inner /opt/stack/data/venv/lib/python3.12/site-packages/oslo_concurrency/lockutils.py:544}}
Jul 28 07:55:36.114745 np0000005966 devstack@neutron-api.service[90893]: DEBUG neutron.api.extensions [None req-b78b0c20-9968-4eb8-9146-1145a9171787 None None] get_extension_paths = OrderedDict({'/opt/stack/neutron/neutron/extensions': 1}) {{(pid=90893) get_extensions_path /opt/stack/neutron/neutron/api/extensions.py:640}}
Jul 28 07:55:36.114795 np0000005966 devstack@neutron-api.service[90894]: DEBUG neutron.api.extensions [None req-218e2d4a-74c5-4e70-bb94-021dd70c433a None None] Ext name="Router support to enable NDP proxy" alias="l3-ext-ndp-proxy" description="Router extension to enable ndp proxy" updated="2020-08-25T00:00:00-00:00" {{(pid=90894) _check_extension /opt/stack/neutron/neutron/api/extensions.py:415}}
Jul 28 07:55:36.114936 np0000005966 devstack@neutron-api.service[90893]: INFO neutron.api.extensions [None req-b78b0c20-9968-4eb8-9146-1145a9171787 None None] Initializing extension manager.
Jul 28 07:55:36.115132 np0000005966 devstack@neutron-api.service[90893]: DEBUG neutron.api.extensions [None req-b78b0c20-9968-4eb8-9146-1145a9171787 None None] Loading extension file: __init__.py {{(pid=90893) _load_all_extensions_from_path /opt/stack/neutron/neutron/api/extensions.py:449}}
Jul 28 07:55:36.115245 np0000005966 devstack@neutron-api.service[90894]: INFO neutron.api.extensions [None req-218e2d4a-74c5-4e70-bb94-021dd70c433a None None] Extension l3-ext-ndp-proxy not supported by any of loaded plugins
Jul 28 07:55:36.115372 np0000005966 devstack@neutron-api.service[90893]: DEBUG neutron.api.extensions [None req-b78b0c20-9968-4eb8-9146-1145a9171787 None None] Loading extension file: __pycache__ {{(pid=90893) _load_all_extensions_from_path /opt/stack/neutron/neutron/api/extensions.py:449}}
Jul 28 07:55:36.115482 np0000005966 devstack@neutron-api.service[90894]: DEBUG neutron.api.extensions [None req-218e2d4a-74c5-4e70-bb94-021dd70c433a None None] Loading extension file: l3_extra_gws.py {{(pid=90894) _load_all_extensions_from_path /opt/stack/neutron/neutron/api/extensions.py:449}}
Jul 28 07:55:36.115609 np0000005966 devstack@neutron-api.service[90893]: DEBUG neutron.api.extensions [None req-b78b0c20-9968-4eb8-9146-1145a9171787 None None] Loading extension file: aap_reject_multicast.py {{(pid=90893) _load_all_extensions_from_path /opt/stack/neutron/neutron/api/extensions.py:449}}
Jul 28 07:55:36.115609 np0000005966 devstack@neutron-api.service[90893]: DEBUG neutron.api.extensions [None req-b78b0c20-9968-4eb8-9146-1145a9171787 None None] Ext name="Allowed address pairs reject multicast extension" alias="aap-reject-multicast" description="Reject multicast addresses in Allowed Address Pairs" updated="2026-04-01T00:00:00-00:00" {{(pid=90893) _check_extension /opt/stack/neutron/neutron/api/extensions.py:415}}
Jul 28 07:55:36.115725 np0000005966 devstack@neutron-api.service[90894]: DEBUG neutron.api.extensions [None req-218e2d4a-74c5-4e70-bb94-021dd70c433a None None] Ext name="Neutron L3 External Gateway Multihoming" alias="external-gateway-multihoming" description="Allow multiple external gateway ports per router" updated="2023-01-18T00:00:00-00:00" {{(pid=90894) _check_extension /opt/stack/neutron/neutron/api/extensions.py:415}}
Jul 28 07:55:36.115897 np0000005966 devstack@neutron-api.service[90894]: INFO neutron.api.extensions [None req-218e2d4a-74c5-4e70-bb94-021dd70c433a None None] Loaded extension: external-gateway-multihoming
Jul 28 07:55:36.115987 np0000005966 devstack@neutron-api.service[90893]: INFO neutron.api.extensions [None req-b78b0c20-9968-4eb8-9146-1145a9171787 None None] Extension aap-reject-multicast not supported by any of loaded plugins
Jul 28 07:55:36.116109 np0000005966 devstack@neutron-api.service[90894]: DEBUG neutron.api.extensions [None req-218e2d4a-74c5-4e70-bb94-021dd70c433a None None] Loading extension file: l3_flavors.py {{(pid=90894) _load_all_extensions_from_path /opt/stack/neutron/neutron/api/extensions.py:449}}
Jul 28 07:55:36.116238 np0000005966 devstack@neutron-api.service[90893]: DEBUG neutron.api.extensions [None req-b78b0c20-9968-4eb8-9146-1145a9171787 None None] Loading extension file: address_group.py {{(pid=90893) _load_all_extensions_from_path /opt/stack/neutron/neutron/api/extensions.py:449}}
Jul 28 07:55:36.116445 np0000005966 devstack@neutron-api.service[90894]: DEBUG neutron.api.extensions [None req-218e2d4a-74c5-4e70-bb94-021dd70c433a None None] Ext name="Router Flavor Extension" alias="l3-flavors" description="Flavor support for routers." updated="2016-05-17T00:00:00-00:00" {{(pid=90894) _check_extension /opt/stack/neutron/neutron/api/extensions.py:415}}
Jul 28 07:55:36.116495 np0000005966 devstack@neutron-api.service[90893]: DEBUG neutron.api.extensions [None req-b78b0c20-9968-4eb8-9146-1145a9171787 None None] Ext name="Address group" alias="address-group" description="Support address group" updated="2020-07-15T10:00:00-00:00" {{(pid=90893) _check_extension /opt/stack/neutron/neutron/api/extensions.py:415}}
Jul 28 07:55:36.116682 np0000005966 devstack@neutron-api.service[90894]: INFO neutron.api.extensions [None req-218e2d4a-74c5-4e70-bb94-021dd70c433a None None] Loaded extension: l3-flavors
Jul 28 07:55:36.116722 np0000005966 devstack@neutron-api.service[90893]: INFO neutron.api.extensions [None req-b78b0c20-9968-4eb8-9146-1145a9171787 None None] Loaded extension: address-group
Jul 28 07:55:36.116898 np0000005966 devstack@neutron-api.service[90894]: DEBUG neutron.api.extensions [None req-218e2d4a-74c5-4e70-bb94-021dd70c433a None None] Loading extension file: l3_ndp_proxy.py {{(pid=90894) _load_all_extensions_from_path /opt/stack/neutron/neutron/api/extensions.py:449}}
Jul 28 07:55:36.116939 np0000005966 devstack@neutron-api.service[90893]: DEBUG neutron.api.extensions [None req-b78b0c20-9968-4eb8-9146-1145a9171787 None None] Loading extension file: address_scope.py {{(pid=90893) _load_all_extensions_from_path /opt/stack/neutron/neutron/api/extensions.py:449}}
Jul 28 07:55:36.117226 np0000005966 devstack@neutron-api.service[90893]: DEBUG neutron.api.extensions [None req-b78b0c20-9968-4eb8-9146-1145a9171787 None None] Ext name="Address scope" alias="address-scope" description="Address scopes extension." updated="2015-07-26T10:00:00-00:00" {{(pid=90893) _check_extension /opt/stack/neutron/neutron/api/extensions.py:415}}
Jul 28 07:55:36.117307 np0000005966 devstack@neutron-api.service[90894]: DEBUG neutron.api.extensions [None req-218e2d4a-74c5-4e70-bb94-021dd70c433a None None] Ext name="name" alias="l3-ndp-proxy" description="description" updated="2021-06-29T10:00:00-00:00" {{(pid=90894) _check_extension /opt/stack/neutron/neutron/api/extensions.py:415}}
Jul 28 07:55:36.117348 np0000005966 devstack@neutron-api.service[90893]: INFO neutron.api.extensions [None req-b78b0c20-9968-4eb8-9146-1145a9171787 None None] Loaded extension: address-scope
Jul 28 07:55:36.117486 np0000005966 devstack@neutron-api.service[90893]: DEBUG neutron.api.extensions [None req-b78b0c20-9968-4eb8-9146-1145a9171787 None None] Loading extension file: admin_state_down_before_update.py {{(pid=90893) _load_all_extensions_from_path /opt/stack/neutron/neutron/api/extensions.py:449}}
Jul 28 07:55:36.117671 np0000005966 devstack@neutron-api.service[90894]: INFO neutron.api.extensions [None req-218e2d4a-74c5-4e70-bb94-021dd70c433a None None] Extension l3-ndp-proxy not supported by any of loaded plugins
Jul 28 07:55:36.117813 np0000005966 devstack@neutron-api.service[90894]: DEBUG neutron.api.extensions [None req-218e2d4a-74c5-4e70-bb94-021dd70c433a None None] Loading extension file: l3_port_ip_change_not_allowed.py {{(pid=90894) _load_all_extensions_from_path /opt/stack/neutron/neutron/api/extensions.py:449}}
Jul 28 07:55:36.117941 np0000005966 devstack@neutron-api.service[90893]: DEBUG neutron.api.extensions [None req-b78b0c20-9968-4eb8-9146-1145a9171787 None None] Ext name="Enforce Router's Admin State Down Before Update Extension" alias="router-admin-state-down-before-update" description="Ensure that the admin state of a router is DOWN (admin_state_up=False) before updating the distributed attribute" updated="2019-07-02T15:56:00" {{(pid=90893) _check_extension /opt/stack/neutron/neutron/api/extensions.py:415}}
Jul 28 07:55:36.118082 np0000005966 devstack@neutron-api.service[90893]: INFO neutron.api.extensions [None req-b78b0c20-9968-4eb8-9146-1145a9171787 None None] Extension router-admin-state-down-before-update not supported by any of loaded plugins
Jul 28 07:55:36.118129 np0000005966 devstack@neutron-api.service[90894]: DEBUG neutron.api.extensions [None req-218e2d4a-74c5-4e70-bb94-021dd70c433a None None] Ext name="Prevent L3 router ports IP address change extension" alias="l3-port-ip-change-not-allowed" description="Prevent change of IP address for some L3 router ports" updated="2018-10-09T10:00:00-00:00" {{(pid=90894) _check_extension /opt/stack/neutron/neutron/api/extensions.py:415}}
Jul 28 07:55:36.118219 np0000005966 devstack@neutron-api.service[90893]: DEBUG neutron.api.extensions [None req-b78b0c20-9968-4eb8-9146-1145a9171787 None None] Loading extension file: agent.py {{(pid=90893) _load_all_extensions_from_path /opt/stack/neutron/neutron/api/extensions.py:449}}
Jul 28 07:55:36.118413 np0000005966 devstack@neutron-api.service[90894]: INFO neutron.api.extensions [None req-218e2d4a-74c5-4e70-bb94-021dd70c433a None None] Extension l3-port-ip-change-not-allowed not supported by any of loaded plugins
Jul 28 07:55:36.118582 np0000005966 devstack@neutron-api.service[90894]: DEBUG neutron.api.extensions [None req-218e2d4a-74c5-4e70-bb94-021dd70c433a None None] Loading extension file: l3agentscheduler.py {{(pid=90894) _load_all_extensions_from_path /opt/stack/neutron/neutron/api/extensions.py:449}}
Jul 28 07:55:36.118677 np0000005966 devstack@neutron-api.service[90893]: DEBUG neutron.api.extensions [None req-b78b0c20-9968-4eb8-9146-1145a9171787 None None] Ext name="agent" alias="agent" description="The agent management extension." updated="2013-02-03T10:00:00-00:00" {{(pid=90893) _check_extension /opt/stack/neutron/neutron/api/extensions.py:415}}
Jul 28 07:55:36.118920 np0000005966 devstack@neutron-api.service[90893]: INFO neutron.api.extensions [None req-b78b0c20-9968-4eb8-9146-1145a9171787 None None] Loaded extension: agent
Jul 28 07:55:36.118920 np0000005966 devstack@neutron-api.service[90893]: DEBUG neutron.api.extensions [None req-b78b0c20-9968-4eb8-9146-1145a9171787 None None] Loading extension file: agent_resources_synced.py {{(pid=90893) _load_all_extensions_from_path /opt/stack/neutron/neutron/api/extensions.py:449}}
Jul 28 07:55:36.119222 np0000005966 devstack@neutron-api.service[90893]: DEBUG neutron.api.extensions [None req-b78b0c20-9968-4eb8-9146-1145a9171787 None None] Ext name="Agent's Resource View Synced to Placement" alias="agent-resources-synced" description="Stores success/failure of last sync to Placement" updated="2018-12-19T00:00:00-00:00" {{(pid=90893) _check_extension /opt/stack/neutron/neutron/api/extensions.py:415}}
Jul 28 07:55:36.119448 np0000005966 devstack@neutron-api.service[90893]: INFO neutron.api.extensions [None req-b78b0c20-9968-4eb8-9146-1145a9171787 None None] Extension agent-resources-synced not supported by any of loaded plugins
Jul 28 07:55:36.119515 np0000005966 devstack@neutron-api.service[90893]: DEBUG neutron.api.extensions [None req-b78b0c20-9968-4eb8-9146-1145a9171787 None None] Loading extension file: agent_sort_key.py {{(pid=90893) _load_all_extensions_from_path /opt/stack/neutron/neutron/api/extensions.py:449}}
Jul 28 07:55:36.119718 np0000005966 devstack@neutron-api.service[90894]: DEBUG neutron.api.extensions [None req-218e2d4a-74c5-4e70-bb94-021dd70c433a None None] Ext name="L3 Agent Scheduler" alias="l3_agent_scheduler" description="Schedule routers among l3 agents" updated="2013-02-07T10:00:00-00:00" {{(pid=90894) _check_extension /opt/stack/neutron/neutron/api/extensions.py:415}}
Jul 28 07:55:36.119854 np0000005966 devstack@neutron-api.service[90893]: DEBUG neutron.api.extensions [None req-b78b0c20-9968-4eb8-9146-1145a9171787 None None] Ext name="Agents Sort Key" alias="agent_sort_key" description="Enabling the keyword sort_key for sorting in agents." updated="2013-02-03T10:00:00-00:00" {{(pid=90893) _check_extension /opt/stack/neutron/neutron/api/extensions.py:415}}
Jul 28 07:55:36.119992 np0000005966 devstack@neutron-api.service[90894]: INFO neutron.api.extensions [None req-218e2d4a-74c5-4e70-bb94-021dd70c433a None None] Loaded extension: l3_agent_scheduler
Jul 28 07:55:36.120132 np0000005966 devstack@neutron-api.service[90893]: INFO neutron.api.extensions [None req-b78b0c20-9968-4eb8-9146-1145a9171787 None None] Extension agent_sort_key not supported by any of loaded plugins
Jul 28 07:55:36.120302 np0000005966 devstack@neutron-api.service[90894]: DEBUG neutron.api.extensions [None req-218e2d4a-74c5-4e70-bb94-021dd70c433a None None] Loading extension file: local_ip.py {{(pid=90894) _load_all_extensions_from_path /opt/stack/neutron/neutron/api/extensions.py:449}}
Jul 28 07:55:36.120484 np0000005966 devstack@neutron-api.service[90893]: DEBUG neutron.api.extensions [None req-b78b0c20-9968-4eb8-9146-1145a9171787 None None] Loading extension file: allowedaddresspairs.py {{(pid=90893) _load_all_extensions_from_path /opt/stack/neutron/neutron/api/extensions.py:449}}
Jul 28 07:55:36.120775 np0000005966 devstack@neutron-api.service[90894]: DEBUG neutron.api.extensions [None req-218e2d4a-74c5-4e70-bb94-021dd70c433a None None] Ext name="Local IP" alias="local_ip" description="Support Node Local Virtual IP" updated="2021-07-26T10:00:00-00:00" {{(pid=90894) _check_extension /opt/stack/neutron/neutron/api/extensions.py:415}}
Jul 28 07:55:36.120968 np0000005966 devstack@neutron-api.service[90894]: INFO neutron.api.extensions [None req-218e2d4a-74c5-4e70-bb94-021dd70c433a None None] Extension local_ip not supported by any of loaded plugins
Jul 28 07:55:36.121097 np0000005966 devstack@neutron-api.service[90894]: DEBUG neutron.api.extensions [None req-218e2d4a-74c5-4e70-bb94-021dd70c433a None None] Loading extension file: logging.py {{(pid=90894) _load_all_extensions_from_path /opt/stack/neutron/neutron/api/extensions.py:449}}
Jul 28 07:55:36.121233 np0000005966 devstack@neutron-api.service[90893]: DEBUG neutron.api.extensions [None req-b78b0c20-9968-4eb8-9146-1145a9171787 None None] Ext name="Allowed Address Pairs" alias="allowed-address-pairs" description="Provides allowed address pairs" updated="2013-07-23T10:00:00-00:00" {{(pid=90893) _check_extension /opt/stack/neutron/neutron/api/extensions.py:415}}
Jul 28 07:55:36.121477 np0000005966 devstack@neutron-api.service[90893]: INFO neutron.api.extensions [None req-b78b0c20-9968-4eb8-9146-1145a9171787 None None] Loaded extension: allowed-address-pairs
Jul 28 07:55:36.121644 np0000005966 devstack@neutron-api.service[90894]: DEBUG neutron.api.extensions [None req-218e2d4a-74c5-4e70-bb94-021dd70c433a None None] Ext name="Logging API Extension" alias="logging" description="Provides a logging API for resources such as security group and firewall." updated="2017-01-01T10:00:00-00:00" {{(pid=90894) _check_extension /opt/stack/neutron/neutron/api/extensions.py:415}}
Jul 28 07:55:36.121779 np0000005966 devstack@neutron-api.service[90893]: DEBUG neutron.api.extensions [None req-b78b0c20-9968-4eb8-9146-1145a9171787 None None] Loading extension file: auto_allocated_topology.py {{(pid=90893) _load_all_extensions_from_path /opt/stack/neutron/neutron/api/extensions.py:449}}
Jul 28 07:55:36.121895 np0000005966 devstack@neutron-api.service[90894]: INFO neutron.api.extensions [None req-218e2d4a-74c5-4e70-bb94-021dd70c433a None None] Extension logging not supported by any of loaded plugins
Jul 28 07:55:36.122014 np0000005966 devstack@neutron-api.service[90893]: DEBUG neutron.api.extensions [None req-b78b0c20-9968-4eb8-9146-1145a9171787 None None] Ext name="Auto Allocated Topology Services" alias="auto-allocated-topology" description="Auto Allocated Topology Services." updated="2016-01-01T00:00:00-00:00" {{(pid=90893) _check_extension /opt/stack/neutron/neutron/api/extensions.py:415}}
Jul 28 07:55:36.122208 np0000005966 devstack@neutron-api.service[90894]: DEBUG neutron.api.extensions [None req-218e2d4a-74c5-4e70-bb94-021dd70c433a None None] Loading extension file: metering.py {{(pid=90894) _load_all_extensions_from_path /opt/stack/neutron/neutron/api/extensions.py:449}}
Jul 28 07:55:36.122318 np0000005966 devstack@neutron-api.service[90893]: INFO neutron.api.extensions [None req-b78b0c20-9968-4eb8-9146-1145a9171787 None None] Loaded extension: auto-allocated-topology
Jul 28 07:55:36.122318 np0000005966 devstack@neutron-api.service[90893]: DEBUG neutron.api.extensions [None req-b78b0c20-9968-4eb8-9146-1145a9171787 None None] Loading extension file: availability_zone.py {{(pid=90893) _load_all_extensions_from_path /opt/stack/neutron/neutron/api/extensions.py:449}}
Jul 28 07:55:36.122533 np0000005966 devstack@neutron-api.service[90894]: DEBUG neutron.api.extensions [None req-218e2d4a-74c5-4e70-bb94-021dd70c433a None None] Ext name="Neutron Metering" alias="metering" description="Neutron Metering extension." updated="2013-06-12T10:00:00-00:00" {{(pid=90894) _check_extension /opt/stack/neutron/neutron/api/extensions.py:415}}
