Jul 16 13:28:21.765513 np0000005240 devstack@g-api.service[99703]: DEBUG glance.api.middleware.version_negotiation [None req-f49cf7df-acfe-4d19-bcfc-f1851e5a9145 tempest-AttachVolumeShelveTestJSON-2026626227 tempest-AttachVolumeShelveTestJSON-2026626227-project-member] new path /v2/schemas/image {{(pid=99703) process_request /opt/stack/glance/glance/api/middleware/version_negotiation.py:70}}
Jul 16 13:28:21.767663 np0000005240 devstack@g-api.service[99703]: [pid: 99703|app: 0|req: 74/253] 127.0.0.1 () {44 vars in 1055 bytes} [Thu Jul 16 13:28:21 2026] GET /v2/schemas/image => generated 6083 bytes in 6 msecs (HTTP/1.1 200) 4 headers in 158 bytes (1 switches on core 0)
Jul 16 13:28:21.802116 np0000005240 devstack@g-api.service[99702]: DEBUG glance.api.middleware.version_negotiation [None req-30e4fc07-27c8-4749-b10d-ce279b18c69d tempest-AttachVolumeNegativeTest-2095458434 tempest-AttachVolumeNegativeTest-2095458434-project-member] Determining version of request: GET /v2/images/81a44a22-5c8a-4a09-984d-5b26f487163f Accept: application/json {{(pid=99702) process_request /opt/stack/glance/glance/api/middleware/version_negotiation.py:44}}
Jul 16 13:28:21.802693 np0000005240 devstack@g-api.service[99702]: DEBUG glance.api.middleware.version_negotiation [None req-30e4fc07-27c8-4749-b10d-ce279b18c69d tempest-AttachVolumeNegativeTest-2095458434 tempest-AttachVolumeNegativeTest-2095458434-project-member] Using url versioning {{(pid=99702) process_request /opt/stack/glance/glance/api/middleware/version_negotiation.py:57}}
Jul 16 13:28:21.802693 np0000005240 devstack@g-api.service[99702]: DEBUG glance.api.middleware.version_negotiation [None req-30e4fc07-27c8-4749-b10d-ce279b18c69d tempest-AttachVolumeNegativeTest-2095458434 tempest-AttachVolumeNegativeTest-2095458434-project-member] Matched version: v2 {{(pid=99702) process_request /opt/stack/glance/glance/api/middleware/version_negotiation.py:69}}
Jul 16 13:28:21.802693 np0000005240 devstack@g-api.service[99702]: DEBUG glance.api.middleware.version_negotiation [None req-30e4fc07-27c8-4749-b10d-ce279b18c69d tempest-AttachVolumeNegativeTest-2095458434 tempest-AttachVolumeNegativeTest-2095458434-project-member] new path /v2/images/81a44a22-5c8a-4a09-984d-5b26f487163f {{(pid=99702) process_request /opt/stack/glance/glance/api/middleware/version_negotiation.py:70}}
Jul 16 13:28:21.816949 np0000005240 devstack@g-api.service[99702]: [pid: 99702|app: 0|req: 91/254] 127.0.0.1 () {40 vars in 838 bytes} [Thu Jul 16 13:28:21 2026] GET /v2/images/81a44a22-5c8a-4a09-984d-5b26f487163f => generated 1471 bytes in 15 msecs (HTTP/1.1 200) 4 headers in 158 bytes (1 switches on core 0)
Jul 16 13:28:22.162130 np0000005240 devstack@g-api.service[99704]: INFO glance.api.v2.image_data [None req-e95485a9-1437-4595-8354-fffdaa99c1b4 tempest-ServerBootFromVolumeStableRescueTest-1488947010 tempest-ServerBootFromVolumeStableRescueTest-1488947010-project-member] Unable to create trust: no such option collect_timing in group [keystone_authtoken] Use the existing user token.
Jul 16 13:28:22.193777 np0000005240 devstack@g-api.service[99703]: DEBUG glance.api.middleware.version_negotiation [None req-30e4fc07-27c8-4749-b10d-ce279b18c69d tempest-AttachVolumeNegativeTest-2095458434 tempest-AttachVolumeNegativeTest-2095458434-project-member] Determining version of request: GET /v2/images/9f5c5e01-761c-46a4-9cd8-1bcfca908a7a Accept: */* {{(pid=99703) process_request /opt/stack/glance/glance/api/middleware/version_negotiation.py:44}}
Jul 16 13:28:22.194305 np0000005240 devstack@g-api.service[99703]: DEBUG glance.api.middleware.version_negotiation [None req-30e4fc07-27c8-4749-b10d-ce279b18c69d tempest-AttachVolumeNegativeTest-2095458434 tempest-AttachVolumeNegativeTest-2095458434-project-member] Using url versioning {{(pid=99703) process_request /opt/stack/glance/glance/api/middleware/version_negotiation.py:57}}
Jul 16 13:28:22.194305 np0000005240 devstack@g-api.service[99703]: DEBUG glance.api.middleware.version_negotiation [None req-30e4fc07-27c8-4749-b10d-ce279b18c69d tempest-AttachVolumeNegativeTest-2095458434 tempest-AttachVolumeNegativeTest-2095458434-project-member] Matched version: v2 {{(pid=99703) process_request /opt/stack/glance/glance/api/middleware/version_negotiation.py:69}}
Jul 16 13:28:22.194305 np0000005240 devstack@g-api.service[99703]: DEBUG glance.api.middleware.version_negotiation [None req-30e4fc07-27c8-4749-b10d-ce279b18c69d tempest-AttachVolumeNegativeTest-2095458434 tempest-AttachVolumeNegativeTest-2095458434-project-member] new path /v2/images/9f5c5e01-761c-46a4-9cd8-1bcfca908a7a {{(pid=99703) process_request /opt/stack/glance/glance/api/middleware/version_negotiation.py:70}}
Jul 16 13:28:22.209639 np0000005240 devstack@g-api.service[99703]: [pid: 99703|app: 0|req: 75/255] 127.0.0.1 () {44 vars in 1115 bytes} [Thu Jul 16 13:28:22 2026] GET /v2/images/9f5c5e01-761c-46a4-9cd8-1bcfca908a7a => generated 1338 bytes in 14 msecs (HTTP/1.1 200) 4 headers in 158 bytes (1 switches on core 0)
Jul 16 13:28:22.240326 np0000005240 devstack@g-api.service[99702]: DEBUG glance.api.middleware.version_negotiation [None req-ed41abae-0bdb-410e-9801-b5668d6fd501 tempest-ServerBootFromVolumeStableRescueTest-1488947010 tempest-ServerBootFromVolumeStableRescueTest-1488947010-project-member] Determining version of request: GET /v2/schemas/image Accept: */* {{(pid=99702) process_request /opt/stack/glance/glance/api/middleware/version_negotiation.py:44}}
Jul 16 13:28:22.240326 np0000005240 devstack@g-api.service[99702]: DEBUG glance.api.middleware.version_negotiation [None req-ed41abae-0bdb-410e-9801-b5668d6fd501 tempest-ServerBootFromVolumeStableRescueTest-1488947010 tempest-ServerBootFromVolumeStableRescueTest-1488947010-project-member] Using url versioning {{(pid=99702) process_request /opt/stack/glance/glance/api/middleware/version_negotiation.py:57}}
Jul 16 13:28:22.240326 np0000005240 devstack@g-api.service[99702]: DEBUG glance.api.middleware.version_negotiation [None req-ed41abae-0bdb-410e-9801-b5668d6fd501 tempest-ServerBootFromVolumeStableRescueTest-1488947010 tempest-ServerBootFromVolumeStableRescueTest-1488947010-project-member] Matched version: v2 {{(pid=99702) process_request /opt/stack/glance/glance/api/middleware/version_negotiation.py:69}}
Jul 16 13:28:22.240326 np0000005240 devstack@g-api.service[99702]: DEBUG glance.api.middleware.version_negotiation [None req-ed41abae-0bdb-410e-9801-b5668d6fd501 tempest-ServerBootFromVolumeStableRescueTest-1488947010 tempest-ServerBootFromVolumeStableRescueTest-1488947010-project-member] new path /v2/schemas/image {{(pid=99702) process_request /opt/stack/glance/glance/api/middleware/version_negotiation.py:70}}
Jul 16 13:28:22.242681 np0000005240 devstack@g-api.service[99702]: [pid: 99702|app: 0|req: 92/256] 127.0.0.1 () {44 vars in 1055 bytes} [Thu Jul 16 13:28:22 2026] GET /v2/schemas/image => generated 6083 bytes in 3 msecs (HTTP/1.1 200) 4 headers in 158 bytes (1 switches on core 0)
Jul 16 13:28:22.730197 np0000005240 devstack@g-api.service[99704]: DEBUG glance.location [None req-e95485a9-1437-4595-8354-fffdaa99c1b4 tempest-ServerBootFromVolumeStableRescueTest-1488947010 tempest-ServerBootFromVolumeStableRescueTest-1488947010-project-member] Enabling in-flight format inspection for qcow2 {{(pid=99704) set_data /opt/stack/glance/glance/location.py:596}}
Jul 16 13:28:22.731156 np0000005240 devstack@g-api.service[99704]: DEBUG glance_store.backend [None req-e95485a9-1437-4595-8354-fffdaa99c1b4 tempest-ServerBootFromVolumeStableRescueTest-1488947010 tempest-ServerBootFromVolumeStableRescueTest-1488947010-project-member] Attempting to import store swift {{(pid=99704) _load_store /opt/stack/data/venv/lib/python3.12/site-packages/glance_store/backend.py:215}}
Jul 16 13:28:22.733333 np0000005240 devstack@g-api.service[99704]: DEBUG glance_store.capabilities [None req-e95485a9-1437-4595-8354-fffdaa99c1b4 tempest-ServerBootFromVolumeStableRescueTest-1488947010 tempest-ServerBootFromVolumeStableRescueTest-1488947010-project-member] Store glance_store._drivers.swift.store.SingleTenantStore doesn't support updating dynamic storage capabilities. Please overwrite 'update_capabilities' method of the store to implement updating logics if needed. {{(pid=99704) update_capabilities /opt/stack/data/venv/lib/python3.12/site-packages/glance_store/capabilities.py:91}}
Jul 16 13:28:22.733680 np0000005240 devstack@g-api.service[99704]: DEBUG glance_store.driver [None req-e95485a9-1437-4595-8354-fffdaa99c1b4 tempest-ServerBootFromVolumeStableRescueTest-1488947010 tempest-ServerBootFromVolumeStableRescueTest-1488947010-project-member] Late loading location class glance_store._drivers.swift.store.StoreLocation {{(pid=99704) get_store_location_class /opt/stack/data/venv/lib/python3.12/site-packages/glance_store/driver.py:134}}
Jul 16 13:28:22.733949 np0000005240 devstack@g-api.service[99704]: DEBUG glance_store.location [None req-e95485a9-1437-4595-8354-fffdaa99c1b4 tempest-ServerBootFromVolumeStableRescueTest-1488947010 tempest-ServerBootFromVolumeStableRescueTest-1488947010-project-member] Registering scheme swift+https with {'store': , 'location_class': , 'store_entry': 'swift'} {{(pid=99704) register_scheme_map /opt/stack/data/venv/lib/python3.12/site-packages/glance_store/location.py:146}}
Jul 16 13:28:22.734271 np0000005240 devstack@g-api.service[99704]: DEBUG glance_store.location [None req-e95485a9-1437-4595-8354-fffdaa99c1b4 tempest-ServerBootFromVolumeStableRescueTest-1488947010 tempest-ServerBootFromVolumeStableRescueTest-1488947010-project-member] Registering scheme swift+https with {'store': , 'location_class': , 'store_entry': 'swift'} {{(pid=99704) register_scheme_map /opt/stack/data/venv/lib/python3.12/site-packages/glance_store/location.py:146}}
Jul 16 13:28:22.734374 np0000005240 devstack@g-api.service[99704]: DEBUG glance_store.location [None req-e95485a9-1437-4595-8354-fffdaa99c1b4 tempest-ServerBootFromVolumeStableRescueTest-1488947010 tempest-ServerBootFromVolumeStableRescueTest-1488947010-project-member] Registering scheme swift with {'store': , 'location_class': , 'store_entry': 'swift'} {{(pid=99704) register_scheme_map /opt/stack/data/venv/lib/python3.12/site-packages/glance_store/location.py:146}}
Jul 16 13:28:22.734468 np0000005240 devstack@g-api.service[99704]: DEBUG glance_store.location [None req-e95485a9-1437-4595-8354-fffdaa99c1b4 tempest-ServerBootFromVolumeStableRescueTest-1488947010 tempest-ServerBootFromVolumeStableRescueTest-1488947010-project-member] Registering scheme swift+https with {'store': , 'location_class': , 'store_entry': 'swift'} {{(pid=99704) register_scheme_map /opt/stack/data/venv/lib/python3.12/site-packages/glance_store/location.py:146}}
Jul 16 13:28:22.734580 np0000005240 devstack@g-api.service[99704]: DEBUG glance_store.location [None req-e95485a9-1437-4595-8354-fffdaa99c1b4 tempest-ServerBootFromVolumeStableRescueTest-1488947010 tempest-ServerBootFromVolumeStableRescueTest-1488947010-project-member] Registering scheme swift with {'store': , 'location_class': , 'store_entry': 'swift'} {{(pid=99704) register_scheme_map /opt/stack/data/venv/lib/python3.12/site-packages/glance_store/location.py:146}}
Jul 16 13:28:22.734711 np0000005240 devstack@g-api.service[99704]: DEBUG glance_store.location [None req-e95485a9-1437-4595-8354-fffdaa99c1b4 tempest-ServerBootFromVolumeStableRescueTest-1488947010 tempest-ServerBootFromVolumeStableRescueTest-1488947010-project-member] Registering scheme swift+http with {'store': , 'location_class': , 'store_entry': 'swift'} {{(pid=99704) register_scheme_map /opt/stack/data/venv/lib/python3.12/site-packages/glance_store/location.py:146}}
Jul 16 13:28:22.734803 np0000005240 devstack@g-api.service[99704]: DEBUG glance_store.location [None req-e95485a9-1437-4595-8354-fffdaa99c1b4 tempest-ServerBootFromVolumeStableRescueTest-1488947010 tempest-ServerBootFromVolumeStableRescueTest-1488947010-project-member] Registering scheme swift+https with {'store': , 'location_class': , 'store_entry': 'swift'} {{(pid=99704) register_scheme_map /opt/stack/data/venv/lib/python3.12/site-packages/glance_store/location.py:146}}
Jul 16 13:28:22.734880 np0000005240 devstack@g-api.service[99704]: DEBUG glance_store.location [None req-e95485a9-1437-4595-8354-fffdaa99c1b4 tempest-ServerBootFromVolumeStableRescueTest-1488947010 tempest-ServerBootFromVolumeStableRescueTest-1488947010-project-member] Registering scheme swift with {'store': , 'location_class': , 'store_entry': 'swift'} {{(pid=99704) register_scheme_map /opt/stack/data/venv/lib/python3.12/site-packages/glance_store/location.py:146}}
Jul 16 13:28:22.735082 np0000005240 devstack@g-api.service[99704]: DEBUG glance_store.location [None req-e95485a9-1437-4595-8354-fffdaa99c1b4 tempest-ServerBootFromVolumeStableRescueTest-1488947010 tempest-ServerBootFromVolumeStableRescueTest-1488947010-project-member] Registering scheme swift+http with {'store': , 'location_class': , 'store_entry': 'swift'} {{(pid=99704) register_scheme_map /opt/stack/data/venv/lib/python3.12/site-packages/glance_store/location.py:146}}
Jul 16 13:28:22.735082 np0000005240 devstack@g-api.service[99704]: DEBUG glance_store.location [None req-e95485a9-1437-4595-8354-fffdaa99c1b4 tempest-ServerBootFromVolumeStableRescueTest-1488947010 tempest-ServerBootFromVolumeStableRescueTest-1488947010-project-member] Registering scheme swift+config with {'store': , 'location_class': , 'store_entry': 'swift'} {{(pid=99704) register_scheme_map /opt/stack/data/venv/lib/python3.12/site-packages/glance_store/location.py:146}}
Jul 16 13:28:22.741246 np0000005240 devstack@g-api.service[99703]: DEBUG glance.api.middleware.version_negotiation [None req-f49cf7df-acfe-4d19-bcfc-f1851e5a9145 tempest-AttachVolumeShelveTestJSON-2026626227 tempest-AttachVolumeShelveTestJSON-2026626227-project-member] Determining version of request: GET /v2/images/9f5c5e01-761c-46a4-9cd8-1bcfca908a7a Accept: */* {{(pid=99703) process_request /opt/stack/glance/glance/api/middleware/version_negotiation.py:44}}
Jul 16 13:28:22.741439 np0000005240 devstack@g-api.service[99703]: DEBUG glance.api.middleware.version_negotiation [None req-f49cf7df-acfe-4d19-bcfc-f1851e5a9145 tempest-AttachVolumeShelveTestJSON-2026626227 tempest-AttachVolumeShelveTestJSON-2026626227-project-member] Using url versioning {{(pid=99703) process_request /opt/stack/glance/glance/api/middleware/version_negotiation.py:57}}
Jul 16 13:28:22.741623 np0000005240 devstack@g-api.service[99703]: DEBUG glance.api.middleware.version_negotiation [None req-f49cf7df-acfe-4d19-bcfc-f1851e5a9145 tempest-AttachVolumeShelveTestJSON-2026626227 tempest-AttachVolumeShelveTestJSON-2026626227-project-member] Matched version: v2 {{(pid=99703) process_request /opt/stack/glance/glance/api/middleware/version_negotiation.py:69}}
Jul 16 13:28:22.741844 np0000005240 devstack@g-api.service[99703]: DEBUG glance.api.middleware.version_negotiation [None req-f49cf7df-acfe-4d19-bcfc-f1851e5a9145 tempest-AttachVolumeShelveTestJSON-2026626227 tempest-AttachVolumeShelveTestJSON-2026626227-project-member] new path /v2/images/9f5c5e01-761c-46a4-9cd8-1bcfca908a7a {{(pid=99703) process_request /opt/stack/glance/glance/api/middleware/version_negotiation.py:70}}
Jul 16 13:28:22.753118 np0000005240 devstack@g-api.service[99703]: [pid: 99703|app: 0|req: 76/257] 127.0.0.1 () {44 vars in 1115 bytes} [Thu Jul 16 13:28:22 2026] GET /v2/images/9f5c5e01-761c-46a4-9cd8-1bcfca908a7a => generated 1338 bytes in 12 msecs (HTTP/1.1 200) 4 headers in 158 bytes (1 switches on core 0)
Jul 16 13:28:22.785313 np0000005240 devstack@g-api.service[99702]: DEBUG glance.api.middleware.version_negotiation [None req-f49cf7df-acfe-4d19-bcfc-f1851e5a9145 tempest-AttachVolumeShelveTestJSON-2026626227 tempest-AttachVolumeShelveTestJSON-2026626227-project-member] Determining version of request: GET /v2/schemas/image Accept: */* {{(pid=99702) process_request /opt/stack/glance/glance/api/middleware/version_negotiation.py:44}}
Jul 16 13:28:22.785668 np0000005240 devstack@g-api.service[99702]: DEBUG glance.api.middleware.version_negotiation [None req-f49cf7df-acfe-4d19-bcfc-f1851e5a9145 tempest-AttachVolumeShelveTestJSON-2026626227 tempest-AttachVolumeShelveTestJSON-2026626227-project-member] Using url versioning {{(pid=99702) process_request /opt/stack/glance/glance/api/middleware/version_negotiation.py:57}}
Jul 16 13:28:22.785668 np0000005240 devstack@g-api.service[99702]: DEBUG glance.api.middleware.version_negotiation [None req-f49cf7df-acfe-4d19-bcfc-f1851e5a9145 tempest-AttachVolumeShelveTestJSON-2026626227 tempest-AttachVolumeShelveTestJSON-2026626227-project-member] Matched version: v2 {{(pid=99702) process_request /opt/stack/glance/glance/api/middleware/version_negotiation.py:69}}
Jul 16 13:28:22.785790 np0000005240 devstack@g-api.service[99702]: DEBUG glance.api.middleware.version_negotiation [None req-f49cf7df-acfe-4d19-bcfc-f1851e5a9145 tempest-AttachVolumeShelveTestJSON-2026626227 tempest-AttachVolumeShelveTestJSON-2026626227-project-member] new path /v2/schemas/image {{(pid=99702) process_request /opt/stack/glance/glance/api/middleware/version_negotiation.py:70}}
Jul 16 13:28:22.788121 np0000005240 devstack@g-api.service[99702]: [pid: 99702|app: 0|req: 93/258] 127.0.0.1 () {44 vars in 1055 bytes} [Thu Jul 16 13:28:22 2026] GET /v2/schemas/image => generated 6083 bytes in 3 msecs (HTTP/1.1 200) 4 headers in 158 bytes (1 switches on core 0)
Jul 16 13:28:22.827070 np0000005240 devstack@g-api.service[99703]: DEBUG glance.api.middleware.version_negotiation [None req-f49cf7df-acfe-4d19-bcfc-f1851e5a9145 tempest-AttachVolumeShelveTestJSON-2026626227 tempest-AttachVolumeShelveTestJSON-2026626227-project-member] Determining version of request: GET /v2/images/81a44a22-5c8a-4a09-984d-5b26f487163f Accept: application/json {{(pid=99703) process_request /opt/stack/glance/glance/api/middleware/version_negotiation.py:44}}
Jul 16 13:28:22.827525 np0000005240 devstack@g-api.service[99703]: DEBUG glance.api.middleware.version_negotiation [None req-f49cf7df-acfe-4d19-bcfc-f1851e5a9145 tempest-AttachVolumeShelveTestJSON-2026626227 tempest-AttachVolumeShelveTestJSON-2026626227-project-member] Using url versioning {{(pid=99703) process_request /opt/stack/glance/glance/api/middleware/version_negotiation.py:57}}
Jul 16 13:28:22.827708 np0000005240 devstack@g-api.service[99703]: DEBUG glance.api.middleware.version_negotiation [None req-f49cf7df-acfe-4d19-bcfc-f1851e5a9145 tempest-AttachVolumeShelveTestJSON-2026626227 tempest-AttachVolumeShelveTestJSON-2026626227-project-member] Matched version: v2 {{(pid=99703) process_request /opt/stack/glance/glance/api/middleware/version_negotiation.py:69}}
Jul 16 13:28:22.827840 np0000005240 devstack@g-api.service[99703]: DEBUG glance.api.middleware.version_negotiation [None req-f49cf7df-acfe-4d19-bcfc-f1851e5a9145 tempest-AttachVolumeShelveTestJSON-2026626227 tempest-AttachVolumeShelveTestJSON-2026626227-project-member] new path /v2/images/81a44a22-5c8a-4a09-984d-5b26f487163f {{(pid=99703) process_request /opt/stack/glance/glance/api/middleware/version_negotiation.py:70}}
Jul 16 13:28:22.833904 np0000005240 devstack@g-api.service[99702]: DEBUG glance.api.middleware.version_negotiation [None req-f49cf7df-acfe-4d19-bcfc-f1851e5a9145 tempest-AttachVolumeShelveTestJSON-2026626227 tempest-AttachVolumeShelveTestJSON-2026626227-project-member] Determining version of request: GET /v2/schemas/image Accept: */* {{(pid=99702) process_request /opt/stack/glance/glance/api/middleware/version_negotiation.py:44}}
Jul 16 13:28:22.834537 np0000005240 devstack@g-api.service[99702]: DEBUG glance.api.middleware.version_negotiation [None req-f49cf7df-acfe-4d19-bcfc-f1851e5a9145 tempest-AttachVolumeShelveTestJSON-2026626227 tempest-AttachVolumeShelveTestJSON-2026626227-project-member] Using url versioning {{(pid=99702) process_request /opt/stack/glance/glance/api/middleware/version_negotiation.py:57}}
Jul 16 13:28:22.834537 np0000005240 devstack@g-api.service[99702]: DEBUG glance.api.middleware.version_negotiation [None req-f49cf7df-acfe-4d19-bcfc-f1851e5a9145 tempest-AttachVolumeShelveTestJSON-2026626227 tempest-AttachVolumeShelveTestJSON-2026626227-project-member] Matched version: v2 {{(pid=99702) process_request /opt/stack/glance/glance/api/middleware/version_negotiation.py:69}}
Jul 16 13:28:22.834705 np0000005240 devstack@g-api.service[99702]: DEBUG glance.api.middleware.version_negotiation [None req-f49cf7df-acfe-4d19-bcfc-f1851e5a9145 tempest-AttachVolumeShelveTestJSON-2026626227 tempest-AttachVolumeShelveTestJSON-2026626227-project-member] new path /v2/schemas/image {{(pid=99702) process_request /opt/stack/glance/glance/api/middleware/version_negotiation.py:70}}
Jul 16 13:28:22.839866 np0000005240 devstack@g-api.service[99702]: [pid: 99702|app: 0|req: 94/259] 127.0.0.1 () {44 vars in 1055 bytes} [Thu Jul 16 13:28:22 2026] GET /v2/schemas/image => generated 6083 bytes in 6 msecs (HTTP/1.1 200) 4 headers in 158 bytes (1 switches on core 0)
Jul 16 13:28:22.863078 np0000005240 devstack@g-api.service[99703]: [pid: 99703|app: 0|req: 77/260] 127.0.0.1 () {40 vars in 838 bytes} [Thu Jul 16 13:28:22 2026] GET /v2/images/81a44a22-5c8a-4a09-984d-5b26f487163f => generated 1471 bytes in 33 msecs (HTTP/1.1 200) 4 headers in 158 bytes (1 switches on core 0)
Jul 16 13:28:22.869273 np0000005240 devstack@g-api.service[99702]: DEBUG glance.api.middleware.version_negotiation [None req-f49cf7df-acfe-4d19-bcfc-f1851e5a9145 tempest-AttachVolumeShelveTestJSON-2026626227 tempest-AttachVolumeShelveTestJSON-2026626227-project-member] Determining version of request: PATCH /v2/images/9f5c5e01-761c-46a4-9cd8-1bcfca908a7a Accept: */* {{(pid=99702) process_request /opt/stack/glance/glance/api/middleware/version_negotiation.py:44}}
Jul 16 13:28:22.869603 np0000005240 devstack@g-api.service[99702]: DEBUG glance.api.middleware.version_negotiation [None req-f49cf7df-acfe-4d19-bcfc-f1851e5a9145 tempest-AttachVolumeShelveTestJSON-2026626227 tempest-AttachVolumeShelveTestJSON-2026626227-project-member] Using url versioning {{(pid=99702) process_request /opt/stack/glance/glance/api/middleware/version_negotiation.py:57}}
Jul 16 13:28:22.869776 np0000005240 devstack@g-api.service[99702]: DEBUG glance.api.middleware.version_negotiation [None req-f49cf7df-acfe-4d19-bcfc-f1851e5a9145 tempest-AttachVolumeShelveTestJSON-2026626227 tempest-AttachVolumeShelveTestJSON-2026626227-project-member] Matched version: v2 {{(pid=99702) process_request /opt/stack/glance/glance/api/middleware/version_negotiation.py:69}}
Jul 16 13:28:22.869925 np0000005240 devstack@g-api.service[99702]: DEBUG glance.api.middleware.version_negotiation [None req-f49cf7df-acfe-4d19-bcfc-f1851e5a9145 tempest-AttachVolumeShelveTestJSON-2026626227 tempest-AttachVolumeShelveTestJSON-2026626227-project-member] new path /v2/images/9f5c5e01-761c-46a4-9cd8-1bcfca908a7a {{(pid=99702) process_request /opt/stack/glance/glance/api/middleware/version_negotiation.py:70}}
Jul 16 13:28:22.962150 np0000005240 devstack@g-api.service[99704]: DEBUG swiftclient [None req-e95485a9-1437-4595-8354-fffdaa99c1b4 tempest-ServerBootFromVolumeStableRescueTest-1488947010 tempest-ServerBootFromVolumeStableRescueTest-1488947010-project-member] REQ: curl -i https://10.4.3.112:8080/v1/AUTH_c415cfb92e094231b8927ab6acfc0fe7/glance -I -H "X-Auth-Token: gAAAAABqWNx2kToR..." {{(pid=99704) http_log /opt/stack/data/venv/lib/python3.12/site-packages/swiftclient/client.py:160}}
Jul 16 13:28:22.962245 np0000005240 devstack@g-api.service[99704]: DEBUG swiftclient [None req-e95485a9-1437-4595-8354-fffdaa99c1b4 tempest-ServerBootFromVolumeStableRescueTest-1488947010 tempest-ServerBootFromVolumeStableRescueTest-1488947010-project-member] RESP STATUS: 204 No Content {{(pid=99704) http_log /opt/stack/data/venv/lib/python3.12/site-packages/swiftclient/client.py:161}}
Jul 16 13:28:22.962392 np0000005240 devstack@g-api.service[99704]: DEBUG swiftclient [None req-e95485a9-1437-4595-8354-fffdaa99c1b4 tempest-ServerBootFromVolumeStableRescueTest-1488947010 tempest-ServerBootFromVolumeStableRescueTest-1488947010-project-member] RESP HEADERS: {'Date': 'Thu, 16 Jul 2026 13:28:22 GMT', 'Server': 'Apache/2.4.58 (Ubuntu)', 'Content-Type': 'text/plain; charset=utf-8', 'X-Container-Object-Count': '3', 'X-Container-Bytes-Used': '64356352', 'X-Timestamp': '1784208179.52107', 'Last-Modified': 'Thu, 16 Jul 2026 13:23:00 GMT', 'Accept-Ranges': 'bytes', 'X-Storage-Policy': 'Policy-0', 'X-Container-Sharding': 'False', 'Vary': 'Accept', 'X-Trans-Id': 'tx377213d98e1d44c4bb6be-006a58dc76', 'X-Openstack-Request-Id': 'tx377213d98e1d44c4bb6be-006a58dc76', 'Connection': 'close'} {{(pid=99704) http_log /opt/stack/data/venv/lib/python3.12/site-packages/swiftclient/client.py:162}}
Jul 16 13:28:22.962556 np0000005240 devstack@g-api.service[99704]: DEBUG glance_store._drivers.swift.store [None req-e95485a9-1437-4595-8354-fffdaa99c1b4 tempest-ServerBootFromVolumeStableRescueTest-1488947010 tempest-ServerBootFromVolumeStableRescueTest-1488947010-project-member] Adding image object '81a44a22-5c8a-4a09-984d-5b26f487163f' to Swift {{(pid=99704) add /opt/stack/data/venv/lib/python3.12/site-packages/glance_store/_drivers/swift/store.py:970}}
Jul 16 13:28:22.962647 np0000005240 devstack@g-api.service[99704]: DEBUG glance_store._drivers.swift.store [None req-e95485a9-1437-4595-8354-fffdaa99c1b4 tempest-ServerBootFromVolumeStableRescueTest-1488947010 tempest-ServerBootFromVolumeStableRescueTest-1488947010-project-member] Cannot determine image size because it is either not provided in the request or chunked-transfer encoding is used. Adding image as a segmented object to Swift. {{(pid=99704) add /opt/stack/data/venv/lib/python3.12/site-packages/glance_store/_drivers/swift/store.py:994}}
Jul 16 13:28:22.969602 np0000005240 devstack@g-api.service[99704]: DEBUG oslo_utils.imageutils.format_inspector [None req-e95485a9-1437-4595-8354-fffdaa99c1b4 tempest-ServerBootFromVolumeStableRescueTest-1488947010 tempest-ServerBootFromVolumeStableRescueTest-1488947010-project-member] Format inspector for vmdk does not match, excluding from consideration (Signature KDMV not found: b'QFI\xfb') {{(pid=99704) _process_chunk /opt/stack/data/venv/lib/python3.12/site-packages/oslo_utils/imageutils/format_inspector.py:1758}}
Jul 16 13:28:22.973621 np0000005240 devstack@g-api.service[99704]: DEBUG oslo_utils.imageutils.format_inspector [None req-e95485a9-1437-4595-8354-fffdaa99c1b4 tempest-ServerBootFromVolumeStableRescueTest-1488947010 tempest-ServerBootFromVolumeStableRescueTest-1488947010-project-member] Format inspector for vhdx does not match, excluding from consideration (Region signature not found at 30000) {{(pid=99704) _process_chunk /opt/stack/data/venv/lib/python3.12/site-packages/oslo_utils/imageutils/format_inspector.py:1758}}
Jul 16 13:28:23.058117 np0000005240 devstack@g-api.service[99702]: [pid: 99702|app: 0|req: 95/261] 127.0.0.1 () {46 vars in 1158 bytes} [Thu Jul 16 13:28:22 2026] PATCH /v2/images/9f5c5e01-761c-46a4-9cd8-1bcfca908a7a => generated 1449 bytes in 189 msecs (HTTP/1.1 200) 4 headers in 158 bytes (1 switches on core 0)
Jul 16 13:28:23.098876 np0000005240 devstack@g-api.service[99703]: DEBUG glance.api.middleware.version_negotiation [None req-78ad5410-e6d6-43e7-bb6c-998326fed12c tempest-ServerBootFromVolumeStableRescueTest-1488947010 tempest-ServerBootFromVolumeStableRescueTest-1488947010-project-member] Determining version of request: GET /v2/images/9f5c5e01-761c-46a4-9cd8-1bcfca908a7a Accept: */* {{(pid=99703) process_request /opt/stack/glance/glance/api/middleware/version_negotiation.py:44}}
Jul 16 13:28:23.099381 np0000005240 devstack@g-api.service[99703]: DEBUG glance.api.middleware.version_negotiation [None req-78ad5410-e6d6-43e7-bb6c-998326fed12c tempest-ServerBootFromVolumeStableRescueTest-1488947010 tempest-ServerBootFromVolumeStableRescueTest-1488947010-project-member] Using url versioning {{(pid=99703) process_request /opt/stack/glance/glance/api/middleware/version_negotiation.py:57}}
Jul 16 13:28:23.102165 np0000005240 devstack@g-api.service[99703]: DEBUG glance.api.middleware.version_negotiation [None req-78ad5410-e6d6-43e7-bb6c-998326fed12c tempest-ServerBootFromVolumeStableRescueTest-1488947010 tempest-ServerBootFromVolumeStableRescueTest-1488947010-project-member] Matched version: v2 {{(pid=99703) process_request /opt/stack/glance/glance/api/middleware/version_negotiation.py:69}}
Jul 16 13:28:23.102165 np0000005240 devstack@g-api.service[99703]: DEBUG glance.api.middleware.version_negotiation [None req-78ad5410-e6d6-43e7-bb6c-998326fed12c tempest-ServerBootFromVolumeStableRescueTest-1488947010 tempest-ServerBootFromVolumeStableRescueTest-1488947010-project-member] new path /v2/images/9f5c5e01-761c-46a4-9cd8-1bcfca908a7a {{(pid=99703) process_request /opt/stack/glance/glance/api/middleware/version_negotiation.py:70}}
Jul 16 13:28:23.138075 np0000005240 devstack@g-api.service[99703]: [pid: 99703|app: 0|req: 78/262] 127.0.0.1 () {44 vars in 1115 bytes} [Thu Jul 16 13:28:23 2026] GET /v2/images/9f5c5e01-761c-46a4-9cd8-1bcfca908a7a => generated 1449 bytes in 38 msecs (HTTP/1.1 200) 4 headers in 158 bytes (1 switches on core 0)
Jul 16 13:28:23.220033 np0000005240 devstack@g-api.service[99702]: DEBUG glance.api.middleware.version_negotiation [None req-f49cf7df-acfe-4d19-bcfc-f1851e5a9145 tempest-AttachVolumeShelveTestJSON-2026626227 tempest-AttachVolumeShelveTestJSON-2026626227-project-member] Determining version of request: PUT /v2/images/9f5c5e01-761c-46a4-9cd8-1bcfca908a7a/file Accept: */* {{(pid=99702) process_request /opt/stack/glance/glance/api/middleware/version_negotiation.py:44}}
Jul 16 13:28:23.220252 np0000005240 devstack@g-api.service[99702]: DEBUG glance.api.middleware.version_negotiation [None req-f49cf7df-acfe-4d19-bcfc-f1851e5a9145 tempest-AttachVolumeShelveTestJSON-2026626227 tempest-AttachVolumeShelveTestJSON-2026626227-project-member] Using url versioning {{(pid=99702) process_request /opt/stack/glance/glance/api/middleware/version_negotiation.py:57}}
Jul 16 13:28:23.220641 np0000005240 devstack@g-api.service[99702]: DEBUG glance.api.middleware.version_negotiation [None req-f49cf7df-acfe-4d19-bcfc-f1851e5a9145 tempest-AttachVolumeShelveTestJSON-2026626227 tempest-AttachVolumeShelveTestJSON-2026626227-project-member] Matched version: v2 {{(pid=99702) process_request /opt/stack/glance/glance/api/middleware/version_negotiation.py:69}}
Jul 16 13:28:23.220641 np0000005240 devstack@g-api.service[99702]: DEBUG glance.api.middleware.version_negotiation [None req-f49cf7df-acfe-4d19-bcfc-f1851e5a9145 tempest-AttachVolumeShelveTestJSON-2026626227 tempest-AttachVolumeShelveTestJSON-2026626227-project-member] new path /v2/images/9f5c5e01-761c-46a4-9cd8-1bcfca908a7a/file {{(pid=99702) process_request /opt/stack/glance/glance/api/middleware/version_negotiation.py:70}}
Jul 16 13:28:23.306238 np0000005240 devstack@g-api.service[99704]: DEBUG swiftclient [None req-e95485a9-1437-4595-8354-fffdaa99c1b4 tempest-ServerBootFromVolumeStableRescueTest-1488947010 tempest-ServerBootFromVolumeStableRescueTest-1488947010-project-member] REQ: curl -i https://10.4.3.112:8080/v1/AUTH_c415cfb92e094231b8927ab6acfc0fe7/glance/81a44a22-5c8a-4a09-984d-5b26f487163f-00001 -X PUT -H "X-Auth-Token: gAAAAABqWNx2kToR..." {{(pid=99704) http_log /opt/stack/data/venv/lib/python3.12/site-packages/swiftclient/client.py:160}}
Jul 16 13:28:23.306537 np0000005240 devstack@g-api.service[99704]: DEBUG swiftclient [None req-e95485a9-1437-4595-8354-fffdaa99c1b4 tempest-ServerBootFromVolumeStableRescueTest-1488947010 tempest-ServerBootFromVolumeStableRescueTest-1488947010-project-member] RESP STATUS: 201 Created {{(pid=99704) http_log /opt/stack/data/venv/lib/python3.12/site-packages/swiftclient/client.py:161}}
Jul 16 13:28:23.306623 np0000005240 devstack@g-api.service[99704]: DEBUG swiftclient [None req-e95485a9-1437-4595-8354-fffdaa99c1b4 tempest-ServerBootFromVolumeStableRescueTest-1488947010 tempest-ServerBootFromVolumeStableRescueTest-1488947010-project-member] RESP HEADERS: {'Date': 'Thu, 16 Jul 2026 13:28:23 GMT', 'Server': 'Apache/2.4.58 (Ubuntu)', 'Content-Type': 'text/html; charset=UTF-8', 'Content-Length': '0', 'Etag': '4fa343ee581d8d2e78533191fd1ac3e1', 'Last-Modified': 'Thu, 16 Jul 2026 13:28:23 GMT', 'X-Trans-Id': 'txca65695d7b6f46b39ceca-006a58dc76', 'X-Openstack-Request-Id': 'txca65695d7b6f46b39ceca-006a58dc76', 'Connection': 'close'} {{(pid=99704) http_log /opt/stack/data/venv/lib/python3.12/site-packages/swiftclient/client.py:162}}
Jul 16 13:28:23.306790 np0000005240 devstack@g-api.service[99704]: DEBUG glance_store._drivers.swift.store [None req-e95485a9-1437-4595-8354-fffdaa99c1b4 tempest-ServerBootFromVolumeStableRescueTest-1488947010 tempest-ServerBootFromVolumeStableRescueTest-1488947010-project-member] Wrote chunk 81a44a22-5c8a-4a09-984d-5b26f487163f-00001 (1/?) of length 23527424 to Swift returning MD5 of content: 4fa343ee581d8d2e78533191fd1ac3e1 {{(pid=99704) add /opt/stack/data/venv/lib/python3.12/site-packages/glance_store/_drivers/swift/store.py:1059}}
Jul 16 13:28:23.307173 np0000005240 devstack@g-api.service[99704]: DEBUG glance_store._drivers.swift.store [None req-e95485a9-1437-4595-8354-fffdaa99c1b4 tempest-ServerBootFromVolumeStableRescueTest-1488947010 tempest-ServerBootFromVolumeStableRescueTest-1488947010-project-member] Not writing zero-length chunk. {{(pid=99704) add /opt/stack/data/venv/lib/python3.12/site-packages/glance_store/_drivers/swift/store.py:1028}}
Jul 16 13:28:23.333173 np0000005240 devstack@g-api.service[99704]: DEBUG swiftclient [None req-e95485a9-1437-4595-8354-fffdaa99c1b4 tempest-ServerBootFromVolumeStableRescueTest-1488947010 tempest-ServerBootFromVolumeStableRescueTest-1488947010-project-member] REQ: curl -i https://10.4.3.112:8080/v1/AUTH_c415cfb92e094231b8927ab6acfc0fe7/glance/81a44a22-5c8a-4a09-984d-5b26f487163f -X PUT -H "X-Object-Manifest: glance/81a44a22-5c8a-4a09-984d-5b26f487163f-" -H "X-Auth-Token: gAAAAABqWNx2kToR..." -H "Content-Length: 0" {{(pid=99704) http_log /opt/stack/data/venv/lib/python3.12/site-packages/swiftclient/client.py:160}}
Jul 16 13:28:23.334137 np0000005240 devstack@g-api.service[99704]: DEBUG swiftclient [None req-e95485a9-1437-4595-8354-fffdaa99c1b4 tempest-ServerBootFromVolumeStableRescueTest-1488947010 tempest-ServerBootFromVolumeStableRescueTest-1488947010-project-member] RESP STATUS: 201 Created {{(pid=99704) http_log /opt/stack/data/venv/lib/python3.12/site-packages/swiftclient/client.py:161}}
Jul 16 13:28:23.334331 np0000005240 devstack@g-api.service[99704]: DEBUG swiftclient [None req-e95485a9-1437-4595-8354-fffdaa99c1b4 tempest-ServerBootFromVolumeStableRescueTest-1488947010 tempest-ServerBootFromVolumeStableRescueTest-1488947010-project-member] RESP HEADERS: {'Date': 'Thu, 16 Jul 2026 13:28:23 GMT', 'Server': 'Apache/2.4.58 (Ubuntu)', 'Content-Type': 'text/html; charset=UTF-8', 'Content-Length': '0', 'Etag': 'd41d8cd98f00b204e9800998ecf8427e', 'Last-Modified': 'Thu, 16 Jul 2026 13:28:24 GMT', 'X-Trans-Id': 'txae9a5aca9ffb4b1ca0de8-006a58dc77', 'X-Openstack-Request-Id': 'txae9a5aca9ffb4b1ca0de8-006a58dc77', 'Connection': 'close'} {{(pid=99704) http_log /opt/stack/data/venv/lib/python3.12/site-packages/swiftclient/client.py:162}}
Jul 16 13:28:23.334812 np0000005240 devstack@g-api.service[99704]: INFO glance.location [None req-e95485a9-1437-4595-8354-fffdaa99c1b4 tempest-ServerBootFromVolumeStableRescueTest-1488947010 tempest-ServerBootFromVolumeStableRescueTest-1488947010-project-member] Image format matched and virtual size computed: 1073741824
Jul 16 13:28:23.376851 np0000005240 devstack@g-api.service[99704]: DEBUG glance_store.backend [None req-e95485a9-1437-4595-8354-fffdaa99c1b4 tempest-ServerBootFromVolumeStableRescueTest-1488947010 tempest-ServerBootFromVolumeStableRescueTest-1488947010-project-member] Attempting to import store swift {{(pid=99704) _load_store /opt/stack/data/venv/lib/python3.12/site-packages/glance_store/backend.py:215}}
Jul 16 13:28:23.380152 np0000005240 devstack@g-api.service[99704]: DEBUG glance_store.capabilities [None req-e95485a9-1437-4595-8354-fffdaa99c1b4 tempest-ServerBootFromVolumeStableRescueTest-1488947010 tempest-ServerBootFromVolumeStableRescueTest-1488947010-project-member] Store glance_store._drivers.swift.store.SingleTenantStore doesn't support updating dynamic storage capabilities. Please overwrite 'update_capabilities' method of the store to implement updating logics if needed. {{(pid=99704) update_capabilities /opt/stack/data/venv/lib/python3.12/site-packages/glance_store/capabilities.py:91}}
Jul 16 13:28:23.380152 np0000005240 devstack@g-api.service[99704]: DEBUG glance_store.driver [None req-e95485a9-1437-4595-8354-fffdaa99c1b4 tempest-ServerBootFromVolumeStableRescueTest-1488947010 tempest-ServerBootFromVolumeStableRescueTest-1488947010-project-member] Late loading location class glance_store._drivers.swift.store.StoreLocation {{(pid=99704) get_store_location_class /opt/stack/data/venv/lib/python3.12/site-packages/glance_store/driver.py:134}}
Jul 16 13:28:23.380152 np0000005240 devstack@g-api.service[99704]: DEBUG glance_store.location [None req-e95485a9-1437-4595-8354-fffdaa99c1b4 tempest-ServerBootFromVolumeStableRescueTest-1488947010 tempest-ServerBootFromVolumeStableRescueTest-1488947010-project-member] Registering scheme swift+https with {'store': , 'location_class': , 'store_entry': 'swift'} {{(pid=99704) register_scheme_map /opt/stack/data/venv/lib/python3.12/site-packages/glance_store/location.py:146}}
Jul 16 13:28:23.380152 np0000005240 devstack@g-api.service[99704]: DEBUG glance_store.location [None req-e95485a9-1437-4595-8354-fffdaa99c1b4 tempest-ServerBootFromVolumeStableRescueTest-1488947010 tempest-ServerBootFromVolumeStableRescueTest-1488947010-project-member] Registering scheme swift+https with {'store': , 'location_class': , 'store_entry': 'swift'} {{(pid=99704) register_scheme_map /opt/stack/data/venv/lib/python3.12/site-packages/glance_store/location.py:146}}
Jul 16 13:28:23.380152 np0000005240 devstack@g-api.service[99704]: DEBUG glance_store.location [None req-e95485a9-1437-4595-8354-fffdaa99c1b4 tempest-ServerBootFromVolumeStableRescueTest-1488947010 tempest-ServerBootFromVolumeStableRescueTest-1488947010-project-member] Registering scheme swift with {'store': , 'location_class': , 'store_entry': 'swift'} {{(pid=99704) register_scheme_map /opt/stack/data/venv/lib/python3.12/site-packages/glance_store/location.py:146}}
Jul 16 13:28:23.380152 np0000005240 devstack@g-api.service[99704]: DEBUG glance_store.location [None req-e95485a9-1437-4595-8354-fffdaa99c1b4 tempest-ServerBootFromVolumeStableRescueTest-1488947010 tempest-ServerBootFromVolumeStableRescueTest-1488947010-project-member] Registering scheme swift+https with {'store': , 'location_class': , 'store_entry': 'swift'} {{(pid=99704) register_scheme_map /opt/stack/data/venv/lib/python3.12/site-packages/glance_store/location.py:146}}
Jul 16 13:28:23.380152 np0000005240 devstack@g-api.service[99704]: DEBUG glance_store.location [None req-e95485a9-1437-4595-8354-fffdaa99c1b4 tempest-ServerBootFromVolumeStableRescueTest-1488947010 tempest-ServerBootFromVolumeStableRescueTest-1488947010-project-member] Registering scheme swift with {'store': , 'location_class': , 'store_entry': 'swift'} {{(pid=99704) register_scheme_map /opt/stack/data/venv/lib/python3.12/site-packages/glance_store/location.py:146}}
Jul 16 13:28:23.380152 np0000005240 devstack@g-api.service[99704]: DEBUG glance_store.location [None req-e95485a9-1437-4595-8354-fffdaa99c1b4 tempest-ServerBootFromVolumeStableRescueTest-1488947010 tempest-ServerBootFromVolumeStableRescueTest-1488947010-project-member] Registering scheme swift+http with {'store': , 'location_class': , 'store_entry': 'swift'} {{(pid=99704) register_scheme_map /opt/stack/data/venv/lib/python3.12/site-packages/glance_store/location.py:146}}
Jul 16 13:28:23.380152 np0000005240 devstack@g-api.service[99704]: DEBUG glance_store.location [None req-e95485a9-1437-4595-8354-fffdaa99c1b4 tempest-ServerBootFromVolumeStableRescueTest-1488947010 tempest-ServerBootFromVolumeStableRescueTest-1488947010-project-member] Registering scheme swift+https with {'store': , 'location_class': , 'store_entry': 'swift'} {{(pid=99704) register_scheme_map /opt/stack/data/venv/lib/python3.12/site-packages/glance_store/location.py:146}}
Jul 16 13:28:23.380152 np0000005240 devstack@g-api.service[99704]: DEBUG glance_store.location [None req-e95485a9-1437-4595-8354-fffdaa99c1b4 tempest-ServerBootFromVolumeStableRescueTest-1488947010 tempest-ServerBootFromVolumeStableRescueTest-1488947010-project-member] Registering scheme swift with {'store': , 'location_class': , 'store_entry': 'swift'} {{(pid=99704) register_scheme_map /opt/stack/data/venv/lib/python3.12/site-packages/glance_store/location.py:146}}
Jul 16 13:28:23.380697 np0000005240 devstack@g-api.service[99704]: DEBUG glance_store.location [None req-e95485a9-1437-4595-8354-fffdaa99c1b4 tempest-ServerBootFromVolumeStableRescueTest-1488947010 tempest-ServerBootFromVolumeStableRescueTest-1488947010-project-member] Registering scheme swift+http with {'store': , 'location_class': , 'store_entry': 'swift'} {{(pid=99704) register_scheme_map /opt/stack/data/venv/lib/python3.12/site-packages/glance_store/location.py:146}}
Jul 16 13:28:23.380697 np0000005240 devstack@g-api.service[99704]: DEBUG glance_store.location [None req-e95485a9-1437-4595-8354-fffdaa99c1b4 tempest-ServerBootFromVolumeStableRescueTest-1488947010 tempest-ServerBootFromVolumeStableRescueTest-1488947010-project-member] Registering scheme swift+config with {'store': , 'location_class': , 'store_entry': 'swift'} {{(pid=99704) register_scheme_map /opt/stack/data/venv/lib/python3.12/site-packages/glance_store/location.py:146}}
Jul 16 13:28:23.380697 np0000005240 devstack@g-api.service[99704]: DEBUG glance_store.backend [None req-e95485a9-1437-4595-8354-fffdaa99c1b4 tempest-ServerBootFromVolumeStableRescueTest-1488947010 tempest-ServerBootFromVolumeStableRescueTest-1488947010-project-member] Skipping store.set_acls... not implemented. {{(pid=99704) set_acls /opt/stack/data/venv/lib/python3.12/site-packages/glance_store/backend.py:507}}
Jul 16 13:28:23.384394 np0000005240 devstack@g-api.service[99704]: [pid: 99704|app: 0|req: 90/263] 127.0.0.1 () {46 vars in 1158 bytes} [Thu Jul 16 13:28:21 2026] PUT /v2/images/81a44a22-5c8a-4a09-984d-5b26f487163f/file => generated 0 bytes in 1740 msecs (HTTP/1.1 204) 4 headers in 171 bytes (1 switches on core 0)
Jul 16 13:28:23.444806 np0000005240 devstack@g-api.service[99703]: DEBUG glance.api.middleware.version_negotiation [None req-f49cf7df-acfe-4d19-bcfc-f1851e5a9145 tempest-AttachVolumeShelveTestJSON-2026626227 tempest-AttachVolumeShelveTestJSON-2026626227-project-member] Determining version of request: GET /v2/images/81a44a22-5c8a-4a09-984d-5b26f487163f Accept: */* {{(pid=99703) process_request /opt/stack/glance/glance/api/middleware/version_negotiation.py:44}}
Jul 16 13:28:23.445175 np0000005240 devstack@g-api.service[99703]: DEBUG glance.api.middleware.version_negotiation [None req-f49cf7df-acfe-4d19-bcfc-f1851e5a9145 tempest-AttachVolumeShelveTestJSON-2026626227 tempest-AttachVolumeShelveTestJSON-2026626227-project-member] Using url versioning {{(pid=99703) process_request /opt/stack/glance/glance/api/middleware/version_negotiation.py:57}}
Jul 16 13:28:23.445365 np0000005240 devstack@g-api.service[99703]: DEBUG glance.api.middleware.version_negotiation [None req-f49cf7df-acfe-4d19-bcfc-f1851e5a9145 tempest-AttachVolumeShelveTestJSON-2026626227 tempest-AttachVolumeShelveTestJSON-2026626227-project-member] Matched version: v2 {{(pid=99703) process_request /opt/stack/glance/glance/api/middleware/version_negotiation.py:69}}
Jul 16 13:28:23.445536 np0000005240 devstack@g-api.service[99703]: DEBUG glance.api.middleware.version_negotiation [None req-f49cf7df-acfe-4d19-bcfc-f1851e5a9145 tempest-AttachVolumeShelveTestJSON-2026626227 tempest-AttachVolumeShelveTestJSON-2026626227-project-member] new path /v2/images/81a44a22-5c8a-4a09-984d-5b26f487163f {{(pid=99703) process_request /opt/stack/glance/glance/api/middleware/version_negotiation.py:70}}
Jul 16 13:28:23.460997 np0000005240 devstack@g-api.service[99703]: [pid: 99703|app: 0|req: 79/264] 127.0.0.1 () {44 vars in 1115 bytes} [Thu Jul 16 13:28:23 2026] GET /v2/images/81a44a22-5c8a-4a09-984d-5b26f487163f => generated 1641 bytes in 16 msecs (HTTP/1.1 200) 4 headers in 158 bytes (1 switches on core 0)
Jul 16 13:28:23.516337 np0000005240 devstack@g-api.service[99704]: DEBUG glance.api.middleware.version_negotiation [None req-e95485a9-1437-4595-8354-fffdaa99c1b4 tempest-ServerBootFromVolumeStableRescueTest-1488947010 tempest-ServerBootFromVolumeStableRescueTest-1488947010-project-member] Determining version of request: GET /v2/schemas/image Accept: */* {{(pid=99704) process_request /opt/stack/glance/glance/api/middleware/version_negotiation.py:44}}
Jul 16 13:28:23.516466 np0000005240 devstack@g-api.service[99704]: DEBUG glance.api.middleware.version_negotiation [None req-e95485a9-1437-4595-8354-fffdaa99c1b4 tempest-ServerBootFromVolumeStableRescueTest-1488947010 tempest-ServerBootFromVolumeStableRescueTest-1488947010-project-member] Using url versioning {{(pid=99704) process_request /opt/stack/glance/glance/api/middleware/version_negotiation.py:57}}
Jul 16 13:28:23.516933 np0000005240 devstack@g-api.service[99704]: DEBUG glance.api.middleware.version_negotiation [None req-e95485a9-1437-4595-8354-fffdaa99c1b4 tempest-ServerBootFromVolumeStableRescueTest-1488947010 tempest-ServerBootFromVolumeStableRescueTest-1488947010-project-member] Matched version: v2 {{(pid=99704) process_request /opt/stack/glance/glance/api/middleware/version_negotiation.py:69}}
Jul 16 13:28:23.516933 np0000005240 devstack@g-api.service[99704]: DEBUG glance.api.middleware.version_negotiation [None req-e95485a9-1437-4595-8354-fffdaa99c1b4 tempest-ServerBootFromVolumeStableRescueTest-1488947010 tempest-ServerBootFromVolumeStableRescueTest-1488947010-project-member] new path /v2/schemas/image {{(pid=99704) process_request /opt/stack/glance/glance/api/middleware/version_negotiation.py:70}}
Jul 16 13:28:23.518871 np0000005240 devstack@g-api.service[99704]: [pid: 99704|app: 0|req: 91/265] 127.0.0.1 () {44 vars in 1055 bytes} [Thu Jul 16 13:28:23 2026] GET /v2/schemas/image => generated 6083 bytes in 3 msecs (HTTP/1.1 200) 4 headers in 158 bytes (1 switches on core 0)
Jul 16 13:28:23.869735 np0000005240 devstack@g-api.service[99703]: DEBUG glance.api.middleware.version_negotiation [None req-e95485a9-1437-4595-8354-fffdaa99c1b4 tempest-ServerBootFromVolumeStableRescueTest-1488947010 tempest-ServerBootFromVolumeStableRescueTest-1488947010-project-member] Determining version of request: GET /v2/images/81a44a22-5c8a-4a09-984d-5b26f487163f Accept: application/json {{(pid=99703) process_request /opt/stack/glance/glance/api/middleware/version_negotiation.py:44}}
Jul 16 13:28:23.869903 np0000005240 devstack@g-api.service[99703]: DEBUG glance.api.middleware.version_negotiation [None req-e95485a9-1437-4595-8354-fffdaa99c1b4 tempest-ServerBootFromVolumeStableRescueTest-1488947010 tempest-ServerBootFromVolumeStableRescueTest-1488947010-project-member] Using url versioning {{(pid=99703) process_request /opt/stack/glance/glance/api/middleware/version_negotiation.py:57}}
Jul 16 13:28:23.870033 np0000005240 devstack@g-api.service[99703]: DEBUG glance.api.middleware.version_negotiation [None req-e95485a9-1437-4595-8354-fffdaa99c1b4 tempest-ServerBootFromVolumeStableRescueTest-1488947010 tempest-ServerBootFromVolumeStableRescueTest-1488947010-project-member] Matched version: v2 {{(pid=99703) process_request /opt/stack/glance/glance/api/middleware/version_negotiation.py:69}}
Jul 16 13:28:23.870182 np0000005240 devstack@g-api.service[99703]: DEBUG glance.api.middleware.version_negotiation [None req-e95485a9-1437-4595-8354-fffdaa99c1b4 tempest-ServerBootFromVolumeStableRescueTest-1488947010 tempest-ServerBootFromVolumeStableRescueTest-1488947010-project-member] new path /v2/images/81a44a22-5c8a-4a09-984d-5b26f487163f {{(pid=99703) process_request /opt/stack/glance/glance/api/middleware/version_negotiation.py:70}}
Jul 16 13:28:23.888478 np0000005240 devstack@g-api.service[99703]: [pid: 99703|app: 0|req: 80/266] 127.0.0.1 () {40 vars in 838 bytes} [Thu Jul 16 13:28:23 2026] GET /v2/images/81a44a22-5c8a-4a09-984d-5b26f487163f => generated 1641 bytes in 19 msecs (HTTP/1.1 200) 4 headers in 158 bytes (1 switches on core 0)
Jul 16 13:28:23.895074 np0000005240 devstack@g-api.service[99702]: INFO glance.api.v2.image_data [None req-f49cf7df-acfe-4d19-bcfc-f1851e5a9145 tempest-AttachVolumeShelveTestJSON-2026626227 tempest-AttachVolumeShelveTestJSON-2026626227-project-member] Unable to create trust: no such option collect_timing in group [keystone_authtoken] Use the existing user token.
Jul 16 13:28:23.900407 np0000005240 devstack@g-api.service[99704]: DEBUG glance.api.middleware.version_negotiation [None req-e95485a9-1437-4595-8354-fffdaa99c1b4 tempest-ServerBootFromVolumeStableRescueTest-1488947010 tempest-ServerBootFromVolumeStableRescueTest-1488947010-project-member] Determining version of request: GET /v2/images/81a44a22-5c8a-4a09-984d-5b26f487163f Accept: application/json {{(pid=99704) process_request /opt/stack/glance/glance/api/middleware/version_negotiation.py:44}}
Jul 16 13:28:23.900605 np0000005240 devstack@g-api.service[99704]: DEBUG glance.api.middleware.version_negotiation [None req-e95485a9-1437-4595-8354-fffdaa99c1b4 tempest-ServerBootFromVolumeStableRescueTest-1488947010 tempest-ServerBootFromVolumeStableRescueTest-1488947010-project-member] Using url versioning {{(pid=99704) process_request /opt/stack/glance/glance/api/middleware/version_negotiation.py:57}}
