Jul 16 13:30:07.041699 np0000005240 devstack@g-api.service[99702]: DEBUG glance.api.middleware.version_negotiation [None req-6fbfd198-aa08-458e-b905-30f3169911c0 tempest-VolumesActionsTest-1410201109 tempest-VolumesActionsTest-1410201109-project-member] Matched version: v2 {{(pid=99702) process_request /opt/stack/glance/glance/api/middleware/version_negotiation.py:69}}
Jul 16 13:30:07.041699 np0000005240 devstack@g-api.service[99702]: DEBUG glance.api.middleware.version_negotiation [None req-6fbfd198-aa08-458e-b905-30f3169911c0 tempest-VolumesActionsTest-1410201109 tempest-VolumesActionsTest-1410201109-project-member] new path /v2/images/6062df51-b836-4711-901d-ae0a419e1ba9 {{(pid=99702) process_request /opt/stack/glance/glance/api/middleware/version_negotiation.py:70}}
Jul 16 13:30:07.061714 np0000005240 devstack@g-api.service[99702]: [pid: 99702|app: 0|req: 149/431] 127.0.0.1 () {40 vars in 838 bytes} [Thu Jul 16 13:30:07 2026] GET /v2/images/6062df51-b836-4711-901d-ae0a419e1ba9 => generated 649 bytes in 20 msecs (HTTP/1.1 200) 4 headers in 157 bytes (1 switches on core 0)
Jul 16 13:30:07.274361 np0000005240 devstack@g-api.service[99703]: INFO glance.api.v2.image_data [None req-6fbfd198-aa08-458e-b905-30f3169911c0 tempest-VolumesActionsTest-1410201109 tempest-VolumesActionsTest-1410201109-project-member] Unable to create trust: no such option collect_timing in group [keystone_authtoken] Use the existing user token.
Jul 16 13:30:08.061266 np0000005240 devstack@g-api.service[99703]: DEBUG glance.location [None req-6fbfd198-aa08-458e-b905-30f3169911c0 tempest-VolumesActionsTest-1410201109 tempest-VolumesActionsTest-1410201109-project-member] Enabling in-flight format inspection for raw {{(pid=99703) set_data /opt/stack/glance/glance/location.py:596}}
Jul 16 13:30:08.064063 np0000005240 devstack@g-api.service[99703]: DEBUG glance_store.backend [None req-6fbfd198-aa08-458e-b905-30f3169911c0 tempest-VolumesActionsTest-1410201109 tempest-VolumesActionsTest-1410201109-project-member] Attempting to import store swift {{(pid=99703) _load_store /opt/stack/data/venv/lib/python3.12/site-packages/glance_store/backend.py:215}}
Jul 16 13:30:08.068285 np0000005240 devstack@g-api.service[99703]: DEBUG glance_store.capabilities [None req-6fbfd198-aa08-458e-b905-30f3169911c0 tempest-VolumesActionsTest-1410201109 tempest-VolumesActionsTest-1410201109-project-member] Store glance_store._drivers.swift.store.SingleTenantStore doesn't support updating dynamic storage capabilities. Please overwrite 'update_capabilities' method of the store to implement updating logics if needed. {{(pid=99703) update_capabilities /opt/stack/data/venv/lib/python3.12/site-packages/glance_store/capabilities.py:91}}
Jul 16 13:30:08.068285 np0000005240 devstack@g-api.service[99703]: DEBUG glance_store.driver [None req-6fbfd198-aa08-458e-b905-30f3169911c0 tempest-VolumesActionsTest-1410201109 tempest-VolumesActionsTest-1410201109-project-member] Late loading location class glance_store._drivers.swift.store.StoreLocation {{(pid=99703) get_store_location_class /opt/stack/data/venv/lib/python3.12/site-packages/glance_store/driver.py:134}}
Jul 16 13:30:08.068285 np0000005240 devstack@g-api.service[99703]: DEBUG glance_store.location [None req-6fbfd198-aa08-458e-b905-30f3169911c0 tempest-VolumesActionsTest-1410201109 tempest-VolumesActionsTest-1410201109-project-member] Registering scheme swift+https with {'store': , 'location_class': , 'store_entry': 'swift'} {{(pid=99703) register_scheme_map /opt/stack/data/venv/lib/python3.12/site-packages/glance_store/location.py:146}}
Jul 16 13:30:08.068285 np0000005240 devstack@g-api.service[99703]: DEBUG glance_store.location [None req-6fbfd198-aa08-458e-b905-30f3169911c0 tempest-VolumesActionsTest-1410201109 tempest-VolumesActionsTest-1410201109-project-member] Registering scheme swift+https with {'store': , 'location_class': , 'store_entry': 'swift'} {{(pid=99703) register_scheme_map /opt/stack/data/venv/lib/python3.12/site-packages/glance_store/location.py:146}}
Jul 16 13:30:08.068285 np0000005240 devstack@g-api.service[99703]: DEBUG glance_store.location [None req-6fbfd198-aa08-458e-b905-30f3169911c0 tempest-VolumesActionsTest-1410201109 tempest-VolumesActionsTest-1410201109-project-member] Registering scheme swift with {'store': , 'location_class': , 'store_entry': 'swift'} {{(pid=99703) register_scheme_map /opt/stack/data/venv/lib/python3.12/site-packages/glance_store/location.py:146}}
Jul 16 13:30:08.068285 np0000005240 devstack@g-api.service[99703]: DEBUG glance_store.location [None req-6fbfd198-aa08-458e-b905-30f3169911c0 tempest-VolumesActionsTest-1410201109 tempest-VolumesActionsTest-1410201109-project-member] Registering scheme swift+https with {'store': , 'location_class': , 'store_entry': 'swift'} {{(pid=99703) register_scheme_map /opt/stack/data/venv/lib/python3.12/site-packages/glance_store/location.py:146}}
Jul 16 13:30:08.068285 np0000005240 devstack@g-api.service[99703]: DEBUG glance_store.location [None req-6fbfd198-aa08-458e-b905-30f3169911c0 tempest-VolumesActionsTest-1410201109 tempest-VolumesActionsTest-1410201109-project-member] Registering scheme swift with {'store': , 'location_class': , 'store_entry': 'swift'} {{(pid=99703) register_scheme_map /opt/stack/data/venv/lib/python3.12/site-packages/glance_store/location.py:146}}
Jul 16 13:30:08.068285 np0000005240 devstack@g-api.service[99703]: DEBUG glance_store.location [None req-6fbfd198-aa08-458e-b905-30f3169911c0 tempest-VolumesActionsTest-1410201109 tempest-VolumesActionsTest-1410201109-project-member] Registering scheme swift+http with {'store': , 'location_class': , 'store_entry': 'swift'} {{(pid=99703) register_scheme_map /opt/stack/data/venv/lib/python3.12/site-packages/glance_store/location.py:146}}
Jul 16 13:30:08.068285 np0000005240 devstack@g-api.service[99703]: DEBUG glance_store.location [None req-6fbfd198-aa08-458e-b905-30f3169911c0 tempest-VolumesActionsTest-1410201109 tempest-VolumesActionsTest-1410201109-project-member] Registering scheme swift+https with {'store': , 'location_class': , 'store_entry': 'swift'} {{(pid=99703) register_scheme_map /opt/stack/data/venv/lib/python3.12/site-packages/glance_store/location.py:146}}
Jul 16 13:30:08.070230 np0000005240 devstack@g-api.service[99703]: DEBUG glance_store.location [None req-6fbfd198-aa08-458e-b905-30f3169911c0 tempest-VolumesActionsTest-1410201109 tempest-VolumesActionsTest-1410201109-project-member] Registering scheme swift with {'store': , 'location_class': , 'store_entry': 'swift'} {{(pid=99703) register_scheme_map /opt/stack/data/venv/lib/python3.12/site-packages/glance_store/location.py:146}}
Jul 16 13:30:08.070230 np0000005240 devstack@g-api.service[99703]: DEBUG glance_store.location [None req-6fbfd198-aa08-458e-b905-30f3169911c0 tempest-VolumesActionsTest-1410201109 tempest-VolumesActionsTest-1410201109-project-member] Registering scheme swift+http with {'store': , 'location_class': , 'store_entry': 'swift'} {{(pid=99703) register_scheme_map /opt/stack/data/venv/lib/python3.12/site-packages/glance_store/location.py:146}}
Jul 16 13:30:08.070230 np0000005240 devstack@g-api.service[99703]: DEBUG glance_store.location [None req-6fbfd198-aa08-458e-b905-30f3169911c0 tempest-VolumesActionsTest-1410201109 tempest-VolumesActionsTest-1410201109-project-member] Registering scheme swift+config with {'store': , 'location_class': , 'store_entry': 'swift'} {{(pid=99703) register_scheme_map /opt/stack/data/venv/lib/python3.12/site-packages/glance_store/location.py:146}}
Jul 16 13:30:08.079725 np0000005240 devstack@g-api.service[99704]: DEBUG glance.api.middleware.version_negotiation [None req-1b8ec053-b420-4381-a8ac-d5499945c16a tempest-VolumesActionsTest-1410201109 tempest-VolumesActionsTest-1410201109-project-member] Determining version of request: GET /v2/images/6062df51-b836-4711-901d-ae0a419e1ba9 Accept: application/json {{(pid=99704) process_request /opt/stack/glance/glance/api/middleware/version_negotiation.py:44}}
Jul 16 13:30:08.079725 np0000005240 devstack@g-api.service[99704]: DEBUG glance.api.middleware.version_negotiation [None req-1b8ec053-b420-4381-a8ac-d5499945c16a tempest-VolumesActionsTest-1410201109 tempest-VolumesActionsTest-1410201109-project-member] Using url versioning {{(pid=99704) process_request /opt/stack/glance/glance/api/middleware/version_negotiation.py:57}}
Jul 16 13:30:08.080149 np0000005240 devstack@g-api.service[99704]: DEBUG glance.api.middleware.version_negotiation [None req-1b8ec053-b420-4381-a8ac-d5499945c16a tempest-VolumesActionsTest-1410201109 tempest-VolumesActionsTest-1410201109-project-member] Matched version: v2 {{(pid=99704) process_request /opt/stack/glance/glance/api/middleware/version_negotiation.py:69}}
Jul 16 13:30:08.080149 np0000005240 devstack@g-api.service[99704]: DEBUG glance.api.middleware.version_negotiation [None req-1b8ec053-b420-4381-a8ac-d5499945c16a tempest-VolumesActionsTest-1410201109 tempest-VolumesActionsTest-1410201109-project-member] new path /v2/images/6062df51-b836-4711-901d-ae0a419e1ba9 {{(pid=99704) process_request /opt/stack/glance/glance/api/middleware/version_negotiation.py:70}}
Jul 16 13:30:08.091971 np0000005240 devstack@g-api.service[99704]: [pid: 99704|app: 0|req: 150/432] 127.0.0.1 () {40 vars in 838 bytes} [Thu Jul 16 13:30:08 2026] GET /v2/images/6062df51-b836-4711-901d-ae0a419e1ba9 => generated 649 bytes in 13 msecs (HTTP/1.1 200) 4 headers in 157 bytes (1 switches on core 0)
Jul 16 13:30:08.373329 np0000005240 devstack@g-api.service[99703]: DEBUG swiftclient [None req-6fbfd198-aa08-458e-b905-30f3169911c0 tempest-VolumesActionsTest-1410201109 tempest-VolumesActionsTest-1410201109-project-member] REQ: curl -i https://10.4.3.112:8080/v1/AUTH_c415cfb92e094231b8927ab6acfc0fe7/glance -I -H "X-Auth-Token: gAAAAABqWNzgncJd..." {{(pid=99703) http_log /opt/stack/data/venv/lib/python3.12/site-packages/swiftclient/client.py:160}}
Jul 16 13:30:08.373720 np0000005240 devstack@g-api.service[99703]: DEBUG swiftclient [None req-6fbfd198-aa08-458e-b905-30f3169911c0 tempest-VolumesActionsTest-1410201109 tempest-VolumesActionsTest-1410201109-project-member] RESP STATUS: 204 No Content {{(pid=99703) http_log /opt/stack/data/venv/lib/python3.12/site-packages/swiftclient/client.py:161}}
Jul 16 13:30:08.373774 np0000005240 devstack@g-api.service[99703]: DEBUG swiftclient [None req-6fbfd198-aa08-458e-b905-30f3169911c0 tempest-VolumesActionsTest-1410201109 tempest-VolumesActionsTest-1410201109-project-member] RESP HEADERS: {'Date': 'Thu, 16 Jul 2026 13:30:08 GMT', 'Server': 'Apache/2.4.58 (Ubuntu)', 'Content-Type': 'text/plain; charset=utf-8', 'X-Container-Object-Count': '3', 'X-Container-Bytes-Used': '64356352', 'X-Timestamp': '1784208179.52107', 'Last-Modified': 'Thu, 16 Jul 2026 13:23:00 GMT', 'Accept-Ranges': 'bytes', 'X-Storage-Policy': 'Policy-0', 'X-Container-Sharding': 'False', 'Vary': 'Accept', 'X-Trans-Id': 'tx2436c707d2104726bfe52-006a58dce0', 'X-Openstack-Request-Id': 'tx2436c707d2104726bfe52-006a58dce0', 'Connection': 'close'} {{(pid=99703) http_log /opt/stack/data/venv/lib/python3.12/site-packages/swiftclient/client.py:162}}
Jul 16 13:30:08.374065 np0000005240 devstack@g-api.service[99703]: DEBUG glance_store._drivers.swift.store [None req-6fbfd198-aa08-458e-b905-30f3169911c0 tempest-VolumesActionsTest-1410201109 tempest-VolumesActionsTest-1410201109-project-member] Adding image object '6062df51-b836-4711-901d-ae0a419e1ba9' to Swift {{(pid=99703) add /opt/stack/data/venv/lib/python3.12/site-packages/glance_store/_drivers/swift/store.py:970}}
Jul 16 13:30:08.374144 np0000005240 devstack@g-api.service[99703]: DEBUG glance_store._drivers.swift.store [None req-6fbfd198-aa08-458e-b905-30f3169911c0 tempest-VolumesActionsTest-1410201109 tempest-VolumesActionsTest-1410201109-project-member] Cannot determine image size because it is either not provided in the request or chunked-transfer encoding is used. Adding image as a segmented object to Swift. {{(pid=99703) add /opt/stack/data/venv/lib/python3.12/site-packages/glance_store/_drivers/swift/store.py:994}}
Jul 16 13:30:08.382976 np0000005240 devstack@g-api.service[99703]: DEBUG oslo_utils.imageutils.format_inspector [None req-6fbfd198-aa08-458e-b905-30f3169911c0 tempest-VolumesActionsTest-1410201109 tempest-VolumesActionsTest-1410201109-project-member] Format inspector for vmdk does not match, excluding from consideration (Signature KDMV not found: b'\x00\x00\x00\x00') {{(pid=99703) _process_chunk /opt/stack/data/venv/lib/python3.12/site-packages/oslo_utils/imageutils/format_inspector.py:1758}}
Jul 16 13:30:08.388996 np0000005240 devstack@g-api.service[99703]: DEBUG oslo_utils.imageutils.format_inspector [None req-6fbfd198-aa08-458e-b905-30f3169911c0 tempest-VolumesActionsTest-1410201109 tempest-VolumesActionsTest-1410201109-project-member] Format inspector for vhdx does not match, excluding from consideration (Region signature not found at 30000) {{(pid=99703) _process_chunk /opt/stack/data/venv/lib/python3.12/site-packages/oslo_utils/imageutils/format_inspector.py:1758}}
Jul 16 13:30:09.102281 np0000005240 devstack@g-api.service[99702]: DEBUG glance.api.middleware.version_negotiation [None req-d272e9df-baaa-4143-8ea4-1b18f8d03184 tempest-VolumesActionsTest-1410201109 tempest-VolumesActionsTest-1410201109-project-member] Determining version of request: GET /v2/images/6062df51-b836-4711-901d-ae0a419e1ba9 Accept: application/json {{(pid=99702) process_request /opt/stack/glance/glance/api/middleware/version_negotiation.py:44}}
Jul 16 13:30:09.102281 np0000005240 devstack@g-api.service[99702]: DEBUG glance.api.middleware.version_negotiation [None req-d272e9df-baaa-4143-8ea4-1b18f8d03184 tempest-VolumesActionsTest-1410201109 tempest-VolumesActionsTest-1410201109-project-member] Using url versioning {{(pid=99702) process_request /opt/stack/glance/glance/api/middleware/version_negotiation.py:57}}
Jul 16 13:30:09.102916 np0000005240 devstack@g-api.service[99702]: DEBUG glance.api.middleware.version_negotiation [None req-d272e9df-baaa-4143-8ea4-1b18f8d03184 tempest-VolumesActionsTest-1410201109 tempest-VolumesActionsTest-1410201109-project-member] Matched version: v2 {{(pid=99702) process_request /opt/stack/glance/glance/api/middleware/version_negotiation.py:69}}
Jul 16 13:30:09.102916 np0000005240 devstack@g-api.service[99702]: DEBUG glance.api.middleware.version_negotiation [None req-d272e9df-baaa-4143-8ea4-1b18f8d03184 tempest-VolumesActionsTest-1410201109 tempest-VolumesActionsTest-1410201109-project-member] new path /v2/images/6062df51-b836-4711-901d-ae0a419e1ba9 {{(pid=99702) process_request /opt/stack/glance/glance/api/middleware/version_negotiation.py:70}}
Jul 16 13:30:09.129950 np0000005240 devstack@g-api.service[99702]: [pid: 99702|app: 0|req: 150/433] 127.0.0.1 () {40 vars in 838 bytes} [Thu Jul 16 13:30:09 2026] GET /v2/images/6062df51-b836-4711-901d-ae0a419e1ba9 => generated 649 bytes in 28 msecs (HTTP/1.1 200) 4 headers in 157 bytes (1 switches on core 0)
Jul 16 13:30:10.143190 np0000005240 devstack@g-api.service[99704]: DEBUG glance.api.middleware.version_negotiation [None req-987bceb4-4a29-4974-b285-ce9893f1e537 tempest-VolumesActionsTest-1410201109 tempest-VolumesActionsTest-1410201109-project-member] Determining version of request: GET /v2/images/6062df51-b836-4711-901d-ae0a419e1ba9 Accept: application/json {{(pid=99704) process_request /opt/stack/glance/glance/api/middleware/version_negotiation.py:44}}
Jul 16 13:30:10.144093 np0000005240 devstack@g-api.service[99704]: DEBUG glance.api.middleware.version_negotiation [None req-987bceb4-4a29-4974-b285-ce9893f1e537 tempest-VolumesActionsTest-1410201109 tempest-VolumesActionsTest-1410201109-project-member] Using url versioning {{(pid=99704) process_request /opt/stack/glance/glance/api/middleware/version_negotiation.py:57}}
Jul 16 13:30:10.144093 np0000005240 devstack@g-api.service[99704]: DEBUG glance.api.middleware.version_negotiation [None req-987bceb4-4a29-4974-b285-ce9893f1e537 tempest-VolumesActionsTest-1410201109 tempest-VolumesActionsTest-1410201109-project-member] Matched version: v2 {{(pid=99704) process_request /opt/stack/glance/glance/api/middleware/version_negotiation.py:69}}
Jul 16 13:30:10.144093 np0000005240 devstack@g-api.service[99704]: DEBUG glance.api.middleware.version_negotiation [None req-987bceb4-4a29-4974-b285-ce9893f1e537 tempest-VolumesActionsTest-1410201109 tempest-VolumesActionsTest-1410201109-project-member] new path /v2/images/6062df51-b836-4711-901d-ae0a419e1ba9 {{(pid=99704) process_request /opt/stack/glance/glance/api/middleware/version_negotiation.py:70}}
Jul 16 13:30:10.170842 np0000005240 devstack@g-api.service[99704]: [pid: 99704|app: 0|req: 151/434] 127.0.0.1 () {40 vars in 838 bytes} [Thu Jul 16 13:30:10 2026] GET /v2/images/6062df51-b836-4711-901d-ae0a419e1ba9 => generated 649 bytes in 28 msecs (HTTP/1.1 200) 4 headers in 157 bytes (1 switches on core 0)
Jul 16 13:30:11.186939 np0000005240 devstack@g-api.service[99702]: DEBUG glance.api.middleware.version_negotiation [None req-0dd3ad67-1768-45e7-9689-30517f681bd2 tempest-VolumesActionsTest-1410201109 tempest-VolumesActionsTest-1410201109-project-member] Determining version of request: GET /v2/images/6062df51-b836-4711-901d-ae0a419e1ba9 Accept: application/json {{(pid=99702) process_request /opt/stack/glance/glance/api/middleware/version_negotiation.py:44}}
Jul 16 13:30:11.186939 np0000005240 devstack@g-api.service[99702]: DEBUG glance.api.middleware.version_negotiation [None req-0dd3ad67-1768-45e7-9689-30517f681bd2 tempest-VolumesActionsTest-1410201109 tempest-VolumesActionsTest-1410201109-project-member] Using url versioning {{(pid=99702) process_request /opt/stack/glance/glance/api/middleware/version_negotiation.py:57}}
Jul 16 13:30:11.186939 np0000005240 devstack@g-api.service[99702]: DEBUG glance.api.middleware.version_negotiation [None req-0dd3ad67-1768-45e7-9689-30517f681bd2 tempest-VolumesActionsTest-1410201109 tempest-VolumesActionsTest-1410201109-project-member] Matched version: v2 {{(pid=99702) process_request /opt/stack/glance/glance/api/middleware/version_negotiation.py:69}}
Jul 16 13:30:11.186939 np0000005240 devstack@g-api.service[99702]: DEBUG glance.api.middleware.version_negotiation [None req-0dd3ad67-1768-45e7-9689-30517f681bd2 tempest-VolumesActionsTest-1410201109 tempest-VolumesActionsTest-1410201109-project-member] new path /v2/images/6062df51-b836-4711-901d-ae0a419e1ba9 {{(pid=99702) process_request /opt/stack/glance/glance/api/middleware/version_negotiation.py:70}}
Jul 16 13:30:11.213832 np0000005240 devstack@g-api.service[99702]: [pid: 99702|app: 0|req: 151/435] 127.0.0.1 () {40 vars in 838 bytes} [Thu Jul 16 13:30:11 2026] GET /v2/images/6062df51-b836-4711-901d-ae0a419e1ba9 => generated 649 bytes in 28 msecs (HTTP/1.1 200) 4 headers in 157 bytes (1 switches on core 0)
Jul 16 13:30:11.541359 np0000005240 devstack@g-api.service[99703]: DEBUG swiftclient [None req-6fbfd198-aa08-458e-b905-30f3169911c0 tempest-VolumesActionsTest-1410201109 tempest-VolumesActionsTest-1410201109-project-member] REQ: curl -i https://10.4.3.112:8080/v1/AUTH_c415cfb92e094231b8927ab6acfc0fe7/glance/6062df51-b836-4711-901d-ae0a419e1ba9-00001 -X PUT -H "X-Auth-Token: gAAAAABqWNzgncJd..." {{(pid=99703) http_log /opt/stack/data/venv/lib/python3.12/site-packages/swiftclient/client.py:160}}
Jul 16 13:30:11.541651 np0000005240 devstack@g-api.service[99703]: DEBUG swiftclient [None req-6fbfd198-aa08-458e-b905-30f3169911c0 tempest-VolumesActionsTest-1410201109 tempest-VolumesActionsTest-1410201109-project-member] RESP STATUS: 201 Created {{(pid=99703) http_log /opt/stack/data/venv/lib/python3.12/site-packages/swiftclient/client.py:161}}
Jul 16 13:30:11.541651 np0000005240 devstack@g-api.service[99703]: DEBUG swiftclient [None req-6fbfd198-aa08-458e-b905-30f3169911c0 tempest-VolumesActionsTest-1410201109 tempest-VolumesActionsTest-1410201109-project-member] RESP HEADERS: {'Date': 'Thu, 16 Jul 2026 13:30:11 GMT', 'Server': 'Apache/2.4.58 (Ubuntu)', 'Content-Type': 'text/html; charset=UTF-8', 'Content-Length': '0', 'Etag': 'eda9a9889837ac4bc81d6387d92c1bec', 'Last-Modified': 'Thu, 16 Jul 2026 13:30:09 GMT', 'X-Trans-Id': 'tx9b29cf3fa73046f58c9f2-006a58dce0', 'X-Openstack-Request-Id': 'tx9b29cf3fa73046f58c9f2-006a58dce0', 'Connection': 'close'} {{(pid=99703) http_log /opt/stack/data/venv/lib/python3.12/site-packages/swiftclient/client.py:162}}
Jul 16 13:30:11.541741 np0000005240 devstack@g-api.service[99703]: DEBUG glance_store._drivers.swift.store [None req-6fbfd198-aa08-458e-b905-30f3169911c0 tempest-VolumesActionsTest-1410201109 tempest-VolumesActionsTest-1410201109-project-member] Wrote chunk 6062df51-b836-4711-901d-ae0a419e1ba9-00001 (1/?) of length 204800000 to Swift returning MD5 of content: eda9a9889837ac4bc81d6387d92c1bec {{(pid=99703) add /opt/stack/data/venv/lib/python3.12/site-packages/glance_store/_drivers/swift/store.py:1059}}
Jul 16 13:30:12.229344 np0000005240 devstack@g-api.service[99704]: DEBUG glance.api.middleware.version_negotiation [None req-cae9c54f-6803-455b-a9c3-8650af9a128e tempest-VolumesActionsTest-1410201109 tempest-VolumesActionsTest-1410201109-project-member] Determining version of request: GET /v2/images/6062df51-b836-4711-901d-ae0a419e1ba9 Accept: application/json {{(pid=99704) process_request /opt/stack/glance/glance/api/middleware/version_negotiation.py:44}}
Jul 16 13:30:12.229344 np0000005240 devstack@g-api.service[99704]: DEBUG glance.api.middleware.version_negotiation [None req-cae9c54f-6803-455b-a9c3-8650af9a128e tempest-VolumesActionsTest-1410201109 tempest-VolumesActionsTest-1410201109-project-member] Using url versioning {{(pid=99704) process_request /opt/stack/glance/glance/api/middleware/version_negotiation.py:57}}
Jul 16 13:30:12.231071 np0000005240 devstack@g-api.service[99704]: DEBUG glance.api.middleware.version_negotiation [None req-cae9c54f-6803-455b-a9c3-8650af9a128e tempest-VolumesActionsTest-1410201109 tempest-VolumesActionsTest-1410201109-project-member] Matched version: v2 {{(pid=99704) process_request /opt/stack/glance/glance/api/middleware/version_negotiation.py:69}}
Jul 16 13:30:12.231071 np0000005240 devstack@g-api.service[99704]: DEBUG glance.api.middleware.version_negotiation [None req-cae9c54f-6803-455b-a9c3-8650af9a128e tempest-VolumesActionsTest-1410201109 tempest-VolumesActionsTest-1410201109-project-member] new path /v2/images/6062df51-b836-4711-901d-ae0a419e1ba9 {{(pid=99704) process_request /opt/stack/glance/glance/api/middleware/version_negotiation.py:70}}
Jul 16 13:30:12.244654 np0000005240 devstack@g-api.service[99704]: [pid: 99704|app: 0|req: 152/436] 127.0.0.1 () {40 vars in 838 bytes} [Thu Jul 16 13:30:12 2026] GET /v2/images/6062df51-b836-4711-901d-ae0a419e1ba9 => generated 649 bytes in 16 msecs (HTTP/1.1 200) 4 headers in 157 bytes (1 switches on core 0)
Jul 16 13:30:13.255845 np0000005240 devstack@g-api.service[99702]: DEBUG glance.api.middleware.version_negotiation [None req-416bf288-2223-44b3-b8a9-51ed164c201a tempest-VolumesActionsTest-1410201109 tempest-VolumesActionsTest-1410201109-project-member] Determining version of request: GET /v2/images/6062df51-b836-4711-901d-ae0a419e1ba9 Accept: application/json {{(pid=99702) process_request /opt/stack/glance/glance/api/middleware/version_negotiation.py:44}}
Jul 16 13:30:13.256350 np0000005240 devstack@g-api.service[99702]: DEBUG glance.api.middleware.version_negotiation [None req-416bf288-2223-44b3-b8a9-51ed164c201a tempest-VolumesActionsTest-1410201109 tempest-VolumesActionsTest-1410201109-project-member] Using url versioning {{(pid=99702) process_request /opt/stack/glance/glance/api/middleware/version_negotiation.py:57}}
Jul 16 13:30:13.256350 np0000005240 devstack@g-api.service[99702]: DEBUG glance.api.middleware.version_negotiation [None req-416bf288-2223-44b3-b8a9-51ed164c201a tempest-VolumesActionsTest-1410201109 tempest-VolumesActionsTest-1410201109-project-member] Matched version: v2 {{(pid=99702) process_request /opt/stack/glance/glance/api/middleware/version_negotiation.py:69}}
Jul 16 13:30:13.256350 np0000005240 devstack@g-api.service[99702]: DEBUG glance.api.middleware.version_negotiation [None req-416bf288-2223-44b3-b8a9-51ed164c201a tempest-VolumesActionsTest-1410201109 tempest-VolumesActionsTest-1410201109-project-member] new path /v2/images/6062df51-b836-4711-901d-ae0a419e1ba9 {{(pid=99702) process_request /opt/stack/glance/glance/api/middleware/version_negotiation.py:70}}
Jul 16 13:30:13.270807 np0000005240 devstack@g-api.service[99702]: [pid: 99702|app: 0|req: 152/437] 127.0.0.1 () {40 vars in 838 bytes} [Thu Jul 16 13:30:13 2026] GET /v2/images/6062df51-b836-4711-901d-ae0a419e1ba9 => generated 649 bytes in 15 msecs (HTTP/1.1 200) 4 headers in 157 bytes (1 switches on core 0)
Jul 16 13:30:14.287699 np0000005240 devstack@g-api.service[99704]: DEBUG glance.api.middleware.version_negotiation [None req-f4e4beb2-4a5d-437a-96aa-d03f0826fe56 tempest-VolumesActionsTest-1410201109 tempest-VolumesActionsTest-1410201109-project-member] Determining version of request: GET /v2/images/6062df51-b836-4711-901d-ae0a419e1ba9 Accept: application/json {{(pid=99704) process_request /opt/stack/glance/glance/api/middleware/version_negotiation.py:44}}
Jul 16 13:30:14.287699 np0000005240 devstack@g-api.service[99704]: DEBUG glance.api.middleware.version_negotiation [None req-f4e4beb2-4a5d-437a-96aa-d03f0826fe56 tempest-VolumesActionsTest-1410201109 tempest-VolumesActionsTest-1410201109-project-member] Using url versioning {{(pid=99704) process_request /opt/stack/glance/glance/api/middleware/version_negotiation.py:57}}
Jul 16 13:30:14.287699 np0000005240 devstack@g-api.service[99704]: DEBUG glance.api.middleware.version_negotiation [None req-f4e4beb2-4a5d-437a-96aa-d03f0826fe56 tempest-VolumesActionsTest-1410201109 tempest-VolumesActionsTest-1410201109-project-member] Matched version: v2 {{(pid=99704) process_request /opt/stack/glance/glance/api/middleware/version_negotiation.py:69}}
Jul 16 13:30:14.288278 np0000005240 devstack@g-api.service[99704]: DEBUG glance.api.middleware.version_negotiation [None req-f4e4beb2-4a5d-437a-96aa-d03f0826fe56 tempest-VolumesActionsTest-1410201109 tempest-VolumesActionsTest-1410201109-project-member] new path /v2/images/6062df51-b836-4711-901d-ae0a419e1ba9 {{(pid=99704) process_request /opt/stack/glance/glance/api/middleware/version_negotiation.py:70}}
Jul 16 13:30:14.312098 np0000005240 devstack@g-api.service[99704]: [pid: 99704|app: 0|req: 153/438] 127.0.0.1 () {40 vars in 838 bytes} [Thu Jul 16 13:30:14 2026] GET /v2/images/6062df51-b836-4711-901d-ae0a419e1ba9 => generated 649 bytes in 22 msecs (HTTP/1.1 200) 4 headers in 157 bytes (1 switches on core 0)
Jul 16 13:30:14.583821 np0000005240 devstack@g-api.service[99703]: DEBUG swiftclient [None req-6fbfd198-aa08-458e-b905-30f3169911c0 tempest-VolumesActionsTest-1410201109 tempest-VolumesActionsTest-1410201109-project-member] REQ: curl -i https://10.4.3.112:8080/v1/AUTH_c415cfb92e094231b8927ab6acfc0fe7/glance/6062df51-b836-4711-901d-ae0a419e1ba9-00002 -X PUT -H "X-Auth-Token: gAAAAABqWNzgncJd..." {{(pid=99703) http_log /opt/stack/data/venv/lib/python3.12/site-packages/swiftclient/client.py:160}}
Jul 16 13:30:14.584201 np0000005240 devstack@g-api.service[99703]: DEBUG swiftclient [None req-6fbfd198-aa08-458e-b905-30f3169911c0 tempest-VolumesActionsTest-1410201109 tempest-VolumesActionsTest-1410201109-project-member] RESP STATUS: 201 Created {{(pid=99703) http_log /opt/stack/data/venv/lib/python3.12/site-packages/swiftclient/client.py:161}}
Jul 16 13:30:14.584201 np0000005240 devstack@g-api.service[99703]: DEBUG swiftclient [None req-6fbfd198-aa08-458e-b905-30f3169911c0 tempest-VolumesActionsTest-1410201109 tempest-VolumesActionsTest-1410201109-project-member] RESP HEADERS: {'Date': 'Thu, 16 Jul 2026 13:30:14 GMT', 'Server': 'Apache/2.4.58 (Ubuntu)', 'Content-Type': 'text/html; charset=UTF-8', 'Content-Length': '0', 'Etag': 'eda9a9889837ac4bc81d6387d92c1bec', 'Last-Modified': 'Thu, 16 Jul 2026 13:30:12 GMT', 'X-Trans-Id': 'txf0584dad75bd4ea489b0a-006a58dce3', 'X-Openstack-Request-Id': 'txf0584dad75bd4ea489b0a-006a58dce3', 'Connection': 'close'} {{(pid=99703) http_log /opt/stack/data/venv/lib/python3.12/site-packages/swiftclient/client.py:162}}
Jul 16 13:30:14.584588 np0000005240 devstack@g-api.service[99703]: DEBUG glance_store._drivers.swift.store [None req-6fbfd198-aa08-458e-b905-30f3169911c0 tempest-VolumesActionsTest-1410201109 tempest-VolumesActionsTest-1410201109-project-member] Wrote chunk 6062df51-b836-4711-901d-ae0a419e1ba9-00002 (2/?) of length 204800000 to Swift returning MD5 of content: eda9a9889837ac4bc81d6387d92c1bec {{(pid=99703) add /opt/stack/data/venv/lib/python3.12/site-packages/glance_store/_drivers/swift/store.py:1059}}
Jul 16 13:30:15.341846 np0000005240 devstack@g-api.service[99702]: DEBUG glance.api.middleware.version_negotiation [None req-68511aef-2bd8-453f-af20-ab973ac4582a tempest-VolumesActionsTest-1410201109 tempest-VolumesActionsTest-1410201109-project-member] Determining version of request: GET /v2/images/6062df51-b836-4711-901d-ae0a419e1ba9 Accept: application/json {{(pid=99702) process_request /opt/stack/glance/glance/api/middleware/version_negotiation.py:44}}
Jul 16 13:30:15.342399 np0000005240 devstack@g-api.service[99702]: DEBUG glance.api.middleware.version_negotiation [None req-68511aef-2bd8-453f-af20-ab973ac4582a tempest-VolumesActionsTest-1410201109 tempest-VolumesActionsTest-1410201109-project-member] Using url versioning {{(pid=99702) process_request /opt/stack/glance/glance/api/middleware/version_negotiation.py:57}}
Jul 16 13:30:15.342572 np0000005240 devstack@g-api.service[99702]: DEBUG glance.api.middleware.version_negotiation [None req-68511aef-2bd8-453f-af20-ab973ac4582a tempest-VolumesActionsTest-1410201109 tempest-VolumesActionsTest-1410201109-project-member] Matched version: v2 {{(pid=99702) process_request /opt/stack/glance/glance/api/middleware/version_negotiation.py:69}}
Jul 16 13:30:15.345137 np0000005240 devstack@g-api.service[99702]: DEBUG glance.api.middleware.version_negotiation [None req-68511aef-2bd8-453f-af20-ab973ac4582a tempest-VolumesActionsTest-1410201109 tempest-VolumesActionsTest-1410201109-project-member] new path /v2/images/6062df51-b836-4711-901d-ae0a419e1ba9 {{(pid=99702) process_request /opt/stack/glance/glance/api/middleware/version_negotiation.py:70}}
Jul 16 13:30:15.376809 np0000005240 devstack@g-api.service[99702]: [pid: 99702|app: 0|req: 153/439] 127.0.0.1 () {40 vars in 838 bytes} [Thu Jul 16 13:30:15 2026] GET /v2/images/6062df51-b836-4711-901d-ae0a419e1ba9 => generated 649 bytes in 37 msecs (HTTP/1.1 200) 4 headers in 157 bytes (1 switches on core 0)
Jul 16 13:30:15.483426 np0000005240 devstack@g-api.service[99704]: DEBUG glance.api.middleware.version_negotiation [None req-fa26aefd-402d-472e-b612-6e8f1afea25f tempest-VolumesActionsTest-1410201109 tempest-VolumesActionsTest-1410201109-project-member] Determining version of request: GET /v2/images/d692c052-d63f-406f-91f6-7d10c591e6f7 Accept: */* {{(pid=99704) process_request /opt/stack/glance/glance/api/middleware/version_negotiation.py:44}}
Jul 16 13:30:15.484564 np0000005240 devstack@g-api.service[99704]: DEBUG glance.api.middleware.version_negotiation [None req-fa26aefd-402d-472e-b612-6e8f1afea25f tempest-VolumesActionsTest-1410201109 tempest-VolumesActionsTest-1410201109-project-member] Using url versioning {{(pid=99704) process_request /opt/stack/glance/glance/api/middleware/version_negotiation.py:57}}
Jul 16 13:30:15.484789 np0000005240 devstack@g-api.service[99704]: DEBUG glance.api.middleware.version_negotiation [None req-fa26aefd-402d-472e-b612-6e8f1afea25f tempest-VolumesActionsTest-1410201109 tempest-VolumesActionsTest-1410201109-project-member] Matched version: v2 {{(pid=99704) process_request /opt/stack/glance/glance/api/middleware/version_negotiation.py:69}}
Jul 16 13:30:15.484942 np0000005240 devstack@g-api.service[99704]: DEBUG glance.api.middleware.version_negotiation [None req-fa26aefd-402d-472e-b612-6e8f1afea25f tempest-VolumesActionsTest-1410201109 tempest-VolumesActionsTest-1410201109-project-member] new path /v2/images/d692c052-d63f-406f-91f6-7d10c591e6f7 {{(pid=99704) process_request /opt/stack/glance/glance/api/middleware/version_negotiation.py:70}}
Jul 16 13:30:15.514415 np0000005240 devstack@g-api.service[99704]: [pid: 99704|app: 0|req: 154/440] 127.0.0.1 () {44 vars in 1115 bytes} [Thu Jul 16 13:30:15 2026] GET /v2/images/d692c052-d63f-406f-91f6-7d10c591e6f7 => generated 1044 bytes in 33 msecs (HTTP/1.1 200) 4 headers in 158 bytes (1 switches on core 0)
Jul 16 13:30:15.575562 np0000005240 devstack@g-api.service[99702]: DEBUG glance.api.middleware.version_negotiation [None req-9ce63bfa-ba99-4253-9155-39967750c719 tempest-VolumesActionsTest-1410201109 tempest-VolumesActionsTest-1410201109-project-member] Determining version of request: GET /v2/schemas/image Accept: */* {{(pid=99702) process_request /opt/stack/glance/glance/api/middleware/version_negotiation.py:44}}
Jul 16 13:30:15.575935 np0000005240 devstack@g-api.service[99702]: DEBUG glance.api.middleware.version_negotiation [None req-9ce63bfa-ba99-4253-9155-39967750c719 tempest-VolumesActionsTest-1410201109 tempest-VolumesActionsTest-1410201109-project-member] Using url versioning {{(pid=99702) process_request /opt/stack/glance/glance/api/middleware/version_negotiation.py:57}}
Jul 16 13:30:15.576028 np0000005240 devstack@g-api.service[99702]: DEBUG glance.api.middleware.version_negotiation [None req-9ce63bfa-ba99-4253-9155-39967750c719 tempest-VolumesActionsTest-1410201109 tempest-VolumesActionsTest-1410201109-project-member] Matched version: v2 {{(pid=99702) process_request /opt/stack/glance/glance/api/middleware/version_negotiation.py:69}}
Jul 16 13:30:15.576660 np0000005240 devstack@g-api.service[99702]: DEBUG glance.api.middleware.version_negotiation [None req-9ce63bfa-ba99-4253-9155-39967750c719 tempest-VolumesActionsTest-1410201109 tempest-VolumesActionsTest-1410201109-project-member] new path /v2/schemas/image {{(pid=99702) process_request /opt/stack/glance/glance/api/middleware/version_negotiation.py:70}}
Jul 16 13:30:15.579908 np0000005240 devstack@g-api.service[99702]: [pid: 99702|app: 0|req: 154/441] 127.0.0.1 () {44 vars in 1055 bytes} [Thu Jul 16 13:30:15 2026] GET /v2/schemas/image => generated 6083 bytes in 4 msecs (HTTP/1.1 200) 4 headers in 158 bytes (1 switches on core 0)
Jul 16 13:30:16.392291 np0000005240 devstack@g-api.service[99704]: DEBUG glance.api.middleware.version_negotiation [None req-076f88f2-91d7-440a-8512-018a8864cb56 tempest-ServerRescueNegativeTestJSON-621590441 tempest-ServerRescueNegativeTestJSON-621590441-project-member] Determining version of request: GET /v2/images/6062df51-b836-4711-901d-ae0a419e1ba9 Accept: application/json {{(pid=99704) process_request /opt/stack/glance/glance/api/middleware/version_negotiation.py:44}}
Jul 16 13:30:16.392291 np0000005240 devstack@g-api.service[99704]: DEBUG glance.api.middleware.version_negotiation [None req-076f88f2-91d7-440a-8512-018a8864cb56 tempest-ServerRescueNegativeTestJSON-621590441 tempest-ServerRescueNegativeTestJSON-621590441-project-member] Using url versioning {{(pid=99704) process_request /opt/stack/glance/glance/api/middleware/version_negotiation.py:57}}
Jul 16 13:30:16.392291 np0000005240 devstack@g-api.service[99704]: DEBUG glance.api.middleware.version_negotiation [None req-076f88f2-91d7-440a-8512-018a8864cb56 tempest-ServerRescueNegativeTestJSON-621590441 tempest-ServerRescueNegativeTestJSON-621590441-project-member] Matched version: v2 {{(pid=99704) process_request /opt/stack/glance/glance/api/middleware/version_negotiation.py:69}}
Jul 16 13:30:16.392552 np0000005240 devstack@g-api.service[99704]: DEBUG glance.api.middleware.version_negotiation [None req-076f88f2-91d7-440a-8512-018a8864cb56 tempest-ServerRescueNegativeTestJSON-621590441 tempest-ServerRescueNegativeTestJSON-621590441-project-member] new path /v2/images/6062df51-b836-4711-901d-ae0a419e1ba9 {{(pid=99704) process_request /opt/stack/glance/glance/api/middleware/version_negotiation.py:70}}
Jul 16 13:30:16.410119 np0000005240 devstack@g-api.service[99704]: [pid: 99704|app: 0|req: 155/442] 127.0.0.1 () {40 vars in 838 bytes} [Thu Jul 16 13:30:16 2026] GET /v2/images/6062df51-b836-4711-901d-ae0a419e1ba9 => generated 649 bytes in 16 msecs (HTTP/1.1 200) 4 headers in 157 bytes (1 switches on core 0)
Jul 16 13:30:17.419786 np0000005240 devstack@g-api.service[99702]: DEBUG glance.api.middleware.version_negotiation [None req-076f88f2-91d7-440a-8512-018a8864cb56 tempest-ServerRescueNegativeTestJSON-621590441 tempest-ServerRescueNegativeTestJSON-621590441-project-member] Determining version of request: GET /v2/images/6062df51-b836-4711-901d-ae0a419e1ba9 Accept: application/json {{(pid=99702) process_request /opt/stack/glance/glance/api/middleware/version_negotiation.py:44}}
Jul 16 13:30:17.420294 np0000005240 devstack@g-api.service[99702]: DEBUG glance.api.middleware.version_negotiation [None req-076f88f2-91d7-440a-8512-018a8864cb56 tempest-ServerRescueNegativeTestJSON-621590441 tempest-ServerRescueNegativeTestJSON-621590441-project-member] Using url versioning {{(pid=99702) process_request /opt/stack/glance/glance/api/middleware/version_negotiation.py:57}}
Jul 16 13:30:17.420294 np0000005240 devstack@g-api.service[99702]: DEBUG glance.api.middleware.version_negotiation [None req-076f88f2-91d7-440a-8512-018a8864cb56 tempest-ServerRescueNegativeTestJSON-621590441 tempest-ServerRescueNegativeTestJSON-621590441-project-member] Matched version: v2 {{(pid=99702) process_request /opt/stack/glance/glance/api/middleware/version_negotiation.py:69}}
Jul 16 13:30:17.420513 np0000005240 devstack@g-api.service[99702]: DEBUG glance.api.middleware.version_negotiation [None req-076f88f2-91d7-440a-8512-018a8864cb56 tempest-ServerRescueNegativeTestJSON-621590441 tempest-ServerRescueNegativeTestJSON-621590441-project-member] new path /v2/images/6062df51-b836-4711-901d-ae0a419e1ba9 {{(pid=99702) process_request /opt/stack/glance/glance/api/middleware/version_negotiation.py:70}}
Jul 16 13:30:17.442710 np0000005240 devstack@g-api.service[99702]: [pid: 99702|app: 0|req: 155/443] 127.0.0.1 () {40 vars in 838 bytes} [Thu Jul 16 13:30:17 2026] GET /v2/images/6062df51-b836-4711-901d-ae0a419e1ba9 => generated 649 bytes in 24 msecs (HTTP/1.1 200) 4 headers in 157 bytes (1 switches on core 0)
Jul 16 13:30:17.778217 np0000005240 devstack@g-api.service[99703]: DEBUG swiftclient [None req-6fbfd198-aa08-458e-b905-30f3169911c0 tempest-VolumesActionsTest-1410201109 tempest-VolumesActionsTest-1410201109-project-member] REQ: curl -i https://10.4.3.112:8080/v1/AUTH_c415cfb92e094231b8927ab6acfc0fe7/glance/6062df51-b836-4711-901d-ae0a419e1ba9-00003 -X PUT -H "X-Auth-Token: gAAAAABqWNzgncJd..." {{(pid=99703) http_log /opt/stack/data/venv/lib/python3.12/site-packages/swiftclient/client.py:160}}
Jul 16 13:30:17.778217 np0000005240 devstack@g-api.service[99703]: DEBUG swiftclient [None req-6fbfd198-aa08-458e-b905-30f3169911c0 tempest-VolumesActionsTest-1410201109 tempest-VolumesActionsTest-1410201109-project-member] RESP STATUS: 201 Created {{(pid=99703) http_log /opt/stack/data/venv/lib/python3.12/site-packages/swiftclient/client.py:161}}
Jul 16 13:30:17.778679 np0000005240 devstack@g-api.service[99703]: DEBUG swiftclient [None req-6fbfd198-aa08-458e-b905-30f3169911c0 tempest-VolumesActionsTest-1410201109 tempest-VolumesActionsTest-1410201109-project-member] RESP HEADERS: {'Date': 'Thu, 16 Jul 2026 13:30:17 GMT', 'Server': 'Apache/2.4.58 (Ubuntu)', 'Content-Type': 'text/html; charset=UTF-8', 'Content-Length': '0', 'Etag': 'eda9a9889837ac4bc81d6387d92c1bec', 'Last-Modified': 'Thu, 16 Jul 2026 13:30:15 GMT', 'X-Trans-Id': 'tx806eda1da78047a9b6a04-006a58dce6', 'X-Openstack-Request-Id': 'tx806eda1da78047a9b6a04-006a58dce6', 'Connection': 'close'} {{(pid=99703) http_log /opt/stack/data/venv/lib/python3.12/site-packages/swiftclient/client.py:162}}
Jul 16 13:30:17.778679 np0000005240 devstack@g-api.service[99703]: DEBUG glance_store._drivers.swift.store [None req-6fbfd198-aa08-458e-b905-30f3169911c0 tempest-VolumesActionsTest-1410201109 tempest-VolumesActionsTest-1410201109-project-member] Wrote chunk 6062df51-b836-4711-901d-ae0a419e1ba9-00003 (3/?) of length 204800000 to Swift returning MD5 of content: eda9a9889837ac4bc81d6387d92c1bec {{(pid=99703) add /opt/stack/data/venv/lib/python3.12/site-packages/glance_store/_drivers/swift/store.py:1059}}
Jul 16 13:30:18.055813 np0000005240 devstack@g-api.service[99703]: DEBUG dbcounter [-] [99703] Writing DB stats glance:SELECT=16,glance:INSERT=1,glance:UPDATE=1 {{(pid=99703) stat_writer /opt/stack/data/venv/lib/python3.12/site-packages/dbcounter.py:115}}
Jul 16 13:30:18.453399 np0000005240 devstack@g-api.service[99704]: DEBUG glance.api.middleware.version_negotiation [None req-eafe38aa-65da-4aae-bf55-d2cfe98c2267 tempest-VolumesActionsTest-1410201109 tempest-VolumesActionsTest-1410201109-project-member] Determining version of request: GET /v2/images/6062df51-b836-4711-901d-ae0a419e1ba9 Accept: application/json {{(pid=99704) process_request /opt/stack/glance/glance/api/middleware/version_negotiation.py:44}}
Jul 16 13:30:18.453930 np0000005240 devstack@g-api.service[99704]: DEBUG glance.api.middleware.version_negotiation [None req-eafe38aa-65da-4aae-bf55-d2cfe98c2267 tempest-VolumesActionsTest-1410201109 tempest-VolumesActionsTest-1410201109-project-member] Using url versioning {{(pid=99704) process_request /opt/stack/glance/glance/api/middleware/version_negotiation.py:57}}
Jul 16 13:30:18.453930 np0000005240 devstack@g-api.service[99704]: DEBUG glance.api.middleware.version_negotiation [None req-eafe38aa-65da-4aae-bf55-d2cfe98c2267 tempest-VolumesActionsTest-1410201109 tempest-VolumesActionsTest-1410201109-project-member] Matched version: v2 {{(pid=99704) process_request /opt/stack/glance/glance/api/middleware/version_negotiation.py:69}}
Jul 16 13:30:18.453930 np0000005240 devstack@g-api.service[99704]: DEBUG glance.api.middleware.version_negotiation [None req-eafe38aa-65da-4aae-bf55-d2cfe98c2267 tempest-VolumesActionsTest-1410201109 tempest-VolumesActionsTest-1410201109-project-member] new path /v2/images/6062df51-b836-4711-901d-ae0a419e1ba9 {{(pid=99704) process_request /opt/stack/glance/glance/api/middleware/version_negotiation.py:70}}
Jul 16 13:30:18.468971 np0000005240 devstack@g-api.service[99704]: [pid: 99704|app: 0|req: 156/444] 127.0.0.1 () {40 vars in 838 bytes} [Thu Jul 16 13:30:18 2026] GET /v2/images/6062df51-b836-4711-901d-ae0a419e1ba9 => generated 649 bytes in 16 msecs (HTTP/1.1 200) 4 headers in 157 bytes (1 switches on core 0)
Jul 16 13:30:19.481631 np0000005240 devstack@g-api.service[99702]: DEBUG glance.api.middleware.version_negotiation [None req-f686111f-25be-40e9-86a6-9b81111c991d tempest-VolumesActionsTest-1410201109 tempest-VolumesActionsTest-1410201109-project-member] Determining version of request: GET /v2/images/6062df51-b836-4711-901d-ae0a419e1ba9 Accept: application/json {{(pid=99702) process_request /opt/stack/glance/glance/api/middleware/version_negotiation.py:44}}
Jul 16 13:30:19.485158 np0000005240 devstack@g-api.service[99702]: DEBUG glance.api.middleware.version_negotiation [None req-f686111f-25be-40e9-86a6-9b81111c991d tempest-VolumesActionsTest-1410201109 tempest-VolumesActionsTest-1410201109-project-member] Using url versioning {{(pid=99702) process_request /opt/stack/glance/glance/api/middleware/version_negotiation.py:57}}
Jul 16 13:30:19.485158 np0000005240 devstack@g-api.service[99702]: DEBUG glance.api.middleware.version_negotiation [None req-f686111f-25be-40e9-86a6-9b81111c991d tempest-VolumesActionsTest-1410201109 tempest-VolumesActionsTest-1410201109-project-member] Matched version: v2 {{(pid=99702) process_request /opt/stack/glance/glance/api/middleware/version_negotiation.py:69}}
Jul 16 13:30:19.485158 np0000005240 devstack@g-api.service[99702]: DEBUG glance.api.middleware.version_negotiation [None req-f686111f-25be-40e9-86a6-9b81111c991d tempest-VolumesActionsTest-1410201109 tempest-VolumesActionsTest-1410201109-project-member] new path /v2/images/6062df51-b836-4711-901d-ae0a419e1ba9 {{(pid=99702) process_request /opt/stack/glance/glance/api/middleware/version_negotiation.py:70}}
Jul 16 13:30:19.500805 np0000005240 devstack@g-api.service[99702]: [pid: 99702|app: 0|req: 156/445] 127.0.0.1 () {40 vars in 838 bytes} [Thu Jul 16 13:30:19 2026] GET /v2/images/6062df51-b836-4711-901d-ae0a419e1ba9 => generated 649 bytes in 19 msecs (HTTP/1.1 200) 4 headers in 157 bytes (1 switches on core 0)
Jul 16 13:30:20.517529 np0000005240 devstack@g-api.service[99704]: DEBUG glance.api.middleware.version_negotiation [None req-a633f559-a74d-49ee-bc8b-fbf535165712 tempest-VolumesActionsTest-1410201109 tempest-VolumesActionsTest-1410201109-project-member] Determining version of request: GET /v2/images/6062df51-b836-4711-901d-ae0a419e1ba9 Accept: application/json {{(pid=99704) process_request /opt/stack/glance/glance/api/middleware/version_negotiation.py:44}}
Jul 16 13:30:20.518101 np0000005240 devstack@g-api.service[99704]: DEBUG glance.api.middleware.version_negotiation [None req-a633f559-a74d-49ee-bc8b-fbf535165712 tempest-VolumesActionsTest-1410201109 tempest-VolumesActionsTest-1410201109-project-member] Using url versioning {{(pid=99704) process_request /opt/stack/glance/glance/api/middleware/version_negotiation.py:57}}
Jul 16 13:30:20.518101 np0000005240 devstack@g-api.service[99704]: DEBUG glance.api.middleware.version_negotiation [None req-a633f559-a74d-49ee-bc8b-fbf535165712 tempest-VolumesActionsTest-1410201109 tempest-VolumesActionsTest-1410201109-project-member] Matched version: v2 {{(pid=99704) process_request /opt/stack/glance/glance/api/middleware/version_negotiation.py:69}}
Jul 16 13:30:20.518101 np0000005240 devstack@g-api.service[99704]: DEBUG glance.api.middleware.version_negotiation [None req-a633f559-a74d-49ee-bc8b-fbf535165712 tempest-VolumesActionsTest-1410201109 tempest-VolumesActionsTest-1410201109-project-member] new path /v2/images/6062df51-b836-4711-901d-ae0a419e1ba9 {{(pid=99704) process_request /opt/stack/glance/glance/api/middleware/version_negotiation.py:70}}
Jul 16 13:30:20.554676 np0000005240 devstack@g-api.service[99704]: [pid: 99704|app: 0|req: 157/446] 127.0.0.1 () {40 vars in 838 bytes} [Thu Jul 16 13:30:20 2026] GET /v2/images/6062df51-b836-4711-901d-ae0a419e1ba9 => generated 649 bytes in 38 msecs (HTTP/1.1 200) 4 headers in 157 bytes (1 switches on core 0)
Jul 16 13:30:21.569922 np0000005240 devstack@g-api.service[99702]: DEBUG glance.api.middleware.version_negotiation [None req-cc9fb837-37f2-4ce5-b3dc-add78457dbce tempest-VolumesActionsTest-1410201109 tempest-VolumesActionsTest-1410201109-project-member] Determining version of request: GET /v2/images/6062df51-b836-4711-901d-ae0a419e1ba9 Accept: application/json {{(pid=99702) process_request /opt/stack/glance/glance/api/middleware/version_negotiation.py:44}}
Jul 16 13:30:21.570447 np0000005240 devstack@g-api.service[99702]: DEBUG glance.api.middleware.version_negotiation [None req-cc9fb837-37f2-4ce5-b3dc-add78457dbce tempest-VolumesActionsTest-1410201109 tempest-VolumesActionsTest-1410201109-project-member] Using url versioning {{(pid=99702) process_request /opt/stack/glance/glance/api/middleware/version_negotiation.py:57}}
Jul 16 13:30:21.570447 np0000005240 devstack@g-api.service[99702]: DEBUG glance.api.middleware.version_negotiation [None req-cc9fb837-37f2-4ce5-b3dc-add78457dbce tempest-VolumesActionsTest-1410201109 tempest-VolumesActionsTest-1410201109-project-member] Matched version: v2 {{(pid=99702) process_request /opt/stack/glance/glance/api/middleware/version_negotiation.py:69}}
Jul 16 13:30:21.570688 np0000005240 devstack@g-api.service[99702]: DEBUG glance.api.middleware.version_negotiation [None req-cc9fb837-37f2-4ce5-b3dc-add78457dbce tempest-VolumesActionsTest-1410201109 tempest-VolumesActionsTest-1410201109-project-member] new path /v2/images/6062df51-b836-4711-901d-ae0a419e1ba9 {{(pid=99702) process_request /opt/stack/glance/glance/api/middleware/version_negotiation.py:70}}
Jul 16 13:30:21.602696 np0000005240 devstack@g-api.service[99702]: [pid: 99702|app: 0|req: 157/447] 127.0.0.1 () {40 vars in 838 bytes} [Thu Jul 16 13:30:21 2026] GET /v2/images/6062df51-b836-4711-901d-ae0a419e1ba9 => generated 649 bytes in 33 msecs (HTTP/1.1 200) 4 headers in 157 bytes (1 switches on core 0)
Jul 16 13:30:21.754777 np0000005240 devstack@g-api.service[99703]: DEBUG swiftclient [None req-6fbfd198-aa08-458e-b905-30f3169911c0 tempest-VolumesActionsTest-1410201109 tempest-VolumesActionsTest-1410201109-project-member] REQ: curl -i https://10.4.3.112:8080/v1/AUTH_c415cfb92e094231b8927ab6acfc0fe7/glance/6062df51-b836-4711-901d-ae0a419e1ba9-00004 -X PUT -H "X-Auth-Token: gAAAAABqWNzgncJd..." {{(pid=99703) http_log /opt/stack/data/venv/lib/python3.12/site-packages/swiftclient/client.py:160}}
Jul 16 13:30:21.754777 np0000005240 devstack@g-api.service[99703]: DEBUG swiftclient [None req-6fbfd198-aa08-458e-b905-30f3169911c0 tempest-VolumesActionsTest-1410201109 tempest-VolumesActionsTest-1410201109-project-member] RESP STATUS: 201 Created {{(pid=99703) http_log /opt/stack/data/venv/lib/python3.12/site-packages/swiftclient/client.py:161}}
