Jul 10 03:20:24.391048 np0000004943 devstack@g-api.service[99750]: DEBUG glance.image_cache.drivers.centralized_db [None req-efee5755-19a0-4963-aae0-fd2d20daf178 tempest-AttachSCSIVolumeTestJSON-1842965029 tempest-AttachSCSIVolumeTestJSON-1842965029-project-admin] Image cached successfully. {{(pid=99750) commit /opt/stack/glance/glance/image_cache/drivers/centralized_db.py:258}}
Jul 10 03:20:24.391048 np0000004943 devstack@g-api.service[99750]: [pid: 99750|app: 0|req: 10/27] 127.0.0.1 () {40 vars in 848 bytes} [Fri Jul 10 03:20:22 2026] GET /v2/images/9c544725-5964-475b-a3ce-b81b82ebe740/file => generated 21692416 bytes in 1590 msecs (HTTP/1.1 200) 4 headers in 191 bytes (334 switches on core 0)
Jul 10 03:20:24.971992 np0000004943 devstack@g-api.service[99751]: INFO glance.api.v2.image_data [None req-17ca4720-e0f0-410a-892c-f2e624cb6c96 tempest-AttachSCSIVolumeTestJSON-1842965029 tempest-AttachSCSIVolumeTestJSON-1842965029-project-admin] Unable to create trust: no such option collect_timing in group [keystone_authtoken] Use the existing user token.
Jul 10 03:20:25.621433 np0000004943 devstack@g-api.service[99751]: DEBUG glance.location [None req-17ca4720-e0f0-410a-892c-f2e624cb6c96 tempest-AttachSCSIVolumeTestJSON-1842965029 tempest-AttachSCSIVolumeTestJSON-1842965029-project-admin] Enabling in-flight format inspection for qcow2 {{(pid=99751) set_data /opt/stack/glance/glance/location.py:596}}
Jul 10 03:20:25.621870 np0000004943 devstack@g-api.service[99751]: DEBUG glance_store.backend [None req-17ca4720-e0f0-410a-892c-f2e624cb6c96 tempest-AttachSCSIVolumeTestJSON-1842965029 tempest-AttachSCSIVolumeTestJSON-1842965029-project-admin] Attempting to import store swift {{(pid=99751) _load_store /opt/stack/data/venv/lib/python3.12/site-packages/glance_store/backend.py:215}}
Jul 10 03:20:25.623251 np0000004943 devstack@g-api.service[99751]: DEBUG glance_store.capabilities [None req-17ca4720-e0f0-410a-892c-f2e624cb6c96 tempest-AttachSCSIVolumeTestJSON-1842965029 tempest-AttachSCSIVolumeTestJSON-1842965029-project-admin] Store glance_store._drivers.swift.store.SingleTenantStore doesn't support updating dynamic storage capabilities. Please overwrite 'update_capabilities' method of the store to implement updating logics if needed. {{(pid=99751) update_capabilities /opt/stack/data/venv/lib/python3.12/site-packages/glance_store/capabilities.py:91}}
Jul 10 03:20:25.623352 np0000004943 devstack@g-api.service[99751]: DEBUG glance_store.driver [None req-17ca4720-e0f0-410a-892c-f2e624cb6c96 tempest-AttachSCSIVolumeTestJSON-1842965029 tempest-AttachSCSIVolumeTestJSON-1842965029-project-admin] Late loading location class glance_store._drivers.swift.store.StoreLocation {{(pid=99751) get_store_location_class /opt/stack/data/venv/lib/python3.12/site-packages/glance_store/driver.py:134}}
Jul 10 03:20:25.623456 np0000004943 devstack@g-api.service[99751]: DEBUG glance_store.location [None req-17ca4720-e0f0-410a-892c-f2e624cb6c96 tempest-AttachSCSIVolumeTestJSON-1842965029 tempest-AttachSCSIVolumeTestJSON-1842965029-project-admin] Registering scheme swift+https with {'store': , 'location_class': , 'store_entry': 'swift'} {{(pid=99751) register_scheme_map /opt/stack/data/venv/lib/python3.12/site-packages/glance_store/location.py:146}}
Jul 10 03:20:25.623525 np0000004943 devstack@g-api.service[99751]: DEBUG glance_store.location [None req-17ca4720-e0f0-410a-892c-f2e624cb6c96 tempest-AttachSCSIVolumeTestJSON-1842965029 tempest-AttachSCSIVolumeTestJSON-1842965029-project-admin] Registering scheme swift+https with {'store': , 'location_class': , 'store_entry': 'swift'} {{(pid=99751) register_scheme_map /opt/stack/data/venv/lib/python3.12/site-packages/glance_store/location.py:146}}
Jul 10 03:20:25.623598 np0000004943 devstack@g-api.service[99751]: DEBUG glance_store.location [None req-17ca4720-e0f0-410a-892c-f2e624cb6c96 tempest-AttachSCSIVolumeTestJSON-1842965029 tempest-AttachSCSIVolumeTestJSON-1842965029-project-admin] Registering scheme swift with {'store': , 'location_class': , 'store_entry': 'swift'} {{(pid=99751) register_scheme_map /opt/stack/data/venv/lib/python3.12/site-packages/glance_store/location.py:146}}
Jul 10 03:20:25.623673 np0000004943 devstack@g-api.service[99751]: DEBUG glance_store.location [None req-17ca4720-e0f0-410a-892c-f2e624cb6c96 tempest-AttachSCSIVolumeTestJSON-1842965029 tempest-AttachSCSIVolumeTestJSON-1842965029-project-admin] Registering scheme swift+https with {'store': , 'location_class': , 'store_entry': 'swift'} {{(pid=99751) register_scheme_map /opt/stack/data/venv/lib/python3.12/site-packages/glance_store/location.py:146}}
Jul 10 03:20:25.623728 np0000004943 devstack@g-api.service[99751]: DEBUG glance_store.location [None req-17ca4720-e0f0-410a-892c-f2e624cb6c96 tempest-AttachSCSIVolumeTestJSON-1842965029 tempest-AttachSCSIVolumeTestJSON-1842965029-project-admin] Registering scheme swift with {'store': , 'location_class': , 'store_entry': 'swift'} {{(pid=99751) register_scheme_map /opt/stack/data/venv/lib/python3.12/site-packages/glance_store/location.py:146}}
Jul 10 03:20:25.623833 np0000004943 devstack@g-api.service[99751]: DEBUG glance_store.location [None req-17ca4720-e0f0-410a-892c-f2e624cb6c96 tempest-AttachSCSIVolumeTestJSON-1842965029 tempest-AttachSCSIVolumeTestJSON-1842965029-project-admin] Registering scheme swift+http with {'store': , 'location_class': , 'store_entry': 'swift'} {{(pid=99751) register_scheme_map /opt/stack/data/venv/lib/python3.12/site-packages/glance_store/location.py:146}}
Jul 10 03:20:25.623914 np0000004943 devstack@g-api.service[99751]: DEBUG glance_store.location [None req-17ca4720-e0f0-410a-892c-f2e624cb6c96 tempest-AttachSCSIVolumeTestJSON-1842965029 tempest-AttachSCSIVolumeTestJSON-1842965029-project-admin] Registering scheme swift+https with {'store': , 'location_class': , 'store_entry': 'swift'} {{(pid=99751) register_scheme_map /opt/stack/data/venv/lib/python3.12/site-packages/glance_store/location.py:146}}
Jul 10 03:20:25.623979 np0000004943 devstack@g-api.service[99751]: DEBUG glance_store.location [None req-17ca4720-e0f0-410a-892c-f2e624cb6c96 tempest-AttachSCSIVolumeTestJSON-1842965029 tempest-AttachSCSIVolumeTestJSON-1842965029-project-admin] Registering scheme swift with {'store': , 'location_class': , 'store_entry': 'swift'} {{(pid=99751) register_scheme_map /opt/stack/data/venv/lib/python3.12/site-packages/glance_store/location.py:146}}
Jul 10 03:20:25.624042 np0000004943 devstack@g-api.service[99751]: DEBUG glance_store.location [None req-17ca4720-e0f0-410a-892c-f2e624cb6c96 tempest-AttachSCSIVolumeTestJSON-1842965029 tempest-AttachSCSIVolumeTestJSON-1842965029-project-admin] Registering scheme swift+http with {'store': , 'location_class': , 'store_entry': 'swift'} {{(pid=99751) register_scheme_map /opt/stack/data/venv/lib/python3.12/site-packages/glance_store/location.py:146}}
Jul 10 03:20:25.624107 np0000004943 devstack@g-api.service[99751]: DEBUG glance_store.location [None req-17ca4720-e0f0-410a-892c-f2e624cb6c96 tempest-AttachSCSIVolumeTestJSON-1842965029 tempest-AttachSCSIVolumeTestJSON-1842965029-project-admin] Registering scheme swift+config with {'store': , 'location_class': , 'store_entry': 'swift'} {{(pid=99751) register_scheme_map /opt/stack/data/venv/lib/python3.12/site-packages/glance_store/location.py:146}}
Jul 10 03:20:25.709660 np0000004943 devstack@g-api.service[99749]: DEBUG glance.api.middleware.version_negotiation [None req-0f8a08d4-af98-4059-b319-12c4bdc96cf1 tempest-AttachSCSIVolumeTestJSON-1842965029 tempest-AttachSCSIVolumeTestJSON-1842965029-project-admin] Determining version of request: GET /v2/images/9c544725-5964-475b-a3ce-b81b82ebe740 Accept: */* {{(pid=99749) process_request /opt/stack/glance/glance/api/middleware/version_negotiation.py:44}}
Jul 10 03:20:25.710162 np0000004943 devstack@g-api.service[99749]: DEBUG glance.api.middleware.version_negotiation [None req-0f8a08d4-af98-4059-b319-12c4bdc96cf1 tempest-AttachSCSIVolumeTestJSON-1842965029 tempest-AttachSCSIVolumeTestJSON-1842965029-project-admin] Using url versioning {{(pid=99749) process_request /opt/stack/glance/glance/api/middleware/version_negotiation.py:57}}
Jul 10 03:20:25.710162 np0000004943 devstack@g-api.service[99749]: DEBUG glance.api.middleware.version_negotiation [None req-0f8a08d4-af98-4059-b319-12c4bdc96cf1 tempest-AttachSCSIVolumeTestJSON-1842965029 tempest-AttachSCSIVolumeTestJSON-1842965029-project-admin] Matched version: v2 {{(pid=99749) process_request /opt/stack/glance/glance/api/middleware/version_negotiation.py:69}}
Jul 10 03:20:25.710162 np0000004943 devstack@g-api.service[99749]: DEBUG glance.api.middleware.version_negotiation [None req-0f8a08d4-af98-4059-b319-12c4bdc96cf1 tempest-AttachSCSIVolumeTestJSON-1842965029 tempest-AttachSCSIVolumeTestJSON-1842965029-project-admin] new path /v2/images/9c544725-5964-475b-a3ce-b81b82ebe740 {{(pid=99749) process_request /opt/stack/glance/glance/api/middleware/version_negotiation.py:70}}
Jul 10 03:20:26.040230 np0000004943 devstack@g-api.service[99749]: [pid: 99749|app: 0|req: 10/28] 127.0.0.1 () {44 vars in 1115 bytes} [Fri Jul 10 03:20:25 2026] GET /v2/images/9c544725-5964-475b-a3ce-b81b82ebe740 => generated 1044 bytes in 331 msecs (HTTP/1.1 200) 4 headers in 158 bytes (1 switches on core 0)
Jul 10 03:20:26.045260 np0000004943 devstack@g-api.service[99751]: DEBUG swiftclient [None req-17ca4720-e0f0-410a-892c-f2e624cb6c96 tempest-AttachSCSIVolumeTestJSON-1842965029 tempest-AttachSCSIVolumeTestJSON-1842965029-project-admin] REQ: curl -i https://10.4.3.247:8080/v1/AUTH_216af170cc5c49a99d1e55c78152c8db/glance -I -H "X-Auth-Token: gAAAAABqUGT581LJ..." {{(pid=99751) http_log /opt/stack/data/venv/lib/python3.12/site-packages/swiftclient/client.py:160}}
Jul 10 03:20:26.045358 np0000004943 devstack@g-api.service[99751]: DEBUG swiftclient [None req-17ca4720-e0f0-410a-892c-f2e624cb6c96 tempest-AttachSCSIVolumeTestJSON-1842965029 tempest-AttachSCSIVolumeTestJSON-1842965029-project-admin] RESP STATUS: 204 No Content {{(pid=99751) http_log /opt/stack/data/venv/lib/python3.12/site-packages/swiftclient/client.py:161}}
Jul 10 03:20:26.045530 np0000004943 devstack@g-api.service[99751]: DEBUG swiftclient [None req-17ca4720-e0f0-410a-892c-f2e624cb6c96 tempest-AttachSCSIVolumeTestJSON-1842965029 tempest-AttachSCSIVolumeTestJSON-1842965029-project-admin] RESP HEADERS: {'Date': 'Fri, 10 Jul 2026 03:20:26 GMT', 'Server': 'Apache/2.4.58 (Ubuntu)', 'Content-Type': 'text/plain; charset=utf-8', 'X-Container-Object-Count': '3', 'X-Container-Bytes-Used': '64356352', 'X-Timestamp': '1783653501.58471', 'Last-Modified': 'Fri, 10 Jul 2026 03:18:22 GMT', 'Accept-Ranges': 'bytes', 'X-Storage-Policy': 'Policy-0', 'X-Container-Sharding': 'False', 'Vary': 'Accept', 'X-Trans-Id': 'tx5742f420caa841bf99e64-006a5064f9', 'X-Openstack-Request-Id': 'tx5742f420caa841bf99e64-006a5064f9', 'Connection': 'close'} {{(pid=99751) http_log /opt/stack/data/venv/lib/python3.12/site-packages/swiftclient/client.py:162}}
Jul 10 03:20:26.045661 np0000004943 devstack@g-api.service[99751]: DEBUG glance_store._drivers.swift.store [None req-17ca4720-e0f0-410a-892c-f2e624cb6c96 tempest-AttachSCSIVolumeTestJSON-1842965029 tempest-AttachSCSIVolumeTestJSON-1842965029-project-admin] Adding image object '41e56359-d51d-4e03-88b0-8bc240faf400' to Swift {{(pid=99751) add /opt/stack/data/venv/lib/python3.12/site-packages/glance_store/_drivers/swift/store.py:970}}
Jul 10 03:20:26.045766 np0000004943 devstack@g-api.service[99751]: DEBUG glance_store._drivers.swift.store [None req-17ca4720-e0f0-410a-892c-f2e624cb6c96 tempest-AttachSCSIVolumeTestJSON-1842965029 tempest-AttachSCSIVolumeTestJSON-1842965029-project-admin] Cannot determine image size because it is either not provided in the request or chunked-transfer encoding is used. Adding image as a segmented object to Swift. {{(pid=99751) add /opt/stack/data/venv/lib/python3.12/site-packages/glance_store/_drivers/swift/store.py:994}}
Jul 10 03:20:26.048992 np0000004943 devstack@g-api.service[99750]: DEBUG glance.api.middleware.version_negotiation [None req-efee5755-19a0-4963-aae0-fd2d20daf178 tempest-AttachSCSIVolumeTestJSON-1842965029 tempest-AttachSCSIVolumeTestJSON-1842965029-project-admin] Determining version of request: GET /v2/schemas/image Accept: */* {{(pid=99750) process_request /opt/stack/glance/glance/api/middleware/version_negotiation.py:44}}
Jul 10 03:20:26.049465 np0000004943 devstack@g-api.service[99750]: DEBUG glance.api.middleware.version_negotiation [None req-efee5755-19a0-4963-aae0-fd2d20daf178 tempest-AttachSCSIVolumeTestJSON-1842965029 tempest-AttachSCSIVolumeTestJSON-1842965029-project-admin] Using url versioning {{(pid=99750) process_request /opt/stack/glance/glance/api/middleware/version_negotiation.py:57}}
Jul 10 03:20:26.049465 np0000004943 devstack@g-api.service[99750]: DEBUG glance.api.middleware.version_negotiation [None req-efee5755-19a0-4963-aae0-fd2d20daf178 tempest-AttachSCSIVolumeTestJSON-1842965029 tempest-AttachSCSIVolumeTestJSON-1842965029-project-admin] Matched version: v2 {{(pid=99750) process_request /opt/stack/glance/glance/api/middleware/version_negotiation.py:69}}
Jul 10 03:20:26.050055 np0000004943 devstack@g-api.service[99750]: DEBUG glance.api.middleware.version_negotiation [None req-efee5755-19a0-4963-aae0-fd2d20daf178 tempest-AttachSCSIVolumeTestJSON-1842965029 tempest-AttachSCSIVolumeTestJSON-1842965029-project-admin] new path /v2/schemas/image {{(pid=99750) process_request /opt/stack/glance/glance/api/middleware/version_negotiation.py:70}}
Jul 10 03:20:26.051935 np0000004943 devstack@g-api.service[99750]: [pid: 99750|app: 0|req: 11/29] 127.0.0.1 () {44 vars in 1055 bytes} [Fri Jul 10 03:20:26 2026] GET /v2/schemas/image => generated 6083 bytes in 3 msecs (HTTP/1.1 200) 4 headers in 158 bytes (1 switches on core 0)
Jul 10 03:20:26.053537 np0000004943 devstack@g-api.service[99751]: DEBUG oslo_utils.imageutils.format_inspector [None req-17ca4720-e0f0-410a-892c-f2e624cb6c96 tempest-AttachSCSIVolumeTestJSON-1842965029 tempest-AttachSCSIVolumeTestJSON-1842965029-project-admin] Format inspector for vmdk does not match, excluding from consideration (Signature KDMV not found: b'QFI\xfb') {{(pid=99751) _process_chunk /opt/stack/data/venv/lib/python3.12/site-packages/oslo_utils/imageutils/format_inspector.py:1758}}
Jul 10 03:20:26.055679 np0000004943 devstack@g-api.service[99751]: DEBUG oslo_utils.imageutils.format_inspector [None req-17ca4720-e0f0-410a-892c-f2e624cb6c96 tempest-AttachSCSIVolumeTestJSON-1842965029 tempest-AttachSCSIVolumeTestJSON-1842965029-project-admin] Format inspector for vhdx does not match, excluding from consideration (Region signature not found at 30000) {{(pid=99751) _process_chunk /opt/stack/data/venv/lib/python3.12/site-packages/oslo_utils/imageutils/format_inspector.py:1758}}
Jul 10 03:20:26.060159 np0000004943 devstack@g-api.service[99749]: DEBUG glance.api.middleware.version_negotiation [None req-320e59df-32ee-459a-bc39-d364dcee80af tempest-TaggedBootDevicesTest-762779311 tempest-TaggedBootDevicesTest-762779311-project-member] Determining version of request: GET /v2/schemas/image Accept: */* {{(pid=99749) process_request /opt/stack/glance/glance/api/middleware/version_negotiation.py:44}}
Jul 10 03:20:26.060329 np0000004943 devstack@g-api.service[99749]: DEBUG glance.api.middleware.version_negotiation [None req-320e59df-32ee-459a-bc39-d364dcee80af tempest-TaggedBootDevicesTest-762779311 tempest-TaggedBootDevicesTest-762779311-project-member] Using url versioning {{(pid=99749) process_request /opt/stack/glance/glance/api/middleware/version_negotiation.py:57}}
Jul 10 03:20:26.060502 np0000004943 devstack@g-api.service[99749]: DEBUG glance.api.middleware.version_negotiation [None req-320e59df-32ee-459a-bc39-d364dcee80af tempest-TaggedBootDevicesTest-762779311 tempest-TaggedBootDevicesTest-762779311-project-member] Matched version: v2 {{(pid=99749) process_request /opt/stack/glance/glance/api/middleware/version_negotiation.py:69}}
Jul 10 03:20:26.060630 np0000004943 devstack@g-api.service[99749]: DEBUG glance.api.middleware.version_negotiation [None req-320e59df-32ee-459a-bc39-d364dcee80af tempest-TaggedBootDevicesTest-762779311 tempest-TaggedBootDevicesTest-762779311-project-member] new path /v2/schemas/image {{(pid=99749) process_request /opt/stack/glance/glance/api/middleware/version_negotiation.py:70}}
Jul 10 03:20:26.063387 np0000004943 devstack@g-api.service[99749]: [pid: 99749|app: 0|req: 11/30] 127.0.0.1 () {44 vars in 1055 bytes} [Fri Jul 10 03:20:26 2026] GET /v2/schemas/image => generated 6083 bytes in 3 msecs (HTTP/1.1 200) 4 headers in 158 bytes (1 switches on core 0)
Jul 10 03:20:26.071079 np0000004943 devstack@g-api.service[99750]: DEBUG glance.api.middleware.version_negotiation [None req-320e59df-32ee-459a-bc39-d364dcee80af tempest-TaggedBootDevicesTest-762779311 tempest-TaggedBootDevicesTest-762779311-project-member] Determining version of request: GET /v2/images/9c544725-5964-475b-a3ce-b81b82ebe740 Accept: */* {{(pid=99750) process_request /opt/stack/glance/glance/api/middleware/version_negotiation.py:44}}
Jul 10 03:20:26.071214 np0000004943 devstack@g-api.service[99750]: DEBUG glance.api.middleware.version_negotiation [None req-320e59df-32ee-459a-bc39-d364dcee80af tempest-TaggedBootDevicesTest-762779311 tempest-TaggedBootDevicesTest-762779311-project-member] Using url versioning {{(pid=99750) process_request /opt/stack/glance/glance/api/middleware/version_negotiation.py:57}}
Jul 10 03:20:26.071277 np0000004943 devstack@g-api.service[99750]: DEBUG glance.api.middleware.version_negotiation [None req-320e59df-32ee-459a-bc39-d364dcee80af tempest-TaggedBootDevicesTest-762779311 tempest-TaggedBootDevicesTest-762779311-project-member] Matched version: v2 {{(pid=99750) process_request /opt/stack/glance/glance/api/middleware/version_negotiation.py:69}}
Jul 10 03:20:26.071742 np0000004943 devstack@g-api.service[99750]: DEBUG glance.api.middleware.version_negotiation [None req-320e59df-32ee-459a-bc39-d364dcee80af tempest-TaggedBootDevicesTest-762779311 tempest-TaggedBootDevicesTest-762779311-project-member] new path /v2/images/9c544725-5964-475b-a3ce-b81b82ebe740 {{(pid=99750) process_request /opt/stack/glance/glance/api/middleware/version_negotiation.py:70}}
Jul 10 03:20:26.082716 np0000004943 devstack@g-api.service[99750]: [pid: 99750|app: 0|req: 12/31] 127.0.0.1 () {44 vars in 1115 bytes} [Fri Jul 10 03:20:26 2026] GET /v2/images/9c544725-5964-475b-a3ce-b81b82ebe740 => generated 1044 bytes in 12 msecs (HTTP/1.1 200) 4 headers in 158 bytes (1 switches on core 0)
Jul 10 03:20:26.097374 np0000004943 devstack@g-api.service[99749]: DEBUG glance.api.middleware.version_negotiation [None req-320e59df-32ee-459a-bc39-d364dcee80af tempest-TaggedBootDevicesTest-762779311 tempest-TaggedBootDevicesTest-762779311-project-member] Determining version of request: GET /v2/schemas/image Accept: */* {{(pid=99749) process_request /opt/stack/glance/glance/api/middleware/version_negotiation.py:44}}
Jul 10 03:20:26.097529 np0000004943 devstack@g-api.service[99749]: DEBUG glance.api.middleware.version_negotiation [None req-320e59df-32ee-459a-bc39-d364dcee80af tempest-TaggedBootDevicesTest-762779311 tempest-TaggedBootDevicesTest-762779311-project-member] Using url versioning {{(pid=99749) process_request /opt/stack/glance/glance/api/middleware/version_negotiation.py:57}}
Jul 10 03:20:26.098054 np0000004943 devstack@g-api.service[99749]: DEBUG glance.api.middleware.version_negotiation [None req-320e59df-32ee-459a-bc39-d364dcee80af tempest-TaggedBootDevicesTest-762779311 tempest-TaggedBootDevicesTest-762779311-project-member] Matched version: v2 {{(pid=99749) process_request /opt/stack/glance/glance/api/middleware/version_negotiation.py:69}}
Jul 10 03:20:26.098054 np0000004943 devstack@g-api.service[99749]: DEBUG glance.api.middleware.version_negotiation [None req-320e59df-32ee-459a-bc39-d364dcee80af tempest-TaggedBootDevicesTest-762779311 tempest-TaggedBootDevicesTest-762779311-project-member] new path /v2/schemas/image {{(pid=99749) process_request /opt/stack/glance/glance/api/middleware/version_negotiation.py:70}}
Jul 10 03:20:26.100046 np0000004943 devstack@g-api.service[99749]: [pid: 99749|app: 0|req: 12/32] 127.0.0.1 () {44 vars in 1055 bytes} [Fri Jul 10 03:20:26 2026] GET /v2/schemas/image => generated 6083 bytes in 3 msecs (HTTP/1.1 200) 4 headers in 158 bytes (1 switches on core 0)
Jul 10 03:20:26.113295 np0000004943 devstack@g-api.service[99750]: DEBUG glance.api.middleware.version_negotiation [None req-320e59df-32ee-459a-bc39-d364dcee80af tempest-TaggedBootDevicesTest-762779311 tempest-TaggedBootDevicesTest-762779311-project-member] Determining version of request: GET /v2/schemas/image Accept: */* {{(pid=99750) process_request /opt/stack/glance/glance/api/middleware/version_negotiation.py:44}}
Jul 10 03:20:26.113584 np0000004943 devstack@g-api.service[99750]: DEBUG glance.api.middleware.version_negotiation [None req-320e59df-32ee-459a-bc39-d364dcee80af tempest-TaggedBootDevicesTest-762779311 tempest-TaggedBootDevicesTest-762779311-project-member] Using url versioning {{(pid=99750) process_request /opt/stack/glance/glance/api/middleware/version_negotiation.py:57}}
Jul 10 03:20:26.113584 np0000004943 devstack@g-api.service[99750]: DEBUG glance.api.middleware.version_negotiation [None req-320e59df-32ee-459a-bc39-d364dcee80af tempest-TaggedBootDevicesTest-762779311 tempest-TaggedBootDevicesTest-762779311-project-member] Matched version: v2 {{(pid=99750) process_request /opt/stack/glance/glance/api/middleware/version_negotiation.py:69}}
Jul 10 03:20:26.114017 np0000004943 devstack@g-api.service[99750]: DEBUG glance.api.middleware.version_negotiation [None req-320e59df-32ee-459a-bc39-d364dcee80af tempest-TaggedBootDevicesTest-762779311 tempest-TaggedBootDevicesTest-762779311-project-member] new path /v2/schemas/image {{(pid=99750) process_request /opt/stack/glance/glance/api/middleware/version_negotiation.py:70}}
Jul 10 03:20:26.117264 np0000004943 devstack@g-api.service[99750]: [pid: 99750|app: 0|req: 13/33] 127.0.0.1 () {44 vars in 1055 bytes} [Fri Jul 10 03:20:26 2026] GET /v2/schemas/image => generated 6083 bytes in 5 msecs (HTTP/1.1 200) 4 headers in 158 bytes (1 switches on core 0)
Jul 10 03:20:26.141347 np0000004943 devstack@g-api.service[99749]: DEBUG glance.api.middleware.version_negotiation [None req-320e59df-32ee-459a-bc39-d364dcee80af tempest-TaggedBootDevicesTest-762779311 tempest-TaggedBootDevicesTest-762779311-project-member] Determining version of request: GET /v2/images/9c544725-5964-475b-a3ce-b81b82ebe740 Accept: */* {{(pid=99749) process_request /opt/stack/glance/glance/api/middleware/version_negotiation.py:44}}
Jul 10 03:20:26.141577 np0000004943 devstack@g-api.service[99749]: DEBUG glance.api.middleware.version_negotiation [None req-320e59df-32ee-459a-bc39-d364dcee80af tempest-TaggedBootDevicesTest-762779311 tempest-TaggedBootDevicesTest-762779311-project-member] Using url versioning {{(pid=99749) process_request /opt/stack/glance/glance/api/middleware/version_negotiation.py:57}}
Jul 10 03:20:26.141744 np0000004943 devstack@g-api.service[99749]: DEBUG glance.api.middleware.version_negotiation [None req-320e59df-32ee-459a-bc39-d364dcee80af tempest-TaggedBootDevicesTest-762779311 tempest-TaggedBootDevicesTest-762779311-project-member] Matched version: v2 {{(pid=99749) process_request /opt/stack/glance/glance/api/middleware/version_negotiation.py:69}}
Jul 10 03:20:26.141908 np0000004943 devstack@g-api.service[99749]: DEBUG glance.api.middleware.version_negotiation [None req-320e59df-32ee-459a-bc39-d364dcee80af tempest-TaggedBootDevicesTest-762779311 tempest-TaggedBootDevicesTest-762779311-project-member] new path /v2/images/9c544725-5964-475b-a3ce-b81b82ebe740 {{(pid=99749) process_request /opt/stack/glance/glance/api/middleware/version_negotiation.py:70}}
Jul 10 03:20:26.152898 np0000004943 devstack@g-api.service[99749]: [pid: 99749|app: 0|req: 13/34] 127.0.0.1 () {44 vars in 1115 bytes} [Fri Jul 10 03:20:26 2026] GET /v2/images/9c544725-5964-475b-a3ce-b81b82ebe740 => generated 1044 bytes in 12 msecs (HTTP/1.1 200) 4 headers in 158 bytes (1 switches on core 0)
Jul 10 03:20:26.159320 np0000004943 devstack@g-api.service[99750]: DEBUG glance.api.middleware.version_negotiation [None req-320e59df-32ee-459a-bc39-d364dcee80af tempest-TaggedBootDevicesTest-762779311 tempest-TaggedBootDevicesTest-762779311-project-member] Determining version of request: GET /v2/images/9c544725-5964-475b-a3ce-b81b82ebe740 Accept: */* {{(pid=99750) process_request /opt/stack/glance/glance/api/middleware/version_negotiation.py:44}}
Jul 10 03:20:26.159534 np0000004943 devstack@g-api.service[99750]: DEBUG glance.api.middleware.version_negotiation [None req-320e59df-32ee-459a-bc39-d364dcee80af tempest-TaggedBootDevicesTest-762779311 tempest-TaggedBootDevicesTest-762779311-project-member] Using url versioning {{(pid=99750) process_request /opt/stack/glance/glance/api/middleware/version_negotiation.py:57}}
Jul 10 03:20:26.159674 np0000004943 devstack@g-api.service[99750]: DEBUG glance.api.middleware.version_negotiation [None req-320e59df-32ee-459a-bc39-d364dcee80af tempest-TaggedBootDevicesTest-762779311 tempest-TaggedBootDevicesTest-762779311-project-member] Matched version: v2 {{(pid=99750) process_request /opt/stack/glance/glance/api/middleware/version_negotiation.py:69}}
Jul 10 03:20:26.159792 np0000004943 devstack@g-api.service[99750]: DEBUG glance.api.middleware.version_negotiation [None req-320e59df-32ee-459a-bc39-d364dcee80af tempest-TaggedBootDevicesTest-762779311 tempest-TaggedBootDevicesTest-762779311-project-member] new path /v2/images/9c544725-5964-475b-a3ce-b81b82ebe740 {{(pid=99750) process_request /opt/stack/glance/glance/api/middleware/version_negotiation.py:70}}
Jul 10 03:20:26.171025 np0000004943 devstack@g-api.service[99750]: [pid: 99750|app: 0|req: 14/35] 127.0.0.1 () {44 vars in 1115 bytes} [Fri Jul 10 03:20:26 2026] GET /v2/images/9c544725-5964-475b-a3ce-b81b82ebe740 => generated 1044 bytes in 12 msecs (HTTP/1.1 200) 4 headers in 158 bytes (1 switches on core 0)
Jul 10 03:20:26.179751 np0000004943 devstack@g-api.service[99749]: DEBUG glance.api.middleware.version_negotiation [None req-c7a21ea5-d3a2-4be5-a389-361c5900236c tempest-DeleteServersTestJSON-1240594486 tempest-DeleteServersTestJSON-1240594486-project-member] Determining version of request: GET /v2/images/9c544725-5964-475b-a3ce-b81b82ebe740/file Accept: */* {{(pid=99749) process_request /opt/stack/glance/glance/api/middleware/version_negotiation.py:44}}
Jul 10 03:20:26.180255 np0000004943 devstack@g-api.service[99749]: DEBUG glance.api.middleware.version_negotiation [None req-c7a21ea5-d3a2-4be5-a389-361c5900236c tempest-DeleteServersTestJSON-1240594486 tempest-DeleteServersTestJSON-1240594486-project-member] Using url versioning {{(pid=99749) process_request /opt/stack/glance/glance/api/middleware/version_negotiation.py:57}}
Jul 10 03:20:26.180255 np0000004943 devstack@g-api.service[99749]: DEBUG glance.api.middleware.version_negotiation [None req-c7a21ea5-d3a2-4be5-a389-361c5900236c tempest-DeleteServersTestJSON-1240594486 tempest-DeleteServersTestJSON-1240594486-project-member] Matched version: v2 {{(pid=99749) process_request /opt/stack/glance/glance/api/middleware/version_negotiation.py:69}}
Jul 10 03:20:26.180255 np0000004943 devstack@g-api.service[99749]: DEBUG glance.api.middleware.version_negotiation [None req-c7a21ea5-d3a2-4be5-a389-361c5900236c tempest-DeleteServersTestJSON-1240594486 tempest-DeleteServersTestJSON-1240594486-project-member] new path /v2/images/9c544725-5964-475b-a3ce-b81b82ebe740/file {{(pid=99749) process_request /opt/stack/glance/glance/api/middleware/version_negotiation.py:70}}
Jul 10 03:20:26.181320 np0000004943 devstack@g-api.service[99750]: DEBUG glance.api.middleware.version_negotiation [None req-320e59df-32ee-459a-bc39-d364dcee80af tempest-TaggedBootDevicesTest-762779311 tempest-TaggedBootDevicesTest-762779311-project-member] Determining version of request: GET /v2/schemas/image Accept: */* {{(pid=99750) process_request /opt/stack/glance/glance/api/middleware/version_negotiation.py:44}}
Jul 10 03:20:26.181320 np0000004943 devstack@g-api.service[99750]: DEBUG glance.api.middleware.version_negotiation [None req-320e59df-32ee-459a-bc39-d364dcee80af tempest-TaggedBootDevicesTest-762779311 tempest-TaggedBootDevicesTest-762779311-project-member] Using url versioning {{(pid=99750) process_request /opt/stack/glance/glance/api/middleware/version_negotiation.py:57}}
Jul 10 03:20:26.181452 np0000004943 devstack@g-api.service[99750]: DEBUG glance.api.middleware.version_negotiation [None req-320e59df-32ee-459a-bc39-d364dcee80af tempest-TaggedBootDevicesTest-762779311 tempest-TaggedBootDevicesTest-762779311-project-member] Matched version: v2 {{(pid=99750) process_request /opt/stack/glance/glance/api/middleware/version_negotiation.py:69}}
Jul 10 03:20:26.181608 np0000004943 devstack@g-api.service[99750]: DEBUG glance.api.middleware.version_negotiation [None req-320e59df-32ee-459a-bc39-d364dcee80af tempest-TaggedBootDevicesTest-762779311 tempest-TaggedBootDevicesTest-762779311-project-member] new path /v2/schemas/image {{(pid=99750) process_request /opt/stack/glance/glance/api/middleware/version_negotiation.py:70}}
Jul 10 03:20:26.185400 np0000004943 devstack@g-api.service[99750]: [pid: 99750|app: 0|req: 15/36] 127.0.0.1 () {44 vars in 1055 bytes} [Fri Jul 10 03:20:26 2026] GET /v2/schemas/image => generated 6083 bytes in 4 msecs (HTTP/1.1 200) 4 headers in 158 bytes (1 switches on core 0)
Jul 10 03:20:26.190924 np0000004943 devstack@g-api.service[99749]: DEBUG glance.api.middleware.cache [None req-c7a21ea5-d3a2-4be5-a389-361c5900236c tempest-DeleteServersTestJSON-1240594486 tempest-DeleteServersTestJSON-1240594486-project-member] Cache hit for image '9c544725-5964-475b-a3ce-b81b82ebe740' {{(pid=99749) process_request /opt/stack/glance/glance/api/middleware/cache.py:160}}
Jul 10 03:20:26.193237 np0000004943 devstack@g-api.service[99750]: DEBUG glance.api.middleware.version_negotiation [None req-320e59df-32ee-459a-bc39-d364dcee80af tempest-TaggedBootDevicesTest-762779311 tempest-TaggedBootDevicesTest-762779311-project-member] Determining version of request: GET /v2/schemas/image Accept: */* {{(pid=99750) process_request /opt/stack/glance/glance/api/middleware/version_negotiation.py:44}}
Jul 10 03:20:26.193753 np0000004943 devstack@g-api.service[99750]: DEBUG glance.api.middleware.version_negotiation [None req-320e59df-32ee-459a-bc39-d364dcee80af tempest-TaggedBootDevicesTest-762779311 tempest-TaggedBootDevicesTest-762779311-project-member] Using url versioning {{(pid=99750) process_request /opt/stack/glance/glance/api/middleware/version_negotiation.py:57}}
Jul 10 03:20:26.193753 np0000004943 devstack@g-api.service[99750]: DEBUG glance.api.middleware.version_negotiation [None req-320e59df-32ee-459a-bc39-d364dcee80af tempest-TaggedBootDevicesTest-762779311 tempest-TaggedBootDevicesTest-762779311-project-member] Matched version: v2 {{(pid=99750) process_request /opt/stack/glance/glance/api/middleware/version_negotiation.py:69}}
Jul 10 03:20:26.193753 np0000004943 devstack@g-api.service[99750]: DEBUG glance.api.middleware.version_negotiation [None req-320e59df-32ee-459a-bc39-d364dcee80af tempest-TaggedBootDevicesTest-762779311 tempest-TaggedBootDevicesTest-762779311-project-member] new path /v2/schemas/image {{(pid=99750) process_request /opt/stack/glance/glance/api/middleware/version_negotiation.py:70}}
Jul 10 03:20:26.196515 np0000004943 devstack@g-api.service[99750]: [pid: 99750|app: 0|req: 16/37] 127.0.0.1 () {44 vars in 1055 bytes} [Fri Jul 10 03:20:26 2026] GET /v2/schemas/image => generated 6083 bytes in 3 msecs (HTTP/1.1 200) 4 headers in 158 bytes (1 switches on core 0)
Jul 10 03:20:26.261472 np0000004943 devstack@g-api.service[99749]: [pid: 99749|app: 0|req: 14/38] 127.0.0.1 () {44 vars in 1125 bytes} [Fri Jul 10 03:20:26 2026] GET /v2/images/9c544725-5964-475b-a3ce-b81b82ebe740/file => generated 21692416 bytes in 82 msecs (HTTP/1.1 200) 5 headers in 217 bytes (337 switches on core 0)
Jul 10 03:20:26.319942 np0000004943 devstack@g-api.service[99751]: DEBUG swiftclient [None req-17ca4720-e0f0-410a-892c-f2e624cb6c96 tempest-AttachSCSIVolumeTestJSON-1842965029 tempest-AttachSCSIVolumeTestJSON-1842965029-project-admin] REQ: curl -i https://10.4.3.247:8080/v1/AUTH_216af170cc5c49a99d1e55c78152c8db/glance/41e56359-d51d-4e03-88b0-8bc240faf400-00001 -X PUT -H "X-Auth-Token: gAAAAABqUGT581LJ..." {{(pid=99751) http_log /opt/stack/data/venv/lib/python3.12/site-packages/swiftclient/client.py:160}}
Jul 10 03:20:26.319942 np0000004943 devstack@g-api.service[99751]: DEBUG swiftclient [None req-17ca4720-e0f0-410a-892c-f2e624cb6c96 tempest-AttachSCSIVolumeTestJSON-1842965029 tempest-AttachSCSIVolumeTestJSON-1842965029-project-admin] RESP STATUS: 201 Created {{(pid=99751) http_log /opt/stack/data/venv/lib/python3.12/site-packages/swiftclient/client.py:161}}
Jul 10 03:20:26.319942 np0000004943 devstack@g-api.service[99751]: DEBUG swiftclient [None req-17ca4720-e0f0-410a-892c-f2e624cb6c96 tempest-AttachSCSIVolumeTestJSON-1842965029 tempest-AttachSCSIVolumeTestJSON-1842965029-project-admin] RESP HEADERS: {'Date': 'Fri, 10 Jul 2026 03:20:26 GMT', 'Server': 'Apache/2.4.58 (Ubuntu)', 'Content-Type': 'text/html; charset=UTF-8', 'Content-Length': '0', 'Etag': '87617e24a5e30cb3b87fda8c0764838f', 'Last-Modified': 'Fri, 10 Jul 2026 03:20:27 GMT', 'X-Trans-Id': 'txe3ff8f5490594f82b9735-006a5064fa', 'X-Openstack-Request-Id': 'txe3ff8f5490594f82b9735-006a5064fa', 'Connection': 'close'} {{(pid=99751) http_log /opt/stack/data/venv/lib/python3.12/site-packages/swiftclient/client.py:162}}
Jul 10 03:20:26.319942 np0000004943 devstack@g-api.service[99751]: DEBUG glance_store._drivers.swift.store [None req-17ca4720-e0f0-410a-892c-f2e624cb6c96 tempest-AttachSCSIVolumeTestJSON-1842965029 tempest-AttachSCSIVolumeTestJSON-1842965029-project-admin] Wrote chunk 41e56359-d51d-4e03-88b0-8bc240faf400-00001 (1/?) of length 21692416 to Swift returning MD5 of content: 87617e24a5e30cb3b87fda8c0764838f {{(pid=99751) add /opt/stack/data/venv/lib/python3.12/site-packages/glance_store/_drivers/swift/store.py:1059}}
Jul 10 03:20:26.320757 np0000004943 devstack@g-api.service[99751]: DEBUG glance_store._drivers.swift.store [None req-17ca4720-e0f0-410a-892c-f2e624cb6c96 tempest-AttachSCSIVolumeTestJSON-1842965029 tempest-AttachSCSIVolumeTestJSON-1842965029-project-admin] Not writing zero-length chunk. {{(pid=99751) add /opt/stack/data/venv/lib/python3.12/site-packages/glance_store/_drivers/swift/store.py:1028}}
Jul 10 03:20:26.344927 np0000004943 devstack@g-api.service[99751]: DEBUG swiftclient [None req-17ca4720-e0f0-410a-892c-f2e624cb6c96 tempest-AttachSCSIVolumeTestJSON-1842965029 tempest-AttachSCSIVolumeTestJSON-1842965029-project-admin] REQ: curl -i https://10.4.3.247:8080/v1/AUTH_216af170cc5c49a99d1e55c78152c8db/glance/41e56359-d51d-4e03-88b0-8bc240faf400 -X PUT -H "X-Object-Manifest: glance/41e56359-d51d-4e03-88b0-8bc240faf400-" -H "X-Auth-Token: gAAAAABqUGT581LJ..." -H "Content-Length: 0" {{(pid=99751) http_log /opt/stack/data/venv/lib/python3.12/site-packages/swiftclient/client.py:160}}
Jul 10 03:20:26.345044 np0000004943 devstack@g-api.service[99751]: DEBUG swiftclient [None req-17ca4720-e0f0-410a-892c-f2e624cb6c96 tempest-AttachSCSIVolumeTestJSON-1842965029 tempest-AttachSCSIVolumeTestJSON-1842965029-project-admin] RESP STATUS: 201 Created {{(pid=99751) http_log /opt/stack/data/venv/lib/python3.12/site-packages/swiftclient/client.py:161}}
Jul 10 03:20:26.345209 np0000004943 devstack@g-api.service[99751]: DEBUG swiftclient [None req-17ca4720-e0f0-410a-892c-f2e624cb6c96 tempest-AttachSCSIVolumeTestJSON-1842965029 tempest-AttachSCSIVolumeTestJSON-1842965029-project-admin] RESP HEADERS: {'Date': 'Fri, 10 Jul 2026 03:20:26 GMT', 'Server': 'Apache/2.4.58 (Ubuntu)', 'Content-Type': 'text/html; charset=UTF-8', 'Content-Length': '0', 'Etag': 'd41d8cd98f00b204e9800998ecf8427e', 'Last-Modified': 'Fri, 10 Jul 2026 03:20:27 GMT', 'X-Trans-Id': 'txfa906b8c38f04879ba51f-006a5064fa', 'X-Openstack-Request-Id': 'txfa906b8c38f04879ba51f-006a5064fa', 'Connection': 'close'} {{(pid=99751) http_log /opt/stack/data/venv/lib/python3.12/site-packages/swiftclient/client.py:162}}
Jul 10 03:20:26.345776 np0000004943 devstack@g-api.service[99751]: INFO glance.location [None req-17ca4720-e0f0-410a-892c-f2e624cb6c96 tempest-AttachSCSIVolumeTestJSON-1842965029 tempest-AttachSCSIVolumeTestJSON-1842965029-project-admin] Image format matched and virtual size computed: 117440512
Jul 10 03:20:26.348409 np0000004943 devstack@g-api.service[99750]: DEBUG glance.api.middleware.version_negotiation [None req-320e59df-32ee-459a-bc39-d364dcee80af tempest-TaggedBootDevicesTest-762779311 tempest-TaggedBootDevicesTest-762779311-project-member] Determining version of request: GET /v2/images/9c544725-5964-475b-a3ce-b81b82ebe740 Accept: */* {{(pid=99750) process_request /opt/stack/glance/glance/api/middleware/version_negotiation.py:44}}
Jul 10 03:20:26.349160 np0000004943 devstack@g-api.service[99750]: DEBUG glance.api.middleware.version_negotiation [None req-320e59df-32ee-459a-bc39-d364dcee80af tempest-TaggedBootDevicesTest-762779311 tempest-TaggedBootDevicesTest-762779311-project-member] Using url versioning {{(pid=99750) process_request /opt/stack/glance/glance/api/middleware/version_negotiation.py:57}}
Jul 10 03:20:26.349575 np0000004943 devstack@g-api.service[99750]: DEBUG glance.api.middleware.version_negotiation [None req-320e59df-32ee-459a-bc39-d364dcee80af tempest-TaggedBootDevicesTest-762779311 tempest-TaggedBootDevicesTest-762779311-project-member] Matched version: v2 {{(pid=99750) process_request /opt/stack/glance/glance/api/middleware/version_negotiation.py:69}}
Jul 10 03:20:26.349752 np0000004943 devstack@g-api.service[99750]: DEBUG glance.api.middleware.version_negotiation [None req-320e59df-32ee-459a-bc39-d364dcee80af tempest-TaggedBootDevicesTest-762779311 tempest-TaggedBootDevicesTest-762779311-project-member] new path /v2/images/9c544725-5964-475b-a3ce-b81b82ebe740 {{(pid=99750) process_request /opt/stack/glance/glance/api/middleware/version_negotiation.py:70}}
Jul 10 03:20:26.363575 np0000004943 devstack@g-api.service[99750]: [pid: 99750|app: 0|req: 17/39] 127.0.0.1 () {44 vars in 1115 bytes} [Fri Jul 10 03:20:26 2026] GET /v2/images/9c544725-5964-475b-a3ce-b81b82ebe740 => generated 1044 bytes in 15 msecs (HTTP/1.1 200) 4 headers in 158 bytes (1 switches on core 0)
Jul 10 03:20:26.380628 np0000004943 devstack@g-api.service[99751]: DEBUG glance_store.backend [None req-17ca4720-e0f0-410a-892c-f2e624cb6c96 tempest-AttachSCSIVolumeTestJSON-1842965029 tempest-AttachSCSIVolumeTestJSON-1842965029-project-admin] Attempting to import store swift {{(pid=99751) _load_store /opt/stack/data/venv/lib/python3.12/site-packages/glance_store/backend.py:215}}
Jul 10 03:20:26.382773 np0000004943 devstack@g-api.service[99751]: DEBUG glance_store.capabilities [None req-17ca4720-e0f0-410a-892c-f2e624cb6c96 tempest-AttachSCSIVolumeTestJSON-1842965029 tempest-AttachSCSIVolumeTestJSON-1842965029-project-admin] Store glance_store._drivers.swift.store.SingleTenantStore doesn't support updating dynamic storage capabilities. Please overwrite 'update_capabilities' method of the store to implement updating logics if needed. {{(pid=99751) update_capabilities /opt/stack/data/venv/lib/python3.12/site-packages/glance_store/capabilities.py:91}}
Jul 10 03:20:26.382968 np0000004943 devstack@g-api.service[99751]: DEBUG glance_store.driver [None req-17ca4720-e0f0-410a-892c-f2e624cb6c96 tempest-AttachSCSIVolumeTestJSON-1842965029 tempest-AttachSCSIVolumeTestJSON-1842965029-project-admin] Late loading location class glance_store._drivers.swift.store.StoreLocation {{(pid=99751) get_store_location_class /opt/stack/data/venv/lib/python3.12/site-packages/glance_store/driver.py:134}}
Jul 10 03:20:26.383121 np0000004943 devstack@g-api.service[99751]: DEBUG glance_store.location [None req-17ca4720-e0f0-410a-892c-f2e624cb6c96 tempest-AttachSCSIVolumeTestJSON-1842965029 tempest-AttachSCSIVolumeTestJSON-1842965029-project-admin] Registering scheme swift+https with {'store': , 'location_class': , 'store_entry': 'swift'} {{(pid=99751) register_scheme_map /opt/stack/data/venv/lib/python3.12/site-packages/glance_store/location.py:146}}
Jul 10 03:20:26.383247 np0000004943 devstack@g-api.service[99751]: DEBUG glance_store.location [None req-17ca4720-e0f0-410a-892c-f2e624cb6c96 tempest-AttachSCSIVolumeTestJSON-1842965029 tempest-AttachSCSIVolumeTestJSON-1842965029-project-admin] Registering scheme swift+https with {'store': , 'location_class': , 'store_entry': 'swift'} {{(pid=99751) register_scheme_map /opt/stack/data/venv/lib/python3.12/site-packages/glance_store/location.py:146}}
Jul 10 03:20:26.383395 np0000004943 devstack@g-api.service[99751]: DEBUG glance_store.location [None req-17ca4720-e0f0-410a-892c-f2e624cb6c96 tempest-AttachSCSIVolumeTestJSON-1842965029 tempest-AttachSCSIVolumeTestJSON-1842965029-project-admin] Registering scheme swift with {'store': , 'location_class': , 'store_entry': 'swift'} {{(pid=99751) register_scheme_map /opt/stack/data/venv/lib/python3.12/site-packages/glance_store/location.py:146}}
Jul 10 03:20:26.383526 np0000004943 devstack@g-api.service[99751]: DEBUG glance_store.location [None req-17ca4720-e0f0-410a-892c-f2e624cb6c96 tempest-AttachSCSIVolumeTestJSON-1842965029 tempest-AttachSCSIVolumeTestJSON-1842965029-project-admin] Registering scheme swift+https with {'store': , 'location_class': , 'store_entry': 'swift'} {{(pid=99751) register_scheme_map /opt/stack/data/venv/lib/python3.12/site-packages/glance_store/location.py:146}}
Jul 10 03:20:26.383629 np0000004943 devstack@g-api.service[99751]: DEBUG glance_store.location [None req-17ca4720-e0f0-410a-892c-f2e624cb6c96 tempest-AttachSCSIVolumeTestJSON-1842965029 tempest-AttachSCSIVolumeTestJSON-1842965029-project-admin] Registering scheme swift with {'store': , 'location_class': , 'store_entry': 'swift'} {{(pid=99751) register_scheme_map /opt/stack/data/venv/lib/python3.12/site-packages/glance_store/location.py:146}}
Jul 10 03:20:26.383736 np0000004943 devstack@g-api.service[99751]: DEBUG glance_store.location [None req-17ca4720-e0f0-410a-892c-f2e624cb6c96 tempest-AttachSCSIVolumeTestJSON-1842965029 tempest-AttachSCSIVolumeTestJSON-1842965029-project-admin] Registering scheme swift+http with {'store': , 'location_class': , 'store_entry': 'swift'} {{(pid=99751) register_scheme_map /opt/stack/data/venv/lib/python3.12/site-packages/glance_store/location.py:146}}
Jul 10 03:20:26.383856 np0000004943 devstack@g-api.service[99751]: DEBUG glance_store.location [None req-17ca4720-e0f0-410a-892c-f2e624cb6c96 tempest-AttachSCSIVolumeTestJSON-1842965029 tempest-AttachSCSIVolumeTestJSON-1842965029-project-admin] Registering scheme swift+https with {'store': , 'location_class': , 'store_entry': 'swift'} {{(pid=99751) register_scheme_map /opt/stack/data/venv/lib/python3.12/site-packages/glance_store/location.py:146}}
Jul 10 03:20:26.384004 np0000004943 devstack@g-api.service[99751]: DEBUG glance_store.location [None req-17ca4720-e0f0-410a-892c-f2e624cb6c96 tempest-AttachSCSIVolumeTestJSON-1842965029 tempest-AttachSCSIVolumeTestJSON-1842965029-project-admin] Registering scheme swift with {'store': , 'location_class': , 'store_entry': 'swift'} {{(pid=99751) register_scheme_map /opt/stack/data/venv/lib/python3.12/site-packages/glance_store/location.py:146}}
Jul 10 03:20:26.384107 np0000004943 devstack@g-api.service[99751]: DEBUG glance_store.location [None req-17ca4720-e0f0-410a-892c-f2e624cb6c96 tempest-AttachSCSIVolumeTestJSON-1842965029 tempest-AttachSCSIVolumeTestJSON-1842965029-project-admin] Registering scheme swift+http with {'store': , 'location_class': , 'store_entry': 'swift'} {{(pid=99751) register_scheme_map /opt/stack/data/venv/lib/python3.12/site-packages/glance_store/location.py:146}}
Jul 10 03:20:26.384221 np0000004943 devstack@g-api.service[99751]: DEBUG glance_store.location [None req-17ca4720-e0f0-410a-892c-f2e624cb6c96 tempest-AttachSCSIVolumeTestJSON-1842965029 tempest-AttachSCSIVolumeTestJSON-1842965029-project-admin] Registering scheme swift+config with {'store': , 'location_class': , 'store_entry': 'swift'} {{(pid=99751) register_scheme_map /opt/stack/data/venv/lib/python3.12/site-packages/glance_store/location.py:146}}
Jul 10 03:20:26.384349 np0000004943 devstack@g-api.service[99751]: DEBUG glance_store.backend [None req-17ca4720-e0f0-410a-892c-f2e624cb6c96 tempest-AttachSCSIVolumeTestJSON-1842965029 tempest-AttachSCSIVolumeTestJSON-1842965029-project-admin] Skipping store.set_acls... not implemented. {{(pid=99751) set_acls /opt/stack/data/venv/lib/python3.12/site-packages/glance_store/backend.py:507}}
Jul 10 03:20:26.386607 np0000004943 devstack@g-api.service[99751]: [pid: 99751|app: 0|req: 9/40] 127.0.0.1 () {40 vars in 858 bytes} [Fri Jul 10 03:20:24 2026] PUT /v2/images/41e56359-d51d-4e03-88b0-8bc240faf400/file => generated 0 bytes in 2054 msecs (HTTP/1.1 204) 4 headers in 171 bytes (1 switches on core 0)
Jul 10 03:20:26.401409 np0000004943 devstack@g-api.service[99749]: DEBUG glance.api.middleware.version_negotiation [None req-c7a21ea5-d3a2-4be5-a389-361c5900236c tempest-DeleteServersTestJSON-1240594486 tempest-DeleteServersTestJSON-1240594486-project-member] Determining version of request: GET /v2/schemas/image Accept: */* {{(pid=99749) process_request /opt/stack/glance/glance/api/middleware/version_negotiation.py:44}}
Jul 10 03:20:26.401602 np0000004943 devstack@g-api.service[99749]: DEBUG glance.api.middleware.version_negotiation [None req-c7a21ea5-d3a2-4be5-a389-361c5900236c tempest-DeleteServersTestJSON-1240594486 tempest-DeleteServersTestJSON-1240594486-project-member] Using url versioning {{(pid=99749) process_request /opt/stack/glance/glance/api/middleware/version_negotiation.py:57}}
Jul 10 03:20:26.401764 np0000004943 devstack@g-api.service[99749]: DEBUG glance.api.middleware.version_negotiation [None req-c7a21ea5-d3a2-4be5-a389-361c5900236c tempest-DeleteServersTestJSON-1240594486 tempest-DeleteServersTestJSON-1240594486-project-member] Matched version: v2 {{(pid=99749) process_request /opt/stack/glance/glance/api/middleware/version_negotiation.py:69}}
Jul 10 03:20:26.401903 np0000004943 devstack@g-api.service[99749]: DEBUG glance.api.middleware.version_negotiation [None req-c7a21ea5-d3a2-4be5-a389-361c5900236c tempest-DeleteServersTestJSON-1240594486 tempest-DeleteServersTestJSON-1240594486-project-member] new path /v2/schemas/image {{(pid=99749) process_request /opt/stack/glance/glance/api/middleware/version_negotiation.py:70}}
Jul 10 03:20:26.404868 np0000004943 devstack@g-api.service[99749]: [pid: 99749|app: 0|req: 15/41] 127.0.0.1 () {44 vars in 1055 bytes} [Fri Jul 10 03:20:26 2026] GET /v2/schemas/image => generated 6083 bytes in 4 msecs (HTTP/1.1 200) 4 headers in 158 bytes (1 switches on core 0)
Jul 10 03:20:26.846677 np0000004943 devstack@g-api.service[99750]: DEBUG glance.api.middleware.version_negotiation [None req-c7a21ea5-d3a2-4be5-a389-361c5900236c tempest-DeleteServersTestJSON-1240594486 tempest-DeleteServersTestJSON-1240594486-project-member] Determining version of request: GET /v2/images/9c544725-5964-475b-a3ce-b81b82ebe740 Accept: */* {{(pid=99750) process_request /opt/stack/glance/glance/api/middleware/version_negotiation.py:44}}
Jul 10 03:20:26.846677 np0000004943 devstack@g-api.service[99750]: DEBUG glance.api.middleware.version_negotiation [None req-c7a21ea5-d3a2-4be5-a389-361c5900236c tempest-DeleteServersTestJSON-1240594486 tempest-DeleteServersTestJSON-1240594486-project-member] Using url versioning {{(pid=99750) process_request /opt/stack/glance/glance/api/middleware/version_negotiation.py:57}}
Jul 10 03:20:26.847547 np0000004943 devstack@g-api.service[99750]: DEBUG glance.api.middleware.version_negotiation [None req-c7a21ea5-d3a2-4be5-a389-361c5900236c tempest-DeleteServersTestJSON-1240594486 tempest-DeleteServersTestJSON-1240594486-project-member] Matched version: v2 {{(pid=99750) process_request /opt/stack/glance/glance/api/middleware/version_negotiation.py:69}}
Jul 10 03:20:26.847547 np0000004943 devstack@g-api.service[99750]: DEBUG glance.api.middleware.version_negotiation [None req-c7a21ea5-d3a2-4be5-a389-361c5900236c tempest-DeleteServersTestJSON-1240594486 tempest-DeleteServersTestJSON-1240594486-project-member] new path /v2/images/9c544725-5964-475b-a3ce-b81b82ebe740 {{(pid=99750) process_request /opt/stack/glance/glance/api/middleware/version_negotiation.py:70}}
Jul 10 03:20:26.865197 np0000004943 devstack@g-api.service[99750]: [pid: 99750|app: 0|req: 18/42] 127.0.0.1 () {44 vars in 1115 bytes} [Fri Jul 10 03:20:26 2026] GET /v2/images/9c544725-5964-475b-a3ce-b81b82ebe740 => generated 1044 bytes in 18 msecs (HTTP/1.1 200) 4 headers in 158 bytes (1 switches on core 0)
Jul 10 03:20:26.881462 np0000004943 devstack@g-api.service[99751]: DEBUG glance.api.middleware.version_negotiation [None req-17ca4720-e0f0-410a-892c-f2e624cb6c96 tempest-AttachSCSIVolumeTestJSON-1842965029 tempest-AttachSCSIVolumeTestJSON-1842965029-project-admin] Determining version of request: GET /v2/schemas/image Accept: */* {{(pid=99751) process_request /opt/stack/glance/glance/api/middleware/version_negotiation.py:44}}
Jul 10 03:20:26.882215 np0000004943 devstack@g-api.service[99751]: DEBUG glance.api.middleware.version_negotiation [None req-17ca4720-e0f0-410a-892c-f2e624cb6c96 tempest-AttachSCSIVolumeTestJSON-1842965029 tempest-AttachSCSIVolumeTestJSON-1842965029-project-admin] Using url versioning {{(pid=99751) process_request /opt/stack/glance/glance/api/middleware/version_negotiation.py:57}}
