Jul 10 03:17:57.619531 np0000004943 nova-conductor[95878]: INFO nova.service [-] Starting conductor node (version 33.1.0)
Jul 10 03:17:57.619566 np0000004943 nova-conductor[95872]: DEBUG cotyledon.oslo_config_glue [-] oslo_messaging_rabbit.ssl = False {{(pid=95872) log_opt_values /opt/stack/data/venv/lib/python3.12/site-packages/oslo_config/cfg.py:3253}}
Jul 10 03:17:57.619566 np0000004943 nova-conductor[95872]: DEBUG cotyledon.oslo_config_glue [-] oslo_messaging_rabbit.ssl_ca_file = {{(pid=95872) log_opt_values /opt/stack/data/venv/lib/python3.12/site-packages/oslo_config/cfg.py:3253}}
Jul 10 03:17:57.619566 np0000004943 nova-conductor[95872]: DEBUG cotyledon.oslo_config_glue [-] oslo_messaging_rabbit.ssl_cert_file = {{(pid=95872) log_opt_values /opt/stack/data/venv/lib/python3.12/site-packages/oslo_config/cfg.py:3253}}
Jul 10 03:17:57.619566 np0000004943 nova-conductor[95872]: DEBUG cotyledon.oslo_config_glue [-] oslo_messaging_rabbit.ssl_enforce_fips_mode = False {{(pid=95872) log_opt_values /opt/stack/data/venv/lib/python3.12/site-packages/oslo_config/cfg.py:3253}}
Jul 10 03:17:57.619566 np0000004943 nova-conductor[95872]: DEBUG cotyledon.oslo_config_glue [-] oslo_messaging_rabbit.ssl_enforce_hostname_verification = True {{(pid=95872) log_opt_values /opt/stack/data/venv/lib/python3.12/site-packages/oslo_config/cfg.py:3253}}
Jul 10 03:17:57.619566 np0000004943 nova-conductor[95872]: DEBUG cotyledon.oslo_config_glue [-] oslo_messaging_rabbit.ssl_key_file = {{(pid=95872) log_opt_values /opt/stack/data/venv/lib/python3.12/site-packages/oslo_config/cfg.py:3253}}
Jul 10 03:17:57.619566 np0000004943 nova-conductor[95872]: DEBUG cotyledon.oslo_config_glue [-] oslo_messaging_rabbit.ssl_version = {{(pid=95872) log_opt_values /opt/stack/data/venv/lib/python3.12/site-packages/oslo_config/cfg.py:3253}}
Jul 10 03:17:57.619566 np0000004943 nova-conductor[95872]: DEBUG cotyledon.oslo_config_glue [-] oslo_messaging_rabbit.use_queue_manager = False {{(pid=95872) log_opt_values /opt/stack/data/venv/lib/python3.12/site-packages/oslo_config/cfg.py:3253}}
Jul 10 03:17:57.619566 np0000004943 nova-conductor[95872]: DEBUG cotyledon.oslo_config_glue [-] oslo_messaging_notifications.driver = ['messagingv2'] {{(pid=95872) log_opt_values /opt/stack/data/venv/lib/python3.12/site-packages/oslo_config/cfg.py:3253}}
Jul 10 03:17:57.619801 np0000004943 nova-conductor[95872]: DEBUG cotyledon.oslo_config_glue [-] oslo_messaging_notifications.retry = -1 {{(pid=95872) log_opt_values /opt/stack/data/venv/lib/python3.12/site-packages/oslo_config/cfg.py:3253}}
Jul 10 03:17:57.619801 np0000004943 nova-conductor[95872]: DEBUG cotyledon.oslo_config_glue [-] oslo_messaging_notifications.topics = ['notifications'] {{(pid=95872) log_opt_values /opt/stack/data/venv/lib/python3.12/site-packages/oslo_config/cfg.py:3253}}
Jul 10 03:17:57.619801 np0000004943 nova-conductor[95872]: DEBUG cotyledon.oslo_config_glue [-] oslo_messaging_notifications.transport_url = **** {{(pid=95872) log_opt_values /opt/stack/data/venv/lib/python3.12/site-packages/oslo_config/cfg.py:3253}}
Jul 10 03:17:57.619801 np0000004943 nova-conductor[95872]: DEBUG cotyledon.oslo_config_glue [-] oslo_limit.auth_section = None {{(pid=95872) log_opt_values /opt/stack/data/venv/lib/python3.12/site-packages/oslo_config/cfg.py:3253}}
Jul 10 03:17:57.619801 np0000004943 nova-conductor[95872]: DEBUG cotyledon.oslo_config_glue [-] oslo_limit.auth_type = None {{(pid=95872) log_opt_values /opt/stack/data/venv/lib/python3.12/site-packages/oslo_config/cfg.py:3253}}
Jul 10 03:17:57.619801 np0000004943 nova-conductor[95872]: DEBUG cotyledon.oslo_config_glue [-] oslo_limit.cafile = None {{(pid=95872) log_opt_values /opt/stack/data/venv/lib/python3.12/site-packages/oslo_config/cfg.py:3253}}
Jul 10 03:17:57.619801 np0000004943 nova-conductor[95872]: DEBUG cotyledon.oslo_config_glue [-] oslo_limit.certfile = None {{(pid=95872) log_opt_values /opt/stack/data/venv/lib/python3.12/site-packages/oslo_config/cfg.py:3253}}
Jul 10 03:17:57.619801 np0000004943 nova-conductor[95872]: DEBUG cotyledon.oslo_config_glue [-] oslo_limit.collect_timing = False {{(pid=95872) log_opt_values /opt/stack/data/venv/lib/python3.12/site-packages/oslo_config/cfg.py:3253}}
Jul 10 03:17:57.619801 np0000004943 nova-conductor[95872]: DEBUG cotyledon.oslo_config_glue [-] oslo_limit.connect_retries = None {{(pid=95872) log_opt_values /opt/stack/data/venv/lib/python3.12/site-packages/oslo_config/cfg.py:3253}}
Jul 10 03:17:57.620110 np0000004943 nova-conductor[95872]: DEBUG cotyledon.oslo_config_glue [-] oslo_limit.connect_retry_delay = None {{(pid=95872) log_opt_values /opt/stack/data/venv/lib/python3.12/site-packages/oslo_config/cfg.py:3253}}
Jul 10 03:17:57.620110 np0000004943 nova-conductor[95872]: DEBUG cotyledon.oslo_config_glue [-] oslo_limit.endpoint_id = None {{(pid=95872) log_opt_values /opt/stack/data/venv/lib/python3.12/site-packages/oslo_config/cfg.py:3253}}
Jul 10 03:17:57.620110 np0000004943 nova-conductor[95872]: DEBUG cotyledon.oslo_config_glue [-] oslo_limit.endpoint_interface = public {{(pid=95872) log_opt_values /opt/stack/data/venv/lib/python3.12/site-packages/oslo_config/cfg.py:3253}}
Jul 10 03:17:57.620110 np0000004943 nova-conductor[95872]: DEBUG cotyledon.oslo_config_glue [-] oslo_limit.endpoint_override = None {{(pid=95872) log_opt_values /opt/stack/data/venv/lib/python3.12/site-packages/oslo_config/cfg.py:3253}}
Jul 10 03:17:57.620110 np0000004943 nova-conductor[95872]: DEBUG cotyledon.oslo_config_glue [-] oslo_limit.endpoint_region_name = None {{(pid=95872) log_opt_values /opt/stack/data/venv/lib/python3.12/site-packages/oslo_config/cfg.py:3253}}
Jul 10 03:17:57.620110 np0000004943 nova-conductor[95872]: DEBUG cotyledon.oslo_config_glue [-] oslo_limit.endpoint_service_name = None {{(pid=95872) log_opt_values /opt/stack/data/venv/lib/python3.12/site-packages/oslo_config/cfg.py:3253}}
Jul 10 03:17:57.620110 np0000004943 nova-conductor[95872]: DEBUG cotyledon.oslo_config_glue [-] oslo_limit.endpoint_service_type = None {{(pid=95872) log_opt_values /opt/stack/data/venv/lib/python3.12/site-packages/oslo_config/cfg.py:3253}}
Jul 10 03:17:57.620110 np0000004943 nova-conductor[95872]: DEBUG cotyledon.oslo_config_glue [-] oslo_limit.insecure = False {{(pid=95872) log_opt_values /opt/stack/data/venv/lib/python3.12/site-packages/oslo_config/cfg.py:3253}}
Jul 10 03:17:57.620110 np0000004943 nova-conductor[95872]: DEBUG cotyledon.oslo_config_glue [-] oslo_limit.keyfile = None {{(pid=95872) log_opt_values /opt/stack/data/venv/lib/python3.12/site-packages/oslo_config/cfg.py:3253}}
Jul 10 03:17:57.620396 np0000004943 nova-conductor[95872]: DEBUG cotyledon.oslo_config_glue [-] oslo_limit.max_version = None {{(pid=95872) log_opt_values /opt/stack/data/venv/lib/python3.12/site-packages/oslo_config/cfg.py:3253}}
Jul 10 03:17:57.620396 np0000004943 nova-conductor[95872]: DEBUG cotyledon.oslo_config_glue [-] oslo_limit.min_version = None {{(pid=95872) log_opt_values /opt/stack/data/venv/lib/python3.12/site-packages/oslo_config/cfg.py:3253}}
Jul 10 03:17:57.620396 np0000004943 nova-conductor[95872]: DEBUG cotyledon.oslo_config_glue [-] oslo_limit.region_name = None {{(pid=95872) log_opt_values /opt/stack/data/venv/lib/python3.12/site-packages/oslo_config/cfg.py:3253}}
Jul 10 03:17:57.620396 np0000004943 nova-conductor[95872]: DEBUG cotyledon.oslo_config_glue [-] oslo_limit.retriable_status_codes = None {{(pid=95872) log_opt_values /opt/stack/data/venv/lib/python3.12/site-packages/oslo_config/cfg.py:3253}}
Jul 10 03:17:57.620396 np0000004943 nova-conductor[95872]: DEBUG cotyledon.oslo_config_glue [-] oslo_limit.service_name = None {{(pid=95872) log_opt_values /opt/stack/data/venv/lib/python3.12/site-packages/oslo_config/cfg.py:3253}}
Jul 10 03:17:57.620396 np0000004943 nova-conductor[95872]: DEBUG cotyledon.oslo_config_glue [-] oslo_limit.service_type = None {{(pid=95872) log_opt_values /opt/stack/data/venv/lib/python3.12/site-packages/oslo_config/cfg.py:3253}}
Jul 10 03:17:57.620396 np0000004943 nova-conductor[95872]: DEBUG cotyledon.oslo_config_glue [-] oslo_limit.split_loggers = False {{(pid=95872) log_opt_values /opt/stack/data/venv/lib/python3.12/site-packages/oslo_config/cfg.py:3253}}
Jul 10 03:17:57.620396 np0000004943 nova-conductor[95872]: DEBUG cotyledon.oslo_config_glue [-] oslo_limit.status_code_retries = None {{(pid=95872) log_opt_values /opt/stack/data/venv/lib/python3.12/site-packages/oslo_config/cfg.py:3253}}
Jul 10 03:17:57.620396 np0000004943 nova-conductor[95872]: DEBUG cotyledon.oslo_config_glue [-] oslo_limit.status_code_retry_delay = None {{(pid=95872) log_opt_values /opt/stack/data/venv/lib/python3.12/site-packages/oslo_config/cfg.py:3253}}
Jul 10 03:17:57.620659 np0000004943 nova-conductor[95872]: DEBUG cotyledon.oslo_config_glue [-] oslo_limit.timeout = None {{(pid=95872) log_opt_values /opt/stack/data/venv/lib/python3.12/site-packages/oslo_config/cfg.py:3253}}
Jul 10 03:17:57.620659 np0000004943 nova-conductor[95872]: DEBUG cotyledon.oslo_config_glue [-] oslo_limit.valid_interfaces = None {{(pid=95872) log_opt_values /opt/stack/data/venv/lib/python3.12/site-packages/oslo_config/cfg.py:3253}}
Jul 10 03:17:57.620659 np0000004943 nova-conductor[95872]: DEBUG cotyledon.oslo_config_glue [-] oslo_limit.version = None {{(pid=95872) log_opt_values /opt/stack/data/venv/lib/python3.12/site-packages/oslo_config/cfg.py:3253}}
Jul 10 03:17:57.620659 np0000004943 nova-conductor[95872]: DEBUG cotyledon.oslo_config_glue [-] oslo_reports.file_event_handler = None {{(pid=95872) log_opt_values /opt/stack/data/venv/lib/python3.12/site-packages/oslo_config/cfg.py:3253}}
Jul 10 03:17:57.620659 np0000004943 nova-conductor[95872]: DEBUG cotyledon.oslo_config_glue [-] oslo_reports.file_event_handler_interval = 1 {{(pid=95872) log_opt_values /opt/stack/data/venv/lib/python3.12/site-packages/oslo_config/cfg.py:3253}}
Jul 10 03:17:57.620659 np0000004943 nova-conductor[95872]: DEBUG cotyledon.oslo_config_glue [-] oslo_reports.log_dir = None {{(pid=95872) log_opt_values /opt/stack/data/venv/lib/python3.12/site-packages/oslo_config/cfg.py:3253}}
Jul 10 03:17:57.620659 np0000004943 nova-conductor[95872]: DEBUG cotyledon.oslo_config_glue [-] ******************************************************************************** {{(pid=95872) log_opt_values /opt/stack/data/venv/lib/python3.12/site-packages/oslo_config/cfg.py:3260}}
Jul 10 03:17:57.620659 np0000004943 nova-conductor[95872]: DEBUG cotyledon._service_worker [-] Run service ServiceWrapper(1) [95872] {{(pid=95872) wait_forever /opt/stack/data/venv/lib/python3.12/site-packages/cotyledon/_service_worker.py:218}}
Jul 10 03:17:57.620917 np0000004943 nova-conductor[95878]: INFO dbcounter [None req-7e0fd340-8f4a-4535-b633-c88e02e958e4 None None] Registered counter for database nova_cell0
Jul 10 03:17:57.620956 np0000004943 nova-conductor[95872]: INFO nova.service [-] Starting conductor node (version 33.1.0)
Jul 10 03:17:57.620956 np0000004943 nova-conductor[95872]: INFO dbcounter [None req-56b0ebb4-7793-41d1-a6f2-eca9de73443a None None] Registered counter for database nova_cell0
Jul 10 03:17:57.621019 np0000004943 nova-conductor[95867]: DEBUG oslo_db.sqlalchemy.engines [None req-7549d8cf-ac34-4fc2-93a8-9c3336e20f53 None None] MySQL server mode set to STRICT_TRANS_TABLES,STRICT_ALL_TABLES,NO_ZERO_IN_DATE,NO_ZERO_DATE,ERROR_FOR_DIVISION_BY_ZERO,TRADITIONAL,NO_ENGINE_SUBSTITUTION {{(pid=95867) _check_effective_sql_mode /opt/stack/data/venv/lib/python3.12/site-packages/oslo_db/sqlalchemy/engines.py:325}}
Jul 10 03:17:57.621019 np0000004943 nova-conductor[95867]: DEBUG dbcounter [-] [95867] Writer thread running {{(pid=95867) stat_writer /opt/stack/data/venv/lib/python3.12/site-packages/dbcounter.py:102}}
Jul 10 03:17:57.626928 np0000004943 nova-conductor[95878]: DEBUG oslo_db.sqlalchemy.engines [None req-7e0fd340-8f4a-4535-b633-c88e02e958e4 None None] MySQL server mode set to STRICT_TRANS_TABLES,STRICT_ALL_TABLES,NO_ZERO_IN_DATE,NO_ZERO_DATE,ERROR_FOR_DIVISION_BY_ZERO,TRADITIONAL,NO_ENGINE_SUBSTITUTION {{(pid=95878) _check_effective_sql_mode /opt/stack/data/venv/lib/python3.12/site-packages/oslo_db/sqlalchemy/engines.py:325}}
Jul 10 03:17:57.630461 np0000004943 nova-conductor[95867]: DEBUG nova.service [None req-7549d8cf-ac34-4fc2-93a8-9c3336e20f53 None None] Creating RPC server for service: nova-conductor on topic: conductor {{(pid=95867) start /opt/stack/nova/nova/service.py:196}}
Jul 10 03:17:57.636213 np0000004943 nova-conductor[95878]: DEBUG dbcounter [-] [95878] Writer thread running {{(pid=95878) stat_writer /opt/stack/data/venv/lib/python3.12/site-packages/dbcounter.py:102}}
Jul 10 03:17:57.638951 np0000004943 nova-conductor[95878]: DEBUG nova.service [None req-7e0fd340-8f4a-4535-b633-c88e02e958e4 None None] Creating RPC server for service: nova-conductor on topic: conductor {{(pid=95878) start /opt/stack/nova/nova/service.py:196}}
Jul 10 03:17:57.647498 np0000004943 nova-conductor[95872]: DEBUG oslo_db.sqlalchemy.engines [None req-56b0ebb4-7793-41d1-a6f2-eca9de73443a None None] MySQL server mode set to STRICT_TRANS_TABLES,STRICT_ALL_TABLES,NO_ZERO_IN_DATE,NO_ZERO_DATE,ERROR_FOR_DIVISION_BY_ZERO,TRADITIONAL,NO_ENGINE_SUBSTITUTION {{(pid=95872) _check_effective_sql_mode /opt/stack/data/venv/lib/python3.12/site-packages/oslo_db/sqlalchemy/engines.py:325}}
Jul 10 03:17:57.659987 np0000004943 nova-conductor[95872]: DEBUG dbcounter [-] [95872] Writer thread running {{(pid=95872) stat_writer /opt/stack/data/venv/lib/python3.12/site-packages/dbcounter.py:102}}
Jul 10 03:17:57.663627 np0000004943 nova-conductor[95872]: DEBUG nova.service [None req-56b0ebb4-7793-41d1-a6f2-eca9de73443a None None] Creating RPC server for service: nova-conductor on topic: conductor {{(pid=95872) start /opt/stack/nova/nova/service.py:196}}
Jul 10 03:17:57.664649 np0000004943 nova-conductor[95878]: DEBUG nova.service [None req-7e0fd340-8f4a-4535-b633-c88e02e958e4 None None] Join ServiceGroup membership for this service conductor {{(pid=95878) start /opt/stack/nova/nova/service.py:222}}
Jul 10 03:17:57.664739 np0000004943 nova-conductor[95867]: DEBUG nova.service [None req-7549d8cf-ac34-4fc2-93a8-9c3336e20f53 None None] Join ServiceGroup membership for this service conductor {{(pid=95867) start /opt/stack/nova/nova/service.py:222}}
Jul 10 03:17:57.664889 np0000004943 nova-conductor[95878]: DEBUG nova.servicegroup.drivers.db [None req-7e0fd340-8f4a-4535-b633-c88e02e958e4 None None] DB_Driver: join new ServiceGroup member np0000004943 to the conductor group, service = {{(pid=95878) join /opt/stack/nova/nova/servicegroup/drivers/db.py:44}}
Jul 10 03:17:57.665004 np0000004943 nova-conductor[95867]: DEBUG nova.servicegroup.drivers.db [None req-7549d8cf-ac34-4fc2-93a8-9c3336e20f53 None None] DB_Driver: join new ServiceGroup member np0000004943 to the conductor group, service = {{(pid=95867) join /opt/stack/nova/nova/servicegroup/drivers/db.py:44}}
Jul 10 03:17:57.682309 np0000004943 nova-conductor[95872]: DEBUG nova.service [None req-56b0ebb4-7793-41d1-a6f2-eca9de73443a None None] Join ServiceGroup membership for this service conductor {{(pid=95872) start /opt/stack/nova/nova/service.py:222}}
Jul 10 03:17:57.682538 np0000004943 nova-conductor[95872]: DEBUG nova.servicegroup.drivers.db [None req-56b0ebb4-7793-41d1-a6f2-eca9de73443a None None] DB_Driver: join new ServiceGroup member np0000004943 to the conductor group, service = {{(pid=95872) join /opt/stack/nova/nova/servicegroup/drivers/db.py:44}}
Jul 10 03:18:02.680110 np0000004943 nova-conductor[95867]: DEBUG oslo.service.backend._threading.loopingcall [-] Fixed interval looping call 'nova.servicegroup.drivers.db.DbDriver._report_state' sleeping for 119.99 seconds {{(pid=95867) _run_loop /opt/stack/data/venv/lib/python3.12/site-packages/oslo_service/backend/_threading/loopingcall.py:125}}
Jul 10 03:18:02.680714 np0000004943 nova-conductor[95878]: DEBUG oslo.service.backend._threading.loopingcall [-] Fixed interval looping call 'nova.servicegroup.drivers.db.DbDriver._report_state' sleeping for 119.99 seconds {{(pid=95878) _run_loop /opt/stack/data/venv/lib/python3.12/site-packages/oslo_service/backend/_threading/loopingcall.py:125}}
Jul 10 03:18:02.692269 np0000004943 nova-conductor[95872]: DEBUG oslo.service.backend._threading.loopingcall [-] Fixed interval looping call 'nova.servicegroup.drivers.db.DbDriver._report_state' sleeping for 119.99 seconds {{(pid=95872) _run_loop /opt/stack/data/venv/lib/python3.12/site-packages/oslo_service/backend/_threading/loopingcall.py:125}}
Jul 10 03:18:06.255513 np0000004943 nova-conductor[94400]: DEBUG dbcounter [-] [94400] Writing DB stats nova_api:SELECT=1 {{(pid=94400) stat_writer /opt/stack/data/venv/lib/python3.12/site-packages/dbcounter.py:115}}
Jul 10 03:18:06.378400 np0000004943 nova-conductor[94400]: DEBUG dbcounter [-] [94400] Writing DB stats nova_cell0:SELECT=1 {{(pid=94400) stat_writer /opt/stack/data/venv/lib/python3.12/site-packages/dbcounter.py:115}}
Jul 10 03:18:06.383851 np0000004943 nova-conductor[94400]: DEBUG dbcounter [-] [94400] Writing DB stats nova_cell1:SELECT=1 {{(pid=94400) stat_writer /opt/stack/data/venv/lib/python3.12/site-packages/dbcounter.py:115}}
Jul 10 03:18:12.673972 np0000004943 nova-conductor[95867]: DEBUG dbcounter [-] [95867] Writing DB stats nova_cell0:SELECT=4,nova_cell0:INSERT=1,nova_cell0:UPDATE=1 {{(pid=95867) stat_writer /opt/stack/data/venv/lib/python3.12/site-packages/dbcounter.py:115}}
Jul 10 03:18:12.676611 np0000004943 nova-conductor[95878]: DEBUG dbcounter [-] [95878] Writing DB stats nova_cell0:SELECT=3,nova_cell0:UPDATE=1 {{(pid=95878) stat_writer /opt/stack/data/venv/lib/python3.12/site-packages/dbcounter.py:115}}
Jul 10 03:18:12.690024 np0000004943 nova-conductor[95872]: DEBUG dbcounter [-] [95872] Writing DB stats nova_cell0:SELECT=3 {{(pid=95872) stat_writer /opt/stack/data/venv/lib/python3.12/site-packages/dbcounter.py:115}}
Jul 10 03:18:25.667760 np0000004943 nova-conductor[95867]: DEBUG oslo.service.backend._threading.loopingcall [None req-78e1f8f3-2657-4c78-98bf-f5ea6894a253 None None] Dynamic interval looping call 'nova.service.Service.periodic_tasks' sleeping for 60.00 seconds {{(pid=95867) _run_loop /opt/stack/data/venv/lib/python3.12/site-packages/oslo_service/backend/_threading/loopingcall.py:125}}
Jul 10 03:18:30.667424 np0000004943 nova-conductor[95878]: DEBUG oslo.service.backend._threading.loopingcall [None req-9690a1eb-fa0d-4550-8913-3f0769c73d51 None None] Dynamic interval looping call 'nova.service.Service.periodic_tasks' sleeping for 60.00 seconds {{(pid=95878) _run_loop /opt/stack/data/venv/lib/python3.12/site-packages/oslo_service/backend/_threading/loopingcall.py:125}}
Jul 10 03:18:56.684961 np0000004943 nova-conductor[95872]: DEBUG oslo.service.backend._threading.loopingcall [None req-022c9628-adce-407c-be97-5d7c2869a61e None None] Dynamic interval looping call 'nova.service.Service.periodic_tasks' sleeping for 60.00 seconds {{(pid=95872) _run_loop /opt/stack/data/venv/lib/python3.12/site-packages/oslo_service/backend/_threading/loopingcall.py:125}}
Jul 10 03:19:25.668192 np0000004943 nova-conductor[95867]: DEBUG oslo.service.backend._threading.loopingcall [None req-78e1f8f3-2657-4c78-98bf-f5ea6894a253 None None] Dynamic interval looping call 'nova.service.Service.periodic_tasks' sleeping for 60.00 seconds {{(pid=95867) _run_loop /opt/stack/data/venv/lib/python3.12/site-packages/oslo_service/backend/_threading/loopingcall.py:125}}
Jul 10 03:19:30.667991 np0000004943 nova-conductor[95878]: DEBUG oslo.service.backend._threading.loopingcall [None req-9690a1eb-fa0d-4550-8913-3f0769c73d51 None None] Dynamic interval looping call 'nova.service.Service.periodic_tasks' sleeping for 60.00 seconds {{(pid=95878) _run_loop /opt/stack/data/venv/lib/python3.12/site-packages/oslo_service/backend/_threading/loopingcall.py:125}}
Jul 10 03:19:56.685463 np0000004943 nova-conductor[95872]: DEBUG oslo.service.backend._threading.loopingcall [None req-022c9628-adce-407c-be97-5d7c2869a61e None None] Dynamic interval looping call 'nova.service.Service.periodic_tasks' sleeping for 60.00 seconds {{(pid=95872) _run_loop /opt/stack/data/venv/lib/python3.12/site-packages/oslo_service/backend/_threading/loopingcall.py:125}}
Jul 10 03:20:02.676495 np0000004943 nova-conductor[95867]: DEBUG oslo.service.backend._threading.loopingcall [-] Fixed interval looping call 'nova.servicegroup.drivers.db.DbDriver._report_state' sleeping for 119.99 seconds {{(pid=95867) _run_loop /opt/stack/data/venv/lib/python3.12/site-packages/oslo_service/backend/_threading/loopingcall.py:125}}
Jul 10 03:20:02.677159 np0000004943 nova-conductor[95878]: DEBUG oslo.service.backend._threading.loopingcall [-] Fixed interval looping call 'nova.servicegroup.drivers.db.DbDriver._report_state' sleeping for 119.99 seconds {{(pid=95878) _run_loop /opt/stack/data/venv/lib/python3.12/site-packages/oslo_service/backend/_threading/loopingcall.py:125}}
Jul 10 03:20:02.687936 np0000004943 nova-conductor[95872]: DEBUG oslo.service.backend._threading.loopingcall [-] Fixed interval looping call 'nova.servicegroup.drivers.db.DbDriver._report_state' sleeping for 119.99 seconds {{(pid=95872) _run_loop /opt/stack/data/venv/lib/python3.12/site-packages/oslo_service/backend/_threading/loopingcall.py:125}}
Jul 10 03:20:12.673652 np0000004943 nova-conductor[95867]: DEBUG dbcounter [-] [95867] Writing DB stats nova_cell0:SELECT=1,nova_cell0:UPDATE=1 {{(pid=95867) stat_writer /opt/stack/data/venv/lib/python3.12/site-packages/dbcounter.py:115}}
Jul 10 03:20:12.674147 np0000004943 nova-conductor[95878]: DEBUG dbcounter [-] [95878] Writing DB stats nova_cell0:SELECT=1,nova_cell0:UPDATE=1 {{(pid=95878) stat_writer /opt/stack/data/venv/lib/python3.12/site-packages/dbcounter.py:115}}
Jul 10 03:20:12.685097 np0000004943 nova-conductor[95872]: DEBUG dbcounter [-] [95872] Writing DB stats nova_cell0:SELECT=1 {{(pid=95872) stat_writer /opt/stack/data/venv/lib/python3.12/site-packages/dbcounter.py:115}}
Jul 10 03:20:19.018697 np0000004943 nova-conductor[95878]: DEBUG oslo_db.sqlalchemy.engines [None req-c7a21ea5-d3a2-4be5-a389-361c5900236c tempest-DeleteServersTestJSON-1240594486 tempest-DeleteServersTestJSON-1240594486-project-member] Parent process 94400 forked (95878) with an open database connection, which is being discarded and recreated. {{(pid=95878) checkout /opt/stack/data/venv/lib/python3.12/site-packages/oslo_db/sqlalchemy/engines.py:402}}
Jul 10 03:20:19.054463 np0000004943 nova-conductor[95878]: DEBUG dbcounter [-] [95878] Writer thread running {{(pid=95878) stat_writer /opt/stack/data/venv/lib/python3.12/site-packages/dbcounter.py:102}}
Jul 10 03:20:20.080698 np0000004943 nova-conductor[95878]: DEBUG nova.conductor.manager [None req-c7a21ea5-d3a2-4be5-a389-361c5900236c tempest-DeleteServersTestJSON-1240594486 tempest-DeleteServersTestJSON-1240594486-project-member] Took 1.02 seconds to select destinations for 1 instance(s). {{(pid=95878) _schedule_instances /opt/stack/nova/nova/conductor/manager.py:968}}
Jul 10 03:20:20.106909 np0000004943 nova-conductor[95878]: DEBUG oslo_concurrency.lockutils [None req-c7a21ea5-d3a2-4be5-a389-361c5900236c tempest-DeleteServersTestJSON-1240594486 tempest-DeleteServersTestJSON-1240594486-project-member] Acquiring lock "ddb32a3b-7a94-492b-a46f-224566a0ed27" by "nova.context.set_target_cell..get_or_set_cached_cell_and_set_connections" {{(pid=95878) inner /opt/stack/data/venv/lib/python3.12/site-packages/oslo_concurrency/lockutils.py:511}}
Jul 10 03:20:20.107230 np0000004943 nova-conductor[95878]: DEBUG oslo_concurrency.lockutils [None req-c7a21ea5-d3a2-4be5-a389-361c5900236c tempest-DeleteServersTestJSON-1240594486 tempest-DeleteServersTestJSON-1240594486-project-member] Lock "ddb32a3b-7a94-492b-a46f-224566a0ed27" acquired by "nova.context.set_target_cell..get_or_set_cached_cell_and_set_connections" :: waited 0.000s {{(pid=95878) inner /opt/stack/data/venv/lib/python3.12/site-packages/oslo_concurrency/lockutils.py:524}}
Jul 10 03:20:20.108714 np0000004943 nova-conductor[95878]: DEBUG oslo_concurrency.lockutils [None req-c7a21ea5-d3a2-4be5-a389-361c5900236c tempest-DeleteServersTestJSON-1240594486 tempest-DeleteServersTestJSON-1240594486-project-member] Lock "ddb32a3b-7a94-492b-a46f-224566a0ed27" "released" by "nova.context.set_target_cell..get_or_set_cached_cell_and_set_connections" :: held 0.001s {{(pid=95878) inner /opt/stack/data/venv/lib/python3.12/site-packages/oslo_concurrency/lockutils.py:543}}
Jul 10 03:20:20.110625 np0000004943 nova-conductor[95878]: INFO dbcounter [None req-c7a21ea5-d3a2-4be5-a389-361c5900236c tempest-DeleteServersTestJSON-1240594486 tempest-DeleteServersTestJSON-1240594486-project-member] Registered counter for database nova_cell1
Jul 10 03:20:20.142109 np0000004943 nova-conductor[95878]: DEBUG oslo_db.sqlalchemy.engines [None req-c7a21ea5-d3a2-4be5-a389-361c5900236c tempest-DeleteServersTestJSON-1240594486 tempest-DeleteServersTestJSON-1240594486-project-member] MySQL server mode set to STRICT_TRANS_TABLES,STRICT_ALL_TABLES,NO_ZERO_IN_DATE,NO_ZERO_DATE,ERROR_FOR_DIVISION_BY_ZERO,TRADITIONAL,NO_ENGINE_SUBSTITUTION {{(pid=95878) _check_effective_sql_mode /opt/stack/data/venv/lib/python3.12/site-packages/oslo_db/sqlalchemy/engines.py:325}}
Jul 10 03:20:20.149420 np0000004943 nova-conductor[95878]: DEBUG dbcounter [-] [95878] Writer thread running {{(pid=95878) stat_writer /opt/stack/data/venv/lib/python3.12/site-packages/dbcounter.py:102}}
Jul 10 03:20:20.219308 np0000004943 nova-conductor[95878]: INFO nova.utils [None req-c7a21ea5-d3a2-4be5-a389-361c5900236c tempest-DeleteServersTestJSON-1240594486 tempest-DeleteServersTestJSON-1240594486-project-member] The cell worker thread pool ForkProcess-3.cell_worker is initialized
Jul 10 03:20:20.219660 np0000004943 nova-conductor[95878]: DEBUG oslo_concurrency.lockutils [None req-c7a21ea5-d3a2-4be5-a389-361c5900236c tempest-DeleteServersTestJSON-1240594486 tempest-DeleteServersTestJSON-1240594486-project-member] Acquiring lock "00000000-0000-0000-0000-000000000000" by "nova.context.set_target_cell..get_or_set_cached_cell_and_set_connections" {{(pid=95878) inner /opt/stack/data/venv/lib/python3.12/site-packages/oslo_concurrency/lockutils.py:511}}
Jul 10 03:20:20.219884 np0000004943 nova-conductor[95878]: DEBUG oslo_concurrency.lockutils [None req-c7a21ea5-d3a2-4be5-a389-361c5900236c tempest-DeleteServersTestJSON-1240594486 tempest-DeleteServersTestJSON-1240594486-project-member] Lock "00000000-0000-0000-0000-000000000000" acquired by "nova.context.set_target_cell..get_or_set_cached_cell_and_set_connections" :: waited 0.000s {{(pid=95878) inner /opt/stack/data/venv/lib/python3.12/site-packages/oslo_concurrency/lockutils.py:524}}
Jul 10 03:20:20.220201 np0000004943 nova-conductor[95878]: DEBUG oslo_concurrency.lockutils [None req-c7a21ea5-d3a2-4be5-a389-361c5900236c tempest-DeleteServersTestJSON-1240594486 tempest-DeleteServersTestJSON-1240594486-project-member] Lock "00000000-0000-0000-0000-000000000000" "released" by "nova.context.set_target_cell..get_or_set_cached_cell_and_set_connections" :: held 0.000s {{(pid=95878) inner /opt/stack/data/venv/lib/python3.12/site-packages/oslo_concurrency/lockutils.py:543}}
Jul 10 03:20:20.220943 np0000004943 nova-conductor[95878]: DEBUG oslo_concurrency.lockutils [None req-c7a21ea5-d3a2-4be5-a389-361c5900236c tempest-DeleteServersTestJSON-1240594486 tempest-DeleteServersTestJSON-1240594486-project-member] Acquiring lock "ddb32a3b-7a94-492b-a46f-224566a0ed27" by "nova.context.set_target_cell..get_or_set_cached_cell_and_set_connections" {{(pid=95878) inner /opt/stack/data/venv/lib/python3.12/site-packages/oslo_concurrency/lockutils.py:511}}
Jul 10 03:20:20.221131 np0000004943 nova-conductor[95878]: DEBUG oslo_concurrency.lockutils [None req-c7a21ea5-d3a2-4be5-a389-361c5900236c tempest-DeleteServersTestJSON-1240594486 tempest-DeleteServersTestJSON-1240594486-project-member] Lock "ddb32a3b-7a94-492b-a46f-224566a0ed27" acquired by "nova.context.set_target_cell..get_or_set_cached_cell_and_set_connections" :: waited 0.000s {{(pid=95878) inner /opt/stack/data/venv/lib/python3.12/site-packages/oslo_concurrency/lockutils.py:524}}
Jul 10 03:20:20.221280 np0000004943 nova-conductor[95878]: DEBUG oslo_concurrency.lockutils [None req-c7a21ea5-d3a2-4be5-a389-361c5900236c tempest-DeleteServersTestJSON-1240594486 tempest-DeleteServersTestJSON-1240594486-project-member] Lock "ddb32a3b-7a94-492b-a46f-224566a0ed27" "released" by "nova.context.set_target_cell..get_or_set_cached_cell_and_set_connections" :: held 0.000s {{(pid=95878) inner /opt/stack/data/venv/lib/python3.12/site-packages/oslo_concurrency/lockutils.py:543}}
Jul 10 03:20:20.223457 np0000004943 nova-conductor[95878]: INFO dbcounter [None req-c7a21ea5-d3a2-4be5-a389-361c5900236c tempest-DeleteServersTestJSON-1240594486 tempest-DeleteServersTestJSON-1240594486-project-member] Registered counter for database nova_cell0
Jul 10 03:20:20.259700 np0000004943 nova-conductor[95878]: DEBUG oslo_db.sqlalchemy.engines [None req-c7a21ea5-d3a2-4be5-a389-361c5900236c tempest-DeleteServersTestJSON-1240594486 tempest-DeleteServersTestJSON-1240594486-project-member] MySQL server mode set to STRICT_TRANS_TABLES,STRICT_ALL_TABLES,NO_ZERO_IN_DATE,NO_ZERO_DATE,ERROR_FOR_DIVISION_BY_ZERO,TRADITIONAL,NO_ENGINE_SUBSTITUTION {{(pid=95878) _check_effective_sql_mode /opt/stack/data/venv/lib/python3.12/site-packages/oslo_db/sqlalchemy/engines.py:325}}
Jul 10 03:20:20.265225 np0000004943 nova-conductor[95878]: DEBUG dbcounter [-] [95878] Writer thread running {{(pid=95878) stat_writer /opt/stack/data/venv/lib/python3.12/site-packages/dbcounter.py:102}}
Jul 10 03:20:20.275590 np0000004943 nova-conductor[95878]: DEBUG nova.quota [None req-c7a21ea5-d3a2-4be5-a389-361c5900236c tempest-DeleteServersTestJSON-1240594486 tempest-DeleteServersTestJSON-1240594486-project-member] Getting quotas for project cdc643b2cb7f467ba59797127282b4bd. Resources: {'instances', 'cores', 'ram'} {{(pid=95878) _get_quotas /opt/stack/nova/nova/quota.py:389}}
Jul 10 03:20:20.279060 np0000004943 nova-conductor[95878]: DEBUG nova.quota [None req-c7a21ea5-d3a2-4be5-a389-361c5900236c tempest-DeleteServersTestJSON-1240594486 tempest-DeleteServersTestJSON-1240594486-project-member] Getting quotas for user 379b43beaef8430789117328cd6e7126 and project cdc643b2cb7f467ba59797127282b4bd. Resources: {'instances', 'cores', 'ram'} {{(pid=95878) _get_quotas /opt/stack/nova/nova/quota.py:379}}
Jul 10 03:20:20.284324 np0000004943 nova-conductor[95878]: DEBUG nova.conductor.manager [None req-c7a21ea5-d3a2-4be5-a389-361c5900236c tempest-DeleteServersTestJSON-1240594486 tempest-DeleteServersTestJSON-1240594486-project-member] [instance: ad7f9f08-fcac-4538-adb2-d2053e3089ed] Selected host: np0000004943; Selected node: np0000004943; Alternates: [] {{(pid=95878) schedule_and_build_instances /opt/stack/nova/nova/conductor/manager.py:1784}}
Jul 10 03:20:20.284889 np0000004943 nova-conductor[95878]: DEBUG oslo_concurrency.lockutils [None req-c7a21ea5-d3a2-4be5-a389-361c5900236c tempest-DeleteServersTestJSON-1240594486 tempest-DeleteServersTestJSON-1240594486-project-member] Acquiring lock "ddb32a3b-7a94-492b-a46f-224566a0ed27" by "nova.context.set_target_cell..get_or_set_cached_cell_and_set_connections" {{(pid=95878) inner /opt/stack/data/venv/lib/python3.12/site-packages/oslo_concurrency/lockutils.py:511}}
Jul 10 03:20:20.285123 np0000004943 nova-conductor[95878]: DEBUG oslo_concurrency.lockutils [None req-c7a21ea5-d3a2-4be5-a389-361c5900236c tempest-DeleteServersTestJSON-1240594486 tempest-DeleteServersTestJSON-1240594486-project-member] Lock "ddb32a3b-7a94-492b-a46f-224566a0ed27" acquired by "nova.context.set_target_cell..get_or_set_cached_cell_and_set_connections" :: waited 0.000s {{(pid=95878) inner /opt/stack/data/venv/lib/python3.12/site-packages/oslo_concurrency/lockutils.py:524}}
Jul 10 03:20:20.285320 np0000004943 nova-conductor[95878]: DEBUG oslo_concurrency.lockutils [None req-c7a21ea5-d3a2-4be5-a389-361c5900236c tempest-DeleteServersTestJSON-1240594486 tempest-DeleteServersTestJSON-1240594486-project-member] Lock "ddb32a3b-7a94-492b-a46f-224566a0ed27" "released" by "nova.context.set_target_cell..get_or_set_cached_cell_and_set_connections" :: held 0.000s {{(pid=95878) inner /opt/stack/data/venv/lib/python3.12/site-packages/oslo_concurrency/lockutils.py:543}}
Jul 10 03:20:20.292542 np0000004943 nova-conductor[95878]: DEBUG nova.conductor.manager [None req-c7a21ea5-d3a2-4be5-a389-361c5900236c tempest-DeleteServersTestJSON-1240594486 tempest-DeleteServersTestJSON-1240594486-project-member] [instance: ad7f9f08-fcac-4538-adb2-d2053e3089ed] block_device_mapping [BlockDeviceMapping(attachment_id=,boot_index=0,connection_info=None,created_at=,delete_on_termination=True,deleted=,deleted_at=,destination_type='local',device_name=None,device_type='disk',disk_bus=None,encrypted=False,encryption_format=None,encryption_options=None,encryption_secret_uuid=None,guest_format=None,id=,image_id='9c544725-5964-475b-a3ce-b81b82ebe740',instance=,instance_uuid=,no_device=False,snapshot_id=None,source_type='image',tag=None,updated_at=,uuid=,volume_id=None,volume_size=None,volume_type=None)] {{(pid=95878) _create_block_device_mapping /opt/stack/nova/nova/conductor/manager.py:1529}}
Jul 10 03:20:20.294281 np0000004943 nova-conductor[95878]: DEBUG oslo_concurrency.lockutils [None req-c7a21ea5-d3a2-4be5-a389-361c5900236c tempest-DeleteServersTestJSON-1240594486 tempest-DeleteServersTestJSON-1240594486-project-member] Acquiring lock "ddb32a3b-7a94-492b-a46f-224566a0ed27" by "nova.context.set_target_cell..get_or_set_cached_cell_and_set_connections" {{(pid=95878) inner /opt/stack/data/venv/lib/python3.12/site-packages/oslo_concurrency/lockutils.py:511}}
Jul 10 03:20:20.294501 np0000004943 nova-conductor[95878]: DEBUG oslo_concurrency.lockutils [None req-c7a21ea5-d3a2-4be5-a389-361c5900236c tempest-DeleteServersTestJSON-1240594486 tempest-DeleteServersTestJSON-1240594486-project-member] Lock "ddb32a3b-7a94-492b-a46f-224566a0ed27" acquired by "nova.context.set_target_cell..get_or_set_cached_cell_and_set_connections" :: waited 0.000s {{(pid=95878) inner /opt/stack/data/venv/lib/python3.12/site-packages/oslo_concurrency/lockutils.py:524}}
Jul 10 03:20:20.294709 np0000004943 nova-conductor[95878]: DEBUG oslo_concurrency.lockutils [None req-c7a21ea5-d3a2-4be5-a389-361c5900236c tempest-DeleteServersTestJSON-1240594486 tempest-DeleteServersTestJSON-1240594486-project-member] Lock "ddb32a3b-7a94-492b-a46f-224566a0ed27" "released" by "nova.context.set_target_cell..get_or_set_cached_cell_and_set_connections" :: held 0.000s {{(pid=95878) inner /opt/stack/data/venv/lib/python3.12/site-packages/oslo_concurrency/lockutils.py:543}}
Jul 10 03:20:20.330649 np0000004943 nova-conductor[95878]: DEBUG oslo_concurrency.lockutils [None req-c7a21ea5-d3a2-4be5-a389-361c5900236c tempest-DeleteServersTestJSON-1240594486 tempest-DeleteServersTestJSON-1240594486-project-member] Acquiring lock "ddb32a3b-7a94-492b-a46f-224566a0ed27" by "nova.context.set_target_cell..get_or_set_cached_cell_and_set_connections" {{(pid=95878) inner /opt/stack/data/venv/lib/python3.12/site-packages/oslo_concurrency/lockutils.py:511}}
Jul 10 03:20:20.330756 np0000004943 nova-conductor[95878]: DEBUG oslo_concurrency.lockutils [None req-c7a21ea5-d3a2-4be5-a389-361c5900236c tempest-DeleteServersTestJSON-1240594486 tempest-DeleteServersTestJSON-1240594486-project-member] Lock "ddb32a3b-7a94-492b-a46f-224566a0ed27" acquired by "nova.context.set_target_cell..get_or_set_cached_cell_and_set_connections" :: waited 0.000s {{(pid=95878) inner /opt/stack/data/venv/lib/python3.12/site-packages/oslo_concurrency/lockutils.py:524}}
Jul 10 03:20:20.331016 np0000004943 nova-conductor[95878]: DEBUG oslo_concurrency.lockutils [None req-c7a21ea5-d3a2-4be5-a389-361c5900236c tempest-DeleteServersTestJSON-1240594486 tempest-DeleteServersTestJSON-1240594486-project-member] Lock "ddb32a3b-7a94-492b-a46f-224566a0ed27" "released" by "nova.context.set_target_cell..get_or_set_cached_cell_and_set_connections" :: held 0.000s {{(pid=95878) inner /opt/stack/data/venv/lib/python3.12/site-packages/oslo_concurrency/lockutils.py:543}}
Jul 10 03:20:20.331233 np0000004943 nova-conductor[95878]: DEBUG oslo_concurrency.lockutils [None req-c7a21ea5-d3a2-4be5-a389-361c5900236c tempest-DeleteServersTestJSON-1240594486 tempest-DeleteServersTestJSON-1240594486-project-member] Acquiring lock "compute-rpcapi-router" {{(pid=95878) lock /opt/stack/data/venv/lib/python3.12/site-packages/oslo_concurrency/lockutils.py:395}}
Jul 10 03:20:20.331361 np0000004943 nova-conductor[95878]: DEBUG oslo_concurrency.lockutils [None req-c7a21ea5-d3a2-4be5-a389-361c5900236c tempest-DeleteServersTestJSON-1240594486 tempest-DeleteServersTestJSON-1240594486-project-member] Acquired lock "compute-rpcapi-router" {{(pid=95878) lock /opt/stack/data/venv/lib/python3.12/site-packages/oslo_concurrency/lockutils.py:398}}
Jul 10 03:20:20.332039 np0000004943 nova-conductor[95878]: DEBUG oslo_concurrency.lockutils [None req-1017e5d1-45b2-4685-b27d-7b76c77342db None None] Acquiring lock "00000000-0000-0000-0000-000000000000" by "nova.context.set_target_cell..get_or_set_cached_cell_and_set_connections" {{(pid=95878) inner /opt/stack/data/venv/lib/python3.12/site-packages/oslo_concurrency/lockutils.py:511}}
Jul 10 03:20:20.332267 np0000004943 nova-conductor[95878]: DEBUG oslo_concurrency.lockutils [None req-1017e5d1-45b2-4685-b27d-7b76c77342db None None] Lock "00000000-0000-0000-0000-000000000000" acquired by "nova.context.set_target_cell..get_or_set_cached_cell_and_set_connections" :: waited 0.000s {{(pid=95878) inner /opt/stack/data/venv/lib/python3.12/site-packages/oslo_concurrency/lockutils.py:524}}
Jul 10 03:20:20.332474 np0000004943 nova-conductor[95878]: DEBUG oslo_concurrency.lockutils [None req-1017e5d1-45b2-4685-b27d-7b76c77342db None None] Lock "00000000-0000-0000-0000-000000000000" "released" by "nova.context.set_target_cell..get_or_set_cached_cell_and_set_connections" :: held 0.000s {{(pid=95878) inner /opt/stack/data/venv/lib/python3.12/site-packages/oslo_concurrency/lockutils.py:543}}
Jul 10 03:20:20.333666 np0000004943 nova-conductor[95878]: DEBUG oslo_concurrency.lockutils [None req-1017e5d1-45b2-4685-b27d-7b76c77342db None None] Acquiring lock "ddb32a3b-7a94-492b-a46f-224566a0ed27" by "nova.context.set_target_cell..get_or_set_cached_cell_and_set_connections" {{(pid=95878) inner /opt/stack/data/venv/lib/python3.12/site-packages/oslo_concurrency/lockutils.py:511}}
Jul 10 03:20:20.333882 np0000004943 nova-conductor[95878]: DEBUG oslo_concurrency.lockutils [None req-1017e5d1-45b2-4685-b27d-7b76c77342db None None] Lock "ddb32a3b-7a94-492b-a46f-224566a0ed27" acquired by "nova.context.set_target_cell..get_or_set_cached_cell_and_set_connections" :: waited 0.000s {{(pid=95878) inner /opt/stack/data/venv/lib/python3.12/site-packages/oslo_concurrency/lockutils.py:524}}
Jul 10 03:20:20.334113 np0000004943 nova-conductor[95878]: DEBUG oslo_concurrency.lockutils [None req-1017e5d1-45b2-4685-b27d-7b76c77342db None None] Lock "ddb32a3b-7a94-492b-a46f-224566a0ed27" "released" by "nova.context.set_target_cell..get_or_set_cached_cell_and_set_connections" :: held 0.000s {{(pid=95878) inner /opt/stack/data/venv/lib/python3.12/site-packages/oslo_concurrency/lockutils.py:543}}
Jul 10 03:20:20.341693 np0000004943 nova-conductor[95878]: INFO nova.compute.rpcapi [None req-1017e5d1-45b2-4685-b27d-7b76c77342db None None] Automatically selected compute RPC version 6.5 from minimum service version 72
Jul 10 03:20:20.342117 np0000004943 nova-conductor[95878]: DEBUG oslo_concurrency.lockutils [None req-1017e5d1-45b2-4685-b27d-7b76c77342db None None] Releasing lock "compute-rpcapi-router" {{(pid=95878) lock /opt/stack/data/venv/lib/python3.12/site-packages/oslo_concurrency/lockutils.py:418}}
Jul 10 03:20:25.668773 np0000004943 nova-conductor[95867]: DEBUG oslo.service.backend._threading.loopingcall [None req-78e1f8f3-2657-4c78-98bf-f5ea6894a253 None None] Dynamic interval looping call 'nova.service.Service.periodic_tasks' sleeping for 60.00 seconds {{(pid=95867) _run_loop /opt/stack/data/venv/lib/python3.12/site-packages/oslo_service/backend/_threading/loopingcall.py:125}}
Jul 10 03:20:26.711504 np0000004943 nova-conductor[95867]: DEBUG dbcounter [-] [95867] Writer thread running {{(pid=95867) stat_writer /opt/stack/data/venv/lib/python3.12/site-packages/dbcounter.py:102}}
Jul 10 03:20:27.747349 np0000004943 nova-conductor[95867]: DEBUG nova.conductor.manager [None req-30cffd8d-4017-4613-a846-8be90aafd596 tempest-ServerActionsTestOtherA-1822515879 tempest-ServerActionsTestOtherA-1822515879-project-member] Took 1.03 seconds to select destinations for 1 instance(s). {{(pid=95867) _schedule_instances /opt/stack/nova/nova/conductor/manager.py:968}}
Jul 10 03:20:27.785406 np0000004943 nova-conductor[95867]: DEBUG oslo_concurrency.lockutils [None req-30cffd8d-4017-4613-a846-8be90aafd596 tempest-ServerActionsTestOtherA-1822515879 tempest-ServerActionsTestOtherA-1822515879-project-member] Acquiring lock "ddb32a3b-7a94-492b-a46f-224566a0ed27" by "nova.context.set_target_cell..get_or_set_cached_cell_and_set_connections" {{(pid=95867) inner /opt/stack/data/venv/lib/python3.12/site-packages/oslo_concurrency/lockutils.py:511}}
Jul 10 03:20:27.785406 np0000004943 nova-conductor[95867]: DEBUG oslo_concurrency.lockutils [None req-30cffd8d-4017-4613-a846-8be90aafd596 tempest-ServerActionsTestOtherA-1822515879 tempest-ServerActionsTestOtherA-1822515879-project-member] Lock "ddb32a3b-7a94-492b-a46f-224566a0ed27" acquired by "nova.context.set_target_cell..get_or_set_cached_cell_and_set_connections" :: waited 0.001s {{(pid=95867) inner /opt/stack/data/venv/lib/python3.12/site-packages/oslo_concurrency/lockutils.py:524}}
Jul 10 03:20:27.787294 np0000004943 nova-conductor[95867]: DEBUG oslo_concurrency.lockutils [None req-30cffd8d-4017-4613-a846-8be90aafd596 tempest-ServerActionsTestOtherA-1822515879 tempest-ServerActionsTestOtherA-1822515879-project-member] Lock "ddb32a3b-7a94-492b-a46f-224566a0ed27" "released" by "nova.context.set_target_cell..get_or_set_cached_cell_and_set_connections" :: held 0.002s {{(pid=95867) inner /opt/stack/data/venv/lib/python3.12/site-packages/oslo_concurrency/lockutils.py:543}}
Jul 10 03:20:27.791472 np0000004943 nova-conductor[95867]: INFO dbcounter [None req-30cffd8d-4017-4613-a846-8be90aafd596 tempest-ServerActionsTestOtherA-1822515879 tempest-ServerActionsTestOtherA-1822515879-project-member] Registered counter for database nova_cell1
Jul 10 03:20:27.837275 np0000004943 nova-conductor[95867]: DEBUG oslo_db.sqlalchemy.engines [None req-30cffd8d-4017-4613-a846-8be90aafd596 tempest-ServerActionsTestOtherA-1822515879 tempest-ServerActionsTestOtherA-1822515879-project-member] MySQL server mode set to STRICT_TRANS_TABLES,STRICT_ALL_TABLES,NO_ZERO_IN_DATE,NO_ZERO_DATE,ERROR_FOR_DIVISION_BY_ZERO,TRADITIONAL,NO_ENGINE_SUBSTITUTION {{(pid=95867) _check_effective_sql_mode /opt/stack/data/venv/lib/python3.12/site-packages/oslo_db/sqlalchemy/engines.py:325}}
Jul 10 03:20:27.849853 np0000004943 nova-conductor[95867]: DEBUG dbcounter [-] [95867] Writer thread running {{(pid=95867) stat_writer /opt/stack/data/venv/lib/python3.12/site-packages/dbcounter.py:102}}
Jul 10 03:20:27.921794 np0000004943 nova-conductor[95867]: INFO nova.utils [None req-30cffd8d-4017-4613-a846-8be90aafd596 tempest-ServerActionsTestOtherA-1822515879 tempest-ServerActionsTestOtherA-1822515879-project-member] The cell worker thread pool ForkProcess-1.cell_worker is initialized
Jul 10 03:20:27.922011 np0000004943 nova-conductor[95867]: DEBUG oslo_concurrency.lockutils [None req-30cffd8d-4017-4613-a846-8be90aafd596 tempest-ServerActionsTestOtherA-1822515879 tempest-ServerActionsTestOtherA-1822515879-project-member] Acquiring lock "00000000-0000-0000-0000-000000000000" by "nova.context.set_target_cell..get_or_set_cached_cell_and_set_connections" {{(pid=95867) inner /opt/stack/data/venv/lib/python3.12/site-packages/oslo_concurrency/lockutils.py:511}}
Jul 10 03:20:27.922170 np0000004943 nova-conductor[95867]: DEBUG oslo_concurrency.lockutils [None req-30cffd8d-4017-4613-a846-8be90aafd596 tempest-ServerActionsTestOtherA-1822515879 tempest-ServerActionsTestOtherA-1822515879-project-member] Lock "00000000-0000-0000-0000-000000000000" acquired by "nova.context.set_target_cell..get_or_set_cached_cell_and_set_connections" :: waited 0.000s {{(pid=95867) inner /opt/stack/data/venv/lib/python3.12/site-packages/oslo_concurrency/lockutils.py:524}}
Jul 10 03:20:27.922645 np0000004943 nova-conductor[95867]: DEBUG oslo_concurrency.lockutils [None req-30cffd8d-4017-4613-a846-8be90aafd596 tempest-ServerActionsTestOtherA-1822515879 tempest-ServerActionsTestOtherA-1822515879-project-member] Lock "00000000-0000-0000-0000-000000000000" "released" by "nova.context.set_target_cell..get_or_set_cached_cell_and_set_connections" :: held 0.000s {{(pid=95867) inner /opt/stack/data/venv/lib/python3.12/site-packages/oslo_concurrency/lockutils.py:543}}
Jul 10 03:20:27.923148 np0000004943 nova-conductor[95867]: DEBUG oslo_concurrency.lockutils [None req-30cffd8d-4017-4613-a846-8be90aafd596 tempest-ServerActionsTestOtherA-1822515879 tempest-ServerActionsTestOtherA-1822515879-project-member] Acquiring lock "ddb32a3b-7a94-492b-a46f-224566a0ed27" by "nova.context.set_target_cell..get_or_set_cached_cell_and_set_connections" {{(pid=95867) inner /opt/stack/data/venv/lib/python3.12/site-packages/oslo_concurrency/lockutils.py:511}}
Jul 10 03:20:27.923296 np0000004943 nova-conductor[95867]: DEBUG oslo_concurrency.lockutils [None req-30cffd8d-4017-4613-a846-8be90aafd596 tempest-ServerActionsTestOtherA-1822515879 tempest-ServerActionsTestOtherA-1822515879-project-member] Lock "ddb32a3b-7a94-492b-a46f-224566a0ed27" acquired by "nova.context.set_target_cell..get_or_set_cached_cell_and_set_connections" :: waited 0.000s {{(pid=95867) inner /opt/stack/data/venv/lib/python3.12/site-packages/oslo_concurrency/lockutils.py:524}}
Jul 10 03:20:27.924799 np0000004943 nova-conductor[95867]: INFO dbcounter [None req-30cffd8d-4017-4613-a846-8be90aafd596 tempest-ServerActionsTestOtherA-1822515879 tempest-ServerActionsTestOtherA-1822515879-project-member] Registered counter for database nova_cell0
Jul 10 03:20:27.926593 np0000004943 nova-conductor[95867]: DEBUG oslo_concurrency.lockutils [None req-30cffd8d-4017-4613-a846-8be90aafd596 tempest-ServerActionsTestOtherA-1822515879 tempest-ServerActionsTestOtherA-1822515879-project-member] Lock "ddb32a3b-7a94-492b-a46f-224566a0ed27" "released" by "nova.context.set_target_cell..get_or_set_cached_cell_and_set_connections" :: held 0.001s {{(pid=95867) inner /opt/stack/data/venv/lib/python3.12/site-packages/oslo_concurrency/lockutils.py:543}}
Jul 10 03:20:27.975062 np0000004943 nova-conductor[95867]: DEBUG oslo_db.sqlalchemy.engines [None req-30cffd8d-4017-4613-a846-8be90aafd596 tempest-ServerActionsTestOtherA-1822515879 tempest-ServerActionsTestOtherA-1822515879-project-member] MySQL server mode set to STRICT_TRANS_TABLES,STRICT_ALL_TABLES,NO_ZERO_IN_DATE,NO_ZERO_DATE,ERROR_FOR_DIVISION_BY_ZERO,TRADITIONAL,NO_ENGINE_SUBSTITUTION {{(pid=95867) _check_effective_sql_mode /opt/stack/data/venv/lib/python3.12/site-packages/oslo_db/sqlalchemy/engines.py:325}}
Jul 10 03:20:27.980591 np0000004943 nova-conductor[95867]: DEBUG dbcounter [-] [95867] Writer thread running {{(pid=95867) stat_writer /opt/stack/data/venv/lib/python3.12/site-packages/dbcounter.py:102}}
Jul 10 03:20:27.990541 np0000004943 nova-conductor[95867]: DEBUG nova.quota [None req-30cffd8d-4017-4613-a846-8be90aafd596 tempest-ServerActionsTestOtherA-1822515879 tempest-ServerActionsTestOtherA-1822515879-project-member] Getting quotas for project d070564d5e9440e49d859c82fd5d2823. Resources: {'instances', 'cores', 'ram'} {{(pid=95867) _get_quotas /opt/stack/nova/nova/quota.py:389}}
Jul 10 03:20:27.995043 np0000004943 nova-conductor[95867]: DEBUG nova.quota [None req-30cffd8d-4017-4613-a846-8be90aafd596 tempest-ServerActionsTestOtherA-1822515879 tempest-ServerActionsTestOtherA-1822515879-project-member] Getting quotas for user 00238f75b9904ef0bc53045cf353e8d3 and project d070564d5e9440e49d859c82fd5d2823. Resources: {'instances', 'cores', 'ram'} {{(pid=95867) _get_quotas /opt/stack/nova/nova/quota.py:379}}
Jul 10 03:20:28.001553 np0000004943 nova-conductor[95867]: DEBUG nova.conductor.manager [None req-30cffd8d-4017-4613-a846-8be90aafd596 tempest-ServerActionsTestOtherA-1822515879 tempest-ServerActionsTestOtherA-1822515879-project-member] [instance: bc6890f0-52eb-4a0f-aa5a-fbf5f33c4e21] Selected host: np0000004943; Selected node: np0000004943; Alternates: [] {{(pid=95867) schedule_and_build_instances /opt/stack/nova/nova/conductor/manager.py:1784}}
Jul 10 03:20:28.002113 np0000004943 nova-conductor[95867]: DEBUG oslo_concurrency.lockutils [None req-30cffd8d-4017-4613-a846-8be90aafd596 tempest-ServerActionsTestOtherA-1822515879 tempest-ServerActionsTestOtherA-1822515879-project-member] Acquiring lock "ddb32a3b-7a94-492b-a46f-224566a0ed27" by "nova.context.set_target_cell..get_or_set_cached_cell_and_set_connections" {{(pid=95867) inner /opt/stack/data/venv/lib/python3.12/site-packages/oslo_concurrency/lockutils.py:511}}
Jul 10 03:20:28.002305 np0000004943 nova-conductor[95867]: DEBUG oslo_concurrency.lockutils [None req-30cffd8d-4017-4613-a846-8be90aafd596 tempest-ServerActionsTestOtherA-1822515879 tempest-ServerActionsTestOtherA-1822515879-project-member] Lock "ddb32a3b-7a94-492b-a46f-224566a0ed27" acquired by "nova.context.set_target_cell..get_or_set_cached_cell_and_set_connections" :: waited 0.000s {{(pid=95867) inner /opt/stack/data/venv/lib/python3.12/site-packages/oslo_concurrency/lockutils.py:524}}
