Jul 15 13:18:08.333586 np0000005195 devstack@g-api.service[102923]: DEBUG glance_store.capabilities [-] Store glance_store._drivers.swift.store.SingleTenantStore doesn't support updating dynamic storage capabilities. Please overwrite 'update_capabilities' method of the store to implement updating logics if needed. {{(pid=102923) update_capabilities /opt/stack/data/venv/lib/python3.12/site-packages/glance_store/capabilities.py:91}}
Jul 15 13:18:08.333586 np0000005195 devstack@g-api.service[102923]: DEBUG glance_store.backend [-] Registering store swift with schemes ('swift+https', 'swift', 'swift+http', 'swift+config') {{(pid=102923) create_stores /opt/stack/data/venv/lib/python3.12/site-packages/glance_store/backend.py:261}}
Jul 15 13:18:08.333685 np0000005195 devstack@g-api.service[102923]: DEBUG glance_store.driver [-] Late loading location class glance_store._drivers.swift.store.StoreLocation {{(pid=102923) get_store_location_class /opt/stack/data/venv/lib/python3.12/site-packages/glance_store/driver.py:134}}
Jul 15 13:18:08.333802 np0000005195 devstack@g-api.service[102923]: DEBUG glance_store.location [-] Registering scheme swift+https with {'store': , 'location_class': , 'store_entry': 'swift'} {{(pid=102923) register_scheme_map /opt/stack/data/venv/lib/python3.12/site-packages/glance_store/location.py:146}}
Jul 15 13:18:08.333802 np0000005195 devstack@g-api.service[102923]: DEBUG glance_store.location [-] Registering scheme swift with {'store': , 'location_class': , 'store_entry': 'swift'} {{(pid=102923) register_scheme_map /opt/stack/data/venv/lib/python3.12/site-packages/glance_store/location.py:146}}
Jul 15 13:18:08.333802 np0000005195 devstack@g-api.service[102923]: DEBUG glance_store.location [-] Registering scheme swift+http with {'store': , 'location_class': , 'store_entry': 'swift'} {{(pid=102923) register_scheme_map /opt/stack/data/venv/lib/python3.12/site-packages/glance_store/location.py:146}}
Jul 15 13:18:08.333921 np0000005195 devstack@g-api.service[102923]: DEBUG glance_store.location [-] Registering scheme swift+config with {'store': , 'location_class': , 'store_entry': 'swift'} {{(pid=102923) register_scheme_map /opt/stack/data/venv/lib/python3.12/site-packages/glance_store/location.py:146}}
Jul 15 13:18:08.333983 np0000005195 devstack@g-api.service[102923]: DEBUG glance_store.backend [-] Attempting to import store swift {{(pid=102923) _load_store /opt/stack/data/venv/lib/python3.12/site-packages/glance_store/backend.py:215}}
Jul 15 13:18:08.335052 np0000005195 devstack@g-api.service[102923]: DEBUG glance_store.capabilities [-] Store glance_store._drivers.swift.store.SingleTenantStore doesn't support updating dynamic storage capabilities. Please overwrite 'update_capabilities' method of the store to implement updating logics if needed. {{(pid=102923) update_capabilities /opt/stack/data/venv/lib/python3.12/site-packages/glance_store/capabilities.py:91}}
Jul 15 13:18:08.335118 np0000005195 devstack@g-api.service[102923]: DEBUG glance_store.driver [-] Late loading location class glance_store._drivers.swift.store.StoreLocation {{(pid=102923) get_store_location_class /opt/stack/data/venv/lib/python3.12/site-packages/glance_store/driver.py:134}}
Jul 15 13:18:08.335156 np0000005195 devstack@g-api.service[102923]: DEBUG glance_store.location [-] Registering scheme swift+https with {'store': , 'location_class': , 'store_entry': 'swift'} {{(pid=102923) register_scheme_map /opt/stack/data/venv/lib/python3.12/site-packages/glance_store/location.py:146}}
Jul 15 13:18:08.335209 np0000005195 devstack@g-api.service[102923]: DEBUG glance_store.location [-] Registering scheme swift+https with {'store': , 'location_class': , 'store_entry': 'swift'} {{(pid=102923) register_scheme_map /opt/stack/data/venv/lib/python3.12/site-packages/glance_store/location.py:146}}
Jul 15 13:18:08.335258 np0000005195 devstack@g-api.service[102923]: DEBUG glance_store.location [-] Registering scheme swift with {'store': , 'location_class': , 'store_entry': 'swift'} {{(pid=102923) register_scheme_map /opt/stack/data/venv/lib/python3.12/site-packages/glance_store/location.py:146}}
Jul 15 13:18:08.335374 np0000005195 devstack@g-api.service[102923]: DEBUG glance_store.location [-] Registering scheme swift+https with {'store': , 'location_class': , 'store_entry': 'swift'} {{(pid=102923) register_scheme_map /opt/stack/data/venv/lib/python3.12/site-packages/glance_store/location.py:146}}
Jul 15 13:18:08.335374 np0000005195 devstack@g-api.service[102923]: DEBUG glance_store.location [-] Registering scheme swift with {'store': , 'location_class': , 'store_entry': 'swift'} {{(pid=102923) register_scheme_map /opt/stack/data/venv/lib/python3.12/site-packages/glance_store/location.py:146}}
Jul 15 13:18:08.335499 np0000005195 devstack@g-api.service[102923]: DEBUG glance_store.location [-] Registering scheme swift+http with {'store': , 'location_class': , 'store_entry': 'swift'} {{(pid=102923) register_scheme_map /opt/stack/data/venv/lib/python3.12/site-packages/glance_store/location.py:146}}
Jul 15 13:18:08.335499 np0000005195 devstack@g-api.service[102923]: DEBUG glance_store.location [-] Registering scheme swift+https with {'store': , 'location_class': , 'store_entry': 'swift'} {{(pid=102923) register_scheme_map /opt/stack/data/venv/lib/python3.12/site-packages/glance_store/location.py:146}}
Jul 15 13:18:08.335499 np0000005195 devstack@g-api.service[102923]: DEBUG glance_store.location [-] Registering scheme swift with {'store': , 'location_class': , 'store_entry': 'swift'} {{(pid=102923) register_scheme_map /opt/stack/data/venv/lib/python3.12/site-packages/glance_store/location.py:146}}
Jul 15 13:18:08.335676 np0000005195 devstack@g-api.service[102923]: DEBUG glance_store.location [-] Registering scheme swift+http with {'store': , 'location_class': , 'store_entry': 'swift'} {{(pid=102923) register_scheme_map /opt/stack/data/venv/lib/python3.12/site-packages/glance_store/location.py:146}}
Jul 15 13:18:08.335676 np0000005195 devstack@g-api.service[102923]: DEBUG glance_store.location [-] Registering scheme swift+config with {'store': , 'location_class': , 'store_entry': 'swift'} {{(pid=102923) register_scheme_map /opt/stack/data/venv/lib/python3.12/site-packages/glance_store/location.py:146}}
Jul 15 13:18:08.335888 np0000005195 devstack@g-api.service[102923]: DEBUG glance.sqlite_migration [-] SQLite caching database not located, skipping migration {{(pid=102923) get_db_path /opt/stack/glance/glance/sqlite_migration.py:68}}
Jul 15 13:18:08.336125 np0000005195 devstack@g-api.service[102923]: WARNING glance.common.wsgi_app [-] Import methods are enabled but staging directory /tmp/staging/ does not exist; Imports will fail!
Jul 15 13:18:08.419286 np0000005195 devstack@g-api.service[102924]: DEBUG glance_store.backend [-] Attempting to import store cinder {{(pid=102924) _load_store /opt/stack/data/venv/lib/python3.12/site-packages/glance_store/backend.py:215}}
Jul 15 13:18:08.419439 np0000005195 devstack@g-api.service[102924]: DEBUG glance_store.backend [-] Attempting to import store file {{(pid=102924) _load_store /opt/stack/data/venv/lib/python3.12/site-packages/glance_store/backend.py:215}}
Jul 15 13:18:08.419594 np0000005195 devstack@g-api.service[102924]: DEBUG glance_store.backend [-] Attempting to import store glance.store.cinder.Store {{(pid=102924) _load_store /opt/stack/data/venv/lib/python3.12/site-packages/glance_store/backend.py:215}}
Jul 15 13:18:08.419714 np0000005195 devstack@g-api.service[102924]: DEBUG glance_store.backend [-] Attempting to import store glance.store.filesystem.Store {{(pid=102924) _load_store /opt/stack/data/venv/lib/python3.12/site-packages/glance_store/backend.py:215}}
Jul 15 13:18:08.419848 np0000005195 devstack@g-api.service[102924]: DEBUG glance_store.backend [-] Attempting to import store glance.store.http.Store {{(pid=102924) _load_store /opt/stack/data/venv/lib/python3.12/site-packages/glance_store/backend.py:215}}
Jul 15 13:18:08.420002 np0000005195 devstack@g-api.service[102924]: DEBUG glance_store.backend [-] Attempting to import store glance.store.rbd.Store {{(pid=102924) _load_store /opt/stack/data/venv/lib/python3.12/site-packages/glance_store/backend.py:215}}
Jul 15 13:18:08.420127 np0000005195 devstack@g-api.service[102924]: DEBUG glance_store.backend [-] Attempting to import store glance.store.s3.Store {{(pid=102924) _load_store /opt/stack/data/venv/lib/python3.12/site-packages/glance_store/backend.py:215}}
Jul 15 13:18:08.420253 np0000005195 devstack@g-api.service[102924]: DEBUG glance_store.backend [-] Attempting to import store glance.store.swift.Store {{(pid=102924) _load_store /opt/stack/data/venv/lib/python3.12/site-packages/glance_store/backend.py:215}}
Jul 15 13:18:08.420379 np0000005195 devstack@g-api.service[102924]: DEBUG glance_store.backend [-] Attempting to import store glance.store.vmware_datastore.Store {{(pid=102924) _load_store /opt/stack/data/venv/lib/python3.12/site-packages/glance_store/backend.py:215}}
Jul 15 13:18:08.420501 np0000005195 devstack@g-api.service[102924]: DEBUG glance_store.backend [-] Attempting to import store http {{(pid=102924) _load_store /opt/stack/data/venv/lib/python3.12/site-packages/glance_store/backend.py:215}}
Jul 15 13:18:08.420618 np0000005195 devstack@g-api.service[102924]: DEBUG glance_store.backend [-] Attempting to import store no_conf {{(pid=102924) _load_store /opt/stack/data/venv/lib/python3.12/site-packages/glance_store/backend.py:215}}
Jul 15 13:18:08.420739 np0000005195 devstack@g-api.service[102924]: DEBUG glance_store.backend [-] Attempting to import store rbd {{(pid=102924) _load_store /opt/stack/data/venv/lib/python3.12/site-packages/glance_store/backend.py:215}}
Jul 15 13:18:08.420858 np0000005195 devstack@g-api.service[102924]: DEBUG glance_store.backend [-] Attempting to import store s3 {{(pid=102924) _load_store /opt/stack/data/venv/lib/python3.12/site-packages/glance_store/backend.py:215}}
Jul 15 13:18:08.420996 np0000005195 devstack@g-api.service[102924]: DEBUG glance_store.backend [-] Attempting to import store swift {{(pid=102924) _load_store /opt/stack/data/venv/lib/python3.12/site-packages/glance_store/backend.py:215}}
Jul 15 13:18:08.421109 np0000005195 devstack@g-api.service[102924]: DEBUG glance_store.backend [-] Attempting to import store vmware {{(pid=102924) _load_store /opt/stack/data/venv/lib/python3.12/site-packages/glance_store/backend.py:215}}
Jul 15 13:18:08.421237 np0000005195 devstack@g-api.service[102924]: DEBUG glance_store.backend [-] Registering options for group glance_store {{(pid=102924) register_opts /opt/stack/data/venv/lib/python3.12/site-packages/glance_store/backend.py:144}}
Jul 15 13:18:08.421449 np0000005195 devstack@g-api.service[102924]: DEBUG glance_store.backend [-] Registering options for group glance_store {{(pid=102924) register_opts /opt/stack/data/venv/lib/python3.12/site-packages/glance_store/backend.py:144}}
Jul 15 13:18:08.421942 np0000005195 devstack@g-api.service[102924]: WARNING oslo_config.cfg [-] Deprecated: Option "stores" from group "glance_store" is deprecated for removal (
Jul 15 13:18:08.421942 np0000005195 devstack@g-api.service[102924]: This option is deprecated against new config option
Jul 15 13:18:08.421942 np0000005195 devstack@g-api.service[102924]: ``enabled_backends`` which helps to configure multiple backend stores
Jul 15 13:18:08.421942 np0000005195 devstack@g-api.service[102924]: of different schemes.
Jul 15 13:18:08.421942 np0000005195 devstack@g-api.service[102924]: This option is scheduled for removal in the U development
Jul 15 13:18:08.421942 np0000005195 devstack@g-api.service[102924]: cycle.
Jul 15 13:18:08.421942 np0000005195 devstack@g-api.service[102924]: ). Its value may be silently ignored in the future.
Jul 15 13:18:08.422201 np0000005195 devstack@g-api.service[102924]: DEBUG glance_store.backend [-] Attempting to import store file {{(pid=102924) _load_store /opt/stack/data/venv/lib/python3.12/site-packages/glance_store/backend.py:215}}
Jul 15 13:18:08.422699 np0000005195 devstack@g-api.service[102924]: DEBUG glance_store.capabilities [-] Store glance_store._drivers.filesystem.Store doesn't support updating dynamic storage capabilities. Please overwrite 'update_capabilities' method of the store to implement updating logics if needed. {{(pid=102924) update_capabilities /opt/stack/data/venv/lib/python3.12/site-packages/glance_store/capabilities.py:91}}
Jul 15 13:18:08.422769 np0000005195 devstack@g-api.service[102924]: DEBUG glance_store.backend [-] Registering store file with schemes ('file', 'filesystem') {{(pid=102924) create_stores /opt/stack/data/venv/lib/python3.12/site-packages/glance_store/backend.py:261}}
Jul 15 13:18:08.422872 np0000005195 devstack@g-api.service[102924]: DEBUG glance_store.driver [-] Late loading location class glance_store._drivers.filesystem.StoreLocation {{(pid=102924) get_store_location_class /opt/stack/data/venv/lib/python3.12/site-packages/glance_store/driver.py:134}}
Jul 15 13:18:08.423029 np0000005195 devstack@g-api.service[102924]: DEBUG glance_store.location [-] Registering scheme file with {'store': , 'location_class': , 'store_entry': 'file'} {{(pid=102924) register_scheme_map /opt/stack/data/venv/lib/python3.12/site-packages/glance_store/location.py:146}}
Jul 15 13:18:08.423124 np0000005195 devstack@g-api.service[102924]: DEBUG glance_store.location [-] Registering scheme filesystem with {'store': , 'location_class': , 'store_entry': 'file'} {{(pid=102924) register_scheme_map /opt/stack/data/venv/lib/python3.12/site-packages/glance_store/location.py:146}}
Jul 15 13:18:08.423204 np0000005195 devstack@g-api.service[102924]: DEBUG glance_store.backend [-] Attempting to import store http {{(pid=102924) _load_store /opt/stack/data/venv/lib/python3.12/site-packages/glance_store/backend.py:215}}
Jul 15 13:18:08.423453 np0000005195 devstack@g-api.service[102924]: DEBUG glance_store.capabilities [-] Store glance_store._drivers.http.Store doesn't support updating dynamic storage capabilities. Please overwrite 'update_capabilities' method of the store to implement updating logics if needed. {{(pid=102924) update_capabilities /opt/stack/data/venv/lib/python3.12/site-packages/glance_store/capabilities.py:91}}
Jul 15 13:18:08.423547 np0000005195 devstack@g-api.service[102924]: DEBUG glance_store.backend [-] Registering store http with schemes ('http', 'https') {{(pid=102924) create_stores /opt/stack/data/venv/lib/python3.12/site-packages/glance_store/backend.py:261}}
Jul 15 13:18:08.423644 np0000005195 devstack@g-api.service[102924]: DEBUG glance_store.driver [-] Late loading location class glance_store._drivers.http.StoreLocation {{(pid=102924) get_store_location_class /opt/stack/data/venv/lib/python3.12/site-packages/glance_store/driver.py:134}}
Jul 15 13:18:08.423729 np0000005195 devstack@g-api.service[102924]: DEBUG glance_store.location [-] Registering scheme http with {'store': , 'location_class': , 'store_entry': 'http'} {{(pid=102924) register_scheme_map /opt/stack/data/venv/lib/python3.12/site-packages/glance_store/location.py:146}}
Jul 15 13:18:08.423814 np0000005195 devstack@g-api.service[102924]: DEBUG glance_store.location [-] Registering scheme https with {'store': , 'location_class': , 'store_entry': 'http'} {{(pid=102924) register_scheme_map /opt/stack/data/venv/lib/python3.12/site-packages/glance_store/location.py:146}}
Jul 15 13:18:08.423897 np0000005195 devstack@g-api.service[102924]: DEBUG glance_store.backend [-] Attempting to import store swift {{(pid=102924) _load_store /opt/stack/data/venv/lib/python3.12/site-packages/glance_store/backend.py:215}}
Jul 15 13:18:08.424161 np0000005195 devstack@g-api.service[102924]: WARNING oslo_config.cfg [-] Deprecated: Option "default_store" from group "glance_store" is deprecated for removal (
Jul 15 13:18:08.424161 np0000005195 devstack@g-api.service[102924]: This option is deprecated against new config option
Jul 15 13:18:08.424161 np0000005195 devstack@g-api.service[102924]: ``default_backend`` which acts similar to ``default_store`` config
Jul 15 13:18:08.424161 np0000005195 devstack@g-api.service[102924]: option.
Jul 15 13:18:08.424161 np0000005195 devstack@g-api.service[102924]: This option is scheduled for removal in the U development
Jul 15 13:18:08.424161 np0000005195 devstack@g-api.service[102924]: cycle.
Jul 15 13:18:08.424161 np0000005195 devstack@g-api.service[102924]: ). Its value may be silently ignored in the future.
Jul 15 13:18:08.425565 np0000005195 devstack@g-api.service[102924]: DEBUG glance_store.capabilities [-] Store glance_store._drivers.swift.store.SingleTenantStore doesn't support updating dynamic storage capabilities. Please overwrite 'update_capabilities' method of the store to implement updating logics if needed. {{(pid=102924) update_capabilities /opt/stack/data/venv/lib/python3.12/site-packages/glance_store/capabilities.py:91}}
Jul 15 13:18:08.425645 np0000005195 devstack@g-api.service[102924]: DEBUG glance_store.backend [-] Registering store swift with schemes ('swift+https', 'swift', 'swift+http', 'swift+config') {{(pid=102924) create_stores /opt/stack/data/venv/lib/python3.12/site-packages/glance_store/backend.py:261}}
Jul 15 13:18:08.425749 np0000005195 devstack@g-api.service[102924]: DEBUG glance_store.driver [-] Late loading location class glance_store._drivers.swift.store.StoreLocation {{(pid=102924) get_store_location_class /opt/stack/data/venv/lib/python3.12/site-packages/glance_store/driver.py:134}}
Jul 15 13:18:08.425827 np0000005195 devstack@g-api.service[102924]: DEBUG glance_store.location [-] Registering scheme swift+https with {'store': , 'location_class': , 'store_entry': 'swift'} {{(pid=102924) register_scheme_map /opt/stack/data/venv/lib/python3.12/site-packages/glance_store/location.py:146}}
Jul 15 13:18:08.425929 np0000005195 devstack@g-api.service[102924]: DEBUG glance_store.location [-] Registering scheme swift with {'store': , 'location_class': , 'store_entry': 'swift'} {{(pid=102924) register_scheme_map /opt/stack/data/venv/lib/python3.12/site-packages/glance_store/location.py:146}}
Jul 15 13:18:08.426052 np0000005195 devstack@g-api.service[102924]: DEBUG glance_store.location [-] Registering scheme swift+http with {'store': , 'location_class': , 'store_entry': 'swift'} {{(pid=102924) register_scheme_map /opt/stack/data/venv/lib/python3.12/site-packages/glance_store/location.py:146}}
Jul 15 13:18:08.426130 np0000005195 devstack@g-api.service[102924]: DEBUG glance_store.location [-] Registering scheme swift+config with {'store': , 'location_class': , 'store_entry': 'swift'} {{(pid=102924) register_scheme_map /opt/stack/data/venv/lib/python3.12/site-packages/glance_store/location.py:146}}
Jul 15 13:18:08.426276 np0000005195 devstack@g-api.service[102924]: DEBUG glance_store.backend [-] Attempting to import store swift {{(pid=102924) _load_store /opt/stack/data/venv/lib/python3.12/site-packages/glance_store/backend.py:215}}
Jul 15 13:18:08.427449 np0000005195 devstack@g-api.service[102924]: DEBUG glance_store.capabilities [-] Store glance_store._drivers.swift.store.SingleTenantStore doesn't support updating dynamic storage capabilities. Please overwrite 'update_capabilities' method of the store to implement updating logics if needed. {{(pid=102924) update_capabilities /opt/stack/data/venv/lib/python3.12/site-packages/glance_store/capabilities.py:91}}
Jul 15 13:18:08.427527 np0000005195 devstack@g-api.service[102924]: DEBUG glance_store.driver [-] Late loading location class glance_store._drivers.swift.store.StoreLocation {{(pid=102924) get_store_location_class /opt/stack/data/venv/lib/python3.12/site-packages/glance_store/driver.py:134}}
Jul 15 13:18:08.427621 np0000005195 devstack@g-api.service[102924]: DEBUG glance_store.location [-] Registering scheme swift+https with {'store': , 'location_class': , 'store_entry': 'swift'} {{(pid=102924) register_scheme_map /opt/stack/data/venv/lib/python3.12/site-packages/glance_store/location.py:146}}
Jul 15 13:18:08.427712 np0000005195 devstack@g-api.service[102924]: DEBUG glance_store.location [-] Registering scheme swift+https with {'store': , 'location_class': , 'store_entry': 'swift'} {{(pid=102924) register_scheme_map /opt/stack/data/venv/lib/python3.12/site-packages/glance_store/location.py:146}}
Jul 15 13:18:08.427798 np0000005195 devstack@g-api.service[102924]: DEBUG glance_store.location [-] Registering scheme swift with {'store': , 'location_class': , 'store_entry': 'swift'} {{(pid=102924) register_scheme_map /opt/stack/data/venv/lib/python3.12/site-packages/glance_store/location.py:146}}
Jul 15 13:18:08.427890 np0000005195 devstack@g-api.service[102924]: DEBUG glance_store.location [-] Registering scheme swift+https with {'store': , 'location_class': , 'store_entry': 'swift'} {{(pid=102924) register_scheme_map /opt/stack/data/venv/lib/python3.12/site-packages/glance_store/location.py:146}}
Jul 15 13:18:08.428018 np0000005195 devstack@g-api.service[102924]: DEBUG glance_store.location [-] Registering scheme swift with {'store': , 'location_class': , 'store_entry': 'swift'} {{(pid=102924) register_scheme_map /opt/stack/data/venv/lib/python3.12/site-packages/glance_store/location.py:146}}
Jul 15 13:18:08.428107 np0000005195 devstack@g-api.service[102924]: DEBUG glance_store.location [-] Registering scheme swift+http with {'store': , 'location_class': , 'store_entry': 'swift'} {{(pid=102924) register_scheme_map /opt/stack/data/venv/lib/python3.12/site-packages/glance_store/location.py:146}}
Jul 15 13:18:08.428204 np0000005195 devstack@g-api.service[102924]: DEBUG glance_store.location [-] Registering scheme swift+https with {'store': , 'location_class': , 'store_entry': 'swift'} {{(pid=102924) register_scheme_map /opt/stack/data/venv/lib/python3.12/site-packages/glance_store/location.py:146}}
Jul 15 13:18:08.428278 np0000005195 devstack@g-api.service[102924]: DEBUG glance_store.location [-] Registering scheme swift with {'store': , 'location_class': , 'store_entry': 'swift'} {{(pid=102924) register_scheme_map /opt/stack/data/venv/lib/python3.12/site-packages/glance_store/location.py:146}}
Jul 15 13:18:08.428368 np0000005195 devstack@g-api.service[102925]: DEBUG glance.common.config [None req-c7abe5ac-7ff3-4a04-aa7a-457719d3dc67 None None] Loading glance-api-keystone+cachemanagement from /etc/glance/glance-api-paste.ini {{(pid=102925) load_paste_app /opt/stack/glance/glance/common/config.py:765}}
Jul 15 13:18:08.428434 np0000005195 devstack@g-api.service[102924]: DEBUG glance_store.location [-] Registering scheme swift+http with {'store': , 'location_class': , 'store_entry': 'swift'} {{(pid=102924) register_scheme_map /opt/stack/data/venv/lib/python3.12/site-packages/glance_store/location.py:146}}
Jul 15 13:18:08.428434 np0000005195 devstack@g-api.service[102924]: DEBUG glance_store.location [-] Registering scheme swift+config with {'store': , 'location_class': , 'store_entry': 'swift'} {{(pid=102924) register_scheme_map /opt/stack/data/venv/lib/python3.12/site-packages/glance_store/location.py:146}}
Jul 15 13:18:08.428793 np0000005195 devstack@g-api.service[102924]: DEBUG glance.sqlite_migration [-] SQLite caching database not located, skipping migration {{(pid=102924) get_db_path /opt/stack/glance/glance/sqlite_migration.py:68}}
Jul 15 13:18:08.429077 np0000005195 devstack@g-api.service[102924]: WARNING glance.common.wsgi_app [-] Import methods are enabled but staging directory /tmp/staging/ does not exist; Imports will fail!
Jul 15 13:18:08.468249 np0000005195 devstack@g-api.service[102923]: DEBUG glance.common.config [None req-5d5eef50-9f57-484d-a830-845052595f56 None None] Loading glance-api-keystone+cachemanagement from /etc/glance/glance-api-paste.ini {{(pid=102923) load_paste_app /opt/stack/glance/glance/common/config.py:765}}
Jul 15 13:18:08.472671 np0000005195 devstack@g-api.service[102922]: DEBUG glance.common.config [None req-e0d70944-4c37-4d6b-b2ef-63b5bdd70caf None None] Loading glance-api-keystone+cachemanagement from /etc/glance/glance-api-paste.ini {{(pid=102922) load_paste_app /opt/stack/glance/glance/common/config.py:765}}
Jul 15 13:18:08.596531 np0000005195 devstack@g-api.service[102924]: DEBUG glance.common.config [None req-aea68727-bab8-471d-8083-5d086d55ea78 None None] Loading glance-api-keystone+cachemanagement from /etc/glance/glance-api-paste.ini {{(pid=102924) load_paste_app /opt/stack/glance/glance/common/config.py:765}}
Jul 15 13:18:09.037881 np0000005195 devstack@g-api.service[102925]: INFO glance.image_cache [None req-c7abe5ac-7ff3-4a04-aa7a-457719d3dc67 None None] Image cache loaded driver 'centralized_db'.
Jul 15 13:18:09.039777 np0000005195 devstack@g-api.service[102923]: INFO glance.image_cache [None req-5d5eef50-9f57-484d-a830-845052595f56 None None] Image cache loaded driver 'centralized_db'.
Jul 15 13:18:09.075588 np0000005195 devstack@g-api.service[102922]: INFO glance.image_cache [None req-e0d70944-4c37-4d6b-b2ef-63b5bdd70caf None None] Image cache loaded driver 'centralized_db'.
Jul 15 13:18:09.083782 np0000005195 devstack@g-api.service[102925]: INFO dbcounter [None req-c7abe5ac-7ff3-4a04-aa7a-457719d3dc67 None None] Registered counter for database glance
Jul 15 13:18:09.085594 np0000005195 devstack@g-api.service[102923]: INFO dbcounter [None req-5d5eef50-9f57-484d-a830-845052595f56 None None] Registered counter for database glance
Jul 15 13:18:09.123891 np0000005195 devstack@g-api.service[102922]: INFO dbcounter [None req-e0d70944-4c37-4d6b-b2ef-63b5bdd70caf None None] Registered counter for database glance
Jul 15 13:18:09.126217 np0000005195 devstack@g-api.service[102923]: DEBUG oslo_db.sqlalchemy.engines [None req-5d5eef50-9f57-484d-a830-845052595f56 None None] MySQL server mode set to STRICT_TRANS_TABLES,STRICT_ALL_TABLES,NO_ZERO_IN_DATE,NO_ZERO_DATE,ERROR_FOR_DIVISION_BY_ZERO,TRADITIONAL,NO_ENGINE_SUBSTITUTION {{(pid=102923) _check_effective_sql_mode /opt/stack/data/venv/lib/python3.12/site-packages/oslo_db/sqlalchemy/engines.py:325}}
Jul 15 13:18:09.129121 np0000005195 devstack@g-api.service[102925]: DEBUG oslo_db.sqlalchemy.engines [None req-c7abe5ac-7ff3-4a04-aa7a-457719d3dc67 None None] MySQL server mode set to STRICT_TRANS_TABLES,STRICT_ALL_TABLES,NO_ZERO_IN_DATE,NO_ZERO_DATE,ERROR_FOR_DIVISION_BY_ZERO,TRADITIONAL,NO_ENGINE_SUBSTITUTION {{(pid=102925) _check_effective_sql_mode /opt/stack/data/venv/lib/python3.12/site-packages/oslo_db/sqlalchemy/engines.py:325}}
Jul 15 13:18:09.147424 np0000005195 devstack@g-api.service[102923]: DEBUG dbcounter [-] [102923] Writer thread running {{(pid=102923) stat_writer /opt/stack/data/venv/lib/python3.12/site-packages/dbcounter.py:102}}
Jul 15 13:18:09.149762 np0000005195 devstack@g-api.service[102925]: DEBUG dbcounter [-] [102925] Writer thread running {{(pid=102925) stat_writer /opt/stack/data/venv/lib/python3.12/site-packages/dbcounter.py:102}}
Jul 15 13:18:09.154246 np0000005195 devstack@g-api.service[102925]: DEBUG glance.image_cache.drivers.centralized_db [None req-c7abe5ac-7ff3-4a04-aa7a-457719d3dc67 None None] Node reference is already recorded, ignoring it {{(pid=102925) configure /opt/stack/glance/glance/image_cache/drivers/centralized_db.py:71}}
Jul 15 13:18:09.175589 np0000005195 devstack@g-api.service[102922]: DEBUG oslo_db.sqlalchemy.engines [None req-e0d70944-4c37-4d6b-b2ef-63b5bdd70caf None None] MySQL server mode set to STRICT_TRANS_TABLES,STRICT_ALL_TABLES,NO_ZERO_IN_DATE,NO_ZERO_DATE,ERROR_FOR_DIVISION_BY_ZERO,TRADITIONAL,NO_ENGINE_SUBSTITUTION {{(pid=102922) _check_effective_sql_mode /opt/stack/data/venv/lib/python3.12/site-packages/oslo_db/sqlalchemy/engines.py:325}}
Jul 15 13:18:09.199947 np0000005195 devstack@g-api.service[102922]: DEBUG dbcounter [-] [102922] Writer thread running {{(pid=102922) stat_writer /opt/stack/data/venv/lib/python3.12/site-packages/dbcounter.py:102}}
Jul 15 13:18:09.201001 np0000005195 devstack@g-api.service[102924]: INFO glance.image_cache [None req-aea68727-bab8-471d-8083-5d086d55ea78 None None] Image cache loaded driver 'centralized_db'.
Jul 15 13:18:09.203105 np0000005195 devstack@g-api.service[102922]: DEBUG glance.image_cache.drivers.centralized_db [None req-e0d70944-4c37-4d6b-b2ef-63b5bdd70caf None None] Node reference is already recorded, ignoring it {{(pid=102922) configure /opt/stack/glance/glance/image_cache/drivers/centralized_db.py:71}}
Jul 15 13:18:09.250623 np0000005195 devstack@g-api.service[102924]: INFO dbcounter [None req-aea68727-bab8-471d-8083-5d086d55ea78 None None] Registered counter for database glance
Jul 15 13:18:09.254919 np0000005195 devstack@g-api.service[102923]: INFO glance.image_cache [None req-5d5eef50-9f57-484d-a830-845052595f56 None None] Image cache loaded driver 'centralized_db'.
Jul 15 13:18:09.255718 np0000005195 devstack@g-api.service[102925]: INFO glance.image_cache [None req-c7abe5ac-7ff3-4a04-aa7a-457719d3dc67 None None] Image cache loaded driver 'centralized_db'.
Jul 15 13:18:09.262418 np0000005195 devstack@g-api.service[102923]: DEBUG glance.image_cache.drivers.centralized_db [None req-5d5eef50-9f57-484d-a830-845052595f56 None None] Node reference is already recorded, ignoring it {{(pid=102923) configure /opt/stack/glance/glance/image_cache/drivers/centralized_db.py:71}}
Jul 15 13:18:09.262708 np0000005195 devstack@g-api.service[102925]: DEBUG glance.image_cache.drivers.centralized_db [None req-c7abe5ac-7ff3-4a04-aa7a-457719d3dc67 None None] Node reference is already recorded, ignoring it {{(pid=102925) configure /opt/stack/glance/glance/image_cache/drivers/centralized_db.py:71}}
Jul 15 13:18:09.267530 np0000005195 devstack@g-api.service[102925]: DEBUG glance.api.v2.cached_images [None req-c7abe5ac-7ff3-4a04-aa7a-457719d3dc67 None None] Started cache worker thread {{(pid=102925) __init__ /opt/stack/glance/glance/api/v2/cached_images.py:71}}
Jul 15 13:18:09.268288 np0000005195 devstack@g-api.service[102925]: INFO glance.image_cache [None req-c7abe5ac-7ff3-4a04-aa7a-457719d3dc67 None None] Image cache loaded driver 'centralized_db'.
Jul 15 13:18:09.269452 np0000005195 devstack@g-api.service[102923]: DEBUG glance.api.v2.cached_images [None req-5d5eef50-9f57-484d-a830-845052595f56 None None] Started cache worker thread {{(pid=102923) __init__ /opt/stack/glance/glance/api/v2/cached_images.py:71}}
Jul 15 13:18:09.270464 np0000005195 devstack@g-api.service[102923]: INFO glance.image_cache [None req-5d5eef50-9f57-484d-a830-845052595f56 None None] Image cache loaded driver 'centralized_db'.
Jul 15 13:18:09.275229 np0000005195 devstack@g-api.service[102925]: DEBUG glance.image_cache.drivers.centralized_db [None req-c7abe5ac-7ff3-4a04-aa7a-457719d3dc67 None None] Node reference is already recorded, ignoring it {{(pid=102925) configure /opt/stack/glance/glance/image_cache/drivers/centralized_db.py:71}}
Jul 15 13:18:09.280787 np0000005195 devstack@g-api.service[102925]: INFO glance.api.middleware.cache_manage [None req-c7abe5ac-7ff3-4a04-aa7a-457719d3dc67 None None] Initialized image cache management middleware
Jul 15 13:18:09.280944 np0000005195 devstack@g-api.service[102925]: INFO glance.image_cache [None req-c7abe5ac-7ff3-4a04-aa7a-457719d3dc67 None None] Image cache loaded driver 'centralized_db'.
Jul 15 13:18:09.281891 np0000005195 devstack@g-api.service[102923]: DEBUG glance.image_cache.drivers.centralized_db [None req-5d5eef50-9f57-484d-a830-845052595f56 None None] Node reference is already recorded, ignoring it {{(pid=102923) configure /opt/stack/glance/glance/image_cache/drivers/centralized_db.py:71}}
Jul 15 13:18:09.287553 np0000005195 devstack@g-api.service[102923]: INFO glance.api.middleware.cache_manage [None req-5d5eef50-9f57-484d-a830-845052595f56 None None] Initialized image cache management middleware
Jul 15 13:18:09.287771 np0000005195 devstack@g-api.service[102923]: INFO glance.image_cache [None req-5d5eef50-9f57-484d-a830-845052595f56 None None] Image cache loaded driver 'centralized_db'.
Jul 15 13:18:09.288436 np0000005195 devstack@g-api.service[102925]: DEBUG glance.image_cache.drivers.centralized_db [None req-c7abe5ac-7ff3-4a04-aa7a-457719d3dc67 None None] Node reference is already recorded, ignoring it {{(pid=102925) configure /opt/stack/glance/glance/image_cache/drivers/centralized_db.py:71}}
Jul 15 13:18:09.293789 np0000005195 devstack@g-api.service[102925]: INFO glance.api.middleware.cache [None req-c7abe5ac-7ff3-4a04-aa7a-457719d3dc67 None None] Initialized image cache middleware
Jul 15 13:18:09.294976 np0000005195 devstack@g-api.service[102923]: DEBUG glance.image_cache.drivers.centralized_db [None req-5d5eef50-9f57-484d-a830-845052595f56 None None] Node reference is already recorded, ignoring it {{(pid=102923) configure /opt/stack/glance/glance/image_cache/drivers/centralized_db.py:71}}
Jul 15 13:18:09.300502 np0000005195 devstack@g-api.service[102923]: INFO glance.api.middleware.cache [None req-5d5eef50-9f57-484d-a830-845052595f56 None None] Initialized image cache middleware
Jul 15 13:18:09.305566 np0000005195 devstack@g-api.service[102925]: DEBUG glance.common.config [None req-c7abe5ac-7ff3-4a04-aa7a-457719d3dc67 None None] ******************************************************************************** {{(pid=102925) log_opt_values /opt/stack/data/venv/lib/python3.12/site-packages/oslo_config/cfg.py:3226}}
Jul 15 13:18:09.305731 np0000005195 devstack@g-api.service[102925]: DEBUG glance.common.config [None req-c7abe5ac-7ff3-4a04-aa7a-457719d3dc67 None None] Configuration options gathered from: {{(pid=102925) log_opt_values /opt/stack/data/venv/lib/python3.12/site-packages/oslo_config/cfg.py:3227}}
Jul 15 13:18:09.306052 np0000005195 devstack@g-api.service[102925]: DEBUG glance.common.config [None req-c7abe5ac-7ff3-4a04-aa7a-457719d3dc67 None None] command line args: [] {{(pid=102925) log_opt_values /opt/stack/data/venv/lib/python3.12/site-packages/oslo_config/cfg.py:3228}}
Jul 15 13:18:09.306184 np0000005195 devstack@g-api.service[102924]: DEBUG oslo_db.sqlalchemy.engines [None req-aea68727-bab8-471d-8083-5d086d55ea78 None None] MySQL server mode set to STRICT_TRANS_TABLES,STRICT_ALL_TABLES,NO_ZERO_IN_DATE,NO_ZERO_DATE,ERROR_FOR_DIVISION_BY_ZERO,TRADITIONAL,NO_ENGINE_SUBSTITUTION {{(pid=102924) _check_effective_sql_mode /opt/stack/data/venv/lib/python3.12/site-packages/oslo_db/sqlalchemy/engines.py:325}}
Jul 15 13:18:09.306293 np0000005195 devstack@g-api.service[102925]: DEBUG glance.common.config [None req-c7abe5ac-7ff3-4a04-aa7a-457719d3dc67 None None] config files: ['/etc/glance/glance-image-import.conf', '/etc/glance/glance-api.conf'] {{(pid=102925) log_opt_values /opt/stack/data/venv/lib/python3.12/site-packages/oslo_config/cfg.py:3229}}
Jul 15 13:18:09.306293 np0000005195 devstack@g-api.service[102925]: DEBUG glance.common.config [None req-c7abe5ac-7ff3-4a04-aa7a-457719d3dc67 None None] ================================================================================ {{(pid=102925) log_opt_values /opt/stack/data/venv/lib/python3.12/site-packages/oslo_config/cfg.py:3234}}
Jul 15 13:18:09.306408 np0000005195 devstack@g-api.service[102925]: DEBUG glance.common.config [None req-c7abe5ac-7ff3-4a04-aa7a-457719d3dc67 None None] allow_anonymous_access = False {{(pid=102925) log_opt_values /opt/stack/data/venv/lib/python3.12/site-packages/oslo_config/cfg.py:3242}}
Jul 15 13:18:09.306472 np0000005195 devstack@g-api.service[102925]: DEBUG glance.common.config [None req-c7abe5ac-7ff3-4a04-aa7a-457719d3dc67 None None] api_limit_max = 1000 {{(pid=102925) log_opt_values /opt/stack/data/venv/lib/python3.12/site-packages/oslo_config/cfg.py:3242}}
Jul 15 13:18:09.306567 np0000005195 devstack@g-api.service[102925]: DEBUG glance.common.config [None req-c7abe5ac-7ff3-4a04-aa7a-457719d3dc67 None None] config_dir = [] {{(pid=102925) log_opt_values /opt/stack/data/venv/lib/python3.12/site-packages/oslo_config/cfg.py:3242}}
Jul 15 13:18:09.306626 np0000005195 devstack@g-api.service[102925]: DEBUG glance.common.config [None req-c7abe5ac-7ff3-4a04-aa7a-457719d3dc67 None None] config_file = ['/etc/glance/glance-image-import.conf', '/etc/glance/glance-api.conf'] {{(pid=102925) log_opt_values /opt/stack/data/venv/lib/python3.12/site-packages/oslo_config/cfg.py:3242}}
Jul 15 13:18:09.306726 np0000005195 devstack@g-api.service[102925]: DEBUG glance.common.config [None req-c7abe5ac-7ff3-4a04-aa7a-457719d3dc67 None None] config_source = [] {{(pid=102925) log_opt_values /opt/stack/data/venv/lib/python3.12/site-packages/oslo_config/cfg.py:3242}}
Jul 15 13:18:09.306816 np0000005195 devstack@g-api.service[102925]: DEBUG glance.common.config [None req-c7abe5ac-7ff3-4a04-aa7a-457719d3dc67 None None] control_exchange = glance {{(pid=102925) log_opt_values /opt/stack/data/venv/lib/python3.12/site-packages/oslo_config/cfg.py:3242}}
Jul 15 13:18:09.306898 np0000005195 devstack@g-api.service[102925]: DEBUG glance.common.config [None req-c7abe5ac-7ff3-4a04-aa7a-457719d3dc67 None None] debug = True {{(pid=102925) log_opt_values /opt/stack/data/venv/lib/python3.12/site-packages/oslo_config/cfg.py:3242}}
Jul 15 13:18:09.307126 np0000005195 devstack@g-api.service[102925]: DEBUG glance.common.config [None req-c7abe5ac-7ff3-4a04-aa7a-457719d3dc67 None None] default_log_levels = ['amqp=WARN', 'boto=WARN', 'sqlalchemy=WARN', 'suds=INFO', 'oslo.messaging=INFO', 'oslo_messaging=INFO', 'iso8601=WARN', 'requests.packages.urllib3.connectionpool=WARN', 'urllib3.connectionpool=WARN', 'websocket=WARN', 'requests.packages.urllib3.util.retry=WARN', 'urllib3.util.retry=WARN', 'keystonemiddleware=WARN', 'routes.middleware=WARN', 'stevedore=WARN', 'taskflow=WARN', 'keystoneauth=WARN', 'oslo.cache=INFO', 'oslo_policy=INFO', 'dogpile.core.dogpile=INFO'] {{(pid=102925) log_opt_values /opt/stack/data/venv/lib/python3.12/site-packages/oslo_config/cfg.py:3242}}
Jul 15 13:18:09.307257 np0000005195 devstack@g-api.service[102925]: DEBUG glance.common.config [None req-c7abe5ac-7ff3-4a04-aa7a-457719d3dc67 None None] default_publisher_id = image.localhost {{(pid=102925) log_opt_values /opt/stack/data/venv/lib/python3.12/site-packages/oslo_config/cfg.py:3242}}
Jul 15 13:18:09.307335 np0000005195 devstack@g-api.service[102925]: DEBUG glance.common.config [None req-c7abe5ac-7ff3-4a04-aa7a-457719d3dc67 None None] delayed_delete = False {{(pid=102925) log_opt_values /opt/stack/data/venv/lib/python3.12/site-packages/oslo_config/cfg.py:3242}}
Jul 15 13:18:09.307429 np0000005195 devstack@g-api.service[102925]: DEBUG glance.common.config [None req-c7abe5ac-7ff3-4a04-aa7a-457719d3dc67 None None] digest_algorithm = sha256 {{(pid=102925) log_opt_values /opt/stack/data/venv/lib/python3.12/site-packages/oslo_config/cfg.py:3242}}
Jul 15 13:18:09.307518 np0000005195 devstack@g-api.service[102925]: DEBUG glance.common.config [None req-c7abe5ac-7ff3-4a04-aa7a-457719d3dc67 None None] disabled_notifications = [] {{(pid=102925) log_opt_values /opt/stack/data/venv/lib/python3.12/site-packages/oslo_config/cfg.py:3242}}
Jul 15 13:18:09.307605 np0000005195 devstack@g-api.service[102925]: DEBUG glance.common.config [None req-c7abe5ac-7ff3-4a04-aa7a-457719d3dc67 None None] do_secure_hash = True {{(pid=102925) log_opt_values /opt/stack/data/venv/lib/python3.12/site-packages/oslo_config/cfg.py:3242}}
Jul 15 13:18:09.307693 np0000005195 devstack@g-api.service[102925]: DEBUG glance.common.config [None req-c7abe5ac-7ff3-4a04-aa7a-457719d3dc67 None None] enabled_backends = None {{(pid=102925) log_opt_values /opt/stack/data/venv/lib/python3.12/site-packages/oslo_config/cfg.py:3242}}
Jul 15 13:18:09.307798 np0000005195 devstack@g-api.service[102925]: DEBUG glance.common.config [None req-c7abe5ac-7ff3-4a04-aa7a-457719d3dc67 None None] enabled_import_methods = ['glance-direct', 'web-download', 'copy-image'] {{(pid=102925) log_opt_values /opt/stack/data/venv/lib/python3.12/site-packages/oslo_config/cfg.py:3242}}
Jul 15 13:18:09.307889 np0000005195 devstack@g-api.service[102925]: DEBUG glance.common.config [None req-c7abe5ac-7ff3-4a04-aa7a-457719d3dc67 None None] fatal_deprecations = False {{(pid=102925) log_opt_values /opt/stack/data/venv/lib/python3.12/site-packages/oslo_config/cfg.py:3242}}
Jul 15 13:18:09.308038 np0000005195 devstack@g-api.service[102925]: DEBUG glance.common.config [None req-c7abe5ac-7ff3-4a04-aa7a-457719d3dc67 None None] hashing_algorithm = sha512 {{(pid=102925) log_opt_values /opt/stack/data/venv/lib/python3.12/site-packages/oslo_config/cfg.py:3242}}
Jul 15 13:18:09.308145 np0000005195 devstack@g-api.service[102925]: DEBUG glance.common.config [None req-c7abe5ac-7ff3-4a04-aa7a-457719d3dc67 None None] http_retries = 3 {{(pid=102925) log_opt_values /opt/stack/data/venv/lib/python3.12/site-packages/oslo_config/cfg.py:3242}}
Jul 15 13:18:09.308264 np0000005195 devstack@g-api.service[102925]: DEBUG glance.common.config [None req-c7abe5ac-7ff3-4a04-aa7a-457719d3dc67 None None] image_cache_dir = /opt/stack/data/glance/cache/ {{(pid=102925) log_opt_values /opt/stack/data/venv/lib/python3.12/site-packages/oslo_config/cfg.py:3242}}
Jul 15 13:18:09.308365 np0000005195 devstack@g-api.service[102925]: DEBUG glance.common.config [None req-c7abe5ac-7ff3-4a04-aa7a-457719d3dc67 None None] image_cache_driver = centralized_db {{(pid=102925) log_opt_values /opt/stack/data/venv/lib/python3.12/site-packages/oslo_config/cfg.py:3242}}
Jul 15 13:18:09.308496 np0000005195 devstack@g-api.service[102925]: DEBUG glance.common.config [None req-c7abe5ac-7ff3-4a04-aa7a-457719d3dc67 None None] image_cache_max_size = 10737418240 {{(pid=102925) log_opt_values /opt/stack/data/venv/lib/python3.12/site-packages/oslo_config/cfg.py:3242}}
Jul 15 13:18:09.308605 np0000005195 devstack@g-api.service[102925]: DEBUG glance.common.config [None req-c7abe5ac-7ff3-4a04-aa7a-457719d3dc67 None None] image_cache_sqlite_db = cache.db {{(pid=102925) log_opt_values /opt/stack/data/venv/lib/python3.12/site-packages/oslo_config/cfg.py:3242}}
Jul 15 13:18:09.308699 np0000005195 devstack@g-api.service[102925]: DEBUG glance.common.config [None req-c7abe5ac-7ff3-4a04-aa7a-457719d3dc67 None None] image_cache_stall_time = 86400 {{(pid=102925) log_opt_values /opt/stack/data/venv/lib/python3.12/site-packages/oslo_config/cfg.py:3242}}
Jul 15 13:18:09.308808 np0000005195 devstack@g-api.service[102925]: DEBUG glance.common.config [None req-c7abe5ac-7ff3-4a04-aa7a-457719d3dc67 None None] image_location_quota = 10 {{(pid=102925) log_opt_values /opt/stack/data/venv/lib/python3.12/site-packages/oslo_config/cfg.py:3242}}
Jul 15 13:18:09.308901 np0000005195 devstack@g-api.service[102925]: DEBUG glance.common.config [None req-c7abe5ac-7ff3-4a04-aa7a-457719d3dc67 None None] image_member_quota = 128 {{(pid=102925) log_opt_values /opt/stack/data/venv/lib/python3.12/site-packages/oslo_config/cfg.py:3242}}
Jul 15 13:18:09.309046 np0000005195 devstack@g-api.service[102925]: DEBUG glance.common.config [None req-c7abe5ac-7ff3-4a04-aa7a-457719d3dc67 None None] image_property_quota = 128 {{(pid=102925) log_opt_values /opt/stack/data/venv/lib/python3.12/site-packages/oslo_config/cfg.py:3242}}
Jul 15 13:18:09.309156 np0000005195 devstack@g-api.service[102925]: DEBUG glance.common.config [None req-c7abe5ac-7ff3-4a04-aa7a-457719d3dc67 None None] image_size_cap = 1099511627776 {{(pid=102925) log_opt_values /opt/stack/data/venv/lib/python3.12/site-packages/oslo_config/cfg.py:3242}}
Jul 15 13:18:09.309257 np0000005195 devstack@g-api.service[102925]: DEBUG glance.common.config [None req-c7abe5ac-7ff3-4a04-aa7a-457719d3dc67 None None] image_tag_quota = 128 {{(pid=102925) log_opt_values /opt/stack/data/venv/lib/python3.12/site-packages/oslo_config/cfg.py:3242}}
Jul 15 13:18:09.309356 np0000005195 devstack@g-api.service[102925]: DEBUG glance.common.config [None req-c7abe5ac-7ff3-4a04-aa7a-457719d3dc67 None None] instance_format = [instance: %(uuid)s] {{(pid=102925) log_opt_values /opt/stack/data/venv/lib/python3.12/site-packages/oslo_config/cfg.py:3242}}
Jul 15 13:18:09.309453 np0000005195 devstack@g-api.service[102925]: DEBUG glance.common.config [None req-c7abe5ac-7ff3-4a04-aa7a-457719d3dc67 None None] instance_uuid_format = [instance: %(uuid)s] {{(pid=102925) log_opt_values /opt/stack/data/venv/lib/python3.12/site-packages/oslo_config/cfg.py:3242}}
Jul 15 13:18:09.309537 np0000005195 devstack@g-api.service[102925]: DEBUG glance.common.config [None req-c7abe5ac-7ff3-4a04-aa7a-457719d3dc67 None None] limit_param_default = 25 {{(pid=102925) log_opt_values /opt/stack/data/venv/lib/python3.12/site-packages/oslo_config/cfg.py:3242}}
Jul 15 13:18:09.309631 np0000005195 devstack@g-api.service[102925]: DEBUG glance.common.config [None req-c7abe5ac-7ff3-4a04-aa7a-457719d3dc67 None None] log_color = False {{(pid=102925) log_opt_values /opt/stack/data/venv/lib/python3.12/site-packages/oslo_config/cfg.py:3242}}
Jul 15 13:18:09.309732 np0000005195 devstack@g-api.service[102925]: DEBUG glance.common.config [None req-c7abe5ac-7ff3-4a04-aa7a-457719d3dc67 None None] log_config_append = None {{(pid=102925) log_opt_values /opt/stack/data/venv/lib/python3.12/site-packages/oslo_config/cfg.py:3242}}
Jul 15 13:18:09.309821 np0000005195 devstack@g-api.service[102925]: DEBUG glance.common.config [None req-c7abe5ac-7ff3-4a04-aa7a-457719d3dc67 None None] log_date_format = %Y-%m-%d %H:%M:%S {{(pid=102925) log_opt_values /opt/stack/data/venv/lib/python3.12/site-packages/oslo_config/cfg.py:3242}}
Jul 15 13:18:09.309941 np0000005195 devstack@g-api.service[102925]: DEBUG glance.common.config [None req-c7abe5ac-7ff3-4a04-aa7a-457719d3dc67 None None] log_dir = None {{(pid=102925) log_opt_values /opt/stack/data/venv/lib/python3.12/site-packages/oslo_config/cfg.py:3242}}
Jul 15 13:18:09.310051 np0000005195 devstack@g-api.service[102925]: DEBUG glance.common.config [None req-c7abe5ac-7ff3-4a04-aa7a-457719d3dc67 None None] log_file = None {{(pid=102925) log_opt_values /opt/stack/data/venv/lib/python3.12/site-packages/oslo_config/cfg.py:3242}}
Jul 15 13:18:09.310158 np0000005195 devstack@g-api.service[102925]: DEBUG glance.common.config [None req-c7abe5ac-7ff3-4a04-aa7a-457719d3dc67 None None] log_rotate_interval = 1 {{(pid=102925) log_opt_values /opt/stack/data/venv/lib/python3.12/site-packages/oslo_config/cfg.py:3242}}
Jul 15 13:18:09.310271 np0000005195 devstack@g-api.service[102925]: DEBUG glance.common.config [None req-c7abe5ac-7ff3-4a04-aa7a-457719d3dc67 None None] log_rotate_interval_type = days {{(pid=102925) log_opt_values /opt/stack/data/venv/lib/python3.12/site-packages/oslo_config/cfg.py:3242}}
Jul 15 13:18:09.310383 np0000005195 devstack@g-api.service[102925]: DEBUG glance.common.config [None req-c7abe5ac-7ff3-4a04-aa7a-457719d3dc67 None None] log_rotation_type = none {{(pid=102925) log_opt_values /opt/stack/data/venv/lib/python3.12/site-packages/oslo_config/cfg.py:3242}}
Jul 15 13:18:09.310451 np0000005195 devstack@g-api.service[102925]: DEBUG glance.common.config [None req-c7abe5ac-7ff3-4a04-aa7a-457719d3dc67 None None] logging_context_format_string = %(color)s%(levelname)s %(name)s [%(global_request_id)s %(request_id)s %(project_name)s %(user_name)s%(color)s] %(instance)s%(color)s%(message)s {{(pid=102925) log_opt_values /opt/stack/data/venv/lib/python3.12/site-packages/oslo_config/cfg.py:3242}}
Jul 15 13:18:09.310514 np0000005195 devstack@g-api.service[102925]: DEBUG glance.common.config [None req-c7abe5ac-7ff3-4a04-aa7a-457719d3dc67 None None] logging_debug_format_suffix = {{(pid=%(process)d) %(funcName)s %(pathname)s:%(lineno)d}} {{(pid=102925) log_opt_values /opt/stack/data/venv/lib/python3.12/site-packages/oslo_config/cfg.py:3242}}
Jul 15 13:18:09.310646 np0000005195 devstack@g-api.service[102925]: DEBUG glance.common.config [None req-c7abe5ac-7ff3-4a04-aa7a-457719d3dc67 None None] logging_default_format_string = %(color)s%(levelname)s %(name)s [-%(color)s] %(instance)s%(color)s%(message)s {{(pid=102925) log_opt_values /opt/stack/data/venv/lib/python3.12/site-packages/oslo_config/cfg.py:3242}}
Jul 15 13:18:09.310784 np0000005195 devstack@g-api.service[102925]: DEBUG glance.common.config [None req-c7abe5ac-7ff3-4a04-aa7a-457719d3dc67 None None] logging_exception_prefix = ERROR %(name)s %(instance)s {{(pid=102925) log_opt_values /opt/stack/data/venv/lib/python3.12/site-packages/oslo_config/cfg.py:3242}}
Jul 15 13:18:09.310863 np0000005195 devstack@g-api.service[102925]: DEBUG glance.common.config [None req-c7abe5ac-7ff3-4a04-aa7a-457719d3dc67 None None] logging_user_identity_format = %(user)s %(project)s %(domain)s %(system_scope)s %(user_domain)s %(project_domain)s {{(pid=102925) log_opt_values /opt/stack/data/venv/lib/python3.12/site-packages/oslo_config/cfg.py:3242}}
Jul 15 13:18:09.311001 np0000005195 devstack@g-api.service[102925]: DEBUG glance.common.config [None req-c7abe5ac-7ff3-4a04-aa7a-457719d3dc67 None None] max_logfile_count = 30 {{(pid=102925) log_opt_values /opt/stack/data/venv/lib/python3.12/site-packages/oslo_config/cfg.py:3242}}
Jul 15 13:18:09.311091 np0000005195 devstack@g-api.service[102925]: DEBUG glance.common.config [None req-c7abe5ac-7ff3-4a04-aa7a-457719d3dc67 None None] max_logfile_size_mb = 200 {{(pid=102925) log_opt_values /opt/stack/data/venv/lib/python3.12/site-packages/oslo_config/cfg.py:3242}}
Jul 15 13:18:09.311196 np0000005195 devstack@g-api.service[102925]: DEBUG glance.common.config [None req-c7abe5ac-7ff3-4a04-aa7a-457719d3dc67 None None] max_request_id_length = 64 {{(pid=102925) log_opt_values /opt/stack/data/venv/lib/python3.12/site-packages/oslo_config/cfg.py:3242}}
Jul 15 13:18:09.311298 np0000005195 devstack@g-api.service[102925]: DEBUG glance.common.config [None req-c7abe5ac-7ff3-4a04-aa7a-457719d3dc67 None None] metadata_encryption_key = **** {{(pid=102925) log_opt_values /opt/stack/data/venv/lib/python3.12/site-packages/oslo_config/cfg.py:3242}}
