Jul 15 13:17:42.790338 np0000005195 systemd[1]: Starting devstack@n-api-meta.service - Devstack devstack@n-api-meta.service...
Jul 15 13:17:42.795774 np0000005195 devstack@n-api-meta.service[95952]: [uWSGI] getting INI configuration from /etc/nova/nova-metadata-uwsgi.ini
Jul 15 13:17:42.798061 np0000005195 devstack@n-api-meta.service[95952]: *** Starting uWSGI 2.0.24-debian (64bit) on [Wed Jul 15 13:17:42 2026] ***
Jul 15 13:17:42.798061 np0000005195 devstack@n-api-meta.service[95952]: compiled with version: 13.2.0 on 17 April 2024 16:23:48
Jul 15 13:17:42.798061 np0000005195 devstack@n-api-meta.service[95952]: os: Linux-6.8.0-100-generic #100-Ubuntu SMP PREEMPT_DYNAMIC Tue Jan 13 16:40:06 UTC 2026
Jul 15 13:17:42.798061 np0000005195 devstack@n-api-meta.service[95952]: nodename: np0000005195
Jul 15 13:17:42.798061 np0000005195 devstack@n-api-meta.service[95952]: machine: x86_64
Jul 15 13:17:42.798061 np0000005195 devstack@n-api-meta.service[95952]: clock source: unix
Jul 15 13:17:42.798061 np0000005195 devstack@n-api-meta.service[95952]: pcre jit disabled
Jul 15 13:17:42.798061 np0000005195 devstack@n-api-meta.service[95952]: detected number of CPU cores: 16
Jul 15 13:17:42.798061 np0000005195 devstack@n-api-meta.service[95952]: current working directory: /
Jul 15 13:17:42.798061 np0000005195 devstack@n-api-meta.service[95952]: detected binary path: /usr/bin/uwsgi-core
Jul 15 13:17:42.798061 np0000005195 devstack@n-api-meta.service[95952]: your processes number limit is 257052
Jul 15 13:17:42.798061 np0000005195 devstack@n-api-meta.service[95952]: your memory page size is 4096 bytes
Jul 15 13:17:42.798061 np0000005195 devstack@n-api-meta.service[95952]: detected max file descriptor number: 2048
Jul 15 13:17:42.798061 np0000005195 devstack@n-api-meta.service[95952]: lock engine: pthread robust mutexes
Jul 15 13:17:42.798392 np0000005195 devstack@n-api-meta.service[95952]: thunder lock: enabled
Jul 15 13:17:42.798537 np0000005195 devstack@n-api-meta.service[95952]: uWSGI http bound on 0.0.0.0:8775 fd 5
Jul 15 13:17:42.798586 np0000005195 devstack@n-api-meta.service[95952]: uwsgi socket 0 bound to TCP address 127.0.0.1:44439 (port auto-assigned) fd 4
Jul 15 13:17:42.798586 np0000005195 devstack@n-api-meta.service[95952]: Python version: 3.12.3 (main, Jun 19 2026, 12:46:00) [GCC 13.3.0]
Jul 15 13:17:42.798644 np0000005195 devstack@n-api-meta.service[95952]: PEP 405 virtualenv detected: /opt/stack/data/venv
Jul 15 13:17:42.798644 np0000005195 devstack@n-api-meta.service[95952]: Set PythonHome to /opt/stack/data/venv
Jul 15 13:17:42.833748 np0000005195 devstack@n-api-meta.service[95952]: Python main interpreter initialized at 0x7dc4fa8a4668
Jul 15 13:17:42.833748 np0000005195 devstack@n-api-meta.service[95952]: python threads support enabled
Jul 15 13:17:42.833748 np0000005195 devstack@n-api-meta.service[95952]: your server socket listen backlog is limited to 100 connections
Jul 15 13:17:42.833748 np0000005195 devstack@n-api-meta.service[95952]: your mercy for graceful operations on workers is 80 seconds
Jul 15 13:17:42.834287 np0000005195 devstack@n-api-meta.service[95952]: mapped 671795 bytes (656 KB) for 4 cores
Jul 15 13:17:42.834444 np0000005195 devstack@n-api-meta.service[95952]: *** Operational MODE: preforking ***
Jul 15 13:17:42.834740 np0000005195 devstack@n-api-meta.service[95952]: *** uWSGI is running in multiple interpreter mode ***
Jul 15 13:17:42.834740 np0000005195 devstack@n-api-meta.service[95952]: spawned uWSGI master process (pid: 95952)
Jul 15 13:17:42.834904 np0000005195 systemd[1]: Started devstack@n-api-meta.service - Devstack devstack@n-api-meta.service.
Jul 15 13:17:42.835365 np0000005195 devstack@n-api-meta.service[95952]: spawned uWSGI worker 1 (pid: 95953, cores: 1)
Jul 15 13:17:42.836010 np0000005195 devstack@n-api-meta.service[95952]: spawned uWSGI worker 2 (pid: 95954, cores: 1)
Jul 15 13:17:42.836516 np0000005195 devstack@n-api-meta.service[95952]: spawned uWSGI worker 3 (pid: 95955, cores: 1)
Jul 15 13:17:42.836978 np0000005195 devstack@n-api-meta.service[95952]: spawned uWSGI worker 4 (pid: 95956, cores: 1)
Jul 15 13:17:42.837573 np0000005195 devstack@n-api-meta.service[95952]: spawned uWSGI http 1 (pid: 95957)
Jul 15 13:17:42.837573 np0000005195 devstack@n-api-meta.service[95952]: running "unix_signal:15 gracefully_kill_them_all" (master-start)...
Jul 15 13:17:44.741364 np0000005195 devstack@n-api-meta.service[95956]: INFO dbcounter [None req-c323bcaa-e103-4c3d-ba5d-f587d7916ca2 None None] Registered counter for database nova_api
Jul 15 13:17:44.767677 np0000005195 devstack@n-api-meta.service[95954]: INFO dbcounter [None req-da6ee8bc-022f-42e1-a85e-4732c3106e8f None None] Registered counter for database nova_api
Jul 15 13:17:44.790605 np0000005195 devstack@n-api-meta.service[95955]: INFO dbcounter [None req-211533b2-08bb-4f74-8c75-7e974b751c9a None None] Registered counter for database nova_api
Jul 15 13:17:44.799279 np0000005195 devstack@n-api-meta.service[95956]: DEBUG oslo_db.sqlalchemy.engines [None req-c323bcaa-e103-4c3d-ba5d-f587d7916ca2 None None] MySQL server mode set to STRICT_TRANS_TABLES,STRICT_ALL_TABLES,NO_ZERO_IN_DATE,NO_ZERO_DATE,ERROR_FOR_DIVISION_BY_ZERO,TRADITIONAL,NO_ENGINE_SUBSTITUTION {{(pid=95956) _check_effective_sql_mode /opt/stack/data/venv/lib/python3.12/site-packages/oslo_db/sqlalchemy/engines.py:325}}
Jul 15 13:17:44.806939 np0000005195 devstack@n-api-meta.service[95953]: INFO dbcounter [None req-fe2f1804-a4db-46c5-a346-f684862ed360 None None] Registered counter for database nova_api
Jul 15 13:17:44.817009 np0000005195 devstack@n-api-meta.service[95954]: DEBUG oslo_db.sqlalchemy.engines [None req-da6ee8bc-022f-42e1-a85e-4732c3106e8f None None] MySQL server mode set to STRICT_TRANS_TABLES,STRICT_ALL_TABLES,NO_ZERO_IN_DATE,NO_ZERO_DATE,ERROR_FOR_DIVISION_BY_ZERO,TRADITIONAL,NO_ENGINE_SUBSTITUTION {{(pid=95954) _check_effective_sql_mode /opt/stack/data/venv/lib/python3.12/site-packages/oslo_db/sqlalchemy/engines.py:325}}
Jul 15 13:17:44.835998 np0000005195 devstack@n-api-meta.service[95956]: DEBUG dbcounter [-] [95956] Writer thread running {{(pid=95956) stat_writer /opt/stack/data/venv/lib/python3.12/site-packages/dbcounter.py:102}}
Jul 15 13:17:44.839020 np0000005195 devstack@n-api-meta.service[95956]: DEBUG nova.context [None req-c323bcaa-e103-4c3d-ba5d-f587d7916ca2 None None] Found 2 cells: 00000000-0000-0000-0000-000000000000(cell0),1d40626e-f119-4feb-8855-ebab789cc6b3(cell1) {{(pid=95956) load_cells /opt/stack/nova/nova/context.py:509}}
Jul 15 13:17:44.839289 np0000005195 devstack@n-api-meta.service[95956]: INFO nova.utils [None req-c323bcaa-e103-4c3d-ba5d-f587d7916ca2 None None] The cell worker thread pool MainProcess.cell_worker is initialized
Jul 15 13:17:44.841455 np0000005195 devstack@n-api-meta.service[95956]: DEBUG oslo_concurrency.lockutils [None req-c323bcaa-e103-4c3d-ba5d-f587d7916ca2 None None] Acquiring lock "00000000-0000-0000-0000-000000000000" by "nova.context.set_target_cell..get_or_set_cached_cell_and_set_connections" {{(pid=95956) inner /opt/stack/data/venv/lib/python3.12/site-packages/oslo_concurrency/lockutils.py:511}}
Jul 15 13:17:44.841606 np0000005195 devstack@n-api-meta.service[95956]: DEBUG oslo_concurrency.lockutils [None req-c323bcaa-e103-4c3d-ba5d-f587d7916ca2 None None] Lock "00000000-0000-0000-0000-000000000000" acquired by "nova.context.set_target_cell..get_or_set_cached_cell_and_set_connections" :: waited 0.000s {{(pid=95956) inner /opt/stack/data/venv/lib/python3.12/site-packages/oslo_concurrency/lockutils.py:524}}
Jul 15 13:17:44.842022 np0000005195 devstack@n-api-meta.service[95956]: DEBUG oslo_concurrency.lockutils [None req-c323bcaa-e103-4c3d-ba5d-f587d7916ca2 None None] Lock "00000000-0000-0000-0000-000000000000" "released" by "nova.context.set_target_cell..get_or_set_cached_cell_and_set_connections" :: held 0.000s {{(pid=95956) inner /opt/stack/data/venv/lib/python3.12/site-packages/oslo_concurrency/lockutils.py:543}}
Jul 15 13:17:44.842924 np0000005195 devstack@n-api-meta.service[95956]: DEBUG oslo_concurrency.lockutils [None req-c323bcaa-e103-4c3d-ba5d-f587d7916ca2 None None] Acquiring lock "1d40626e-f119-4feb-8855-ebab789cc6b3" by "nova.context.set_target_cell..get_or_set_cached_cell_and_set_connections" {{(pid=95956) inner /opt/stack/data/venv/lib/python3.12/site-packages/oslo_concurrency/lockutils.py:511}}
Jul 15 13:17:44.844403 np0000005195 devstack@n-api-meta.service[95956]: INFO dbcounter [None req-c323bcaa-e103-4c3d-ba5d-f587d7916ca2 None None] Registered counter for database nova_cell0
Jul 15 13:17:44.844730 np0000005195 devstack@n-api-meta.service[95955]: DEBUG oslo_db.sqlalchemy.engines [None req-211533b2-08bb-4f74-8c75-7e974b751c9a None None] MySQL server mode set to STRICT_TRANS_TABLES,STRICT_ALL_TABLES,NO_ZERO_IN_DATE,NO_ZERO_DATE,ERROR_FOR_DIVISION_BY_ZERO,TRADITIONAL,NO_ENGINE_SUBSTITUTION {{(pid=95955) _check_effective_sql_mode /opt/stack/data/venv/lib/python3.12/site-packages/oslo_db/sqlalchemy/engines.py:325}}
Jul 15 13:17:44.845694 np0000005195 devstack@n-api-meta.service[95956]: DEBUG oslo_concurrency.lockutils [None req-c323bcaa-e103-4c3d-ba5d-f587d7916ca2 None None] Lock "1d40626e-f119-4feb-8855-ebab789cc6b3" acquired by "nova.context.set_target_cell..get_or_set_cached_cell_and_set_connections" :: waited 0.001s {{(pid=95956) inner /opt/stack/data/venv/lib/python3.12/site-packages/oslo_concurrency/lockutils.py:524}}
Jul 15 13:17:44.847567 np0000005195 devstack@n-api-meta.service[95956]: DEBUG oslo_concurrency.lockutils [None req-c323bcaa-e103-4c3d-ba5d-f587d7916ca2 None None] Lock "1d40626e-f119-4feb-8855-ebab789cc6b3" "released" by "nova.context.set_target_cell..get_or_set_cached_cell_and_set_connections" :: held 0.003s {{(pid=95956) inner /opt/stack/data/venv/lib/python3.12/site-packages/oslo_concurrency/lockutils.py:543}}
Jul 15 13:17:44.849310 np0000005195 devstack@n-api-meta.service[95956]: INFO dbcounter [None req-c323bcaa-e103-4c3d-ba5d-f587d7916ca2 None None] Registered counter for database nova_cell1
Jul 15 13:17:44.852655 np0000005195 devstack@n-api-meta.service[95954]: DEBUG dbcounter [-] [95954] Writer thread running {{(pid=95954) stat_writer /opt/stack/data/venv/lib/python3.12/site-packages/dbcounter.py:102}}
Jul 15 13:17:44.856155 np0000005195 devstack@n-api-meta.service[95954]: DEBUG nova.context [None req-da6ee8bc-022f-42e1-a85e-4732c3106e8f None None] Found 2 cells: 00000000-0000-0000-0000-000000000000(cell0),1d40626e-f119-4feb-8855-ebab789cc6b3(cell1) {{(pid=95954) load_cells /opt/stack/nova/nova/context.py:509}}
Jul 15 13:17:44.856545 np0000005195 devstack@n-api-meta.service[95954]: INFO nova.utils [None req-da6ee8bc-022f-42e1-a85e-4732c3106e8f None None] The cell worker thread pool MainProcess.cell_worker is initialized
Jul 15 13:17:44.858822 np0000005195 devstack@n-api-meta.service[95954]: DEBUG oslo_concurrency.lockutils [None req-da6ee8bc-022f-42e1-a85e-4732c3106e8f None None] Acquiring lock "00000000-0000-0000-0000-000000000000" by "nova.context.set_target_cell..get_or_set_cached_cell_and_set_connections" {{(pid=95954) inner /opt/stack/data/venv/lib/python3.12/site-packages/oslo_concurrency/lockutils.py:511}}
Jul 15 13:17:44.858822 np0000005195 devstack@n-api-meta.service[95954]: DEBUG oslo_concurrency.lockutils [None req-da6ee8bc-022f-42e1-a85e-4732c3106e8f None None] Lock "00000000-0000-0000-0000-000000000000" acquired by "nova.context.set_target_cell..get_or_set_cached_cell_and_set_connections" :: waited 0.000s {{(pid=95954) inner /opt/stack/data/venv/lib/python3.12/site-packages/oslo_concurrency/lockutils.py:524}}
Jul 15 13:17:44.859032 np0000005195 devstack@n-api-meta.service[95954]: DEBUG oslo_concurrency.lockutils [None req-da6ee8bc-022f-42e1-a85e-4732c3106e8f None None] Lock "00000000-0000-0000-0000-000000000000" "released" by "nova.context.set_target_cell..get_or_set_cached_cell_and_set_connections" :: held 0.000s {{(pid=95954) inner /opt/stack/data/venv/lib/python3.12/site-packages/oslo_concurrency/lockutils.py:543}}
Jul 15 13:17:44.859856 np0000005195 devstack@n-api-meta.service[95954]: DEBUG oslo_concurrency.lockutils [None req-da6ee8bc-022f-42e1-a85e-4732c3106e8f None None] Acquiring lock "1d40626e-f119-4feb-8855-ebab789cc6b3" by "nova.context.set_target_cell..get_or_set_cached_cell_and_set_connections" {{(pid=95954) inner /opt/stack/data/venv/lib/python3.12/site-packages/oslo_concurrency/lockutils.py:511}}
Jul 15 13:17:44.860854 np0000005195 devstack@n-api-meta.service[95954]: DEBUG oslo_concurrency.lockutils [None req-da6ee8bc-022f-42e1-a85e-4732c3106e8f None None] Lock "1d40626e-f119-4feb-8855-ebab789cc6b3" acquired by "nova.context.set_target_cell..get_or_set_cached_cell_and_set_connections" :: waited 0.000s {{(pid=95954) inner /opt/stack/data/venv/lib/python3.12/site-packages/oslo_concurrency/lockutils.py:524}}
Jul 15 13:17:44.861015 np0000005195 devstack@n-api-meta.service[95954]: DEBUG oslo_concurrency.lockutils [None req-da6ee8bc-022f-42e1-a85e-4732c3106e8f None None] Lock "1d40626e-f119-4feb-8855-ebab789cc6b3" "released" by "nova.context.set_target_cell..get_or_set_cached_cell_and_set_connections" :: held 0.001s {{(pid=95954) inner /opt/stack/data/venv/lib/python3.12/site-packages/oslo_concurrency/lockutils.py:543}}
Jul 15 13:17:44.863137 np0000005195 devstack@n-api-meta.service[95954]: INFO dbcounter [None req-da6ee8bc-022f-42e1-a85e-4732c3106e8f None None] Registered counter for database nova_cell0
Jul 15 13:17:44.866189 np0000005195 devstack@n-api-meta.service[95954]: INFO dbcounter [None req-da6ee8bc-022f-42e1-a85e-4732c3106e8f None None] Registered counter for database nova_cell1
Jul 15 13:17:44.876217 np0000005195 devstack@n-api-meta.service[95953]: DEBUG oslo_db.sqlalchemy.engines [None req-fe2f1804-a4db-46c5-a346-f684862ed360 None None] MySQL server mode set to STRICT_TRANS_TABLES,STRICT_ALL_TABLES,NO_ZERO_IN_DATE,NO_ZERO_DATE,ERROR_FOR_DIVISION_BY_ZERO,TRADITIONAL,NO_ENGINE_SUBSTITUTION {{(pid=95953) _check_effective_sql_mode /opt/stack/data/venv/lib/python3.12/site-packages/oslo_db/sqlalchemy/engines.py:325}}
Jul 15 13:17:44.882904 np0000005195 devstack@n-api-meta.service[95955]: DEBUG dbcounter [-] [95955] Writer thread running {{(pid=95955) stat_writer /opt/stack/data/venv/lib/python3.12/site-packages/dbcounter.py:102}}
Jul 15 13:17:44.886257 np0000005195 devstack@n-api-meta.service[95955]: DEBUG nova.context [None req-211533b2-08bb-4f74-8c75-7e974b751c9a None None] Found 2 cells: 00000000-0000-0000-0000-000000000000(cell0),1d40626e-f119-4feb-8855-ebab789cc6b3(cell1) {{(pid=95955) load_cells /opt/stack/nova/nova/context.py:509}}
Jul 15 13:17:44.886577 np0000005195 devstack@n-api-meta.service[95955]: INFO nova.utils [None req-211533b2-08bb-4f74-8c75-7e974b751c9a None None] The cell worker thread pool MainProcess.cell_worker is initialized
Jul 15 13:17:44.888394 np0000005195 devstack@n-api-meta.service[95955]: DEBUG oslo_concurrency.lockutils [None req-211533b2-08bb-4f74-8c75-7e974b751c9a None None] Acquiring lock "00000000-0000-0000-0000-000000000000" by "nova.context.set_target_cell..get_or_set_cached_cell_and_set_connections" {{(pid=95955) inner /opt/stack/data/venv/lib/python3.12/site-packages/oslo_concurrency/lockutils.py:511}}
Jul 15 13:17:44.888840 np0000005195 devstack@n-api-meta.service[95955]: DEBUG oslo_concurrency.lockutils [None req-211533b2-08bb-4f74-8c75-7e974b751c9a None None] Lock "00000000-0000-0000-0000-000000000000" acquired by "nova.context.set_target_cell..get_or_set_cached_cell_and_set_connections" :: waited 0.000s {{(pid=95955) inner /opt/stack/data/venv/lib/python3.12/site-packages/oslo_concurrency/lockutils.py:524}}
Jul 15 13:17:44.888988 np0000005195 devstack@n-api-meta.service[95955]: DEBUG oslo_concurrency.lockutils [None req-211533b2-08bb-4f74-8c75-7e974b751c9a None None] Lock "00000000-0000-0000-0000-000000000000" "released" by "nova.context.set_target_cell..get_or_set_cached_cell_and_set_connections" :: held 0.000s {{(pid=95955) inner /opt/stack/data/venv/lib/python3.12/site-packages/oslo_concurrency/lockutils.py:543}}
Jul 15 13:17:44.891142 np0000005195 devstack@n-api-meta.service[95955]: DEBUG oslo_concurrency.lockutils [None req-211533b2-08bb-4f74-8c75-7e974b751c9a None None] Acquiring lock "1d40626e-f119-4feb-8855-ebab789cc6b3" by "nova.context.set_target_cell..get_or_set_cached_cell_and_set_connections" {{(pid=95955) inner /opt/stack/data/venv/lib/python3.12/site-packages/oslo_concurrency/lockutils.py:511}}
Jul 15 13:17:44.891886 np0000005195 devstack@n-api-meta.service[95955]: INFO dbcounter [None req-211533b2-08bb-4f74-8c75-7e974b751c9a None None] Registered counter for database nova_cell0
Jul 15 13:17:44.893703 np0000005195 devstack@n-api-meta.service[95955]: DEBUG oslo_concurrency.lockutils [None req-211533b2-08bb-4f74-8c75-7e974b751c9a None None] Lock "1d40626e-f119-4feb-8855-ebab789cc6b3" acquired by "nova.context.set_target_cell..get_or_set_cached_cell_and_set_connections" :: waited 0.002s {{(pid=95955) inner /opt/stack/data/venv/lib/python3.12/site-packages/oslo_concurrency/lockutils.py:524}}
Jul 15 13:17:44.895007 np0000005195 devstack@n-api-meta.service[95955]: DEBUG oslo_concurrency.lockutils [None req-211533b2-08bb-4f74-8c75-7e974b751c9a None None] Lock "1d40626e-f119-4feb-8855-ebab789cc6b3" "released" by "nova.context.set_target_cell..get_or_set_cached_cell_and_set_connections" :: held 0.003s {{(pid=95955) inner /opt/stack/data/venv/lib/python3.12/site-packages/oslo_concurrency/lockutils.py:543}}
Jul 15 13:17:44.897896 np0000005195 devstack@n-api-meta.service[95955]: INFO dbcounter [None req-211533b2-08bb-4f74-8c75-7e974b751c9a None None] Registered counter for database nova_cell1
Jul 15 13:17:44.898699 np0000005195 devstack@n-api-meta.service[95956]: DEBUG oslo_db.sqlalchemy.engines [None req-c323bcaa-e103-4c3d-ba5d-f587d7916ca2 None None] MySQL server mode set to STRICT_TRANS_TABLES,STRICT_ALL_TABLES,NO_ZERO_IN_DATE,NO_ZERO_DATE,ERROR_FOR_DIVISION_BY_ZERO,TRADITIONAL,NO_ENGINE_SUBSTITUTION {{(pid=95956) _check_effective_sql_mode /opt/stack/data/venv/lib/python3.12/site-packages/oslo_db/sqlalchemy/engines.py:325}}
Jul 15 13:17:44.911593 np0000005195 devstack@n-api-meta.service[95953]: DEBUG dbcounter [-] [95953] Writer thread running {{(pid=95953) stat_writer /opt/stack/data/venv/lib/python3.12/site-packages/dbcounter.py:102}}
Jul 15 13:17:44.915988 np0000005195 devstack@n-api-meta.service[95953]: DEBUG nova.context [None req-fe2f1804-a4db-46c5-a346-f684862ed360 None None] Found 2 cells: 00000000-0000-0000-0000-000000000000(cell0),1d40626e-f119-4feb-8855-ebab789cc6b3(cell1) {{(pid=95953) load_cells /opt/stack/nova/nova/context.py:509}}
Jul 15 13:17:44.915988 np0000005195 devstack@n-api-meta.service[95953]: INFO nova.utils [None req-fe2f1804-a4db-46c5-a346-f684862ed360 None None] The cell worker thread pool MainProcess.cell_worker is initialized
Jul 15 13:17:44.918116 np0000005195 devstack@n-api-meta.service[95953]: DEBUG oslo_concurrency.lockutils [None req-fe2f1804-a4db-46c5-a346-f684862ed360 None None] Acquiring lock "00000000-0000-0000-0000-000000000000" by "nova.context.set_target_cell..get_or_set_cached_cell_and_set_connections" {{(pid=95953) inner /opt/stack/data/venv/lib/python3.12/site-packages/oslo_concurrency/lockutils.py:511}}
Jul 15 13:17:44.918365 np0000005195 devstack@n-api-meta.service[95953]: DEBUG oslo_concurrency.lockutils [None req-fe2f1804-a4db-46c5-a346-f684862ed360 None None] Lock "00000000-0000-0000-0000-000000000000" acquired by "nova.context.set_target_cell..get_or_set_cached_cell_and_set_connections" :: waited 0.000s {{(pid=95953) inner /opt/stack/data/venv/lib/python3.12/site-packages/oslo_concurrency/lockutils.py:524}}
Jul 15 13:17:44.919115 np0000005195 devstack@n-api-meta.service[95953]: DEBUG oslo_concurrency.lockutils [None req-fe2f1804-a4db-46c5-a346-f684862ed360 None None] Lock "00000000-0000-0000-0000-000000000000" "released" by "nova.context.set_target_cell..get_or_set_cached_cell_and_set_connections" :: held 0.001s {{(pid=95953) inner /opt/stack/data/venv/lib/python3.12/site-packages/oslo_concurrency/lockutils.py:543}}
Jul 15 13:17:44.920318 np0000005195 devstack@n-api-meta.service[95953]: DEBUG oslo_concurrency.lockutils [None req-fe2f1804-a4db-46c5-a346-f684862ed360 None None] Acquiring lock "1d40626e-f119-4feb-8855-ebab789cc6b3" by "nova.context.set_target_cell..get_or_set_cached_cell_and_set_connections" {{(pid=95953) inner /opt/stack/data/venv/lib/python3.12/site-packages/oslo_concurrency/lockutils.py:511}}
Jul 15 13:17:44.920318 np0000005195 devstack@n-api-meta.service[95953]: DEBUG oslo_concurrency.lockutils [None req-fe2f1804-a4db-46c5-a346-f684862ed360 None None] Lock "1d40626e-f119-4feb-8855-ebab789cc6b3" acquired by "nova.context.set_target_cell..get_or_set_cached_cell_and_set_connections" :: waited 0.000s {{(pid=95953) inner /opt/stack/data/venv/lib/python3.12/site-packages/oslo_concurrency/lockutils.py:524}}
Jul 15 13:17:44.921251 np0000005195 devstack@n-api-meta.service[95953]: DEBUG oslo_concurrency.lockutils [None req-fe2f1804-a4db-46c5-a346-f684862ed360 None None] Lock "1d40626e-f119-4feb-8855-ebab789cc6b3" "released" by "nova.context.set_target_cell..get_or_set_cached_cell_and_set_connections" :: held 0.001s {{(pid=95953) inner /opt/stack/data/venv/lib/python3.12/site-packages/oslo_concurrency/lockutils.py:543}}
Jul 15 13:17:44.921639 np0000005195 devstack@n-api-meta.service[95954]: DEBUG oslo_db.sqlalchemy.engines [None req-da6ee8bc-022f-42e1-a85e-4732c3106e8f None None] MySQL server mode set to STRICT_TRANS_TABLES,STRICT_ALL_TABLES,NO_ZERO_IN_DATE,NO_ZERO_DATE,ERROR_FOR_DIVISION_BY_ZERO,TRADITIONAL,NO_ENGINE_SUBSTITUTION {{(pid=95954) _check_effective_sql_mode /opt/stack/data/venv/lib/python3.12/site-packages/oslo_db/sqlalchemy/engines.py:325}}
Jul 15 13:17:44.923655 np0000005195 devstack@n-api-meta.service[95953]: INFO dbcounter [None req-fe2f1804-a4db-46c5-a346-f684862ed360 None None] Registered counter for database nova_cell0
Jul 15 13:17:44.929087 np0000005195 devstack@n-api-meta.service[95953]: INFO dbcounter [None req-fe2f1804-a4db-46c5-a346-f684862ed360 None None] Registered counter for database nova_cell1
Jul 15 13:17:44.935188 np0000005195 devstack@n-api-meta.service[95955]: DEBUG oslo_db.sqlalchemy.engines [None req-211533b2-08bb-4f74-8c75-7e974b751c9a None None] MySQL server mode set to STRICT_TRANS_TABLES,STRICT_ALL_TABLES,NO_ZERO_IN_DATE,NO_ZERO_DATE,ERROR_FOR_DIVISION_BY_ZERO,TRADITIONAL,NO_ENGINE_SUBSTITUTION {{(pid=95955) _check_effective_sql_mode /opt/stack/data/venv/lib/python3.12/site-packages/oslo_db/sqlalchemy/engines.py:325}}
Jul 15 13:17:44.939106 np0000005195 devstack@n-api-meta.service[95954]: DEBUG oslo_db.sqlalchemy.engines [None req-da6ee8bc-022f-42e1-a85e-4732c3106e8f None None] MySQL server mode set to STRICT_TRANS_TABLES,STRICT_ALL_TABLES,NO_ZERO_IN_DATE,NO_ZERO_DATE,ERROR_FOR_DIVISION_BY_ZERO,TRADITIONAL,NO_ENGINE_SUBSTITUTION {{(pid=95954) _check_effective_sql_mode /opt/stack/data/venv/lib/python3.12/site-packages/oslo_db/sqlalchemy/engines.py:325}}
Jul 15 13:17:44.980921 np0000005195 devstack@n-api-meta.service[95956]: DEBUG oslo_db.sqlalchemy.engines [None req-c323bcaa-e103-4c3d-ba5d-f587d7916ca2 None None] MySQL server mode set to STRICT_TRANS_TABLES,STRICT_ALL_TABLES,NO_ZERO_IN_DATE,NO_ZERO_DATE,ERROR_FOR_DIVISION_BY_ZERO,TRADITIONAL,NO_ENGINE_SUBSTITUTION {{(pid=95956) _check_effective_sql_mode /opt/stack/data/venv/lib/python3.12/site-packages/oslo_db/sqlalchemy/engines.py:325}}
Jul 15 13:17:44.986951 np0000005195 devstack@n-api-meta.service[95953]: DEBUG oslo_db.sqlalchemy.engines [None req-fe2f1804-a4db-46c5-a346-f684862ed360 None None] MySQL server mode set to STRICT_TRANS_TABLES,STRICT_ALL_TABLES,NO_ZERO_IN_DATE,NO_ZERO_DATE,ERROR_FOR_DIVISION_BY_ZERO,TRADITIONAL,NO_ENGINE_SUBSTITUTION {{(pid=95953) _check_effective_sql_mode /opt/stack/data/venv/lib/python3.12/site-packages/oslo_db/sqlalchemy/engines.py:325}}
Jul 15 13:17:44.992281 np0000005195 devstack@n-api-meta.service[95953]: DEBUG oslo_db.sqlalchemy.engines [None req-fe2f1804-a4db-46c5-a346-f684862ed360 None None] MySQL server mode set to STRICT_TRANS_TABLES,STRICT_ALL_TABLES,NO_ZERO_IN_DATE,NO_ZERO_DATE,ERROR_FOR_DIVISION_BY_ZERO,TRADITIONAL,NO_ENGINE_SUBSTITUTION {{(pid=95953) _check_effective_sql_mode /opt/stack/data/venv/lib/python3.12/site-packages/oslo_db/sqlalchemy/engines.py:325}}
Jul 15 13:17:45.005469 np0000005195 devstack@n-api-meta.service[95956]: DEBUG dbcounter [-] [95956] Writer thread running {{(pid=95956) stat_writer /opt/stack/data/venv/lib/python3.12/site-packages/dbcounter.py:102}}
Jul 15 13:17:45.012333 np0000005195 devstack@n-api-meta.service[95956]: DEBUG dbcounter [-] [95956] Writer thread running {{(pid=95956) stat_writer /opt/stack/data/venv/lib/python3.12/site-packages/dbcounter.py:102}}
Jul 15 13:17:45.017388 np0000005195 devstack@n-api-meta.service[95956]: INFO dbcounter [None req-c323bcaa-e103-4c3d-ba5d-f587d7916ca2 None None] Registered counter for database nova_cell0
Jul 15 13:17:45.035808 np0000005195 devstack@n-api-meta.service[95954]: DEBUG dbcounter [-] [95954] Writer thread running {{(pid=95954) stat_writer /opt/stack/data/venv/lib/python3.12/site-packages/dbcounter.py:102}}
Jul 15 13:17:45.037383 np0000005195 devstack@n-api-meta.service[95955]: DEBUG oslo_db.sqlalchemy.engines [None req-211533b2-08bb-4f74-8c75-7e974b751c9a None None] MySQL server mode set to STRICT_TRANS_TABLES,STRICT_ALL_TABLES,NO_ZERO_IN_DATE,NO_ZERO_DATE,ERROR_FOR_DIVISION_BY_ZERO,TRADITIONAL,NO_ENGINE_SUBSTITUTION {{(pid=95955) _check_effective_sql_mode /opt/stack/data/venv/lib/python3.12/site-packages/oslo_db/sqlalchemy/engines.py:325}}
Jul 15 13:17:45.041005 np0000005195 devstack@n-api-meta.service[95954]: DEBUG dbcounter [-] [95954] Writer thread running {{(pid=95954) stat_writer /opt/stack/data/venv/lib/python3.12/site-packages/dbcounter.py:102}}
Jul 15 13:17:45.046094 np0000005195 devstack@n-api-meta.service[95954]: INFO dbcounter [None req-da6ee8bc-022f-42e1-a85e-4732c3106e8f None None] Registered counter for database nova_cell0
Jul 15 13:17:45.056361 np0000005195 devstack@n-api-meta.service[95956]: DEBUG oslo_db.sqlalchemy.engines [None req-c323bcaa-e103-4c3d-ba5d-f587d7916ca2 None None] MySQL server mode set to STRICT_TRANS_TABLES,STRICT_ALL_TABLES,NO_ZERO_IN_DATE,NO_ZERO_DATE,ERROR_FOR_DIVISION_BY_ZERO,TRADITIONAL,NO_ENGINE_SUBSTITUTION {{(pid=95956) _check_effective_sql_mode /opt/stack/data/venv/lib/python3.12/site-packages/oslo_db/sqlalchemy/engines.py:325}}
Jul 15 13:17:45.063564 np0000005195 devstack@n-api-meta.service[95956]: DEBUG dbcounter [-] [95956] Writer thread running {{(pid=95956) stat_writer /opt/stack/data/venv/lib/python3.12/site-packages/dbcounter.py:102}}
Jul 15 13:17:45.073494 np0000005195 devstack@n-api-meta.service[95955]: DEBUG dbcounter [-] [95955] Writer thread running {{(pid=95955) stat_writer /opt/stack/data/venv/lib/python3.12/site-packages/dbcounter.py:102}}
Jul 15 13:17:45.080062 np0000005195 devstack@n-api-meta.service[95955]: DEBUG dbcounter [-] [95955] Writer thread running {{(pid=95955) stat_writer /opt/stack/data/venv/lib/python3.12/site-packages/dbcounter.py:102}}
Jul 15 13:17:45.084607 np0000005195 devstack@n-api-meta.service[95955]: INFO dbcounter [None req-211533b2-08bb-4f74-8c75-7e974b751c9a None None] Registered counter for database nova_cell0
Jul 15 13:17:45.102587 np0000005195 devstack@n-api-meta.service[95954]: DEBUG oslo_db.sqlalchemy.engines [None req-da6ee8bc-022f-42e1-a85e-4732c3106e8f None None] MySQL server mode set to STRICT_TRANS_TABLES,STRICT_ALL_TABLES,NO_ZERO_IN_DATE,NO_ZERO_DATE,ERROR_FOR_DIVISION_BY_ZERO,TRADITIONAL,NO_ENGINE_SUBSTITUTION {{(pid=95954) _check_effective_sql_mode /opt/stack/data/venv/lib/python3.12/site-packages/oslo_db/sqlalchemy/engines.py:325}}
Jul 15 13:17:45.102858 np0000005195 devstack@n-api-meta.service[95953]: DEBUG dbcounter [-] [95953] Writer thread running {{(pid=95953) stat_writer /opt/stack/data/venv/lib/python3.12/site-packages/dbcounter.py:102}}
Jul 15 13:17:45.106831 np0000005195 devstack@n-api-meta.service[95953]: DEBUG dbcounter [-] [95953] Writer thread running {{(pid=95953) stat_writer /opt/stack/data/venv/lib/python3.12/site-packages/dbcounter.py:102}}
Jul 15 13:17:45.109708 np0000005195 devstack@n-api-meta.service[95954]: DEBUG dbcounter [-] [95954] Writer thread running {{(pid=95954) stat_writer /opt/stack/data/venv/lib/python3.12/site-packages/dbcounter.py:102}}
Jul 15 13:17:45.110755 np0000005195 devstack@n-api-meta.service[95953]: INFO dbcounter [None req-fe2f1804-a4db-46c5-a346-f684862ed360 None None] Registered counter for database nova_cell0
Jul 15 13:17:45.111180 np0000005195 devstack@n-api-meta.service[95956]: WARNING nova.api.metadata.handler [None req-c323bcaa-e103-4c3d-ba5d-f587d7916ca2 None None] metadata_proxy_shared_secret is not configured, the metadata information returned by the proxy cannot be trusted
Jul 15 13:17:45.113700 np0000005195 devstack@n-api-meta.service[95956]: DEBUG nova.api.openstack.wsgi_app [None req-c323bcaa-e103-4c3d-ba5d-f587d7916ca2 None None] ******************************************************************************** {{(pid=95956) log_opt_values /opt/stack/data/venv/lib/python3.12/site-packages/oslo_config/cfg.py:3226}}
Jul 15 13:17:45.113823 np0000005195 devstack@n-api-meta.service[95956]: DEBUG nova.api.openstack.wsgi_app [None req-c323bcaa-e103-4c3d-ba5d-f587d7916ca2 None None] Configuration options gathered from: {{(pid=95956) log_opt_values /opt/stack/data/venv/lib/python3.12/site-packages/oslo_config/cfg.py:3227}}
Jul 15 13:17:45.113889 np0000005195 devstack@n-api-meta.service[95956]: DEBUG nova.api.openstack.wsgi_app [None req-c323bcaa-e103-4c3d-ba5d-f587d7916ca2 None None] command line args: [] {{(pid=95956) log_opt_values /opt/stack/data/venv/lib/python3.12/site-packages/oslo_config/cfg.py:3228}}
Jul 15 13:17:45.114123 np0000005195 devstack@n-api-meta.service[95956]: DEBUG nova.api.openstack.wsgi_app [None req-c323bcaa-e103-4c3d-ba5d-f587d7916ca2 None None] config files: ['/etc/nova/api-paste.ini', '/etc/nova/nova.conf'] {{(pid=95956) log_opt_values /opt/stack/data/venv/lib/python3.12/site-packages/oslo_config/cfg.py:3229}}
Jul 15 13:17:45.114269 np0000005195 devstack@n-api-meta.service[95956]: DEBUG nova.api.openstack.wsgi_app [None req-c323bcaa-e103-4c3d-ba5d-f587d7916ca2 None None] ================================================================================ {{(pid=95956) log_opt_values /opt/stack/data/venv/lib/python3.12/site-packages/oslo_config/cfg.py:3234}}
Jul 15 13:17:45.114499 np0000005195 devstack@n-api-meta.service[95956]: DEBUG nova.api.openstack.wsgi_app [None req-c323bcaa-e103-4c3d-ba5d-f587d7916ca2 None None] allow_resize_to_same_host = True {{(pid=95956) log_opt_values /opt/stack/data/venv/lib/python3.12/site-packages/oslo_config/cfg.py:3242}}
Jul 15 13:17:45.114644 np0000005195 devstack@n-api-meta.service[95956]: DEBUG nova.api.openstack.wsgi_app [None req-c323bcaa-e103-4c3d-ba5d-f587d7916ca2 None None] arq_binding_timeout = 300 {{(pid=95956) log_opt_values /opt/stack/data/venv/lib/python3.12/site-packages/oslo_config/cfg.py:3242}}
Jul 15 13:17:45.114830 np0000005195 devstack@n-api-meta.service[95956]: DEBUG nova.api.openstack.wsgi_app [None req-c323bcaa-e103-4c3d-ba5d-f587d7916ca2 None None] block_device_allocate_retries = 60 {{(pid=95956) log_opt_values /opt/stack/data/venv/lib/python3.12/site-packages/oslo_config/cfg.py:3242}}
Jul 15 13:17:45.115023 np0000005195 devstack@n-api-meta.service[95956]: DEBUG nova.api.openstack.wsgi_app [None req-c323bcaa-e103-4c3d-ba5d-f587d7916ca2 None None] block_device_allocate_retries_interval = 3 {{(pid=95956) log_opt_values /opt/stack/data/venv/lib/python3.12/site-packages/oslo_config/cfg.py:3242}}
Jul 15 13:17:45.115164 np0000005195 devstack@n-api-meta.service[95956]: DEBUG nova.api.openstack.wsgi_app [None req-c323bcaa-e103-4c3d-ba5d-f587d7916ca2 None None] cell_worker_thread_pool_size = 5 {{(pid=95956) log_opt_values /opt/stack/data/venv/lib/python3.12/site-packages/oslo_config/cfg.py:3242}}
Jul 15 13:17:45.115356 np0000005195 devstack@n-api-meta.service[95956]: DEBUG nova.api.openstack.wsgi_app [None req-c323bcaa-e103-4c3d-ba5d-f587d7916ca2 None None] cert = self.pem {{(pid=95956) log_opt_values /opt/stack/data/venv/lib/python3.12/site-packages/oslo_config/cfg.py:3242}}
Jul 15 13:17:45.115503 np0000005195 devstack@n-api-meta.service[95956]: DEBUG nova.api.openstack.wsgi_app [None req-c323bcaa-e103-4c3d-ba5d-f587d7916ca2 None None] compute_driver = libvirt.LibvirtDriver {{(pid=95956) log_opt_values /opt/stack/data/venv/lib/python3.12/site-packages/oslo_config/cfg.py:3242}}
Jul 15 13:17:45.115639 np0000005195 devstack@n-api-meta.service[95956]: DEBUG nova.api.openstack.wsgi_app [None req-c323bcaa-e103-4c3d-ba5d-f587d7916ca2 None None] compute_monitors = [] {{(pid=95956) log_opt_values /opt/stack/data/venv/lib/python3.12/site-packages/oslo_config/cfg.py:3242}}
Jul 15 13:17:45.115812 np0000005195 devstack@n-api-meta.service[95956]: DEBUG nova.api.openstack.wsgi_app [None req-c323bcaa-e103-4c3d-ba5d-f587d7916ca2 None None] concurrency_backend = auto {{(pid=95956) log_opt_values /opt/stack/data/venv/lib/python3.12/site-packages/oslo_config/cfg.py:3242}}
Jul 15 13:17:45.115895 np0000005195 devstack@n-api-meta.service[95956]: DEBUG nova.api.openstack.wsgi_app [None req-c323bcaa-e103-4c3d-ba5d-f587d7916ca2 None None] config_dir = [] {{(pid=95956) log_opt_values /opt/stack/data/venv/lib/python3.12/site-packages/oslo_config/cfg.py:3242}}
Jul 15 13:17:45.116056 np0000005195 devstack@n-api-meta.service[95956]: DEBUG nova.api.openstack.wsgi_app [None req-c323bcaa-e103-4c3d-ba5d-f587d7916ca2 None None] config_drive_format = iso9660 {{(pid=95956) log_opt_values /opt/stack/data/venv/lib/python3.12/site-packages/oslo_config/cfg.py:3242}}
Jul 15 13:17:45.116151 np0000005195 devstack@n-api-meta.service[95956]: DEBUG nova.api.openstack.wsgi_app [None req-c323bcaa-e103-4c3d-ba5d-f587d7916ca2 None None] config_file = ['/etc/nova/api-paste.ini', '/etc/nova/nova.conf'] {{(pid=95956) log_opt_values /opt/stack/data/venv/lib/python3.12/site-packages/oslo_config/cfg.py:3242}}
Jul 15 13:17:45.116268 np0000005195 devstack@n-api-meta.service[95956]: DEBUG nova.api.openstack.wsgi_app [None req-c323bcaa-e103-4c3d-ba5d-f587d7916ca2 None None] config_source = [] {{(pid=95956) log_opt_values /opt/stack/data/venv/lib/python3.12/site-packages/oslo_config/cfg.py:3242}}
Jul 15 13:17:45.116384 np0000005195 devstack@n-api-meta.service[95956]: DEBUG nova.api.openstack.wsgi_app [None req-c323bcaa-e103-4c3d-ba5d-f587d7916ca2 None None] console_host = np0000005195 {{(pid=95956) log_opt_values /opt/stack/data/venv/lib/python3.12/site-packages/oslo_config/cfg.py:3242}}
Jul 15 13:17:45.116512 np0000005195 devstack@n-api-meta.service[95956]: DEBUG nova.api.openstack.wsgi_app [None req-c323bcaa-e103-4c3d-ba5d-f587d7916ca2 None None] control_exchange = nova {{(pid=95956) log_opt_values /opt/stack/data/venv/lib/python3.12/site-packages/oslo_config/cfg.py:3242}}
Jul 15 13:17:45.116623 np0000005195 devstack@n-api-meta.service[95956]: DEBUG nova.api.openstack.wsgi_app [None req-c323bcaa-e103-4c3d-ba5d-f587d7916ca2 None None] cpu_allocation_ratio = None {{(pid=95956) log_opt_values /opt/stack/data/venv/lib/python3.12/site-packages/oslo_config/cfg.py:3242}}
Jul 15 13:17:45.116739 np0000005195 devstack@n-api-meta.service[95956]: DEBUG nova.api.openstack.wsgi_app [None req-c323bcaa-e103-4c3d-ba5d-f587d7916ca2 None None] daemon = False {{(pid=95956) log_opt_values /opt/stack/data/venv/lib/python3.12/site-packages/oslo_config/cfg.py:3242}}
Jul 15 13:17:45.116858 np0000005195 devstack@n-api-meta.service[95956]: DEBUG nova.api.openstack.wsgi_app [None req-c323bcaa-e103-4c3d-ba5d-f587d7916ca2 None None] debug = True {{(pid=95956) log_opt_values /opt/stack/data/venv/lib/python3.12/site-packages/oslo_config/cfg.py:3242}}
Jul 15 13:17:45.117061 np0000005195 devstack@n-api-meta.service[95956]: DEBUG nova.api.openstack.wsgi_app [None req-c323bcaa-e103-4c3d-ba5d-f587d7916ca2 None None] default_access_ip_network_name = None {{(pid=95956) log_opt_values /opt/stack/data/venv/lib/python3.12/site-packages/oslo_config/cfg.py:3242}}
Jul 15 13:17:45.117137 np0000005195 devstack@n-api-meta.service[95956]: DEBUG nova.api.openstack.wsgi_app [None req-c323bcaa-e103-4c3d-ba5d-f587d7916ca2 None None] default_availability_zone = nova {{(pid=95956) log_opt_values /opt/stack/data/venv/lib/python3.12/site-packages/oslo_config/cfg.py:3242}}
Jul 15 13:17:45.117251 np0000005195 devstack@n-api-meta.service[95956]: DEBUG nova.api.openstack.wsgi_app [None req-c323bcaa-e103-4c3d-ba5d-f587d7916ca2 None None] default_ephemeral_format = ext4 {{(pid=95956) log_opt_values /opt/stack/data/venv/lib/python3.12/site-packages/oslo_config/cfg.py:3242}}
Jul 15 13:17:45.117367 np0000005195 devstack@n-api-meta.service[95956]: DEBUG nova.api.openstack.wsgi_app [None req-c323bcaa-e103-4c3d-ba5d-f587d7916ca2 None None] default_green_pool_size = 1000 {{(pid=95956) log_opt_values /opt/stack/data/venv/lib/python3.12/site-packages/oslo_config/cfg.py:3242}}
Jul 15 13:17:45.117557 np0000005195 devstack@n-api-meta.service[95956]: DEBUG nova.api.openstack.wsgi_app [None req-c323bcaa-e103-4c3d-ba5d-f587d7916ca2 None None] default_log_levels = ['amqp=WARN', 'boto=WARN', 'sqlalchemy=WARN', 'suds=INFO', 'oslo.messaging=INFO', 'oslo_messaging=INFO', 'iso8601=WARN', 'requests.packages.urllib3.connectionpool=WARN', 'urllib3.connectionpool=WARN', 'websocket=WARN', 'requests.packages.urllib3.util.retry=WARN', 'urllib3.util.retry=WARN', 'keystonemiddleware=WARN', 'routes.middleware=WARN', 'stevedore=WARN', 'taskflow=WARN', 'keystoneauth=WARN', 'oslo.cache=INFO', 'oslo_policy=INFO', 'dogpile.core.dogpile=INFO', 'glanceclient=WARN', 'oslo.privsep.daemon=INFO'] {{(pid=95956) log_opt_values /opt/stack/data/venv/lib/python3.12/site-packages/oslo_config/cfg.py:3242}}
Jul 15 13:17:45.117944 np0000005195 devstack@n-api-meta.service[95956]: DEBUG nova.api.openstack.wsgi_app [None req-c323bcaa-e103-4c3d-ba5d-f587d7916ca2 None None] default_schedule_zone = None {{(pid=95956) log_opt_values /opt/stack/data/venv/lib/python3.12/site-packages/oslo_config/cfg.py:3242}}
Jul 15 13:17:45.117944 np0000005195 devstack@n-api-meta.service[95956]: DEBUG nova.api.openstack.wsgi_app [None req-c323bcaa-e103-4c3d-ba5d-f587d7916ca2 None None] default_thread_pool_size = 10 {{(pid=95956) log_opt_values /opt/stack/data/venv/lib/python3.12/site-packages/oslo_config/cfg.py:3242}}
Jul 15 13:17:45.118075 np0000005195 devstack@n-api-meta.service[95956]: DEBUG nova.api.openstack.wsgi_app [None req-c323bcaa-e103-4c3d-ba5d-f587d7916ca2 None None] disk_allocation_ratio = None {{(pid=95956) log_opt_values /opt/stack/data/venv/lib/python3.12/site-packages/oslo_config/cfg.py:3242}}
Jul 15 13:17:45.118175 np0000005195 devstack@n-api-meta.service[95956]: DEBUG nova.api.openstack.wsgi_app [None req-c323bcaa-e103-4c3d-ba5d-f587d7916ca2 None None] enable_new_services = True {{(pid=95956) log_opt_values /opt/stack/data/venv/lib/python3.12/site-packages/oslo_config/cfg.py:3242}}
Jul 15 13:17:45.118378 np0000005195 devstack@n-api-meta.service[95956]: DEBUG nova.api.openstack.wsgi_app [None req-c323bcaa-e103-4c3d-ba5d-f587d7916ca2 None None] flat_injected = False {{(pid=95956) log_opt_values /opt/stack/data/venv/lib/python3.12/site-packages/oslo_config/cfg.py:3242}}
Jul 15 13:17:45.118493 np0000005195 devstack@n-api-meta.service[95956]: DEBUG nova.api.openstack.wsgi_app [None req-c323bcaa-e103-4c3d-ba5d-f587d7916ca2 None None] force_config_drive = True {{(pid=95956) log_opt_values /opt/stack/data/venv/lib/python3.12/site-packages/oslo_config/cfg.py:3242}}
Jul 15 13:17:45.118640 np0000005195 devstack@n-api-meta.service[95956]: DEBUG nova.api.openstack.wsgi_app [None req-c323bcaa-e103-4c3d-ba5d-f587d7916ca2 None None] force_raw_images = True {{(pid=95956) log_opt_values /opt/stack/data/venv/lib/python3.12/site-packages/oslo_config/cfg.py:3242}}
Jul 15 13:17:45.118767 np0000005195 devstack@n-api-meta.service[95956]: DEBUG nova.api.openstack.wsgi_app [None req-c323bcaa-e103-4c3d-ba5d-f587d7916ca2 None None] graceful_shutdown_timeout = 5 {{(pid=95956) log_opt_values /opt/stack/data/venv/lib/python3.12/site-packages/oslo_config/cfg.py:3242}}
Jul 15 13:17:45.118884 np0000005195 devstack@n-api-meta.service[95956]: DEBUG nova.api.openstack.wsgi_app [None req-c323bcaa-e103-4c3d-ba5d-f587d7916ca2 None None] heal_instance_info_cache_interval = -1 {{(pid=95956) log_opt_values /opt/stack/data/venv/lib/python3.12/site-packages/oslo_config/cfg.py:3242}}
Jul 15 13:17:45.119085 np0000005195 devstack@n-api-meta.service[95956]: DEBUG nova.api.openstack.wsgi_app [None req-c323bcaa-e103-4c3d-ba5d-f587d7916ca2 None None] host = np0000005195 {{(pid=95956) log_opt_values /opt/stack/data/venv/lib/python3.12/site-packages/oslo_config/cfg.py:3242}}
Jul 15 13:17:45.119219 np0000005195 devstack@n-api-meta.service[95956]: DEBUG nova.api.openstack.wsgi_app [None req-c323bcaa-e103-4c3d-ba5d-f587d7916ca2 None None] initial_cpu_allocation_ratio = 4.0 {{(pid=95956) log_opt_values /opt/stack/data/venv/lib/python3.12/site-packages/oslo_config/cfg.py:3242}}
Jul 15 13:17:45.119337 np0000005195 devstack@n-api-meta.service[95956]: DEBUG nova.api.openstack.wsgi_app [None req-c323bcaa-e103-4c3d-ba5d-f587d7916ca2 None None] initial_disk_allocation_ratio = 1.0 {{(pid=95956) log_opt_values /opt/stack/data/venv/lib/python3.12/site-packages/oslo_config/cfg.py:3242}}
Jul 15 13:17:45.119467 np0000005195 devstack@n-api-meta.service[95956]: DEBUG nova.api.openstack.wsgi_app [None req-c323bcaa-e103-4c3d-ba5d-f587d7916ca2 None None] initial_ram_allocation_ratio = 1.0 {{(pid=95956) log_opt_values /opt/stack/data/venv/lib/python3.12/site-packages/oslo_config/cfg.py:3242}}
Jul 15 13:17:45.119657 np0000005195 devstack@n-api-meta.service[95956]: DEBUG nova.api.openstack.wsgi_app [None req-c323bcaa-e103-4c3d-ba5d-f587d7916ca2 None None] injected_network_template = /opt/stack/nova/nova/virt/interfaces.template {{(pid=95956) log_opt_values /opt/stack/data/venv/lib/python3.12/site-packages/oslo_config/cfg.py:3242}}
Jul 15 13:17:45.119807 np0000005195 devstack@n-api-meta.service[95956]: DEBUG nova.api.openstack.wsgi_app [None req-c323bcaa-e103-4c3d-ba5d-f587d7916ca2 None None] instance_build_timeout = 0 {{(pid=95956) log_opt_values /opt/stack/data/venv/lib/python3.12/site-packages/oslo_config/cfg.py:3242}}
Jul 15 13:17:45.119923 np0000005195 devstack@n-api-meta.service[95956]: DEBUG nova.api.openstack.wsgi_app [None req-c323bcaa-e103-4c3d-ba5d-f587d7916ca2 None None] instance_delete_interval = 300 {{(pid=95956) log_opt_values /opt/stack/data/venv/lib/python3.12/site-packages/oslo_config/cfg.py:3242}}
Jul 15 13:17:45.120105 np0000005195 devstack@n-api-meta.service[95956]: DEBUG nova.api.openstack.wsgi_app [None req-c323bcaa-e103-4c3d-ba5d-f587d7916ca2 None None] instance_format = [instance: %(uuid)s] {{(pid=95956) log_opt_values /opt/stack/data/venv/lib/python3.12/site-packages/oslo_config/cfg.py:3242}}
Jul 15 13:17:45.120282 np0000005195 devstack@n-api-meta.service[95956]: DEBUG nova.api.openstack.wsgi_app [None req-c323bcaa-e103-4c3d-ba5d-f587d7916ca2 None None] instance_name_template = instance-%08x {{(pid=95956) log_opt_values /opt/stack/data/venv/lib/python3.12/site-packages/oslo_config/cfg.py:3242}}
Jul 15 13:17:45.120444 np0000005195 devstack@n-api-meta.service[95956]: DEBUG nova.api.openstack.wsgi_app [None req-c323bcaa-e103-4c3d-ba5d-f587d7916ca2 None None] instance_usage_audit = False {{(pid=95956) log_opt_values /opt/stack/data/venv/lib/python3.12/site-packages/oslo_config/cfg.py:3242}}
Jul 15 13:17:45.120581 np0000005195 devstack@n-api-meta.service[95956]: DEBUG nova.api.openstack.wsgi_app [None req-c323bcaa-e103-4c3d-ba5d-f587d7916ca2 None None] instance_usage_audit_period = month {{(pid=95956) log_opt_values /opt/stack/data/venv/lib/python3.12/site-packages/oslo_config/cfg.py:3242}}
Jul 15 13:17:45.120701 np0000005195 devstack@n-api-meta.service[95956]: DEBUG nova.api.openstack.wsgi_app [None req-c323bcaa-e103-4c3d-ba5d-f587d7916ca2 None None] instance_uuid_format = [instance: %(uuid)s] {{(pid=95956) log_opt_values /opt/stack/data/venv/lib/python3.12/site-packages/oslo_config/cfg.py:3242}}
Jul 15 13:17:45.120817 np0000005195 devstack@n-api-meta.service[95956]: DEBUG nova.api.openstack.wsgi_app [None req-c323bcaa-e103-4c3d-ba5d-f587d7916ca2 None None] instances_path = /opt/stack/data/nova/instances {{(pid=95956) log_opt_values /opt/stack/data/venv/lib/python3.12/site-packages/oslo_config/cfg.py:3242}}
Jul 15 13:17:45.120981 np0000005195 devstack@n-api-meta.service[95956]: DEBUG nova.api.openstack.wsgi_app [None req-c323bcaa-e103-4c3d-ba5d-f587d7916ca2 None None] internal_service_availability_zone = internal {{(pid=95956) log_opt_values /opt/stack/data/venv/lib/python3.12/site-packages/oslo_config/cfg.py:3242}}
Jul 15 13:17:45.121148 np0000005195 devstack@n-api-meta.service[95956]: DEBUG nova.api.openstack.wsgi_app [None req-c323bcaa-e103-4c3d-ba5d-f587d7916ca2 None None] key = None {{(pid=95956) log_opt_values /opt/stack/data/venv/lib/python3.12/site-packages/oslo_config/cfg.py:3242}}
Jul 15 13:17:45.121315 np0000005195 devstack@n-api-meta.service[95956]: DEBUG nova.api.openstack.wsgi_app [None req-c323bcaa-e103-4c3d-ba5d-f587d7916ca2 None None] live_migration_retry_count = 30 {{(pid=95956) log_opt_values /opt/stack/data/venv/lib/python3.12/site-packages/oslo_config/cfg.py:3242}}
Jul 15 13:17:45.121507 np0000005195 devstack@n-api-meta.service[95956]: DEBUG nova.api.openstack.wsgi_app [None req-c323bcaa-e103-4c3d-ba5d-f587d7916ca2 None None] log_color = False {{(pid=95956) log_opt_values /opt/stack/data/venv/lib/python3.12/site-packages/oslo_config/cfg.py:3242}}
Jul 15 13:17:45.121656 np0000005195 devstack@n-api-meta.service[95956]: DEBUG nova.api.openstack.wsgi_app [None req-c323bcaa-e103-4c3d-ba5d-f587d7916ca2 None None] log_config_append = None {{(pid=95956) log_opt_values /opt/stack/data/venv/lib/python3.12/site-packages/oslo_config/cfg.py:3242}}
Jul 15 13:17:45.121811 np0000005195 devstack@n-api-meta.service[95956]: DEBUG nova.api.openstack.wsgi_app [None req-c323bcaa-e103-4c3d-ba5d-f587d7916ca2 None None] log_date_format = %Y-%m-%d %H:%M:%S {{(pid=95956) log_opt_values /opt/stack/data/venv/lib/python3.12/site-packages/oslo_config/cfg.py:3242}}
Jul 15 13:17:45.121993 np0000005195 devstack@n-api-meta.service[95956]: DEBUG nova.api.openstack.wsgi_app [None req-c323bcaa-e103-4c3d-ba5d-f587d7916ca2 None None] log_dir = None {{(pid=95956) log_opt_values /opt/stack/data/venv/lib/python3.12/site-packages/oslo_config/cfg.py:3242}}
Jul 15 13:17:45.122155 np0000005195 devstack@n-api-meta.service[95956]: DEBUG nova.api.openstack.wsgi_app [None req-c323bcaa-e103-4c3d-ba5d-f587d7916ca2 None None] log_file = None {{(pid=95956) log_opt_values /opt/stack/data/venv/lib/python3.12/site-packages/oslo_config/cfg.py:3242}}
Jul 15 13:17:45.122275 np0000005195 devstack@n-api-meta.service[95956]: DEBUG nova.api.openstack.wsgi_app [None req-c323bcaa-e103-4c3d-ba5d-f587d7916ca2 None None] log_options = True {{(pid=95956) log_opt_values /opt/stack/data/venv/lib/python3.12/site-packages/oslo_config/cfg.py:3242}}
Jul 15 13:17:45.122452 np0000005195 devstack@n-api-meta.service[95956]: DEBUG nova.api.openstack.wsgi_app [None req-c323bcaa-e103-4c3d-ba5d-f587d7916ca2 None None] log_rotate_interval = 1 {{(pid=95956) log_opt_values /opt/stack/data/venv/lib/python3.12/site-packages/oslo_config/cfg.py:3242}}
Jul 15 13:17:45.122635 np0000005195 devstack@n-api-meta.service[95956]: DEBUG nova.api.openstack.wsgi_app [None req-c323bcaa-e103-4c3d-ba5d-f587d7916ca2 None None] log_rotate_interval_type = days {{(pid=95956) log_opt_values /opt/stack/data/venv/lib/python3.12/site-packages/oslo_config/cfg.py:3242}}
Jul 15 13:17:45.122813 np0000005195 devstack@n-api-meta.service[95956]: DEBUG nova.api.openstack.wsgi_app [None req-c323bcaa-e103-4c3d-ba5d-f587d7916ca2 None None] log_rotation_type = none {{(pid=95956) log_opt_values /opt/stack/data/venv/lib/python3.12/site-packages/oslo_config/cfg.py:3242}}
Jul 15 13:17:45.122951 np0000005195 devstack@n-api-meta.service[95956]: DEBUG nova.api.openstack.wsgi_app [None req-c323bcaa-e103-4c3d-ba5d-f587d7916ca2 None None] logging_context_format_string = %(color)s%(levelname)s %(name)s [%(global_request_id)s %(request_id)s %(project_name)s %(user_name)s%(color)s] %(instance)s%(color)s%(message)s {{(pid=95956) log_opt_values /opt/stack/data/venv/lib/python3.12/site-packages/oslo_config/cfg.py:3242}}
Jul 15 13:17:45.123098 np0000005195 devstack@n-api-meta.service[95956]: DEBUG nova.api.openstack.wsgi_app [None req-c323bcaa-e103-4c3d-ba5d-f587d7916ca2 None None] logging_debug_format_suffix = {{(pid=%(process)d) %(funcName)s %(pathname)s:%(lineno)d}} {{(pid=95956) log_opt_values /opt/stack/data/venv/lib/python3.12/site-packages/oslo_config/cfg.py:3242}}
Jul 15 13:17:45.123255 np0000005195 devstack@n-api-meta.service[95956]: DEBUG nova.api.openstack.wsgi_app [None req-c323bcaa-e103-4c3d-ba5d-f587d7916ca2 None None] logging_default_format_string = %(color)s%(levelname)s %(name)s [-%(color)s] %(instance)s%(color)s%(message)s {{(pid=95956) log_opt_values /opt/stack/data/venv/lib/python3.12/site-packages/oslo_config/cfg.py:3242}}
Jul 15 13:17:45.123401 np0000005195 devstack@n-api-meta.service[95956]: DEBUG nova.api.openstack.wsgi_app [None req-c323bcaa-e103-4c3d-ba5d-f587d7916ca2 None None] logging_exception_prefix = ERROR %(name)s %(instance)s {{(pid=95956) log_opt_values /opt/stack/data/venv/lib/python3.12/site-packages/oslo_config/cfg.py:3242}}
Jul 15 13:17:45.123535 np0000005195 devstack@n-api-meta.service[95956]: DEBUG nova.api.openstack.wsgi_app [None req-c323bcaa-e103-4c3d-ba5d-f587d7916ca2 None None] logging_user_identity_format = %(user)s %(project)s %(domain)s %(system_scope)s %(user_domain)s %(project_domain)s {{(pid=95956) log_opt_values /opt/stack/data/venv/lib/python3.12/site-packages/oslo_config/cfg.py:3242}}
