Jul 15 13:17:49.944500 np0000005195 nova-conductor[98993]: DEBUG cotyledon.oslo_config_glue [-] ******************************************************************************** {{(pid=98993) log_opt_values /opt/stack/data/venv/lib/python3.12/site-packages/oslo_config/cfg.py:3260}}
Jul 15 13:17:49.944522 np0000005195 nova-conductor[98995]: DEBUG cotyledon.oslo_config_glue [-] workarounds.disable_deep_image_inspection = False {{(pid=98995) log_opt_values /opt/stack/data/venv/lib/python3.12/site-packages/oslo_config/cfg.py:3253}}
Jul 15 13:17:49.944522 np0000005195 nova-conductor[98995]: DEBUG cotyledon.oslo_config_glue [-] workarounds.disable_fallback_pcpu_query = False {{(pid=98995) log_opt_values /opt/stack/data/venv/lib/python3.12/site-packages/oslo_config/cfg.py:3253}}
Jul 15 13:17:49.944522 np0000005195 nova-conductor[98995]: DEBUG cotyledon.oslo_config_glue [-] workarounds.disable_group_policy_check_upcall = False {{(pid=98995) log_opt_values /opt/stack/data/venv/lib/python3.12/site-packages/oslo_config/cfg.py:3253}}
Jul 15 13:17:49.944593 np0000005195 nova-conductor[98993]: DEBUG cotyledon._service_worker [-] Run service ServiceWrapper(2) [98993] {{(pid=98993) wait_forever /opt/stack/data/venv/lib/python3.12/site-packages/cotyledon/_service_worker.py:218}}
Jul 15 13:17:49.944622 np0000005195 nova-conductor[98995]: DEBUG cotyledon.oslo_config_glue [-] workarounds.disable_libvirt_livesnapshot = False {{(pid=98995) log_opt_values /opt/stack/data/venv/lib/python3.12/site-packages/oslo_config/cfg.py:3253}}
Jul 15 13:17:49.944622 np0000005195 nova-conductor[98995]: DEBUG cotyledon.oslo_config_glue [-] workarounds.disable_rootwrap = False {{(pid=98995) log_opt_values /opt/stack/data/venv/lib/python3.12/site-packages/oslo_config/cfg.py:3253}}
Jul 15 13:17:49.944622 np0000005195 nova-conductor[98995]: DEBUG cotyledon.oslo_config_glue [-] workarounds.enable_numa_live_migration = False {{(pid=98995) log_opt_values /opt/stack/data/venv/lib/python3.12/site-packages/oslo_config/cfg.py:3253}}
Jul 15 13:17:49.944622 np0000005195 nova-conductor[98995]: DEBUG cotyledon.oslo_config_glue [-] workarounds.enable_qemu_monitor_announce_self = False {{(pid=98995) log_opt_values /opt/stack/data/venv/lib/python3.12/site-packages/oslo_config/cfg.py:3253}}
Jul 15 13:17:49.944622 np0000005195 nova-conductor[98995]: DEBUG cotyledon.oslo_config_glue [-] workarounds.ensure_libvirt_rbd_instance_dir_cleanup = False {{(pid=98995) log_opt_values /opt/stack/data/venv/lib/python3.12/site-packages/oslo_config/cfg.py:3253}}
Jul 15 13:17:49.944622 np0000005195 nova-conductor[98995]: DEBUG cotyledon.oslo_config_glue [-] workarounds.handle_virt_lifecycle_events = True {{(pid=98995) log_opt_values /opt/stack/data/venv/lib/python3.12/site-packages/oslo_config/cfg.py:3253}}
Jul 15 13:17:49.944622 np0000005195 nova-conductor[98995]: DEBUG cotyledon.oslo_config_glue [-] workarounds.libvirt_disable_apic = False {{(pid=98995) log_opt_values /opt/stack/data/venv/lib/python3.12/site-packages/oslo_config/cfg.py:3253}}
Jul 15 13:17:49.944622 np0000005195 nova-conductor[98995]: DEBUG cotyledon.oslo_config_glue [-] workarounds.never_download_image_if_on_rbd = False {{(pid=98995) log_opt_values /opt/stack/data/venv/lib/python3.12/site-packages/oslo_config/cfg.py:3253}}
Jul 15 13:17:49.944622 np0000005195 nova-conductor[98995]: DEBUG cotyledon.oslo_config_glue [-] workarounds.qemu_monitor_announce_self_count = 3 {{(pid=98995) log_opt_values /opt/stack/data/venv/lib/python3.12/site-packages/oslo_config/cfg.py:3253}}
Jul 15 13:17:49.944792 np0000005195 nova-conductor[98995]: DEBUG cotyledon.oslo_config_glue [-] workarounds.qemu_monitor_announce_self_interval = 1 {{(pid=98995) log_opt_values /opt/stack/data/venv/lib/python3.12/site-packages/oslo_config/cfg.py:3253}}
Jul 15 13:17:49.944792 np0000005195 nova-conductor[98995]: DEBUG cotyledon.oslo_config_glue [-] workarounds.reserve_disk_resource_for_image_cache = False {{(pid=98995) log_opt_values /opt/stack/data/venv/lib/python3.12/site-packages/oslo_config/cfg.py:3253}}
Jul 15 13:17:49.944792 np0000005195 nova-conductor[98995]: DEBUG cotyledon.oslo_config_glue [-] workarounds.skip_cpu_compare_at_startup = False {{(pid=98995) log_opt_values /opt/stack/data/venv/lib/python3.12/site-packages/oslo_config/cfg.py:3253}}
Jul 15 13:17:49.944792 np0000005195 nova-conductor[98995]: DEBUG cotyledon.oslo_config_glue [-] workarounds.skip_cpu_compare_on_dest = False {{(pid=98995) log_opt_values /opt/stack/data/venv/lib/python3.12/site-packages/oslo_config/cfg.py:3253}}
Jul 15 13:17:49.944792 np0000005195 nova-conductor[98995]: DEBUG cotyledon.oslo_config_glue [-] workarounds.skip_hypervisor_version_check_on_lm = False {{(pid=98995) log_opt_values /opt/stack/data/venv/lib/python3.12/site-packages/oslo_config/cfg.py:3253}}
Jul 15 13:17:49.944792 np0000005195 nova-conductor[98995]: DEBUG cotyledon.oslo_config_glue [-] workarounds.skip_reserve_in_use_ironic_nodes = False {{(pid=98995) log_opt_values /opt/stack/data/venv/lib/python3.12/site-packages/oslo_config/cfg.py:3253}}
Jul 15 13:17:49.944792 np0000005195 nova-conductor[98995]: DEBUG cotyledon.oslo_config_glue [-] workarounds.unified_limits_count_pcpu_as_vcpu = False {{(pid=98995) log_opt_values /opt/stack/data/venv/lib/python3.12/site-packages/oslo_config/cfg.py:3253}}
Jul 15 13:17:49.944792 np0000005195 nova-conductor[98995]: DEBUG cotyledon.oslo_config_glue [-] workarounds.wait_for_vif_plugged_event_during_hard_reboot = [] {{(pid=98995) log_opt_values /opt/stack/data/venv/lib/python3.12/site-packages/oslo_config/cfg.py:3253}}
Jul 15 13:17:49.944951 np0000005195 nova-conductor[98995]: DEBUG cotyledon.oslo_config_glue [-] wsgi.api_paste_config = /etc/nova/api-paste.ini {{(pid=98995) log_opt_values /opt/stack/data/venv/lib/python3.12/site-packages/oslo_config/cfg.py:3253}}
Jul 15 13:17:49.944951 np0000005195 nova-conductor[98995]: DEBUG cotyledon.oslo_config_glue [-] wsgi.secure_proxy_ssl_header = None {{(pid=98995) log_opt_values /opt/stack/data/venv/lib/python3.12/site-packages/oslo_config/cfg.py:3253}}
Jul 15 13:17:49.944951 np0000005195 nova-conductor[98995]: DEBUG cotyledon.oslo_config_glue [-] zvm.ca_file = None {{(pid=98995) log_opt_values /opt/stack/data/venv/lib/python3.12/site-packages/oslo_config/cfg.py:3253}}
Jul 15 13:17:49.944951 np0000005195 nova-conductor[98995]: DEBUG cotyledon.oslo_config_glue [-] zvm.cloud_connector_url = None {{(pid=98995) log_opt_values /opt/stack/data/venv/lib/python3.12/site-packages/oslo_config/cfg.py:3253}}
Jul 15 13:17:49.944951 np0000005195 nova-conductor[98995]: DEBUG cotyledon.oslo_config_glue [-] zvm.image_tmp_path = /opt/stack/data/nova/images {{(pid=98995) log_opt_values /opt/stack/data/venv/lib/python3.12/site-packages/oslo_config/cfg.py:3253}}
Jul 15 13:17:49.944951 np0000005195 nova-conductor[98995]: DEBUG cotyledon.oslo_config_glue [-] zvm.reachable_timeout = 300 {{(pid=98995) log_opt_values /opt/stack/data/venv/lib/python3.12/site-packages/oslo_config/cfg.py:3253}}
Jul 15 13:17:49.944951 np0000005195 nova-conductor[98995]: DEBUG cotyledon.oslo_config_glue [-] oslo_versionedobjects.fatal_exception_format_errors = False {{(pid=98995) log_opt_values /opt/stack/data/venv/lib/python3.12/site-packages/oslo_config/cfg.py:3253}}
Jul 15 13:17:49.944951 np0000005195 nova-conductor[98995]: DEBUG cotyledon.oslo_config_glue [-] oslo_middleware.http_basic_auth_user_file = /etc/htpasswd {{(pid=98995) log_opt_values /opt/stack/data/venv/lib/python3.12/site-packages/oslo_config/cfg.py:3253}}
Jul 15 13:17:49.944951 np0000005195 nova-conductor[98995]: DEBUG cotyledon.oslo_config_glue [-] profiler.connection_string = messaging:// {{(pid=98995) log_opt_values /opt/stack/data/venv/lib/python3.12/site-packages/oslo_config/cfg.py:3253}}
Jul 15 13:17:49.945142 np0000005195 nova-conductor[98995]: DEBUG cotyledon.oslo_config_glue [-] profiler.enabled = False {{(pid=98995) log_opt_values /opt/stack/data/venv/lib/python3.12/site-packages/oslo_config/cfg.py:3253}}
Jul 15 13:17:49.945142 np0000005195 nova-conductor[98995]: DEBUG cotyledon.oslo_config_glue [-] profiler.es_doc_type = notification {{(pid=98995) log_opt_values /opt/stack/data/venv/lib/python3.12/site-packages/oslo_config/cfg.py:3253}}
Jul 15 13:17:49.945142 np0000005195 nova-conductor[98995]: DEBUG cotyledon.oslo_config_glue [-] profiler.es_scroll_size = 10000 {{(pid=98995) log_opt_values /opt/stack/data/venv/lib/python3.12/site-packages/oslo_config/cfg.py:3253}}
Jul 15 13:17:49.945142 np0000005195 nova-conductor[98995]: DEBUG cotyledon.oslo_config_glue [-] profiler.es_scroll_time = 2m {{(pid=98995) log_opt_values /opt/stack/data/venv/lib/python3.12/site-packages/oslo_config/cfg.py:3253}}
Jul 15 13:17:49.945142 np0000005195 nova-conductor[98995]: DEBUG cotyledon.oslo_config_glue [-] profiler.filter_error_trace = False {{(pid=98995) log_opt_values /opt/stack/data/venv/lib/python3.12/site-packages/oslo_config/cfg.py:3253}}
Jul 15 13:17:49.945142 np0000005195 nova-conductor[98995]: DEBUG cotyledon.oslo_config_glue [-] profiler.hmac_keys = **** {{(pid=98995) log_opt_values /opt/stack/data/venv/lib/python3.12/site-packages/oslo_config/cfg.py:3253}}
Jul 15 13:17:49.945142 np0000005195 nova-conductor[98995]: DEBUG cotyledon.oslo_config_glue [-] profiler.sentinel_service_name = mymaster {{(pid=98995) log_opt_values /opt/stack/data/venv/lib/python3.12/site-packages/oslo_config/cfg.py:3253}}
Jul 15 13:17:49.945142 np0000005195 nova-conductor[98995]: DEBUG cotyledon.oslo_config_glue [-] profiler.socket_timeout = 0.1 {{(pid=98995) log_opt_values /opt/stack/data/venv/lib/python3.12/site-packages/oslo_config/cfg.py:3253}}
Jul 15 13:17:49.945142 np0000005195 nova-conductor[98995]: DEBUG cotyledon.oslo_config_glue [-] profiler.trace_requests = False {{(pid=98995) log_opt_values /opt/stack/data/venv/lib/python3.12/site-packages/oslo_config/cfg.py:3253}}
Jul 15 13:17:49.945316 np0000005195 nova-conductor[98993]: INFO nova.service [-] Starting conductor node (version 33.1.0)
Jul 15 13:17:49.945344 np0000005195 nova-conductor[98995]: DEBUG cotyledon.oslo_config_glue [-] profiler.trace_sqlalchemy = False {{(pid=98995) log_opt_values /opt/stack/data/venv/lib/python3.12/site-packages/oslo_config/cfg.py:3253}}
Jul 15 13:17:49.945344 np0000005195 nova-conductor[98995]: DEBUG cotyledon.oslo_config_glue [-] profiler_jaeger.process_tags = {} {{(pid=98995) log_opt_values /opt/stack/data/venv/lib/python3.12/site-packages/oslo_config/cfg.py:3253}}
Jul 15 13:17:49.945344 np0000005195 nova-conductor[98995]: DEBUG cotyledon.oslo_config_glue [-] profiler_jaeger.service_name_prefix = None {{(pid=98995) log_opt_values /opt/stack/data/venv/lib/python3.12/site-packages/oslo_config/cfg.py:3253}}
Jul 15 13:17:49.945344 np0000005195 nova-conductor[98995]: DEBUG cotyledon.oslo_config_glue [-] profiler_otlp.service_name_prefix = None {{(pid=98995) log_opt_values /opt/stack/data/venv/lib/python3.12/site-packages/oslo_config/cfg.py:3253}}
Jul 15 13:17:49.945344 np0000005195 nova-conductor[98995]: DEBUG cotyledon.oslo_config_glue [-] oslo_messaging_rabbit.amqp_auto_delete = False {{(pid=98995) log_opt_values /opt/stack/data/venv/lib/python3.12/site-packages/oslo_config/cfg.py:3253}}
Jul 15 13:17:49.945344 np0000005195 nova-conductor[98995]: DEBUG cotyledon.oslo_config_glue [-] oslo_messaging_rabbit.amqp_durable_queues = False {{(pid=98995) log_opt_values /opt/stack/data/venv/lib/python3.12/site-packages/oslo_config/cfg.py:3253}}
Jul 15 13:17:49.945344 np0000005195 nova-conductor[98995]: DEBUG cotyledon.oslo_config_glue [-] oslo_messaging_rabbit.conn_pool_min_size = 2 {{(pid=98995) log_opt_values /opt/stack/data/venv/lib/python3.12/site-packages/oslo_config/cfg.py:3253}}
Jul 15 13:17:49.945344 np0000005195 nova-conductor[98995]: DEBUG cotyledon.oslo_config_glue [-] oslo_messaging_rabbit.conn_pool_ttl = 1200 {{(pid=98995) log_opt_values /opt/stack/data/venv/lib/python3.12/site-packages/oslo_config/cfg.py:3253}}
Jul 15 13:17:49.945344 np0000005195 nova-conductor[98995]: DEBUG cotyledon.oslo_config_glue [-] oslo_messaging_rabbit.direct_mandatory_flag = True {{(pid=98995) log_opt_values /opt/stack/data/venv/lib/python3.12/site-packages/oslo_config/cfg.py:3253}}
Jul 15 13:17:49.945512 np0000005195 nova-conductor[98995]: DEBUG cotyledon.oslo_config_glue [-] oslo_messaging_rabbit.enable_cancel_on_failover = False {{(pid=98995) log_opt_values /opt/stack/data/venv/lib/python3.12/site-packages/oslo_config/cfg.py:3253}}
Jul 15 13:17:49.945512 np0000005195 nova-conductor[98995]: DEBUG cotyledon.oslo_config_glue [-] oslo_messaging_rabbit.heartbeat_rate = 3 {{(pid=98995) log_opt_values /opt/stack/data/venv/lib/python3.12/site-packages/oslo_config/cfg.py:3253}}
Jul 15 13:17:49.945512 np0000005195 nova-conductor[98995]: DEBUG cotyledon.oslo_config_glue [-] oslo_messaging_rabbit.heartbeat_timeout_threshold = 60 {{(pid=98995) log_opt_values /opt/stack/data/venv/lib/python3.12/site-packages/oslo_config/cfg.py:3253}}
Jul 15 13:17:49.945512 np0000005195 nova-conductor[98995]: DEBUG cotyledon.oslo_config_glue [-] oslo_messaging_rabbit.hostname = np0000005195 {{(pid=98995) log_opt_values /opt/stack/data/venv/lib/python3.12/site-packages/oslo_config/cfg.py:3253}}
Jul 15 13:17:49.945512 np0000005195 nova-conductor[98995]: DEBUG cotyledon.oslo_config_glue [-] oslo_messaging_rabbit.kombu_compression = None {{(pid=98995) log_opt_values /opt/stack/data/venv/lib/python3.12/site-packages/oslo_config/cfg.py:3253}}
Jul 15 13:17:49.945512 np0000005195 nova-conductor[98995]: DEBUG cotyledon.oslo_config_glue [-] oslo_messaging_rabbit.kombu_failover_strategy = round-robin {{(pid=98995) log_opt_values /opt/stack/data/venv/lib/python3.12/site-packages/oslo_config/cfg.py:3253}}
Jul 15 13:17:49.945512 np0000005195 nova-conductor[98995]: DEBUG cotyledon.oslo_config_glue [-] oslo_messaging_rabbit.kombu_missing_consumer_retry_timeout = 60 {{(pid=98995) log_opt_values /opt/stack/data/venv/lib/python3.12/site-packages/oslo_config/cfg.py:3253}}
Jul 15 13:17:49.945512 np0000005195 nova-conductor[98995]: DEBUG cotyledon.oslo_config_glue [-] oslo_messaging_rabbit.kombu_reconnect_delay = 1.0 {{(pid=98995) log_opt_values /opt/stack/data/venv/lib/python3.12/site-packages/oslo_config/cfg.py:3253}}
Jul 15 13:17:49.945512 np0000005195 nova-conductor[98995]: DEBUG cotyledon.oslo_config_glue [-] oslo_messaging_rabbit.kombu_reconnect_splay = 0.0 {{(pid=98995) log_opt_values /opt/stack/data/venv/lib/python3.12/site-packages/oslo_config/cfg.py:3253}}
Jul 15 13:17:49.945814 np0000005195 nova-conductor[98995]: DEBUG cotyledon.oslo_config_glue [-] oslo_messaging_rabbit.processname = nova-conductor {{(pid=98995) log_opt_values /opt/stack/data/venv/lib/python3.12/site-packages/oslo_config/cfg.py:3253}}
Jul 15 13:17:49.945814 np0000005195 nova-conductor[98995]: DEBUG cotyledon.oslo_config_glue [-] oslo_messaging_rabbit.rabbit_ha_queues = False {{(pid=98995) log_opt_values /opt/stack/data/venv/lib/python3.12/site-packages/oslo_config/cfg.py:3253}}
Jul 15 13:17:49.945814 np0000005195 nova-conductor[98995]: DEBUG cotyledon.oslo_config_glue [-] oslo_messaging_rabbit.rabbit_interval_max = 30 {{(pid=98995) log_opt_values /opt/stack/data/venv/lib/python3.12/site-packages/oslo_config/cfg.py:3253}}
Jul 15 13:17:49.945814 np0000005195 nova-conductor[98995]: DEBUG cotyledon.oslo_config_glue [-] oslo_messaging_rabbit.rabbit_login_method = AMQPLAIN {{(pid=98995) log_opt_values /opt/stack/data/venv/lib/python3.12/site-packages/oslo_config/cfg.py:3253}}
Jul 15 13:17:49.945814 np0000005195 nova-conductor[98995]: DEBUG cotyledon.oslo_config_glue [-] oslo_messaging_rabbit.rabbit_qos_prefetch_count = 0 {{(pid=98995) log_opt_values /opt/stack/data/venv/lib/python3.12/site-packages/oslo_config/cfg.py:3253}}
Jul 15 13:17:49.945814 np0000005195 nova-conductor[98995]: DEBUG cotyledon.oslo_config_glue [-] oslo_messaging_rabbit.rabbit_quorum_delivery_limit = 0 {{(pid=98995) log_opt_values /opt/stack/data/venv/lib/python3.12/site-packages/oslo_config/cfg.py:3253}}
Jul 15 13:17:49.945814 np0000005195 nova-conductor[98995]: DEBUG cotyledon.oslo_config_glue [-] oslo_messaging_rabbit.rabbit_quorum_max_memory_bytes = 0 {{(pid=98995) log_opt_values /opt/stack/data/venv/lib/python3.12/site-packages/oslo_config/cfg.py:3253}}
Jul 15 13:17:49.945814 np0000005195 nova-conductor[98995]: DEBUG cotyledon.oslo_config_glue [-] oslo_messaging_rabbit.rabbit_quorum_max_memory_length = 0 {{(pid=98995) log_opt_values /opt/stack/data/venv/lib/python3.12/site-packages/oslo_config/cfg.py:3253}}
Jul 15 13:17:49.945814 np0000005195 nova-conductor[98995]: DEBUG cotyledon.oslo_config_glue [-] oslo_messaging_rabbit.rabbit_quorum_queue = False {{(pid=98995) log_opt_values /opt/stack/data/venv/lib/python3.12/site-packages/oslo_config/cfg.py:3253}}
Jul 15 13:17:49.946138 np0000005195 nova-conductor[98995]: DEBUG cotyledon.oslo_config_glue [-] oslo_messaging_rabbit.rabbit_retry_backoff = 2 {{(pid=98995) log_opt_values /opt/stack/data/venv/lib/python3.12/site-packages/oslo_config/cfg.py:3253}}
Jul 15 13:17:49.946138 np0000005195 nova-conductor[98995]: DEBUG cotyledon.oslo_config_glue [-] oslo_messaging_rabbit.rabbit_retry_interval = 1 {{(pid=98995) log_opt_values /opt/stack/data/venv/lib/python3.12/site-packages/oslo_config/cfg.py:3253}}
Jul 15 13:17:49.946138 np0000005195 nova-conductor[98995]: DEBUG cotyledon.oslo_config_glue [-] oslo_messaging_rabbit.rabbit_stream_fanout = False {{(pid=98995) log_opt_values /opt/stack/data/venv/lib/python3.12/site-packages/oslo_config/cfg.py:3253}}
Jul 15 13:17:49.946138 np0000005195 nova-conductor[98995]: DEBUG cotyledon.oslo_config_glue [-] oslo_messaging_rabbit.rabbit_transient_queues_ttl = 1800 {{(pid=98995) log_opt_values /opt/stack/data/venv/lib/python3.12/site-packages/oslo_config/cfg.py:3253}}
Jul 15 13:17:49.946138 np0000005195 nova-conductor[98995]: DEBUG cotyledon.oslo_config_glue [-] oslo_messaging_rabbit.rabbit_transient_quorum_queue = False {{(pid=98995) log_opt_values /opt/stack/data/venv/lib/python3.12/site-packages/oslo_config/cfg.py:3253}}
Jul 15 13:17:49.946138 np0000005195 nova-conductor[98995]: DEBUG cotyledon.oslo_config_glue [-] oslo_messaging_rabbit.rpc_conn_pool_size = 30 {{(pid=98995) log_opt_values /opt/stack/data/venv/lib/python3.12/site-packages/oslo_config/cfg.py:3253}}
Jul 15 13:17:49.946138 np0000005195 nova-conductor[98995]: DEBUG cotyledon.oslo_config_glue [-] oslo_messaging_rabbit.ssl = False {{(pid=98995) log_opt_values /opt/stack/data/venv/lib/python3.12/site-packages/oslo_config/cfg.py:3253}}
Jul 15 13:17:49.946138 np0000005195 nova-conductor[98995]: DEBUG cotyledon.oslo_config_glue [-] oslo_messaging_rabbit.ssl_ca_file = {{(pid=98995) log_opt_values /opt/stack/data/venv/lib/python3.12/site-packages/oslo_config/cfg.py:3253}}
Jul 15 13:17:49.946138 np0000005195 nova-conductor[98995]: DEBUG cotyledon.oslo_config_glue [-] oslo_messaging_rabbit.ssl_cert_file = {{(pid=98995) log_opt_values /opt/stack/data/venv/lib/python3.12/site-packages/oslo_config/cfg.py:3253}}
Jul 15 13:17:49.946407 np0000005195 nova-conductor[98995]: DEBUG cotyledon.oslo_config_glue [-] oslo_messaging_rabbit.ssl_enforce_fips_mode = False {{(pid=98995) log_opt_values /opt/stack/data/venv/lib/python3.12/site-packages/oslo_config/cfg.py:3253}}
Jul 15 13:17:49.946407 np0000005195 nova-conductor[98995]: DEBUG cotyledon.oslo_config_glue [-] oslo_messaging_rabbit.ssl_enforce_hostname_verification = True {{(pid=98995) log_opt_values /opt/stack/data/venv/lib/python3.12/site-packages/oslo_config/cfg.py:3253}}
Jul 15 13:17:49.946407 np0000005195 nova-conductor[98995]: DEBUG cotyledon.oslo_config_glue [-] oslo_messaging_rabbit.ssl_key_file = {{(pid=98995) log_opt_values /opt/stack/data/venv/lib/python3.12/site-packages/oslo_config/cfg.py:3253}}
Jul 15 13:17:49.946407 np0000005195 nova-conductor[98995]: DEBUG cotyledon.oslo_config_glue [-] oslo_messaging_rabbit.ssl_version = {{(pid=98995) log_opt_values /opt/stack/data/venv/lib/python3.12/site-packages/oslo_config/cfg.py:3253}}
Jul 15 13:17:49.946407 np0000005195 nova-conductor[98995]: DEBUG cotyledon.oslo_config_glue [-] oslo_messaging_rabbit.use_queue_manager = False {{(pid=98995) log_opt_values /opt/stack/data/venv/lib/python3.12/site-packages/oslo_config/cfg.py:3253}}
Jul 15 13:17:49.946407 np0000005195 nova-conductor[98995]: DEBUG cotyledon.oslo_config_glue [-] oslo_messaging_notifications.driver = ['messagingv2'] {{(pid=98995) log_opt_values /opt/stack/data/venv/lib/python3.12/site-packages/oslo_config/cfg.py:3253}}
Jul 15 13:17:49.946407 np0000005195 nova-conductor[98995]: DEBUG cotyledon.oslo_config_glue [-] oslo_messaging_notifications.retry = -1 {{(pid=98995) log_opt_values /opt/stack/data/venv/lib/python3.12/site-packages/oslo_config/cfg.py:3253}}
Jul 15 13:17:49.946407 np0000005195 nova-conductor[98995]: DEBUG cotyledon.oslo_config_glue [-] oslo_messaging_notifications.topics = ['notifications'] {{(pid=98995) log_opt_values /opt/stack/data/venv/lib/python3.12/site-packages/oslo_config/cfg.py:3253}}
Jul 15 13:17:49.946407 np0000005195 nova-conductor[98995]: DEBUG cotyledon.oslo_config_glue [-] oslo_messaging_notifications.transport_url = **** {{(pid=98995) log_opt_values /opt/stack/data/venv/lib/python3.12/site-packages/oslo_config/cfg.py:3253}}
Jul 15 13:17:49.946690 np0000005195 nova-conductor[98995]: DEBUG cotyledon.oslo_config_glue [-] oslo_limit.auth_section = None {{(pid=98995) log_opt_values /opt/stack/data/venv/lib/python3.12/site-packages/oslo_config/cfg.py:3253}}
Jul 15 13:17:49.946690 np0000005195 nova-conductor[98995]: DEBUG cotyledon.oslo_config_glue [-] oslo_limit.auth_type = None {{(pid=98995) log_opt_values /opt/stack/data/venv/lib/python3.12/site-packages/oslo_config/cfg.py:3253}}
Jul 15 13:17:49.946690 np0000005195 nova-conductor[98995]: DEBUG cotyledon.oslo_config_glue [-] oslo_limit.cafile = None {{(pid=98995) log_opt_values /opt/stack/data/venv/lib/python3.12/site-packages/oslo_config/cfg.py:3253}}
Jul 15 13:17:49.946690 np0000005195 nova-conductor[98995]: DEBUG cotyledon.oslo_config_glue [-] oslo_limit.certfile = None {{(pid=98995) log_opt_values /opt/stack/data/venv/lib/python3.12/site-packages/oslo_config/cfg.py:3253}}
Jul 15 13:17:49.946690 np0000005195 nova-conductor[98995]: DEBUG cotyledon.oslo_config_glue [-] oslo_limit.collect_timing = False {{(pid=98995) log_opt_values /opt/stack/data/venv/lib/python3.12/site-packages/oslo_config/cfg.py:3253}}
Jul 15 13:17:49.946690 np0000005195 nova-conductor[98995]: DEBUG cotyledon.oslo_config_glue [-] oslo_limit.connect_retries = None {{(pid=98995) log_opt_values /opt/stack/data/venv/lib/python3.12/site-packages/oslo_config/cfg.py:3253}}
Jul 15 13:17:49.946690 np0000005195 nova-conductor[98995]: DEBUG cotyledon.oslo_config_glue [-] oslo_limit.connect_retry_delay = None {{(pid=98995) log_opt_values /opt/stack/data/venv/lib/python3.12/site-packages/oslo_config/cfg.py:3253}}
Jul 15 13:17:49.946690 np0000005195 nova-conductor[98995]: DEBUG cotyledon.oslo_config_glue [-] oslo_limit.endpoint_id = None {{(pid=98995) log_opt_values /opt/stack/data/venv/lib/python3.12/site-packages/oslo_config/cfg.py:3253}}
Jul 15 13:17:49.946690 np0000005195 nova-conductor[98995]: DEBUG cotyledon.oslo_config_glue [-] oslo_limit.endpoint_interface = public {{(pid=98995) log_opt_values /opt/stack/data/venv/lib/python3.12/site-packages/oslo_config/cfg.py:3253}}
Jul 15 13:17:49.946987 np0000005195 nova-conductor[98995]: DEBUG cotyledon.oslo_config_glue [-] oslo_limit.endpoint_override = None {{(pid=98995) log_opt_values /opt/stack/data/venv/lib/python3.12/site-packages/oslo_config/cfg.py:3253}}
Jul 15 13:17:49.946987 np0000005195 nova-conductor[98995]: DEBUG cotyledon.oslo_config_glue [-] oslo_limit.endpoint_region_name = None {{(pid=98995) log_opt_values /opt/stack/data/venv/lib/python3.12/site-packages/oslo_config/cfg.py:3253}}
Jul 15 13:17:49.946987 np0000005195 nova-conductor[98995]: DEBUG cotyledon.oslo_config_glue [-] oslo_limit.endpoint_service_name = None {{(pid=98995) log_opt_values /opt/stack/data/venv/lib/python3.12/site-packages/oslo_config/cfg.py:3253}}
Jul 15 13:17:49.946987 np0000005195 nova-conductor[98995]: DEBUG cotyledon.oslo_config_glue [-] oslo_limit.endpoint_service_type = None {{(pid=98995) log_opt_values /opt/stack/data/venv/lib/python3.12/site-packages/oslo_config/cfg.py:3253}}
Jul 15 13:17:49.946987 np0000005195 nova-conductor[98995]: DEBUG cotyledon.oslo_config_glue [-] oslo_limit.insecure = False {{(pid=98995) log_opt_values /opt/stack/data/venv/lib/python3.12/site-packages/oslo_config/cfg.py:3253}}
Jul 15 13:17:49.946987 np0000005195 nova-conductor[98995]: DEBUG cotyledon.oslo_config_glue [-] oslo_limit.keyfile = None {{(pid=98995) log_opt_values /opt/stack/data/venv/lib/python3.12/site-packages/oslo_config/cfg.py:3253}}
Jul 15 13:17:49.946987 np0000005195 nova-conductor[98995]: DEBUG cotyledon.oslo_config_glue [-] oslo_limit.max_version = None {{(pid=98995) log_opt_values /opt/stack/data/venv/lib/python3.12/site-packages/oslo_config/cfg.py:3253}}
Jul 15 13:17:49.946987 np0000005195 nova-conductor[98995]: DEBUG cotyledon.oslo_config_glue [-] oslo_limit.min_version = None {{(pid=98995) log_opt_values /opt/stack/data/venv/lib/python3.12/site-packages/oslo_config/cfg.py:3253}}
Jul 15 13:17:49.946987 np0000005195 nova-conductor[98995]: DEBUG cotyledon.oslo_config_glue [-] oslo_limit.region_name = None {{(pid=98995) log_opt_values /opt/stack/data/venv/lib/python3.12/site-packages/oslo_config/cfg.py:3253}}
Jul 15 13:17:49.947262 np0000005195 nova-conductor[98995]: DEBUG cotyledon.oslo_config_glue [-] oslo_limit.retriable_status_codes = None {{(pid=98995) log_opt_values /opt/stack/data/venv/lib/python3.12/site-packages/oslo_config/cfg.py:3253}}
Jul 15 13:17:49.947262 np0000005195 nova-conductor[98995]: DEBUG cotyledon.oslo_config_glue [-] oslo_limit.service_name = None {{(pid=98995) log_opt_values /opt/stack/data/venv/lib/python3.12/site-packages/oslo_config/cfg.py:3253}}
Jul 15 13:17:49.947262 np0000005195 nova-conductor[98995]: DEBUG cotyledon.oslo_config_glue [-] oslo_limit.service_type = None {{(pid=98995) log_opt_values /opt/stack/data/venv/lib/python3.12/site-packages/oslo_config/cfg.py:3253}}
Jul 15 13:17:49.947262 np0000005195 nova-conductor[98995]: DEBUG cotyledon.oslo_config_glue [-] oslo_limit.split_loggers = False {{(pid=98995) log_opt_values /opt/stack/data/venv/lib/python3.12/site-packages/oslo_config/cfg.py:3253}}
Jul 15 13:17:49.947262 np0000005195 nova-conductor[98995]: DEBUG cotyledon.oslo_config_glue [-] oslo_limit.status_code_retries = None {{(pid=98995) log_opt_values /opt/stack/data/venv/lib/python3.12/site-packages/oslo_config/cfg.py:3253}}
Jul 15 13:17:49.947262 np0000005195 nova-conductor[98995]: DEBUG cotyledon.oslo_config_glue [-] oslo_limit.status_code_retry_delay = None {{(pid=98995) log_opt_values /opt/stack/data/venv/lib/python3.12/site-packages/oslo_config/cfg.py:3253}}
Jul 15 13:17:49.947262 np0000005195 nova-conductor[98995]: DEBUG cotyledon.oslo_config_glue [-] oslo_limit.timeout = None {{(pid=98995) log_opt_values /opt/stack/data/venv/lib/python3.12/site-packages/oslo_config/cfg.py:3253}}
Jul 15 13:17:49.947262 np0000005195 nova-conductor[98995]: DEBUG cotyledon.oslo_config_glue [-] oslo_limit.valid_interfaces = None {{(pid=98995) log_opt_values /opt/stack/data/venv/lib/python3.12/site-packages/oslo_config/cfg.py:3253}}
Jul 15 13:17:49.947262 np0000005195 nova-conductor[98995]: DEBUG cotyledon.oslo_config_glue [-] oslo_limit.version = None {{(pid=98995) log_opt_values /opt/stack/data/venv/lib/python3.12/site-packages/oslo_config/cfg.py:3253}}
Jul 15 13:17:49.947555 np0000005195 nova-conductor[98995]: DEBUG cotyledon.oslo_config_glue [-] oslo_reports.file_event_handler = None {{(pid=98995) log_opt_values /opt/stack/data/venv/lib/python3.12/site-packages/oslo_config/cfg.py:3253}}
Jul 15 13:17:49.947555 np0000005195 nova-conductor[98995]: DEBUG cotyledon.oslo_config_glue [-] oslo_reports.file_event_handler_interval = 1 {{(pid=98995) log_opt_values /opt/stack/data/venv/lib/python3.12/site-packages/oslo_config/cfg.py:3253}}
Jul 15 13:17:49.947555 np0000005195 nova-conductor[98995]: DEBUG cotyledon.oslo_config_glue [-] oslo_reports.log_dir = None {{(pid=98995) log_opt_values /opt/stack/data/venv/lib/python3.12/site-packages/oslo_config/cfg.py:3253}}
Jul 15 13:17:49.947555 np0000005195 nova-conductor[98995]: DEBUG cotyledon.oslo_config_glue [-] ******************************************************************************** {{(pid=98995) log_opt_values /opt/stack/data/venv/lib/python3.12/site-packages/oslo_config/cfg.py:3260}}
Jul 15 13:17:49.947555 np0000005195 nova-conductor[98995]: DEBUG cotyledon._service_worker [-] Run service ServiceWrapper(3) [98995] {{(pid=98995) wait_forever /opt/stack/data/venv/lib/python3.12/site-packages/cotyledon/_service_worker.py:218}}
Jul 15 13:17:49.947555 np0000005195 nova-conductor[98995]: INFO nova.service [-] Starting conductor node (version 33.1.0)
Jul 15 13:17:49.947751 np0000005195 nova-conductor[98993]: INFO dbcounter [None req-28956a70-2504-42b2-a76b-7dfe65434326 None None] Registered counter for database nova_cell0
Jul 15 13:17:49.947791 np0000005195 nova-conductor[98995]: INFO dbcounter [None req-fc5d2b80-8917-4152-abda-dffcdbbb38ac None None] Registered counter for database nova_cell0
Jul 15 13:17:49.947833 np0000005195 nova-conductor[98983]: DEBUG oslo_db.sqlalchemy.engines [None req-e85690f0-42d0-44e9-9e75-a03ab7602562 None None] MySQL server mode set to STRICT_TRANS_TABLES,STRICT_ALL_TABLES,NO_ZERO_IN_DATE,NO_ZERO_DATE,ERROR_FOR_DIVISION_BY_ZERO,TRADITIONAL,NO_ENGINE_SUBSTITUTION {{(pid=98983) _check_effective_sql_mode /opt/stack/data/venv/lib/python3.12/site-packages/oslo_db/sqlalchemy/engines.py:325}}
Jul 15 13:17:49.947833 np0000005195 nova-conductor[98983]: DEBUG dbcounter [-] [98983] Writer thread running {{(pid=98983) stat_writer /opt/stack/data/venv/lib/python3.12/site-packages/dbcounter.py:102}}
Jul 15 13:17:49.947917 np0000005195 nova-conductor[98987]: DEBUG oslo_db.sqlalchemy.engines [None req-ef2321e7-b764-4a80-ba62-997878762795 None None] MySQL server mode set to STRICT_TRANS_TABLES,STRICT_ALL_TABLES,NO_ZERO_IN_DATE,NO_ZERO_DATE,ERROR_FOR_DIVISION_BY_ZERO,TRADITIONAL,NO_ENGINE_SUBSTITUTION {{(pid=98987) _check_effective_sql_mode /opt/stack/data/venv/lib/python3.12/site-packages/oslo_db/sqlalchemy/engines.py:325}}
Jul 15 13:17:49.947992 np0000005195 nova-conductor[98983]: DEBUG nova.service [None req-e85690f0-42d0-44e9-9e75-a03ab7602562 None None] Creating RPC server for service: nova-conductor on topic: conductor {{(pid=98983) start /opt/stack/nova/nova/service.py:196}}
Jul 15 13:17:49.948039 np0000005195 nova-conductor[98987]: DEBUG dbcounter [-] [98987] Writer thread running {{(pid=98987) stat_writer /opt/stack/data/venv/lib/python3.12/site-packages/dbcounter.py:102}}
Jul 15 13:17:49.948039 np0000005195 nova-conductor[98987]: DEBUG nova.service [None req-ef2321e7-b764-4a80-ba62-997878762795 None None] Creating RPC server for service: nova-conductor on topic: conductor {{(pid=98987) start /opt/stack/nova/nova/service.py:196}}
Jul 15 13:17:49.948124 np0000005195 nova-conductor[98995]: DEBUG oslo_db.sqlalchemy.engines [None req-fc5d2b80-8917-4152-abda-dffcdbbb38ac None None] MySQL server mode set to STRICT_TRANS_TABLES,STRICT_ALL_TABLES,NO_ZERO_IN_DATE,NO_ZERO_DATE,ERROR_FOR_DIVISION_BY_ZERO,TRADITIONAL,NO_ENGINE_SUBSTITUTION {{(pid=98995) _check_effective_sql_mode /opt/stack/data/venv/lib/python3.12/site-packages/oslo_db/sqlalchemy/engines.py:325}}
Jul 15 13:17:49.948173 np0000005195 nova-conductor[98993]: DEBUG oslo_db.sqlalchemy.engines [None req-28956a70-2504-42b2-a76b-7dfe65434326 None None] MySQL server mode set to STRICT_TRANS_TABLES,STRICT_ALL_TABLES,NO_ZERO_IN_DATE,NO_ZERO_DATE,ERROR_FOR_DIVISION_BY_ZERO,TRADITIONAL,NO_ENGINE_SUBSTITUTION {{(pid=98993) _check_effective_sql_mode /opt/stack/data/venv/lib/python3.12/site-packages/oslo_db/sqlalchemy/engines.py:325}}
Jul 15 13:17:49.949438 np0000005195 nova-conductor[98995]: DEBUG dbcounter [-] [98995] Writer thread running {{(pid=98995) stat_writer /opt/stack/data/venv/lib/python3.12/site-packages/dbcounter.py:102}}
Jul 15 13:17:49.950838 np0000005195 nova-conductor[98983]: DEBUG nova.service [None req-e85690f0-42d0-44e9-9e75-a03ab7602562 None None] Join ServiceGroup membership for this service conductor {{(pid=98983) start /opt/stack/nova/nova/service.py:222}}
Jul 15 13:17:49.951160 np0000005195 nova-conductor[98983]: DEBUG nova.servicegroup.drivers.db [None req-e85690f0-42d0-44e9-9e75-a03ab7602562 None None] DB_Driver: join new ServiceGroup member np0000005195 to the conductor group, service = {{(pid=98983) join /opt/stack/nova/nova/servicegroup/drivers/db.py:44}}
Jul 15 13:17:49.952426 np0000005195 nova-conductor[98987]: DEBUG nova.service [None req-ef2321e7-b764-4a80-ba62-997878762795 None None] Join ServiceGroup membership for this service conductor {{(pid=98987) start /opt/stack/nova/nova/service.py:222}}
Jul 15 13:17:49.952674 np0000005195 nova-conductor[98987]: DEBUG nova.servicegroup.drivers.db [None req-ef2321e7-b764-4a80-ba62-997878762795 None None] DB_Driver: join new ServiceGroup member np0000005195 to the conductor group, service = {{(pid=98987) join /opt/stack/nova/nova/servicegroup/drivers/db.py:44}}
Jul 15 13:17:49.952731 np0000005195 nova-conductor[98995]: DEBUG nova.service [None req-fc5d2b80-8917-4152-abda-dffcdbbb38ac None None] Creating RPC server for service: nova-conductor on topic: conductor {{(pid=98995) start /opt/stack/nova/nova/service.py:196}}
Jul 15 13:17:49.956293 np0000005195 nova-conductor[98993]: DEBUG dbcounter [-] [98993] Writer thread running {{(pid=98993) stat_writer /opt/stack/data/venv/lib/python3.12/site-packages/dbcounter.py:102}}
Jul 15 13:17:49.958819 np0000005195 nova-conductor[98993]: DEBUG nova.service [None req-28956a70-2504-42b2-a76b-7dfe65434326 None None] Creating RPC server for service: nova-conductor on topic: conductor {{(pid=98993) start /opt/stack/nova/nova/service.py:196}}
Jul 15 13:17:49.973215 np0000005195 nova-conductor[98995]: DEBUG nova.service [None req-fc5d2b80-8917-4152-abda-dffcdbbb38ac None None] Join ServiceGroup membership for this service conductor {{(pid=98995) start /opt/stack/nova/nova/service.py:222}}
Jul 15 13:17:49.973503 np0000005195 nova-conductor[98995]: DEBUG nova.servicegroup.drivers.db [None req-fc5d2b80-8917-4152-abda-dffcdbbb38ac None None] DB_Driver: join new ServiceGroup member np0000005195 to the conductor group, service = {{(pid=98995) join /opt/stack/nova/nova/servicegroup/drivers/db.py:44}}
Jul 15 13:17:49.974648 np0000005195 nova-conductor[98993]: DEBUG nova.service [None req-28956a70-2504-42b2-a76b-7dfe65434326 None None] Join ServiceGroup membership for this service conductor {{(pid=98993) start /opt/stack/nova/nova/service.py:222}}
Jul 15 13:17:49.974877 np0000005195 nova-conductor[98993]: DEBUG nova.servicegroup.drivers.db [None req-28956a70-2504-42b2-a76b-7dfe65434326 None None] DB_Driver: join new ServiceGroup member np0000005195 to the conductor group, service = {{(pid=98993) join /opt/stack/nova/nova/servicegroup/drivers/db.py:44}}
Jul 15 13:17:54.967180 np0000005195 nova-conductor[98983]: DEBUG oslo.service.backend._threading.loopingcall [-] Fixed interval looping call 'nova.servicegroup.drivers.db.DbDriver._report_state' sleeping for 119.99 seconds {{(pid=98983) _run_loop /opt/stack/data/venv/lib/python3.12/site-packages/oslo_service/backend/_threading/loopingcall.py:125}}
Jul 15 13:17:54.968307 np0000005195 nova-conductor[98987]: DEBUG oslo.service.backend._threading.loopingcall [-] Fixed interval looping call 'nova.servicegroup.drivers.db.DbDriver._report_state' sleeping for 119.99 seconds {{(pid=98987) _run_loop /opt/stack/data/venv/lib/python3.12/site-packages/oslo_service/backend/_threading/loopingcall.py:125}}
Jul 15 13:17:54.983994 np0000005195 nova-conductor[98995]: DEBUG oslo.service.backend._threading.loopingcall [-] Fixed interval looping call 'nova.servicegroup.drivers.db.DbDriver._report_state' sleeping for 119.99 seconds {{(pid=98995) _run_loop /opt/stack/data/venv/lib/python3.12/site-packages/oslo_service/backend/_threading/loopingcall.py:125}}
Jul 15 13:17:54.985564 np0000005195 nova-conductor[98993]: DEBUG oslo.service.backend._threading.loopingcall [-] Fixed interval looping call 'nova.servicegroup.drivers.db.DbDriver._report_state' sleeping for 119.99 seconds {{(pid=98993) _run_loop /opt/stack/data/venv/lib/python3.12/site-packages/oslo_service/backend/_threading/loopingcall.py:125}}
Jul 15 13:17:58.474346 np0000005195 nova-conductor[97480]: DEBUG dbcounter [-] [97480] Writing DB stats nova_api:SELECT=1 {{(pid=97480) stat_writer /opt/stack/data/venv/lib/python3.12/site-packages/dbcounter.py:115}}
Jul 15 13:17:58.612990 np0000005195 nova-conductor[97480]: DEBUG dbcounter [-] [97480] Writing DB stats nova_cell0:SELECT=1 {{(pid=97480) stat_writer /opt/stack/data/venv/lib/python3.12/site-packages/dbcounter.py:115}}
Jul 15 13:17:58.624077 np0000005195 nova-conductor[97480]: DEBUG dbcounter [-] [97480] Writing DB stats nova_cell1:SELECT=1 {{(pid=97480) stat_writer /opt/stack/data/venv/lib/python3.12/site-packages/dbcounter.py:115}}
Jul 15 13:17:58.954800 np0000005195 nova-conductor[98987]: DEBUG oslo.service.backend._threading.loopingcall [None req-a69ea98a-7a30-4a21-9494-23bd5dfe85f6 None None] Dynamic interval looping call 'nova.service.Service.periodic_tasks' sleeping for 60.00 seconds {{(pid=98987) _run_loop /opt/stack/data/venv/lib/python3.12/site-packages/oslo_service/backend/_threading/loopingcall.py:125}}
Jul 15 13:18:04.962037 np0000005195 nova-conductor[98983]: DEBUG dbcounter [-] [98983] Writing DB stats nova_cell0:SELECT=4,nova_cell0:INSERT=1,nova_cell0:UPDATE=1 {{(pid=98983) stat_writer /opt/stack/data/venv/lib/python3.12/site-packages/dbcounter.py:115}}
Jul 15 13:18:04.964808 np0000005195 nova-conductor[98987]: DEBUG dbcounter [-] [98987] Writing DB stats nova_cell0:SELECT=3,nova_cell0:UPDATE=1 {{(pid=98987) stat_writer /opt/stack/data/venv/lib/python3.12/site-packages/dbcounter.py:115}}
Jul 15 13:18:04.982646 np0000005195 nova-conductor[98993]: DEBUG dbcounter [-] [98993] Writing DB stats nova_cell0:SELECT=3 {{(pid=98993) stat_writer /opt/stack/data/venv/lib/python3.12/site-packages/dbcounter.py:115}}
Jul 15 13:18:04.983217 np0000005195 nova-conductor[98995]: DEBUG dbcounter [-] [98995] Writing DB stats nova_cell0:SELECT=3 {{(pid=98995) stat_writer /opt/stack/data/venv/lib/python3.12/site-packages/dbcounter.py:115}}
Jul 15 13:18:32.953519 np0000005195 nova-conductor[98983]: DEBUG oslo.service.backend._threading.loopingcall [None req-17a0d55e-fb4c-43d0-b198-54acfa72ae8c None None] Dynamic interval looping call 'nova.service.Service.periodic_tasks' sleeping for 60.00 seconds {{(pid=98983) _run_loop /opt/stack/data/venv/lib/python3.12/site-packages/oslo_service/backend/_threading/loopingcall.py:125}}
Jul 15 13:18:36.975752 np0000005195 nova-conductor[98995]: DEBUG oslo.service.backend._threading.loopingcall [None req-9aaa4515-9fb1-4622-9a15-50e6e6dda4cc None None] Dynamic interval looping call 'nova.service.Service.periodic_tasks' sleeping for 60.00 seconds {{(pid=98995) _run_loop /opt/stack/data/venv/lib/python3.12/site-packages/oslo_service/backend/_threading/loopingcall.py:125}}
Jul 15 13:18:49.976801 np0000005195 nova-conductor[98993]: DEBUG oslo.service.backend._threading.loopingcall [None req-d24c7b64-342b-4e35-be8d-ab7487467c97 None None] Dynamic interval looping call 'nova.service.Service.periodic_tasks' sleeping for 60.00 seconds {{(pid=98993) _run_loop /opt/stack/data/venv/lib/python3.12/site-packages/oslo_service/backend/_threading/loopingcall.py:125}}
Jul 15 13:18:58.955306 np0000005195 nova-conductor[98987]: DEBUG oslo.service.backend._threading.loopingcall [None req-a69ea98a-7a30-4a21-9494-23bd5dfe85f6 None None] Dynamic interval looping call 'nova.service.Service.periodic_tasks' sleeping for 60.00 seconds {{(pid=98987) _run_loop /opt/stack/data/venv/lib/python3.12/site-packages/oslo_service/backend/_threading/loopingcall.py:125}}
Jul 15 13:19:32.954060 np0000005195 nova-conductor[98983]: DEBUG oslo.service.backend._threading.loopingcall [None req-17a0d55e-fb4c-43d0-b198-54acfa72ae8c None None] Dynamic interval looping call 'nova.service.Service.periodic_tasks' sleeping for 60.00 seconds {{(pid=98983) _run_loop /opt/stack/data/venv/lib/python3.12/site-packages/oslo_service/backend/_threading/loopingcall.py:125}}
Jul 15 13:19:36.976243 np0000005195 nova-conductor[98995]: DEBUG oslo.service.backend._threading.loopingcall [None req-9aaa4515-9fb1-4622-9a15-50e6e6dda4cc None None] Dynamic interval looping call 'nova.service.Service.periodic_tasks' sleeping for 60.00 seconds {{(pid=98995) _run_loop /opt/stack/data/venv/lib/python3.12/site-packages/oslo_service/backend/_threading/loopingcall.py:125}}
Jul 15 13:19:49.977378 np0000005195 nova-conductor[98993]: DEBUG oslo.service.backend._threading.loopingcall [None req-d24c7b64-342b-4e35-be8d-ab7487467c97 None None] Dynamic interval looping call 'nova.service.Service.periodic_tasks' sleeping for 60.00 seconds {{(pid=98993) _run_loop /opt/stack/data/venv/lib/python3.12/site-packages/oslo_service/backend/_threading/loopingcall.py:125}}
Jul 15 13:19:54.965818 np0000005195 nova-conductor[98987]: DEBUG oslo.service.backend._threading.loopingcall [-] Fixed interval looping call 'nova.servicegroup.drivers.db.DbDriver._report_state' sleeping for 119.99 seconds {{(pid=98987) _run_loop /opt/stack/data/venv/lib/python3.12/site-packages/oslo_service/backend/_threading/loopingcall.py:125}}
Jul 15 13:19:54.966283 np0000005195 nova-conductor[98983]: DEBUG oslo.service.backend._threading.loopingcall [-] Fixed interval looping call 'nova.servicegroup.drivers.db.DbDriver._report_state' sleeping for 119.99 seconds {{(pid=98983) _run_loop /opt/stack/data/venv/lib/python3.12/site-packages/oslo_service/backend/_threading/loopingcall.py:125}}
Jul 15 13:19:54.978412 np0000005195 nova-conductor[98995]: DEBUG oslo.service.backend._threading.loopingcall [-] Fixed interval looping call 'nova.servicegroup.drivers.db.DbDriver._report_state' sleeping for 120.00 seconds {{(pid=98995) _run_loop /opt/stack/data/venv/lib/python3.12/site-packages/oslo_service/backend/_threading/loopingcall.py:125}}
Jul 15 13:19:54.980893 np0000005195 nova-conductor[98993]: DEBUG oslo.service.backend._threading.loopingcall [-] Fixed interval looping call 'nova.servicegroup.drivers.db.DbDriver._report_state' sleeping for 120.00 seconds {{(pid=98993) _run_loop /opt/stack/data/venv/lib/python3.12/site-packages/oslo_service/backend/_threading/loopingcall.py:125}}
Jul 15 13:19:58.955839 np0000005195 nova-conductor[98987]: DEBUG oslo.service.backend._threading.loopingcall [None req-a69ea98a-7a30-4a21-9494-23bd5dfe85f6 None None] Dynamic interval looping call 'nova.service.Service.periodic_tasks' sleeping for 60.00 seconds {{(pid=98987) _run_loop /opt/stack/data/venv/lib/python3.12/site-packages/oslo_service/backend/_threading/loopingcall.py:125}}
Jul 15 13:20:04.961468 np0000005195 nova-conductor[98983]: DEBUG dbcounter [-] [98983] Writing DB stats nova_cell0:SELECT=1,nova_cell0:UPDATE=1 {{(pid=98983) stat_writer /opt/stack/data/venv/lib/python3.12/site-packages/dbcounter.py:115}}
Jul 15 13:20:04.963191 np0000005195 nova-conductor[98987]: DEBUG dbcounter [-] [98987] Writing DB stats nova_cell0:SELECT=1,nova_cell0:UPDATE=1 {{(pid=98987) stat_writer /opt/stack/data/venv/lib/python3.12/site-packages/dbcounter.py:115}}
Jul 15 13:20:04.976569 np0000005195 nova-conductor[98995]: DEBUG dbcounter [-] [98995] Writing DB stats nova_cell0:SELECT=1 {{(pid=98995) stat_writer /opt/stack/data/venv/lib/python3.12/site-packages/dbcounter.py:115}}
Jul 15 13:20:04.978090 np0000005195 nova-conductor[98993]: DEBUG dbcounter [-] [98993] Writing DB stats nova_cell0:SELECT=1 {{(pid=98993) stat_writer /opt/stack/data/venv/lib/python3.12/site-packages/dbcounter.py:115}}
Jul 15 13:20:18.696497 np0000005195 nova-conductor[98983]: DEBUG oslo_db.sqlalchemy.engines [None req-bb6c5156-56ed-4d1a-af36-392cd534b3c5 tempest-DeleteServersTestJSON-2085149070 tempest-DeleteServersTestJSON-2085149070-project-member] Parent process 97480 forked (98983) with an open database connection, which is being discarded and recreated. {{(pid=98983) checkout /opt/stack/data/venv/lib/python3.12/site-packages/oslo_db/sqlalchemy/engines.py:402}}
Jul 15 13:20:18.752329 np0000005195 nova-conductor[98983]: DEBUG dbcounter [-] [98983] Writer thread running {{(pid=98983) stat_writer /opt/stack/data/venv/lib/python3.12/site-packages/dbcounter.py:102}}
Jul 15 13:20:19.803107 np0000005195 nova-conductor[98983]: DEBUG nova.conductor.manager [None req-bb6c5156-56ed-4d1a-af36-392cd534b3c5 tempest-DeleteServersTestJSON-2085149070 tempest-DeleteServersTestJSON-2085149070-project-member] Took 1.05 seconds to select destinations for 1 instance(s). {{(pid=98983) _schedule_instances /opt/stack/nova/nova/conductor/manager.py:968}}
Jul 15 13:20:19.836593 np0000005195 nova-conductor[98983]: DEBUG oslo_concurrency.lockutils [None req-bb6c5156-56ed-4d1a-af36-392cd534b3c5 tempest-DeleteServersTestJSON-2085149070 tempest-DeleteServersTestJSON-2085149070-project-member] Acquiring lock "1d40626e-f119-4feb-8855-ebab789cc6b3" by "nova.context.set_target_cell..get_or_set_cached_cell_and_set_connections" {{(pid=98983) inner /opt/stack/data/venv/lib/python3.12/site-packages/oslo_concurrency/lockutils.py:511}}
Jul 15 13:20:19.836700 np0000005195 nova-conductor[98983]: DEBUG oslo_concurrency.lockutils [None req-bb6c5156-56ed-4d1a-af36-392cd534b3c5 tempest-DeleteServersTestJSON-2085149070 tempest-DeleteServersTestJSON-2085149070-project-member] Lock "1d40626e-f119-4feb-8855-ebab789cc6b3" acquired by "nova.context.set_target_cell..get_or_set_cached_cell_and_set_connections" :: waited 0.000s {{(pid=98983) inner /opt/stack/data/venv/lib/python3.12/site-packages/oslo_concurrency/lockutils.py:524}}
Jul 15 13:20:19.838673 np0000005195 nova-conductor[98983]: DEBUG oslo_concurrency.lockutils [None req-bb6c5156-56ed-4d1a-af36-392cd534b3c5 tempest-DeleteServersTestJSON-2085149070 tempest-DeleteServersTestJSON-2085149070-project-member] Lock "1d40626e-f119-4feb-8855-ebab789cc6b3" "released" by "nova.context.set_target_cell..get_or_set_cached_cell_and_set_connections" :: held 0.002s {{(pid=98983) inner /opt/stack/data/venv/lib/python3.12/site-packages/oslo_concurrency/lockutils.py:543}}
Jul 15 13:20:19.841374 np0000005195 nova-conductor[98983]: INFO dbcounter [None req-bb6c5156-56ed-4d1a-af36-392cd534b3c5 tempest-DeleteServersTestJSON-2085149070 tempest-DeleteServersTestJSON-2085149070-project-member] Registered counter for database nova_cell1
Jul 15 13:20:19.891638 np0000005195 nova-conductor[98983]: DEBUG oslo_db.sqlalchemy.engines [None req-bb6c5156-56ed-4d1a-af36-392cd534b3c5 tempest-DeleteServersTestJSON-2085149070 tempest-DeleteServersTestJSON-2085149070-project-member] MySQL server mode set to STRICT_TRANS_TABLES,STRICT_ALL_TABLES,NO_ZERO_IN_DATE,NO_ZERO_DATE,ERROR_FOR_DIVISION_BY_ZERO,TRADITIONAL,NO_ENGINE_SUBSTITUTION {{(pid=98983) _check_effective_sql_mode /opt/stack/data/venv/lib/python3.12/site-packages/oslo_db/sqlalchemy/engines.py:325}}
Jul 15 13:20:19.901344 np0000005195 nova-conductor[98983]: DEBUG dbcounter [-] [98983] Writer thread running {{(pid=98983) stat_writer /opt/stack/data/venv/lib/python3.12/site-packages/dbcounter.py:102}}
Jul 15 13:20:20.014691 np0000005195 nova-conductor[98983]: INFO nova.utils [None req-bb6c5156-56ed-4d1a-af36-392cd534b3c5 tempest-DeleteServersTestJSON-2085149070 tempest-DeleteServersTestJSON-2085149070-project-member] The cell worker thread pool ForkProcess-1.cell_worker is initialized
Jul 15 13:20:20.015254 np0000005195 nova-conductor[98983]: DEBUG oslo_concurrency.lockutils [None req-bb6c5156-56ed-4d1a-af36-392cd534b3c5 tempest-DeleteServersTestJSON-2085149070 tempest-DeleteServersTestJSON-2085149070-project-member] Acquiring lock "00000000-0000-0000-0000-000000000000" by "nova.context.set_target_cell..get_or_set_cached_cell_and_set_connections" {{(pid=98983) inner /opt/stack/data/venv/lib/python3.12/site-packages/oslo_concurrency/lockutils.py:511}}
Jul 15 13:20:20.015254 np0000005195 nova-conductor[98983]: DEBUG oslo_concurrency.lockutils [None req-bb6c5156-56ed-4d1a-af36-392cd534b3c5 tempest-DeleteServersTestJSON-2085149070 tempest-DeleteServersTestJSON-2085149070-project-member] Lock "00000000-0000-0000-0000-000000000000" acquired by "nova.context.set_target_cell..get_or_set_cached_cell_and_set_connections" :: waited 0.000s {{(pid=98983) inner /opt/stack/data/venv/lib/python3.12/site-packages/oslo_concurrency/lockutils.py:524}}
Jul 15 13:20:20.016070 np0000005195 nova-conductor[98983]: DEBUG oslo_concurrency.lockutils [None req-bb6c5156-56ed-4d1a-af36-392cd534b3c5 tempest-DeleteServersTestJSON-2085149070 tempest-DeleteServersTestJSON-2085149070-project-member] Lock "00000000-0000-0000-0000-000000000000" "released" by "nova.context.set_target_cell..get_or_set_cached_cell_and_set_connections" :: held 0.001s {{(pid=98983) inner /opt/stack/data/venv/lib/python3.12/site-packages/oslo_concurrency/lockutils.py:543}}
Jul 15 13:20:20.016833 np0000005195 nova-conductor[98983]: DEBUG oslo_concurrency.lockutils [None req-bb6c5156-56ed-4d1a-af36-392cd534b3c5 tempest-DeleteServersTestJSON-2085149070 tempest-DeleteServersTestJSON-2085149070-project-member] Acquiring lock "1d40626e-f119-4feb-8855-ebab789cc6b3" by "nova.context.set_target_cell..get_or_set_cached_cell_and_set_connections" {{(pid=98983) inner /opt/stack/data/venv/lib/python3.12/site-packages/oslo_concurrency/lockutils.py:511}}
