Jun 08 11:34:45.471225 np0000002297 devstack@placement-api.service[89174]: DEBUG placement.objects.research_context [req-86d8cd0a-9828-4b37-a46b-f02151c05ba0 req-f33f3d23-fdde-4d96-8d11-51e302252983 service nova] found 1 providers after filtering by previous result {{(pid=89174) get_provider_ids_matching /opt/stack/placement/placement/objects/research_context.py:594}}
Jun 08 11:34:45.481716 np0000002297 devstack@placement-api.service[89174]: DEBUG placement.objects.allocation_candidate [req-86d8cd0a-9828-4b37-a46b-f02151c05ba0 req-f33f3d23-fdde-4d96-8d11-51e302252983 service nova] RequestGroup(use_same_provider=False, resources={DISK_GB:1, MEMORY_MB:192, VCPU:1}, traits=(), aggregates=[]) (suffix '') returned 1 matches {{(pid=89174) _get_by_requests /opt/stack/placement/placement/objects/allocation_candidate.py:158}}
Jun 08 11:34:45.482294 np0000002297 devstack@placement-api.service[89174]: DEBUG placement.objects.allocation_candidate [req-86d8cd0a-9828-4b37-a46b-f02151c05ba0 req-f33f3d23-fdde-4d96-8d11-51e302252983 service nova] Merging candidates yields 1 allocation requests and 1 provider summaries {{(pid=89174) _merge_candidates /opt/stack/placement/placement/objects/allocation_candidate.py:908}}
Jun 08 11:34:45.483519 np0000002297 devstack@placement-api.service[89174]: INFO placement.requestlog [req-86d8cd0a-9828-4b37-a46b-f02151c05ba0 req-f33f3d23-fdde-4d96-8d11-51e302252983 service nova] 10.4.3.165 "GET /placement/allocation_candidates?limit=1000&resources=DISK_GB%3A1%2CMEMORY_MB%3A192%2CVCPU%3A1&root_required=%21COMPUTE_STATUS_DISABLED" status: 200 len: 2492 microversion: 1.36
Jun 08 11:34:45.483725 np0000002297 devstack@placement-api.service[89174]: [pid: 89174|app: 0|req: 27/53] 10.4.3.165 () {68 vars in 1625 bytes} [Mon Jun 8 11:34:45 2026] GET /placement/allocation_candidates?limit=1000&resources=DISK_GB%3A1%2CMEMORY_MB%3A192%2CVCPU%3A1&root_required=%21COMPUTE_STATUS_DISABLED => generated 2492 bytes in 47 msecs (HTTP/1.1 200) 8 headers in 297 bytes (1 switches on core 0)
Jun 08 11:34:45.538929 np0000002297 devstack@placement-api.service[89173]: DEBUG placement.requestlog [req-86d8cd0a-9828-4b37-a46b-f02151c05ba0 req-f6a88a7f-bbd2-4da2-98a4-7eb07bfd5e5c None None] Starting request: 10.4.3.165 "GET /placement/allocations/27e94d70-1925-4076-b973-00c9d3e33158" {{(pid=89173) __call__ /opt/stack/placement/placement/requestlog.py:55}}
Jun 08 11:34:45.547398 np0000002297 devstack@placement-api.service[89173]: INFO placement.requestlog [req-86d8cd0a-9828-4b37-a46b-f02151c05ba0 req-f6a88a7f-bbd2-4da2-98a4-7eb07bfd5e5c service nova] 10.4.3.165 "GET /placement/allocations/27e94d70-1925-4076-b973-00c9d3e33158" status: 200 len: 19 microversion: 1.28
Jun 08 11:34:45.547612 np0000002297 devstack@placement-api.service[89173]: [pid: 89173|app: 0|req: 27/54] 10.4.3.165 () {68 vars in 1501 bytes} [Mon Jun 8 11:34:45 2026] GET /placement/allocations/27e94d70-1925-4076-b973-00c9d3e33158 => generated 19 bytes in 9 msecs (HTTP/1.1 200) 8 headers in 295 bytes (1 switches on core 0)
Jun 08 11:34:45.604258 np0000002297 devstack@placement-api.service[89174]: DEBUG placement.requestlog [req-86d8cd0a-9828-4b37-a46b-f02151c05ba0 req-6dca6870-063d-4893-adbd-467a719a759e None None] Starting request: 10.4.3.165 "PUT /placement/allocations/27e94d70-1925-4076-b973-00c9d3e33158" {{(pid=89174) __call__ /opt/stack/placement/placement/requestlog.py:55}}
Jun 08 11:34:45.637633 np0000002297 devstack@placement-api.service[89174]: DEBUG placement.handlers.allocation [req-86d8cd0a-9828-4b37-a46b-f02151c05ba0 req-6dca6870-063d-4893-adbd-467a719a759e service nova] Successfully wrote allocations [, , ] {{(pid=89174) _update_consumers_and_create_allocations /opt/stack/placement/placement/handlers/allocation.py:462}}
Jun 08 11:34:45.640788 np0000002297 devstack@placement-api.service[89174]: INFO placement.requestlog [req-86d8cd0a-9828-4b37-a46b-f02151c05ba0 req-6dca6870-063d-4893-adbd-467a719a759e service nova] 10.4.3.165 "PUT /placement/allocations/27e94d70-1925-4076-b973-00c9d3e33158" status: 204 len: 0 microversion: 1.36
Jun 08 11:34:45.641043 np0000002297 devstack@placement-api.service[89174]: [pid: 89174|app: 0|req: 28/55] 10.4.3.165 () {72 vars in 1554 bytes} [Mon Jun 8 11:34:45 2026] PUT /placement/allocations/27e94d70-1925-4076-b973-00c9d3e33158 => generated 0 bytes in 37 msecs (HTTP/1.1 204) 5 headers in 199 bytes (1 switches on core 0)
Jun 08 11:34:46.691783 np0000002297 devstack@placement-api.service[89173]: DEBUG placement.requestlog [req-00ae1912-1e25-42a5-a364-63a4cf0a7026 req-942b8b8d-4f16-4173-97e6-2c7b81e30ccf None None] Starting request: 10.4.3.165 "GET /placement/allocation_candidates?limit=1000&resources=DISK_GB%3A1%2CMEMORY_MB%3A192%2CVCPU%3A1&root_required=%21COMPUTE_STATUS_DISABLED" {{(pid=89173) __call__ /opt/stack/placement/placement/requestlog.py:55}}
Jun 08 11:34:46.710312 np0000002297 devstack@placement-api.service[89173]: DEBUG placement.objects.research_context [req-00ae1912-1e25-42a5-a364-63a4cf0a7026 req-942b8b8d-4f16-4173-97e6-2c7b81e30ccf service nova] getting providers with 1 DISK_GB {{(pid=89173) __init__ /opt/stack/placement/placement/objects/research_context.py:137}}
Jun 08 11:34:46.713109 np0000002297 devstack@placement-api.service[89173]: DEBUG placement.objects.research_context [req-00ae1912-1e25-42a5-a364-63a4cf0a7026 req-942b8b8d-4f16-4173-97e6-2c7b81e30ccf service nova] getting providers with 192 MEMORY_MB {{(pid=89173) __init__ /opt/stack/placement/placement/objects/research_context.py:137}}
Jun 08 11:34:46.715796 np0000002297 devstack@placement-api.service[89173]: DEBUG placement.objects.research_context [req-00ae1912-1e25-42a5-a364-63a4cf0a7026 req-942b8b8d-4f16-4173-97e6-2c7b81e30ccf service nova] getting providers with 1 VCPU {{(pid=89173) __init__ /opt/stack/placement/placement/objects/research_context.py:137}}
Jun 08 11:34:46.718297 np0000002297 devstack@placement-api.service[89173]: DEBUG placement.objects.research_context [req-00ae1912-1e25-42a5-a364-63a4cf0a7026 req-942b8b8d-4f16-4173-97e6-2c7b81e30ccf service nova] found 1 providers with available 1 DISK_GB {{(pid=89173) get_provider_ids_matching /opt/stack/placement/placement/objects/research_context.py:563}}
Jun 08 11:34:46.718385 np0000002297 devstack@placement-api.service[89173]: DEBUG placement.objects.research_context [req-00ae1912-1e25-42a5-a364-63a4cf0a7026 req-942b8b8d-4f16-4173-97e6-2c7b81e30ccf service nova] found 1 providers with available 192 MEMORY_MB {{(pid=89173) get_provider_ids_matching /opt/stack/placement/placement/objects/research_context.py:563}}
Jun 08 11:34:46.718484 np0000002297 devstack@placement-api.service[89173]: DEBUG placement.objects.research_context [req-00ae1912-1e25-42a5-a364-63a4cf0a7026 req-942b8b8d-4f16-4173-97e6-2c7b81e30ccf service nova] found 1 providers after filtering by previous result {{(pid=89173) get_provider_ids_matching /opt/stack/placement/placement/objects/research_context.py:594}}
Jun 08 11:34:46.718564 np0000002297 devstack@placement-api.service[89173]: DEBUG placement.objects.research_context [req-00ae1912-1e25-42a5-a364-63a4cf0a7026 req-942b8b8d-4f16-4173-97e6-2c7b81e30ccf service nova] found 1 providers with available 1 VCPU {{(pid=89173) get_provider_ids_matching /opt/stack/placement/placement/objects/research_context.py:563}}
Jun 08 11:34:46.718674 np0000002297 devstack@placement-api.service[89173]: DEBUG placement.objects.research_context [req-00ae1912-1e25-42a5-a364-63a4cf0a7026 req-942b8b8d-4f16-4173-97e6-2c7b81e30ccf service nova] found 1 providers after filtering by previous result {{(pid=89173) get_provider_ids_matching /opt/stack/placement/placement/objects/research_context.py:594}}
Jun 08 11:34:46.724322 np0000002297 devstack@placement-api.service[89173]: DEBUG placement.objects.allocation_candidate [req-00ae1912-1e25-42a5-a364-63a4cf0a7026 req-942b8b8d-4f16-4173-97e6-2c7b81e30ccf service nova] RequestGroup(use_same_provider=False, resources={DISK_GB:1, MEMORY_MB:192, VCPU:1}, traits=(), aggregates=[]) (suffix '') returned 1 matches {{(pid=89173) _get_by_requests /opt/stack/placement/placement/objects/allocation_candidate.py:158}}
Jun 08 11:34:46.724471 np0000002297 devstack@placement-api.service[89173]: DEBUG placement.objects.allocation_candidate [req-00ae1912-1e25-42a5-a364-63a4cf0a7026 req-942b8b8d-4f16-4173-97e6-2c7b81e30ccf service nova] Merging candidates yields 1 allocation requests and 1 provider summaries {{(pid=89173) _merge_candidates /opt/stack/placement/placement/objects/allocation_candidate.py:908}}
Jun 08 11:34:46.725822 np0000002297 devstack@placement-api.service[89173]: INFO placement.requestlog [req-00ae1912-1e25-42a5-a364-63a4cf0a7026 req-942b8b8d-4f16-4173-97e6-2c7b81e30ccf service nova] 10.4.3.165 "GET /placement/allocation_candidates?limit=1000&resources=DISK_GB%3A1%2CMEMORY_MB%3A192%2CVCPU%3A1&root_required=%21COMPUTE_STATUS_DISABLED" status: 200 len: 2492 microversion: 1.36
Jun 08 11:34:46.726031 np0000002297 devstack@placement-api.service[89173]: [pid: 89173|app: 0|req: 28/56] 10.4.3.165 () {68 vars in 1625 bytes} [Mon Jun 8 11:34:46 2026] GET /placement/allocation_candidates?limit=1000&resources=DISK_GB%3A1%2CMEMORY_MB%3A192%2CVCPU%3A1&root_required=%21COMPUTE_STATUS_DISABLED => generated 2492 bytes in 34 msecs (HTTP/1.1 200) 8 headers in 297 bytes (1 switches on core 0)
Jun 08 11:34:46.774154 np0000002297 devstack@placement-api.service[89174]: DEBUG placement.requestlog [req-00ae1912-1e25-42a5-a364-63a4cf0a7026 req-49bc2485-67a7-4653-b18e-b32cf80655c9 None None] Starting request: 10.4.3.165 "GET /placement/allocations/edafbfda-332b-4638-bd20-0885d059d6ea" {{(pid=89174) __call__ /opt/stack/placement/placement/requestlog.py:55}}
Jun 08 11:34:46.779196 np0000002297 devstack@placement-api.service[89174]: INFO placement.requestlog [req-00ae1912-1e25-42a5-a364-63a4cf0a7026 req-49bc2485-67a7-4653-b18e-b32cf80655c9 service nova] 10.4.3.165 "GET /placement/allocations/edafbfda-332b-4638-bd20-0885d059d6ea" status: 200 len: 19 microversion: 1.28
Jun 08 11:34:46.779410 np0000002297 devstack@placement-api.service[89174]: [pid: 89174|app: 0|req: 29/57] 10.4.3.165 () {68 vars in 1501 bytes} [Mon Jun 8 11:34:46 2026] GET /placement/allocations/edafbfda-332b-4638-bd20-0885d059d6ea => generated 19 bytes in 5 msecs (HTTP/1.1 200) 8 headers in 295 bytes (1 switches on core 0)
Jun 08 11:34:46.816305 np0000002297 devstack@placement-api.service[89173]: DEBUG placement.requestlog [req-00ae1912-1e25-42a5-a364-63a4cf0a7026 req-9daef71d-f689-42c3-8c1f-ad8d09900d31 None None] Starting request: 10.4.3.165 "PUT /placement/allocations/edafbfda-332b-4638-bd20-0885d059d6ea" {{(pid=89173) __call__ /opt/stack/placement/placement/requestlog.py:55}}
Jun 08 11:34:46.826856 np0000002297 devstack@placement-api.service[89174]: DEBUG placement.requestlog [req-2667299d-b473-466f-a8bc-bd1070597d99 req-61e72e67-4702-4a8f-83b6-b46a26fffed2 None None] Starting request: 10.4.3.165 "GET /placement/allocation_candidates?limit=1000&resources=DISK_GB%3A1%2CMEMORY_MB%3A192%2CVCPU%3A1&root_required=%21COMPUTE_STATUS_DISABLED" {{(pid=89174) __call__ /opt/stack/placement/placement/requestlog.py:55}}
Jun 08 11:34:46.844561 np0000002297 devstack@placement-api.service[89174]: DEBUG placement.objects.research_context [req-2667299d-b473-466f-a8bc-bd1070597d99 req-61e72e67-4702-4a8f-83b6-b46a26fffed2 service nova] getting providers with 1 DISK_GB {{(pid=89174) __init__ /opt/stack/placement/placement/objects/research_context.py:137}}
Jun 08 11:34:46.848253 np0000002297 devstack@placement-api.service[89174]: DEBUG placement.objects.research_context [req-2667299d-b473-466f-a8bc-bd1070597d99 req-61e72e67-4702-4a8f-83b6-b46a26fffed2 service nova] getting providers with 192 MEMORY_MB {{(pid=89174) __init__ /opt/stack/placement/placement/objects/research_context.py:137}}
Jun 08 11:34:46.852281 np0000002297 devstack@placement-api.service[89174]: DEBUG placement.objects.research_context [req-2667299d-b473-466f-a8bc-bd1070597d99 req-61e72e67-4702-4a8f-83b6-b46a26fffed2 service nova] getting providers with 1 VCPU {{(pid=89174) __init__ /opt/stack/placement/placement/objects/research_context.py:137}}
Jun 08 11:34:46.855410 np0000002297 devstack@placement-api.service[89174]: DEBUG placement.objects.research_context [req-2667299d-b473-466f-a8bc-bd1070597d99 req-61e72e67-4702-4a8f-83b6-b46a26fffed2 service nova] found 1 providers with available 1 DISK_GB {{(pid=89174) get_provider_ids_matching /opt/stack/placement/placement/objects/research_context.py:563}}
Jun 08 11:34:46.855509 np0000002297 devstack@placement-api.service[89174]: DEBUG placement.objects.research_context [req-2667299d-b473-466f-a8bc-bd1070597d99 req-61e72e67-4702-4a8f-83b6-b46a26fffed2 service nova] found 1 providers with available 192 MEMORY_MB {{(pid=89174) get_provider_ids_matching /opt/stack/placement/placement/objects/research_context.py:563}}
Jun 08 11:34:46.855831 np0000002297 devstack@placement-api.service[89174]: DEBUG placement.objects.research_context [req-2667299d-b473-466f-a8bc-bd1070597d99 req-61e72e67-4702-4a8f-83b6-b46a26fffed2 service nova] found 1 providers after filtering by previous result {{(pid=89174) get_provider_ids_matching /opt/stack/placement/placement/objects/research_context.py:594}}
Jun 08 11:34:46.855831 np0000002297 devstack@placement-api.service[89174]: DEBUG placement.objects.research_context [req-2667299d-b473-466f-a8bc-bd1070597d99 req-61e72e67-4702-4a8f-83b6-b46a26fffed2 service nova] found 1 providers with available 1 VCPU {{(pid=89174) get_provider_ids_matching /opt/stack/placement/placement/objects/research_context.py:563}}
Jun 08 11:34:46.855831 np0000002297 devstack@placement-api.service[89174]: DEBUG placement.objects.research_context [req-2667299d-b473-466f-a8bc-bd1070597d99 req-61e72e67-4702-4a8f-83b6-b46a26fffed2 service nova] found 1 providers after filtering by previous result {{(pid=89174) get_provider_ids_matching /opt/stack/placement/placement/objects/research_context.py:594}}
Jun 08 11:34:46.860830 np0000002297 devstack@placement-api.service[89173]: DEBUG placement.handlers.allocation [req-00ae1912-1e25-42a5-a364-63a4cf0a7026 req-9daef71d-f689-42c3-8c1f-ad8d09900d31 service nova] Successfully wrote allocations [, , ] {{(pid=89173) _update_consumers_and_create_allocations /opt/stack/placement/placement/handlers/allocation.py:462}}
Jun 08 11:34:46.862223 np0000002297 devstack@placement-api.service[89174]: DEBUG placement.objects.allocation_candidate [req-2667299d-b473-466f-a8bc-bd1070597d99 req-61e72e67-4702-4a8f-83b6-b46a26fffed2 service nova] RequestGroup(use_same_provider=False, resources={DISK_GB:1, MEMORY_MB:192, VCPU:1}, traits=(), aggregates=[]) (suffix '') returned 1 matches {{(pid=89174) _get_by_requests /opt/stack/placement/placement/objects/allocation_candidate.py:158}}
Jun 08 11:34:46.862428 np0000002297 devstack@placement-api.service[89174]: DEBUG placement.objects.allocation_candidate [req-2667299d-b473-466f-a8bc-bd1070597d99 req-61e72e67-4702-4a8f-83b6-b46a26fffed2 service nova] Merging candidates yields 1 allocation requests and 1 provider summaries {{(pid=89174) _merge_candidates /opt/stack/placement/placement/objects/allocation_candidate.py:908}}
Jun 08 11:34:46.864036 np0000002297 devstack@placement-api.service[89174]: INFO placement.requestlog [req-2667299d-b473-466f-a8bc-bd1070597d99 req-61e72e67-4702-4a8f-83b6-b46a26fffed2 service nova] 10.4.3.165 "GET /placement/allocation_candidates?limit=1000&resources=DISK_GB%3A1%2CMEMORY_MB%3A192%2CVCPU%3A1&root_required=%21COMPUTE_STATUS_DISABLED" status: 200 len: 2492 microversion: 1.36
Jun 08 11:34:46.864036 np0000002297 devstack@placement-api.service[89174]: [pid: 89174|app: 0|req: 30/58] 10.4.3.165 () {68 vars in 1625 bytes} [Mon Jun 8 11:34:46 2026] GET /placement/allocation_candidates?limit=1000&resources=DISK_GB%3A1%2CMEMORY_MB%3A192%2CVCPU%3A1&root_required=%21COMPUTE_STATUS_DISABLED => generated 2492 bytes in 37 msecs (HTTP/1.1 200) 8 headers in 297 bytes (1 switches on core 0)
Jun 08 11:34:46.867063 np0000002297 devstack@placement-api.service[89173]: INFO placement.requestlog [req-00ae1912-1e25-42a5-a364-63a4cf0a7026 req-9daef71d-f689-42c3-8c1f-ad8d09900d31 service nova] 10.4.3.165 "PUT /placement/allocations/edafbfda-332b-4638-bd20-0885d059d6ea" status: 204 len: 0 microversion: 1.36
Jun 08 11:34:46.869036 np0000002297 devstack@placement-api.service[89173]: [pid: 89173|app: 0|req: 29/59] 10.4.3.165 () {72 vars in 1554 bytes} [Mon Jun 8 11:34:46 2026] PUT /placement/allocations/edafbfda-332b-4638-bd20-0885d059d6ea => generated 0 bytes in 51 msecs (HTTP/1.1 204) 5 headers in 199 bytes (1 switches on core 0)
Jun 08 11:34:46.922195 np0000002297 devstack@placement-api.service[89174]: DEBUG placement.requestlog [req-2667299d-b473-466f-a8bc-bd1070597d99 req-64252c0c-77e2-428b-bddf-2ac41568393e None None] Starting request: 10.4.3.165 "GET /placement/allocations/089c642d-c876-4713-ade2-212b92d72dd9" {{(pid=89174) __call__ /opt/stack/placement/placement/requestlog.py:55}}
Jun 08 11:34:46.931778 np0000002297 devstack@placement-api.service[89174]: INFO placement.requestlog [req-2667299d-b473-466f-a8bc-bd1070597d99 req-64252c0c-77e2-428b-bddf-2ac41568393e service nova] 10.4.3.165 "GET /placement/allocations/089c642d-c876-4713-ade2-212b92d72dd9" status: 200 len: 19 microversion: 1.28
Jun 08 11:34:46.931778 np0000002297 devstack@placement-api.service[89174]: [pid: 89174|app: 0|req: 31/60] 10.4.3.165 () {68 vars in 1501 bytes} [Mon Jun 8 11:34:46 2026] GET /placement/allocations/089c642d-c876-4713-ade2-212b92d72dd9 => generated 19 bytes in 10 msecs (HTTP/1.1 200) 8 headers in 295 bytes (1 switches on core 0)
Jun 08 11:34:46.975720 np0000002297 devstack@placement-api.service[89173]: DEBUG placement.requestlog [req-2667299d-b473-466f-a8bc-bd1070597d99 req-fd229be3-04f5-4944-8a93-08e2da82c395 None None] Starting request: 10.4.3.165 "PUT /placement/allocations/089c642d-c876-4713-ade2-212b92d72dd9" {{(pid=89173) __call__ /opt/stack/placement/placement/requestlog.py:55}}
Jun 08 11:34:47.029378 np0000002297 devstack@placement-api.service[89174]: DEBUG placement.requestlog [req-86d8cd0a-9828-4b37-a46b-f02151c05ba0 req-ee11443f-06e3-4b49-a59e-a684724b2f15 None None] Starting request: 10.4.3.165 "GET /placement/allocations/27e94d70-1925-4076-b973-00c9d3e33158" {{(pid=89174) __call__ /opt/stack/placement/placement/requestlog.py:55}}
Jun 08 11:34:47.038327 np0000002297 devstack@placement-api.service[89174]: INFO placement.requestlog [req-86d8cd0a-9828-4b37-a46b-f02151c05ba0 req-ee11443f-06e3-4b49-a59e-a684724b2f15 service nova] 10.4.3.165 "GET /placement/allocations/27e94d70-1925-4076-b973-00c9d3e33158" status: 200 len: 257 microversion: 1.28
Jun 08 11:34:47.038754 np0000002297 devstack@placement-api.service[89174]: [pid: 89174|app: 0|req: 32/61] 10.4.3.165 () {68 vars in 1499 bytes} [Mon Jun 8 11:34:47 2026] GET /placement/allocations/27e94d70-1925-4076-b973-00c9d3e33158 => generated 257 bytes in 9 msecs (HTTP/1.1 200) 8 headers in 296 bytes (1 switches on core 0)
Jun 08 11:34:47.038808 np0000002297 devstack@placement-api.service[89173]: DEBUG placement.handlers.allocation [req-2667299d-b473-466f-a8bc-bd1070597d99 req-fd229be3-04f5-4944-8a93-08e2da82c395 service nova] Successfully wrote allocations [, , ] {{(pid=89173) _update_consumers_and_create_allocations /opt/stack/placement/placement/handlers/allocation.py:462}}
Jun 08 11:34:47.041810 np0000002297 devstack@placement-api.service[89173]: INFO placement.requestlog [req-2667299d-b473-466f-a8bc-bd1070597d99 req-fd229be3-04f5-4944-8a93-08e2da82c395 service nova] 10.4.3.165 "PUT /placement/allocations/089c642d-c876-4713-ade2-212b92d72dd9" status: 204 len: 0 microversion: 1.36
Jun 08 11:34:47.042063 np0000002297 devstack@placement-api.service[89173]: [pid: 89173|app: 0|req: 30/62] 10.4.3.165 () {72 vars in 1554 bytes} [Mon Jun 8 11:34:46 2026] PUT /placement/allocations/089c642d-c876-4713-ade2-212b92d72dd9 => generated 0 bytes in 66 msecs (HTTP/1.1 204) 5 headers in 199 bytes (1 switches on core 0)
Jun 08 11:34:47.319849 np0000002297 devstack@placement-api.service[89174]: DEBUG placement.requestlog [None req-38ee7c0a-ef0e-41d0-bb2d-77e02ddaeede None None] Starting request: 10.4.3.165 "GET /placement/resource_providers/1e3ae8aa-33aa-46e3-bf8c-2832fd084b9a/aggregates" {{(pid=89174) __call__ /opt/stack/placement/placement/requestlog.py:55}}
Jun 08 11:34:47.323339 np0000002297 devstack@placement-api.service[89174]: INFO placement.requestlog [None req-38ee7c0a-ef0e-41d0-bb2d-77e02ddaeede service placement] 10.4.3.165 "GET /placement/resource_providers/1e3ae8aa-33aa-46e3-bf8c-2832fd084b9a/aggregates" status: 404 len: 235 microversion: 1.1
Jun 08 11:34:47.323550 np0000002297 devstack@placement-api.service[89174]: [pid: 89174|app: 0|req: 33/63] 10.4.3.165 () {66 vars in 1474 bytes} [Mon Jun 8 11:34:47 2026] GET /placement/resource_providers/1e3ae8aa-33aa-46e3-bf8c-2832fd084b9a/aggregates => generated 235 bytes in 5 msecs (HTTP/1.1 404) 5 headers in 202 bytes (1 switches on core 0)
Jun 08 11:34:47.373896 np0000002297 devstack@placement-api.service[89173]: DEBUG placement.requestlog [None req-7aee8fd7-d8c3-4c83-b79f-2ac6882ce054 None None] Starting request: 10.4.3.165 "DELETE /placement/resource_providers/1e3ae8aa-33aa-46e3-bf8c-2832fd084b9a" {{(pid=89173) __call__ /opt/stack/placement/placement/requestlog.py:55}}
Jun 08 11:34:47.379521 np0000002297 devstack@placement-api.service[89173]: DEBUG placement.wsgi_wrapper [None req-7aee8fd7-d8c3-4c83-b79f-2ac6882ce054 service placement] Placement API returning an error response: No resource provider with uuid 1e3ae8aa-33aa-46e3-bf8c-2832fd084b9a found for delete {{(pid=89173) call_func /opt/stack/placement/placement/wsgi_wrapper.py:31}}
Jun 08 11:34:47.380056 np0000002297 devstack@placement-api.service[89173]: INFO placement.requestlog [None req-7aee8fd7-d8c3-4c83-b79f-2ac6882ce054 service placement] 10.4.3.165 "DELETE /placement/resource_providers/1e3ae8aa-33aa-46e3-bf8c-2832fd084b9a" status: 404 len: 246 microversion: 1.1
Jun 08 11:34:47.380339 np0000002297 devstack@placement-api.service[89173]: [pid: 89173|app: 0|req: 31/64] 10.4.3.165 () {68 vars in 1463 bytes} [Mon Jun 8 11:34:47 2026] DELETE /placement/resource_providers/1e3ae8aa-33aa-46e3-bf8c-2832fd084b9a => generated 246 bytes in 6 msecs (HTTP/1.1 404) 6 headers in 231 bytes (1 switches on core 0)
Jun 08 11:34:48.152550 np0000002297 devstack@placement-api.service[89174]: DEBUG placement.requestlog [req-86d8cd0a-9828-4b37-a46b-f02151c05ba0 req-1277bdb6-01ea-46df-bd0a-65bf432ea5ef None None] Starting request: 10.4.3.165 "GET /placement/resource_providers/3923b2b4-e978-443b-a8aa-d993e2280997/allocations" {{(pid=89174) __call__ /opt/stack/placement/placement/requestlog.py:55}}
Jun 08 11:34:48.163759 np0000002297 devstack@placement-api.service[89174]: INFO placement.requestlog [req-86d8cd0a-9828-4b37-a46b-f02151c05ba0 req-1277bdb6-01ea-46df-bd0a-65bf432ea5ef service nova] 10.4.3.165 "GET /placement/resource_providers/3923b2b4-e978-443b-a8aa-d993e2280997/allocations" status: 200 len: 752 microversion: 1.0
Jun 08 11:34:48.164633 np0000002297 devstack@placement-api.service[89174]: [pid: 89174|app: 0|req: 34/65] 10.4.3.165 () {66 vars in 1512 bytes} [Mon Jun 8 11:34:48 2026] GET /placement/resource_providers/3923b2b4-e978-443b-a8aa-d993e2280997/allocations => generated 752 bytes in 12 msecs (HTTP/1.1 200) 6 headers in 224 bytes (1 switches on core 0)
Jun 08 11:34:48.218427 np0000002297 devstack@placement-api.service[89173]: DEBUG placement.requestlog [req-86d8cd0a-9828-4b37-a46b-f02151c05ba0 req-5c6e47cd-e23d-441f-a184-b60a00c32255 None None] Starting request: 10.4.3.165 "GET /placement/allocations/55808bb3-50a9-4971-acd4-c07c23eabcb4" {{(pid=89173) __call__ /opt/stack/placement/placement/requestlog.py:55}}
Jun 08 11:34:48.226365 np0000002297 devstack@placement-api.service[89173]: INFO placement.requestlog [req-86d8cd0a-9828-4b37-a46b-f02151c05ba0 req-5c6e47cd-e23d-441f-a184-b60a00c32255 service nova] 10.4.3.165 "GET /placement/allocations/55808bb3-50a9-4971-acd4-c07c23eabcb4" status: 200 len: 257 microversion: 1.28
Jun 08 11:34:48.226617 np0000002297 devstack@placement-api.service[89173]: [pid: 89173|app: 0|req: 32/66] 10.4.3.165 () {68 vars in 1499 bytes} [Mon Jun 8 11:34:48 2026] GET /placement/allocations/55808bb3-50a9-4971-acd4-c07c23eabcb4 => generated 257 bytes in 8 msecs (HTTP/1.1 200) 8 headers in 296 bytes (1 switches on core 0)
Jun 08 11:34:48.277602 np0000002297 devstack@placement-api.service[89174]: DEBUG placement.requestlog [req-86d8cd0a-9828-4b37-a46b-f02151c05ba0 req-8deff329-8f9e-459a-b943-2d559ee20b6f None None] Starting request: 10.4.3.165 "GET /placement/allocations/edafbfda-332b-4638-bd20-0885d059d6ea" {{(pid=89174) __call__ /opt/stack/placement/placement/requestlog.py:55}}
Jun 08 11:34:48.291996 np0000002297 devstack@placement-api.service[89173]: DEBUG placement.requestlog [req-00ae1912-1e25-42a5-a364-63a4cf0a7026 req-534fc410-4f38-49d4-a185-b9c1e9ec36f6 None None] Starting request: 10.4.3.165 "GET /placement/allocations/edafbfda-332b-4638-bd20-0885d059d6ea" {{(pid=89173) __call__ /opt/stack/placement/placement/requestlog.py:55}}
Jun 08 11:34:48.292989 np0000002297 devstack@placement-api.service[89174]: INFO placement.requestlog [req-86d8cd0a-9828-4b37-a46b-f02151c05ba0 req-8deff329-8f9e-459a-b943-2d559ee20b6f service nova] 10.4.3.165 "GET /placement/allocations/edafbfda-332b-4638-bd20-0885d059d6ea" status: 200 len: 257 microversion: 1.28
Jun 08 11:34:48.293227 np0000002297 devstack@placement-api.service[89174]: [pid: 89174|app: 0|req: 35/67] 10.4.3.165 () {68 vars in 1499 bytes} [Mon Jun 8 11:34:48 2026] GET /placement/allocations/edafbfda-332b-4638-bd20-0885d059d6ea => generated 257 bytes in 16 msecs (HTTP/1.1 200) 8 headers in 296 bytes (1 switches on core 0)
Jun 08 11:34:48.302929 np0000002297 devstack@placement-api.service[89173]: INFO placement.requestlog [req-00ae1912-1e25-42a5-a364-63a4cf0a7026 req-534fc410-4f38-49d4-a185-b9c1e9ec36f6 service nova] 10.4.3.165 "GET /placement/allocations/edafbfda-332b-4638-bd20-0885d059d6ea" status: 200 len: 257 microversion: 1.28
Jun 08 11:34:48.302929 np0000002297 devstack@placement-api.service[89173]: [pid: 89173|app: 0|req: 33/68] 10.4.3.165 () {68 vars in 1499 bytes} [Mon Jun 8 11:34:48 2026] GET /placement/allocations/edafbfda-332b-4638-bd20-0885d059d6ea => generated 257 bytes in 11 msecs (HTTP/1.1 200) 8 headers in 296 bytes (1 switches on core 0)
Jun 08 11:34:48.335121 np0000002297 devstack@placement-api.service[89174]: DEBUG placement.requestlog [req-86d8cd0a-9828-4b37-a46b-f02151c05ba0 req-b4e662b9-179f-4c9c-8592-9f22d11262ec None None] Starting request: 10.4.3.165 "GET /placement/allocations/8802564b-d68b-42bc-861a-eeb4e4f0f61f" {{(pid=89174) __call__ /opt/stack/placement/placement/requestlog.py:55}}
Jun 08 11:34:48.341785 np0000002297 devstack@placement-api.service[89174]: INFO placement.requestlog [req-86d8cd0a-9828-4b37-a46b-f02151c05ba0 req-b4e662b9-179f-4c9c-8592-9f22d11262ec service nova] 10.4.3.165 "GET /placement/allocations/8802564b-d68b-42bc-861a-eeb4e4f0f61f" status: 200 len: 257 microversion: 1.28
Jun 08 11:34:48.342027 np0000002297 devstack@placement-api.service[89174]: [pid: 89174|app: 0|req: 36/69] 10.4.3.165 () {68 vars in 1499 bytes} [Mon Jun 8 11:34:48 2026] GET /placement/allocations/8802564b-d68b-42bc-861a-eeb4e4f0f61f => generated 257 bytes in 7 msecs (HTTP/1.1 200) 8 headers in 296 bytes (1 switches on core 0)
Jun 08 11:34:48.374012 np0000002297 devstack@placement-api.service[89173]: DEBUG placement.requestlog [req-86d8cd0a-9828-4b37-a46b-f02151c05ba0 req-e46c3181-5838-4523-a1b6-89eb3d5bbdd3 None None] Starting request: 10.4.3.165 "GET /placement/allocations/d587c4be-3fbd-4d58-9d7c-d473c7243b21" {{(pid=89173) __call__ /opt/stack/placement/placement/requestlog.py:55}}
Jun 08 11:34:48.393492 np0000002297 devstack@placement-api.service[89173]: INFO placement.requestlog [req-86d8cd0a-9828-4b37-a46b-f02151c05ba0 req-e46c3181-5838-4523-a1b6-89eb3d5bbdd3 service nova] 10.4.3.165 "GET /placement/allocations/d587c4be-3fbd-4d58-9d7c-d473c7243b21" status: 200 len: 257 microversion: 1.28
Jun 08 11:34:48.393809 np0000002297 devstack@placement-api.service[89173]: [pid: 89173|app: 0|req: 34/70] 10.4.3.165 () {68 vars in 1499 bytes} [Mon Jun 8 11:34:48 2026] GET /placement/allocations/d587c4be-3fbd-4d58-9d7c-d473c7243b21 => generated 257 bytes in 20 msecs (HTTP/1.1 200) 8 headers in 296 bytes (1 switches on core 0)
Jun 08 11:34:48.444662 np0000002297 devstack@placement-api.service[89174]: DEBUG placement.requestlog [req-2667299d-b473-466f-a8bc-bd1070597d99 req-dfedc31d-bcd4-4479-83c0-5024fa8103fc None None] Starting request: 10.4.3.165 "GET /placement/allocations/089c642d-c876-4713-ade2-212b92d72dd9" {{(pid=89174) __call__ /opt/stack/placement/placement/requestlog.py:55}}
Jun 08 11:34:48.447148 np0000002297 devstack@placement-api.service[89173]: DEBUG placement.requestlog [req-86d8cd0a-9828-4b37-a46b-f02151c05ba0 req-b9165be4-c1e7-4201-b86c-adfe60ddbf8b None None] Starting request: 10.4.3.165 "GET /placement/allocations/27e94d70-1925-4076-b973-00c9d3e33158" {{(pid=89173) __call__ /opt/stack/placement/placement/requestlog.py:55}}
Jun 08 11:34:48.456200 np0000002297 devstack@placement-api.service[89174]: INFO placement.requestlog [req-2667299d-b473-466f-a8bc-bd1070597d99 req-dfedc31d-bcd4-4479-83c0-5024fa8103fc service nova] 10.4.3.165 "GET /placement/allocations/089c642d-c876-4713-ade2-212b92d72dd9" status: 200 len: 257 microversion: 1.28
Jun 08 11:34:48.456491 np0000002297 devstack@placement-api.service[89174]: [pid: 89174|app: 0|req: 37/71] 10.4.3.165 () {68 vars in 1499 bytes} [Mon Jun 8 11:34:48 2026] GET /placement/allocations/089c642d-c876-4713-ade2-212b92d72dd9 => generated 257 bytes in 12 msecs (HTTP/1.1 200) 8 headers in 296 bytes (1 switches on core 0)
Jun 08 11:34:48.457570 np0000002297 devstack@placement-api.service[89173]: INFO placement.requestlog [req-86d8cd0a-9828-4b37-a46b-f02151c05ba0 req-b9165be4-c1e7-4201-b86c-adfe60ddbf8b service nova] 10.4.3.165 "GET /placement/allocations/27e94d70-1925-4076-b973-00c9d3e33158" status: 200 len: 257 microversion: 1.28
Jun 08 11:34:48.457837 np0000002297 devstack@placement-api.service[89173]: [pid: 89173|app: 0|req: 35/72] 10.4.3.165 () {68 vars in 1499 bytes} [Mon Jun 8 11:34:48 2026] GET /placement/allocations/27e94d70-1925-4076-b973-00c9d3e33158 => generated 257 bytes in 11 msecs (HTTP/1.1 200) 8 headers in 296 bytes (1 switches on core 0)
Jun 08 11:34:48.521435 np0000002297 devstack@placement-api.service[89174]: DEBUG placement.requestlog [req-86d8cd0a-9828-4b37-a46b-f02151c05ba0 req-ca0e0b66-74b9-4b15-973d-c042529af52f None None] Starting request: 10.4.3.165 "GET /placement/allocations/089c642d-c876-4713-ade2-212b92d72dd9" {{(pid=89174) __call__ /opt/stack/placement/placement/requestlog.py:55}}
Jun 08 11:34:48.547229 np0000002297 devstack@placement-api.service[89174]: INFO placement.requestlog [req-86d8cd0a-9828-4b37-a46b-f02151c05ba0 req-ca0e0b66-74b9-4b15-973d-c042529af52f service nova] 10.4.3.165 "GET /placement/allocations/089c642d-c876-4713-ade2-212b92d72dd9" status: 200 len: 257 microversion: 1.28
Jun 08 11:34:48.548190 np0000002297 devstack@placement-api.service[89174]: [pid: 89174|app: 0|req: 38/73] 10.4.3.165 () {68 vars in 1499 bytes} [Mon Jun 8 11:34:48 2026] GET /placement/allocations/089c642d-c876-4713-ade2-212b92d72dd9 => generated 257 bytes in 26 msecs (HTTP/1.1 200) 8 headers in 296 bytes (1 switches on core 0)
Jun 08 11:34:48.591133 np0000002297 devstack@placement-api.service[89173]: DEBUG placement.requestlog [req-86d8cd0a-9828-4b37-a46b-f02151c05ba0 req-65323b76-069c-4ff6-8de6-a737e45bb852 None None] Starting request: 10.4.3.165 "GET /placement/allocations/91441dcc-a76b-4e20-beb2-9f67a38da4dd" {{(pid=89173) __call__ /opt/stack/placement/placement/requestlog.py:55}}
Jun 08 11:34:48.608642 np0000002297 devstack@placement-api.service[89173]: INFO placement.requestlog [req-86d8cd0a-9828-4b37-a46b-f02151c05ba0 req-65323b76-069c-4ff6-8de6-a737e45bb852 service nova] 10.4.3.165 "GET /placement/allocations/91441dcc-a76b-4e20-beb2-9f67a38da4dd" status: 200 len: 257 microversion: 1.28
Jun 08 11:34:48.608642 np0000002297 devstack@placement-api.service[89173]: [pid: 89173|app: 0|req: 36/74] 10.4.3.165 () {68 vars in 1499 bytes} [Mon Jun 8 11:34:48 2026] GET /placement/allocations/91441dcc-a76b-4e20-beb2-9f67a38da4dd => generated 257 bytes in 18 msecs (HTTP/1.1 200) 8 headers in 296 bytes (1 switches on core 0)
Jun 08 11:34:48.916679 np0000002297 devstack@placement-api.service[89174]: DEBUG placement.requestlog [req-eb98eb91-9b1f-4127-801d-a7244896c89c req-efbd731b-adbd-412b-8722-fae58d772c36 None None] Starting request: 10.4.3.165 "GET /placement/allocation_candidates?limit=1000&resources=DISK_GB%3A1%2CMEMORY_MB%3A192%2CVCPU%3A1&root_required=%21COMPUTE_STATUS_DISABLED" {{(pid=89174) __call__ /opt/stack/placement/placement/requestlog.py:55}}
Jun 08 11:34:48.937312 np0000002297 devstack@placement-api.service[89174]: DEBUG placement.objects.research_context [req-eb98eb91-9b1f-4127-801d-a7244896c89c req-efbd731b-adbd-412b-8722-fae58d772c36 service nova] getting providers with 1 DISK_GB {{(pid=89174) __init__ /opt/stack/placement/placement/objects/research_context.py:137}}
Jun 08 11:34:48.940927 np0000002297 devstack@placement-api.service[89174]: DEBUG placement.objects.research_context [req-eb98eb91-9b1f-4127-801d-a7244896c89c req-efbd731b-adbd-412b-8722-fae58d772c36 service nova] getting providers with 192 MEMORY_MB {{(pid=89174) __init__ /opt/stack/placement/placement/objects/research_context.py:137}}
Jun 08 11:34:48.943732 np0000002297 devstack@placement-api.service[89174]: DEBUG placement.objects.research_context [req-eb98eb91-9b1f-4127-801d-a7244896c89c req-efbd731b-adbd-412b-8722-fae58d772c36 service nova] getting providers with 1 VCPU {{(pid=89174) __init__ /opt/stack/placement/placement/objects/research_context.py:137}}
Jun 08 11:34:48.946689 np0000002297 devstack@placement-api.service[89174]: DEBUG placement.objects.research_context [req-eb98eb91-9b1f-4127-801d-a7244896c89c req-efbd731b-adbd-412b-8722-fae58d772c36 service nova] found 1 providers with available 1 DISK_GB {{(pid=89174) get_provider_ids_matching /opt/stack/placement/placement/objects/research_context.py:563}}
Jun 08 11:34:48.946812 np0000002297 devstack@placement-api.service[89174]: DEBUG placement.objects.research_context [req-eb98eb91-9b1f-4127-801d-a7244896c89c req-efbd731b-adbd-412b-8722-fae58d772c36 service nova] found 1 providers with available 192 MEMORY_MB {{(pid=89174) get_provider_ids_matching /opt/stack/placement/placement/objects/research_context.py:563}}
Jun 08 11:34:48.946968 np0000002297 devstack@placement-api.service[89174]: DEBUG placement.objects.research_context [req-eb98eb91-9b1f-4127-801d-a7244896c89c req-efbd731b-adbd-412b-8722-fae58d772c36 service nova] found 1 providers after filtering by previous result {{(pid=89174) get_provider_ids_matching /opt/stack/placement/placement/objects/research_context.py:594}}
Jun 08 11:34:48.947083 np0000002297 devstack@placement-api.service[89174]: DEBUG placement.objects.research_context [req-eb98eb91-9b1f-4127-801d-a7244896c89c req-efbd731b-adbd-412b-8722-fae58d772c36 service nova] found 1 providers with available 1 VCPU {{(pid=89174) get_provider_ids_matching /opt/stack/placement/placement/objects/research_context.py:563}}
Jun 08 11:34:48.947208 np0000002297 devstack@placement-api.service[89174]: DEBUG placement.objects.research_context [req-eb98eb91-9b1f-4127-801d-a7244896c89c req-efbd731b-adbd-412b-8722-fae58d772c36 service nova] found 1 providers after filtering by previous result {{(pid=89174) get_provider_ids_matching /opt/stack/placement/placement/objects/research_context.py:594}}
Jun 08 11:34:48.953500 np0000002297 devstack@placement-api.service[89174]: DEBUG placement.objects.allocation_candidate [req-eb98eb91-9b1f-4127-801d-a7244896c89c req-efbd731b-adbd-412b-8722-fae58d772c36 service nova] RequestGroup(use_same_provider=False, resources={DISK_GB:1, MEMORY_MB:192, VCPU:1}, traits=(), aggregates=[]) (suffix '') returned 1 matches {{(pid=89174) _get_by_requests /opt/stack/placement/placement/objects/allocation_candidate.py:158}}
Jun 08 11:34:48.953689 np0000002297 devstack@placement-api.service[89174]: DEBUG placement.objects.allocation_candidate [req-eb98eb91-9b1f-4127-801d-a7244896c89c req-efbd731b-adbd-412b-8722-fae58d772c36 service nova] Merging candidates yields 1 allocation requests and 1 provider summaries {{(pid=89174) _merge_candidates /opt/stack/placement/placement/objects/allocation_candidate.py:908}}
Jun 08 11:34:48.954709 np0000002297 devstack@placement-api.service[89174]: INFO placement.requestlog [req-eb98eb91-9b1f-4127-801d-a7244896c89c req-efbd731b-adbd-412b-8722-fae58d772c36 service nova] 10.4.3.165 "GET /placement/allocation_candidates?limit=1000&resources=DISK_GB%3A1%2CMEMORY_MB%3A192%2CVCPU%3A1&root_required=%21COMPUTE_STATUS_DISABLED" status: 200 len: 2493 microversion: 1.36
Jun 08 11:34:48.954993 np0000002297 devstack@placement-api.service[89174]: [pid: 89174|app: 0|req: 39/75] 10.4.3.165 () {68 vars in 1625 bytes} [Mon Jun 8 11:34:48 2026] GET /placement/allocation_candidates?limit=1000&resources=DISK_GB%3A1%2CMEMORY_MB%3A192%2CVCPU%3A1&root_required=%21COMPUTE_STATUS_DISABLED => generated 2493 bytes in 39 msecs (HTTP/1.1 200) 8 headers in 297 bytes (1 switches on core 0)
Jun 08 11:34:48.999767 np0000002297 devstack@placement-api.service[89173]: DEBUG placement.requestlog [req-eb98eb91-9b1f-4127-801d-a7244896c89c req-6ce66340-b576-4da7-923f-763d8462460b None None] Starting request: 10.4.3.165 "GET /placement/allocations/195de49e-fa04-49f8-9b4c-487cade476a7" {{(pid=89173) __call__ /opt/stack/placement/placement/requestlog.py:55}}
Jun 08 11:34:49.004552 np0000002297 devstack@placement-api.service[89173]: INFO placement.requestlog [req-eb98eb91-9b1f-4127-801d-a7244896c89c req-6ce66340-b576-4da7-923f-763d8462460b service nova] 10.4.3.165 "GET /placement/allocations/195de49e-fa04-49f8-9b4c-487cade476a7" status: 200 len: 19 microversion: 1.28
Jun 08 11:34:49.004736 np0000002297 devstack@placement-api.service[89173]: [pid: 89173|app: 0|req: 37/76] 10.4.3.165 () {68 vars in 1501 bytes} [Mon Jun 8 11:34:48 2026] GET /placement/allocations/195de49e-fa04-49f8-9b4c-487cade476a7 => generated 19 bytes in 5 msecs (HTTP/1.1 200) 8 headers in 295 bytes (1 switches on core 0)
Jun 08 11:34:49.034305 np0000002297 devstack@placement-api.service[89174]: DEBUG placement.requestlog [req-eb98eb91-9b1f-4127-801d-a7244896c89c req-f92e543e-b98b-4206-a01e-5600466d6b98 None None] Starting request: 10.4.3.165 "PUT /placement/allocations/195de49e-fa04-49f8-9b4c-487cade476a7" {{(pid=89174) __call__ /opt/stack/placement/placement/requestlog.py:55}}
Jun 08 11:34:49.086485 np0000002297 devstack@placement-api.service[89174]: DEBUG placement.handlers.allocation [req-eb98eb91-9b1f-4127-801d-a7244896c89c req-f92e543e-b98b-4206-a01e-5600466d6b98 service nova] Successfully wrote allocations [, , ] {{(pid=89174) _update_consumers_and_create_allocations /opt/stack/placement/placement/handlers/allocation.py:462}}
Jun 08 11:34:49.088918 np0000002297 devstack@placement-api.service[89174]: INFO placement.requestlog [req-eb98eb91-9b1f-4127-801d-a7244896c89c req-f92e543e-b98b-4206-a01e-5600466d6b98 service nova] 10.4.3.165 "PUT /placement/allocations/195de49e-fa04-49f8-9b4c-487cade476a7" status: 204 len: 0 microversion: 1.36
Jun 08 11:34:49.089315 np0000002297 devstack@placement-api.service[89174]: [pid: 89174|app: 0|req: 40/77] 10.4.3.165 () {72 vars in 1554 bytes} [Mon Jun 8 11:34:49 2026] PUT /placement/allocations/195de49e-fa04-49f8-9b4c-487cade476a7 => generated 0 bytes in 55 msecs (HTTP/1.1 204) 5 headers in 199 bytes (1 switches on core 0)
Jun 08 11:34:49.503379 np0000002297 devstack@placement-api.service[89173]: DEBUG placement.requestlog [None req-01729a28-eb25-4bd4-812e-4a6dc670e69e None None] Starting request: 10.4.3.165 "GET /placement/resource_providers/c870de54-87a9-4152-a8a3-f7dcacad7f89/aggregates" {{(pid=89173) __call__ /opt/stack/placement/placement/requestlog.py:55}}
Jun 08 11:34:49.621525 np0000002297 devstack@placement-api.service[89173]: INFO placement.requestlog [None req-01729a28-eb25-4bd4-812e-4a6dc670e69e service placement] 10.4.3.165 "GET /placement/resource_providers/c870de54-87a9-4152-a8a3-f7dcacad7f89/aggregates" status: 404 len: 235 microversion: 1.1
Jun 08 11:34:49.621659 np0000002297 devstack@placement-api.service[89173]: [pid: 89173|app: 0|req: 38/78] 10.4.3.165 () {66 vars in 1474 bytes} [Mon Jun 8 11:34:49 2026] GET /placement/resource_providers/c870de54-87a9-4152-a8a3-f7dcacad7f89/aggregates => generated 235 bytes in 118 msecs (HTTP/1.1 404) 5 headers in 202 bytes (1 switches on core 0)
Jun 08 11:34:49.673686 np0000002297 devstack@placement-api.service[89174]: DEBUG placement.requestlog [None req-0a32a7ce-4cb9-4956-b15c-97889c684e09 None None] Starting request: 10.4.3.165 "DELETE /placement/resource_providers/c870de54-87a9-4152-a8a3-f7dcacad7f89" {{(pid=89174) __call__ /opt/stack/placement/placement/requestlog.py:55}}
Jun 08 11:34:49.678644 np0000002297 devstack@placement-api.service[89174]: DEBUG placement.wsgi_wrapper [None req-0a32a7ce-4cb9-4956-b15c-97889c684e09 service placement] Placement API returning an error response: No resource provider with uuid c870de54-87a9-4152-a8a3-f7dcacad7f89 found for delete {{(pid=89174) call_func /opt/stack/placement/placement/wsgi_wrapper.py:31}}
Jun 08 11:34:49.683269 np0000002297 devstack@placement-api.service[89174]: INFO placement.requestlog [None req-0a32a7ce-4cb9-4956-b15c-97889c684e09 service placement] 10.4.3.165 "DELETE /placement/resource_providers/c870de54-87a9-4152-a8a3-f7dcacad7f89" status: 404 len: 246 microversion: 1.1
Jun 08 11:34:49.683269 np0000002297 devstack@placement-api.service[89174]: [pid: 89174|app: 0|req: 41/79] 10.4.3.165 () {68 vars in 1463 bytes} [Mon Jun 8 11:34:49 2026] DELETE /placement/resource_providers/c870de54-87a9-4152-a8a3-f7dcacad7f89 => generated 246 bytes in 5 msecs (HTTP/1.1 404) 6 headers in 231 bytes (1 switches on core 0)
Jun 08 11:34:50.514900 np0000002297 devstack@placement-api.service[89173]: DEBUG placement.requestlog [req-eb98eb91-9b1f-4127-801d-a7244896c89c req-109f0077-060c-49e1-b17c-81489231d3dd None None] Starting request: 10.4.3.165 "GET /placement/allocations/195de49e-fa04-49f8-9b4c-487cade476a7" {{(pid=89173) __call__ /opt/stack/placement/placement/requestlog.py:55}}
Jun 08 11:34:50.523660 np0000002297 devstack@placement-api.service[89173]: INFO placement.requestlog [req-eb98eb91-9b1f-4127-801d-a7244896c89c req-109f0077-060c-49e1-b17c-81489231d3dd service nova] 10.4.3.165 "GET /placement/allocations/195de49e-fa04-49f8-9b4c-487cade476a7" status: 200 len: 258 microversion: 1.28
Jun 08 11:34:50.523926 np0000002297 devstack@placement-api.service[89173]: [pid: 89173|app: 0|req: 39/80] 10.4.3.165 () {68 vars in 1499 bytes} [Mon Jun 8 11:34:50 2026] GET /placement/allocations/195de49e-fa04-49f8-9b4c-487cade476a7 => generated 258 bytes in 9 msecs (HTTP/1.1 200) 8 headers in 296 bytes (1 switches on core 0)
Jun 08 11:34:50.699294 np0000002297 devstack@placement-api.service[89174]: DEBUG placement.requestlog [req-00ae1912-1e25-42a5-a364-63a4cf0a7026 req-9ab578b9-6d71-4196-b5b6-8f920be42c3d None None] Starting request: 10.4.3.165 "GET /placement/resource_providers/3923b2b4-e978-443b-a8aa-d993e2280997/allocations" {{(pid=89174) __call__ /opt/stack/placement/placement/requestlog.py:55}}
Jun 08 11:34:50.713273 np0000002297 devstack@placement-api.service[89174]: INFO placement.requestlog [req-00ae1912-1e25-42a5-a364-63a4cf0a7026 req-9ab578b9-6d71-4196-b5b6-8f920be42c3d service nova] 10.4.3.165 "GET /placement/resource_providers/3923b2b4-e978-443b-a8aa-d993e2280997/allocations" status: 200 len: 853 microversion: 1.0
Jun 08 11:34:50.713570 np0000002297 devstack@placement-api.service[89174]: [pid: 89174|app: 0|req: 42/81] 10.4.3.165 () {66 vars in 1512 bytes} [Mon Jun 8 11:34:50 2026] GET /placement/resource_providers/3923b2b4-e978-443b-a8aa-d993e2280997/allocations => generated 853 bytes in 14 msecs (HTTP/1.1 200) 6 headers in 224 bytes (1 switches on core 0)
Jun 08 11:34:50.749338 np0000002297 devstack@placement-api.service[89173]: DEBUG placement.requestlog [req-00ae1912-1e25-42a5-a364-63a4cf0a7026 req-1a4c2826-2ee8-43f5-8d31-20ba8195ec0a None None] Starting request: 10.4.3.165 "GET /placement/allocations/55808bb3-50a9-4971-acd4-c07c23eabcb4" {{(pid=89173) __call__ /opt/stack/placement/placement/requestlog.py:55}}
Jun 08 11:34:50.764216 np0000002297 devstack@placement-api.service[89173]: INFO placement.requestlog [req-00ae1912-1e25-42a5-a364-63a4cf0a7026 req-1a4c2826-2ee8-43f5-8d31-20ba8195ec0a service nova] 10.4.3.165 "GET /placement/allocations/55808bb3-50a9-4971-acd4-c07c23eabcb4" status: 200 len: 258 microversion: 1.28
Jun 08 11:34:50.766051 np0000002297 devstack@placement-api.service[89173]: [pid: 89173|app: 0|req: 40/82] 10.4.3.165 () {68 vars in 1499 bytes} [Mon Jun 8 11:34:50 2026] GET /placement/allocations/55808bb3-50a9-4971-acd4-c07c23eabcb4 => generated 258 bytes in 15 msecs (HTTP/1.1 200) 8 headers in 296 bytes (1 switches on core 0)
Jun 08 11:34:50.838416 np0000002297 devstack@placement-api.service[89174]: DEBUG placement.requestlog [req-00ae1912-1e25-42a5-a364-63a4cf0a7026 req-947e9d33-b72f-4f5b-83af-02f88b05a8fb None None] Starting request: 10.4.3.165 "GET /placement/allocations/edafbfda-332b-4638-bd20-0885d059d6ea" {{(pid=89174) __call__ /opt/stack/placement/placement/requestlog.py:55}}
Jun 08 11:34:50.848871 np0000002297 devstack@placement-api.service[89174]: INFO placement.requestlog [req-00ae1912-1e25-42a5-a364-63a4cf0a7026 req-947e9d33-b72f-4f5b-83af-02f88b05a8fb service nova] 10.4.3.165 "GET /placement/allocations/edafbfda-332b-4638-bd20-0885d059d6ea" status: 200 len: 258 microversion: 1.28
Jun 08 11:34:50.849525 np0000002297 devstack@placement-api.service[89174]: [pid: 89174|app: 0|req: 43/83] 10.4.3.165 () {68 vars in 1499 bytes} [Mon Jun 8 11:34:50 2026] GET /placement/allocations/edafbfda-332b-4638-bd20-0885d059d6ea => generated 258 bytes in 11 msecs (HTTP/1.1 200) 8 headers in 296 bytes (1 switches on core 0)
Jun 08 11:34:50.892027 np0000002297 devstack@placement-api.service[89173]: DEBUG placement.requestlog [req-00ae1912-1e25-42a5-a364-63a4cf0a7026 req-d63612e1-87d2-4282-90ee-c9a56bfb6071 None None] Starting request: 10.4.3.165 "GET /placement/allocations/195de49e-fa04-49f8-9b4c-487cade476a7" {{(pid=89173) __call__ /opt/stack/placement/placement/requestlog.py:55}}
Jun 08 11:34:50.900105 np0000002297 devstack@placement-api.service[89173]: INFO placement.requestlog [req-00ae1912-1e25-42a5-a364-63a4cf0a7026 req-d63612e1-87d2-4282-90ee-c9a56bfb6071 service nova] 10.4.3.165 "GET /placement/allocations/195de49e-fa04-49f8-9b4c-487cade476a7" status: 200 len: 258 microversion: 1.28
Jun 08 11:34:50.900289 np0000002297 devstack@placement-api.service[89173]: [pid: 89173|app: 0|req: 41/84] 10.4.3.165 () {68 vars in 1499 bytes} [Mon Jun 8 11:34:50 2026] GET /placement/allocations/195de49e-fa04-49f8-9b4c-487cade476a7 => generated 258 bytes in 8 msecs (HTTP/1.1 200) 8 headers in 296 bytes (1 switches on core 0)
Jun 08 11:34:50.931961 np0000002297 devstack@placement-api.service[89174]: DEBUG placement.requestlog [req-00ae1912-1e25-42a5-a364-63a4cf0a7026 req-776adef0-d1e3-493c-aa8a-8f5b5ff17196 None None] Starting request: 10.4.3.165 "GET /placement/allocations/27e94d70-1925-4076-b973-00c9d3e33158" {{(pid=89174) __call__ /opt/stack/placement/placement/requestlog.py:55}}
Jun 08 11:34:50.950815 np0000002297 devstack@placement-api.service[89174]: INFO placement.requestlog [req-00ae1912-1e25-42a5-a364-63a4cf0a7026 req-776adef0-d1e3-493c-aa8a-8f5b5ff17196 service nova] 10.4.3.165 "GET /placement/allocations/27e94d70-1925-4076-b973-00c9d3e33158" status: 200 len: 258 microversion: 1.28
Jun 08 11:34:50.951274 np0000002297 devstack@placement-api.service[89174]: [pid: 89174|app: 0|req: 44/85] 10.4.3.165 () {68 vars in 1499 bytes} [Mon Jun 8 11:34:50 2026] GET /placement/allocations/27e94d70-1925-4076-b973-00c9d3e33158 => generated 258 bytes in 19 msecs (HTTP/1.1 200) 8 headers in 296 bytes (1 switches on core 0)
Jun 08 11:34:50.985286 np0000002297 devstack@placement-api.service[89173]: DEBUG placement.requestlog [req-00ae1912-1e25-42a5-a364-63a4cf0a7026 req-990a1359-75af-4fff-91f3-bfc45e22d303 None None] Starting request: 10.4.3.165 "GET /placement/allocations/089c642d-c876-4713-ade2-212b92d72dd9" {{(pid=89173) __call__ /opt/stack/placement/placement/requestlog.py:55}}
Jun 08 11:34:51.087928 np0000002297 devstack@placement-api.service[89173]: INFO placement.requestlog [req-00ae1912-1e25-42a5-a364-63a4cf0a7026 req-990a1359-75af-4fff-91f3-bfc45e22d303 service nova] 10.4.3.165 "GET /placement/allocations/089c642d-c876-4713-ade2-212b92d72dd9" status: 200 len: 258 microversion: 1.28
Jun 08 11:34:51.088123 np0000002297 devstack@placement-api.service[89173]: [pid: 89173|app: 0|req: 42/86] 10.4.3.165 () {68 vars in 1499 bytes} [Mon Jun 8 11:34:50 2026] GET /placement/allocations/089c642d-c876-4713-ade2-212b92d72dd9 => generated 258 bytes in 103 msecs (HTTP/1.1 200) 8 headers in 296 bytes (1 switches on core 0)
Jun 08 11:34:51.125588 np0000002297 devstack@placement-api.service[89174]: DEBUG placement.requestlog [req-00ae1912-1e25-42a5-a364-63a4cf0a7026 req-9ac57eb8-0255-4242-8506-0e824ec970e9 None None] Starting request: 10.4.3.165 "GET /placement/allocations/d587c4be-3fbd-4d58-9d7c-d473c7243b21" {{(pid=89174) __call__ /opt/stack/placement/placement/requestlog.py:55}}
Jun 08 11:34:51.133078 np0000002297 devstack@placement-api.service[89174]: INFO placement.requestlog [req-00ae1912-1e25-42a5-a364-63a4cf0a7026 req-9ac57eb8-0255-4242-8506-0e824ec970e9 service nova] 10.4.3.165 "GET /placement/allocations/d587c4be-3fbd-4d58-9d7c-d473c7243b21" status: 200 len: 258 microversion: 1.28
