Jul 02 20:13:35.545704 np0000004313 devstack@g-api.service[99516]: DEBUG glance_store.capabilities [-] Store glance_store._drivers.http.Store doesn't support updating dynamic storage capabilities. Please overwrite 'update_capabilities' method of the store to implement updating logics if needed. {{(pid=99516) update_capabilities /opt/stack/data/venv/lib/python3.12/site-packages/glance_store/capabilities.py:91}}
Jul 02 20:13:35.545787 np0000004313 devstack@g-api.service[99516]: DEBUG glance_store.backend [-] Registering store http with schemes ('http', 'https') {{(pid=99516) create_stores /opt/stack/data/venv/lib/python3.12/site-packages/glance_store/backend.py:261}}
Jul 02 20:13:35.545862 np0000004313 devstack@g-api.service[99516]: DEBUG glance_store.driver [-] Late loading location class glance_store._drivers.http.StoreLocation {{(pid=99516) get_store_location_class /opt/stack/data/venv/lib/python3.12/site-packages/glance_store/driver.py:134}}
Jul 02 20:13:35.545935 np0000004313 devstack@g-api.service[99516]: DEBUG glance_store.location [-] Registering scheme http with {'store': , 'location_class': , 'store_entry': 'http'} {{(pid=99516) register_scheme_map /opt/stack/data/venv/lib/python3.12/site-packages/glance_store/location.py:146}}
Jul 02 20:13:35.546075 np0000004313 devstack@g-api.service[99516]: DEBUG glance_store.location [-] Registering scheme https with {'store': , 'location_class': , 'store_entry': 'http'} {{(pid=99516) register_scheme_map /opt/stack/data/venv/lib/python3.12/site-packages/glance_store/location.py:146}}
Jul 02 20:13:35.546075 np0000004313 devstack@g-api.service[99516]: DEBUG glance_store.backend [-] Attempting to import store file {{(pid=99516) _load_store /opt/stack/data/venv/lib/python3.12/site-packages/glance_store/backend.py:215}}
Jul 02 20:13:35.546679 np0000004313 devstack@g-api.service[99516]: DEBUG glance_store.capabilities [-] Store glance_store._drivers.filesystem.Store doesn't support updating dynamic storage capabilities. Please overwrite 'update_capabilities' method of the store to implement updating logics if needed. {{(pid=99516) update_capabilities /opt/stack/data/venv/lib/python3.12/site-packages/glance_store/capabilities.py:91}}
Jul 02 20:13:35.546724 np0000004313 devstack@g-api.service[99516]: DEBUG glance_store.backend [-] Registering store file with schemes ('file', 'filesystem') {{(pid=99516) create_stores /opt/stack/data/venv/lib/python3.12/site-packages/glance_store/backend.py:261}}
Jul 02 20:13:35.546802 np0000004313 devstack@g-api.service[99516]: DEBUG glance_store.driver [-] Late loading location class glance_store._drivers.filesystem.StoreLocation {{(pid=99516) get_store_location_class /opt/stack/data/venv/lib/python3.12/site-packages/glance_store/driver.py:134}}
Jul 02 20:13:35.546855 np0000004313 devstack@g-api.service[99516]: DEBUG glance_store.location [-] Registering scheme file with {'store': , 'location_class': , 'store_entry': 'file'} {{(pid=99516) register_scheme_map /opt/stack/data/venv/lib/python3.12/site-packages/glance_store/location.py:146}}
Jul 02 20:13:35.546898 np0000004313 devstack@g-api.service[99516]: DEBUG glance_store.location [-] Registering scheme filesystem with {'store': , 'location_class': , 'store_entry': 'file'} {{(pid=99516) register_scheme_map /opt/stack/data/venv/lib/python3.12/site-packages/glance_store/location.py:146}}
Jul 02 20:13:35.546981 np0000004313 devstack@g-api.service[99516]: DEBUG glance_store.backend [-] Attempting to import store swift {{(pid=99516) _load_store /opt/stack/data/venv/lib/python3.12/site-packages/glance_store/backend.py:215}}
Jul 02 20:13:35.548066 np0000004313 devstack@g-api.service[99516]: DEBUG glance_store.capabilities [-] Store glance_store._drivers.swift.store.SingleTenantStore doesn't support updating dynamic storage capabilities. Please overwrite 'update_capabilities' method of the store to implement updating logics if needed. {{(pid=99516) update_capabilities /opt/stack/data/venv/lib/python3.12/site-packages/glance_store/capabilities.py:91}}
Jul 02 20:13:35.548127 np0000004313 devstack@g-api.service[99516]: DEBUG glance_store.driver [-] Late loading location class glance_store._drivers.swift.store.StoreLocation {{(pid=99516) get_store_location_class /opt/stack/data/venv/lib/python3.12/site-packages/glance_store/driver.py:134}}
Jul 02 20:13:35.548206 np0000004313 devstack@g-api.service[99516]: DEBUG glance_store.location [-] Registering scheme swift+https with {'store': , 'location_class': , 'store_entry': 'swift'} {{(pid=99516) register_scheme_map /opt/stack/data/venv/lib/python3.12/site-packages/glance_store/location.py:146}}
Jul 02 20:13:35.548277 np0000004313 devstack@g-api.service[99516]: DEBUG glance_store.location [-] Registering scheme swift+https with {'store': , 'location_class': , 'store_entry': 'swift'} {{(pid=99516) register_scheme_map /opt/stack/data/venv/lib/python3.12/site-packages/glance_store/location.py:146}}
Jul 02 20:13:35.548277 np0000004313 devstack@g-api.service[99516]: DEBUG glance_store.location [-] Registering scheme swift with {'store': , 'location_class': , 'store_entry': 'swift'} {{(pid=99516) register_scheme_map /opt/stack/data/venv/lib/python3.12/site-packages/glance_store/location.py:146}}
Jul 02 20:13:35.548386 np0000004313 devstack@g-api.service[99516]: DEBUG glance_store.location [-] Registering scheme swift+https with {'store': , 'location_class': , 'store_entry': 'swift'} {{(pid=99516) register_scheme_map /opt/stack/data/venv/lib/python3.12/site-packages/glance_store/location.py:146}}
Jul 02 20:13:35.548386 np0000004313 devstack@g-api.service[99516]: DEBUG glance_store.location [-] Registering scheme swift with {'store': , 'location_class': , 'store_entry': 'swift'} {{(pid=99516) register_scheme_map /opt/stack/data/venv/lib/python3.12/site-packages/glance_store/location.py:146}}
Jul 02 20:13:35.548468 np0000004313 devstack@g-api.service[99516]: DEBUG glance_store.location [-] Registering scheme swift+http with {'store': , 'location_class': , 'store_entry': 'swift'} {{(pid=99516) register_scheme_map /opt/stack/data/venv/lib/python3.12/site-packages/glance_store/location.py:146}}
Jul 02 20:13:35.548468 np0000004313 devstack@g-api.service[99516]: DEBUG glance_store.location [-] Registering scheme swift+https with {'store': , 'location_class': , 'store_entry': 'swift'} {{(pid=99516) register_scheme_map /opt/stack/data/venv/lib/python3.12/site-packages/glance_store/location.py:146}}
Jul 02 20:13:35.548537 np0000004313 devstack@g-api.service[99516]: DEBUG glance_store.location [-] Registering scheme swift with {'store': , 'location_class': , 'store_entry': 'swift'} {{(pid=99516) register_scheme_map /opt/stack/data/venv/lib/python3.12/site-packages/glance_store/location.py:146}}
Jul 02 20:13:35.548537 np0000004313 devstack@g-api.service[99516]: DEBUG glance_store.location [-] Registering scheme swift+http with {'store': , 'location_class': , 'store_entry': 'swift'} {{(pid=99516) register_scheme_map /opt/stack/data/venv/lib/python3.12/site-packages/glance_store/location.py:146}}
Jul 02 20:13:35.548639 np0000004313 devstack@g-api.service[99516]: DEBUG glance_store.location [-] Registering scheme swift+config with {'store': , 'location_class': , 'store_entry': 'swift'} {{(pid=99516) register_scheme_map /opt/stack/data/venv/lib/python3.12/site-packages/glance_store/location.py:146}}
Jul 02 20:13:35.548870 np0000004313 devstack@g-api.service[99516]: DEBUG glance.sqlite_migration [-] SQLite caching database not located, skipping migration {{(pid=99516) get_db_path /opt/stack/glance/glance/sqlite_migration.py:68}}
Jul 02 20:13:35.549050 np0000004313 devstack@g-api.service[99516]: WARNING glance.common.wsgi_app [-] Import methods are enabled but staging directory /tmp/staging/ does not exist; Imports will fail!
Jul 02 20:13:35.637679 np0000004313 devstack@g-api.service[99518]: DEBUG glance.common.config [None req-23881c10-2d59-4d38-bbdf-88a2fd0e1e6c None None] Loading glance-api-keystone+cachemanagement from /etc/glance/glance-api-paste.ini {{(pid=99518) load_paste_app /opt/stack/glance/glance/common/config.py:765}}
Jul 02 20:13:35.641111 np0000004313 devstack@g-api.service[99517]: DEBUG glance.common.config [None req-786f4dbe-ee29-40cb-8973-16d04526b2f5 None None] Loading glance-api-keystone+cachemanagement from /etc/glance/glance-api-paste.ini {{(pid=99517) load_paste_app /opt/stack/glance/glance/common/config.py:765}}
Jul 02 20:13:35.684835 np0000004313 devstack@g-api.service[99516]: DEBUG glance.common.config [None req-eaf02bc2-c6fd-4d93-b675-80fb7ba7edba None None] Loading glance-api-keystone+cachemanagement from /etc/glance/glance-api-paste.ini {{(pid=99516) load_paste_app /opt/stack/glance/glance/common/config.py:765}}
Jul 02 20:13:36.261494 np0000004313 devstack@g-api.service[99517]: INFO glance.image_cache [None req-786f4dbe-ee29-40cb-8973-16d04526b2f5 None None] Image cache loaded driver 'centralized_db'.
Jul 02 20:13:36.269864 np0000004313 devstack@g-api.service[99516]: INFO glance.image_cache [None req-eaf02bc2-c6fd-4d93-b675-80fb7ba7edba None None] Image cache loaded driver 'centralized_db'.
Jul 02 20:13:36.310658 np0000004313 devstack@g-api.service[99517]: INFO dbcounter [None req-786f4dbe-ee29-40cb-8973-16d04526b2f5 None None] Registered counter for database glance
Jul 02 20:13:36.313667 np0000004313 devstack@g-api.service[99516]: INFO dbcounter [None req-eaf02bc2-c6fd-4d93-b675-80fb7ba7edba None None] Registered counter for database glance
Jul 02 20:13:36.354648 np0000004313 devstack@g-api.service[99518]: INFO glance.image_cache [None req-23881c10-2d59-4d38-bbdf-88a2fd0e1e6c None None] Image cache loaded driver 'centralized_db'.
Jul 02 20:13:36.356265 np0000004313 devstack@g-api.service[99516]: DEBUG oslo_db.sqlalchemy.engines [None req-eaf02bc2-c6fd-4d93-b675-80fb7ba7edba None None] MySQL server mode set to STRICT_TRANS_TABLES,STRICT_ALL_TABLES,NO_ZERO_IN_DATE,NO_ZERO_DATE,ERROR_FOR_DIVISION_BY_ZERO,TRADITIONAL,NO_ENGINE_SUBSTITUTION {{(pid=99516) _check_effective_sql_mode /opt/stack/data/venv/lib/python3.12/site-packages/oslo_db/sqlalchemy/engines.py:325}}
Jul 02 20:13:36.362804 np0000004313 devstack@g-api.service[99517]: DEBUG oslo_db.sqlalchemy.engines [None req-786f4dbe-ee29-40cb-8973-16d04526b2f5 None None] MySQL server mode set to STRICT_TRANS_TABLES,STRICT_ALL_TABLES,NO_ZERO_IN_DATE,NO_ZERO_DATE,ERROR_FOR_DIVISION_BY_ZERO,TRADITIONAL,NO_ENGINE_SUBSTITUTION {{(pid=99517) _check_effective_sql_mode /opt/stack/data/venv/lib/python3.12/site-packages/oslo_db/sqlalchemy/engines.py:325}}
Jul 02 20:13:36.377558 np0000004313 devstack@g-api.service[99516]: DEBUG dbcounter [-] [99516] Writer thread running {{(pid=99516) stat_writer /opt/stack/data/venv/lib/python3.12/site-packages/dbcounter.py:102}}
Jul 02 20:13:36.388631 np0000004313 devstack@g-api.service[99517]: DEBUG dbcounter [-] [99517] Writer thread running {{(pid=99517) stat_writer /opt/stack/data/venv/lib/python3.12/site-packages/dbcounter.py:102}}
Jul 02 20:13:36.390243 np0000004313 devstack@g-api.service[99516]: INFO glance.image_cache [None req-eaf02bc2-c6fd-4d93-b675-80fb7ba7edba None None] Image cache loaded driver 'centralized_db'.
Jul 02 20:13:36.391242 np0000004313 devstack@g-api.service[99517]: DEBUG glance.image_cache.drivers.centralized_db [None req-786f4dbe-ee29-40cb-8973-16d04526b2f5 None None] Node reference is already recorded, ignoring it {{(pid=99517) configure /opt/stack/glance/glance/image_cache/drivers/centralized_db.py:71}}
Jul 02 20:13:36.397096 np0000004313 devstack@g-api.service[99516]: DEBUG glance.image_cache.drivers.centralized_db [None req-eaf02bc2-c6fd-4d93-b675-80fb7ba7edba None None] Node reference is already recorded, ignoring it {{(pid=99516) configure /opt/stack/glance/glance/image_cache/drivers/centralized_db.py:71}}
Jul 02 20:13:36.398165 np0000004313 devstack@g-api.service[99517]: INFO glance.image_cache [None req-786f4dbe-ee29-40cb-8973-16d04526b2f5 None None] Image cache loaded driver 'centralized_db'.
Jul 02 20:13:36.431789 np0000004313 devstack@g-api.service[99518]: INFO dbcounter [None req-23881c10-2d59-4d38-bbdf-88a2fd0e1e6c None None] Registered counter for database glance
Jul 02 20:13:36.478163 np0000004313 devstack@g-api.service[99518]: DEBUG oslo_db.sqlalchemy.engines [None req-23881c10-2d59-4d38-bbdf-88a2fd0e1e6c None None] MySQL server mode set to STRICT_TRANS_TABLES,STRICT_ALL_TABLES,NO_ZERO_IN_DATE,NO_ZERO_DATE,ERROR_FOR_DIVISION_BY_ZERO,TRADITIONAL,NO_ENGINE_SUBSTITUTION {{(pid=99518) _check_effective_sql_mode /opt/stack/data/venv/lib/python3.12/site-packages/oslo_db/sqlalchemy/engines.py:325}}
Jul 02 20:13:36.490403 np0000004313 devstack@g-api.service[99516]: DEBUG glance.api.v2.cached_images [None req-eaf02bc2-c6fd-4d93-b675-80fb7ba7edba None None] Started cache worker thread {{(pid=99516) __init__ /opt/stack/glance/glance/api/v2/cached_images.py:69}}
Jul 02 20:13:36.490997 np0000004313 devstack@g-api.service[99516]: INFO glance.image_cache [None req-eaf02bc2-c6fd-4d93-b675-80fb7ba7edba None None] Image cache loaded driver 'centralized_db'.
Jul 02 20:13:36.497052 np0000004313 devstack@g-api.service[99517]: DEBUG glance.image_cache.drivers.centralized_db [None req-786f4dbe-ee29-40cb-8973-16d04526b2f5 None None] Node reference is already recorded, ignoring it {{(pid=99517) configure /opt/stack/glance/glance/image_cache/drivers/centralized_db.py:71}}
Jul 02 20:13:36.497610 np0000004313 devstack@g-api.service[99516]: DEBUG glance.image_cache.drivers.centralized_db [None req-eaf02bc2-c6fd-4d93-b675-80fb7ba7edba None None] Node reference is already recorded, ignoring it {{(pid=99516) configure /opt/stack/glance/glance/image_cache/drivers/centralized_db.py:71}}
Jul 02 20:13:36.501615 np0000004313 devstack@g-api.service[99518]: DEBUG dbcounter [-] [99518] Writer thread running {{(pid=99518) stat_writer /opt/stack/data/venv/lib/python3.12/site-packages/dbcounter.py:102}}
Jul 02 20:13:36.501936 np0000004313 devstack@g-api.service[99517]: DEBUG glance.api.v2.cached_images [None req-786f4dbe-ee29-40cb-8973-16d04526b2f5 None None] Started cache worker thread {{(pid=99517) __init__ /opt/stack/glance/glance/api/v2/cached_images.py:69}}
Jul 02 20:13:36.502224 np0000004313 devstack@g-api.service[99516]: INFO glance.api.middleware.cache_manage [None req-eaf02bc2-c6fd-4d93-b675-80fb7ba7edba None None] Initialized image cache management middleware
Jul 02 20:13:36.502369 np0000004313 devstack@g-api.service[99516]: INFO glance.image_cache [None req-eaf02bc2-c6fd-4d93-b675-80fb7ba7edba None None] Image cache loaded driver 'centralized_db'.
Jul 02 20:13:36.502491 np0000004313 devstack@g-api.service[99517]: INFO glance.image_cache [None req-786f4dbe-ee29-40cb-8973-16d04526b2f5 None None] Image cache loaded driver 'centralized_db'.
Jul 02 20:13:36.504280 np0000004313 devstack@g-api.service[99518]: DEBUG glance.image_cache.drivers.centralized_db [None req-23881c10-2d59-4d38-bbdf-88a2fd0e1e6c None None] Node reference is already recorded, ignoring it {{(pid=99518) configure /opt/stack/glance/glance/image_cache/drivers/centralized_db.py:71}}
Jul 02 20:13:36.508385 np0000004313 devstack@g-api.service[99516]: DEBUG glance.image_cache.drivers.centralized_db [None req-eaf02bc2-c6fd-4d93-b675-80fb7ba7edba None None] Node reference is already recorded, ignoring it {{(pid=99516) configure /opt/stack/glance/glance/image_cache/drivers/centralized_db.py:71}}
Jul 02 20:13:36.508446 np0000004313 devstack@g-api.service[99517]: DEBUG glance.image_cache.drivers.centralized_db [None req-786f4dbe-ee29-40cb-8973-16d04526b2f5 None None] Node reference is already recorded, ignoring it {{(pid=99517) configure /opt/stack/glance/glance/image_cache/drivers/centralized_db.py:71}}
Jul 02 20:13:36.510708 np0000004313 devstack@g-api.service[99518]: INFO glance.image_cache [None req-23881c10-2d59-4d38-bbdf-88a2fd0e1e6c None None] Image cache loaded driver 'centralized_db'.
Jul 02 20:13:36.511865 np0000004313 devstack@g-api.service[99516]: INFO glance.api.middleware.cache [None req-eaf02bc2-c6fd-4d93-b675-80fb7ba7edba None None] Initialized image cache middleware
Jul 02 20:13:36.512679 np0000004313 devstack@g-api.service[99517]: INFO glance.api.middleware.cache_manage [None req-786f4dbe-ee29-40cb-8973-16d04526b2f5 None None] Initialized image cache management middleware
Jul 02 20:13:36.512818 np0000004313 devstack@g-api.service[99517]: INFO glance.image_cache [None req-786f4dbe-ee29-40cb-8973-16d04526b2f5 None None] Image cache loaded driver 'centralized_db'.
Jul 02 20:13:36.519592 np0000004313 devstack@g-api.service[99517]: DEBUG glance.image_cache.drivers.centralized_db [None req-786f4dbe-ee29-40cb-8973-16d04526b2f5 None None] Node reference is already recorded, ignoring it {{(pid=99517) configure /opt/stack/glance/glance/image_cache/drivers/centralized_db.py:71}}
Jul 02 20:13:36.522468 np0000004313 devstack@g-api.service[99516]: DEBUG glance.common.config [None req-eaf02bc2-c6fd-4d93-b675-80fb7ba7edba None None] ******************************************************************************** {{(pid=99516) log_opt_values /opt/stack/data/venv/lib/python3.12/site-packages/oslo_config/cfg.py:3226}}
Jul 02 20:13:36.522549 np0000004313 devstack@g-api.service[99516]: DEBUG glance.common.config [None req-eaf02bc2-c6fd-4d93-b675-80fb7ba7edba None None] Configuration options gathered from: {{(pid=99516) log_opt_values /opt/stack/data/venv/lib/python3.12/site-packages/oslo_config/cfg.py:3227}}
Jul 02 20:13:36.522818 np0000004313 devstack@g-api.service[99516]: DEBUG glance.common.config [None req-eaf02bc2-c6fd-4d93-b675-80fb7ba7edba None None] command line args: [] {{(pid=99516) log_opt_values /opt/stack/data/venv/lib/python3.12/site-packages/oslo_config/cfg.py:3228}}
Jul 02 20:13:36.522935 np0000004313 devstack@g-api.service[99516]: DEBUG glance.common.config [None req-eaf02bc2-c6fd-4d93-b675-80fb7ba7edba None None] config files: ['/etc/glance/glance-image-import.conf', '/etc/glance/glance-api.conf'] {{(pid=99516) log_opt_values /opt/stack/data/venv/lib/python3.12/site-packages/oslo_config/cfg.py:3229}}
Jul 02 20:13:36.522981 np0000004313 devstack@g-api.service[99517]: INFO glance.api.middleware.cache [None req-786f4dbe-ee29-40cb-8973-16d04526b2f5 None None] Initialized image cache middleware
Jul 02 20:13:36.523016 np0000004313 devstack@g-api.service[99516]: DEBUG glance.common.config [None req-eaf02bc2-c6fd-4d93-b675-80fb7ba7edba None None] ================================================================================ {{(pid=99516) log_opt_values /opt/stack/data/venv/lib/python3.12/site-packages/oslo_config/cfg.py:3234}}
Jul 02 20:13:36.523108 np0000004313 devstack@g-api.service[99516]: DEBUG glance.common.config [None req-eaf02bc2-c6fd-4d93-b675-80fb7ba7edba None None] allow_anonymous_access = False {{(pid=99516) log_opt_values /opt/stack/data/venv/lib/python3.12/site-packages/oslo_config/cfg.py:3242}}
Jul 02 20:13:36.523210 np0000004313 devstack@g-api.service[99516]: DEBUG glance.common.config [None req-eaf02bc2-c6fd-4d93-b675-80fb7ba7edba None None] api_limit_max = 1000 {{(pid=99516) log_opt_values /opt/stack/data/venv/lib/python3.12/site-packages/oslo_config/cfg.py:3242}}
Jul 02 20:13:36.523300 np0000004313 devstack@g-api.service[99516]: DEBUG glance.common.config [None req-eaf02bc2-c6fd-4d93-b675-80fb7ba7edba None None] backlog = 4096 {{(pid=99516) log_opt_values /opt/stack/data/venv/lib/python3.12/site-packages/oslo_config/cfg.py:3242}}
Jul 02 20:13:36.523481 np0000004313 devstack@g-api.service[99516]: DEBUG glance.common.config [None req-eaf02bc2-c6fd-4d93-b675-80fb7ba7edba None None] bind_host = 0.0.0.0 {{(pid=99516) log_opt_values /opt/stack/data/venv/lib/python3.12/site-packages/oslo_config/cfg.py:3242}}
Jul 02 20:13:36.523634 np0000004313 devstack@g-api.service[99516]: DEBUG glance.common.config [None req-eaf02bc2-c6fd-4d93-b675-80fb7ba7edba None None] bind_port = 19292 {{(pid=99516) log_opt_values /opt/stack/data/venv/lib/python3.12/site-packages/oslo_config/cfg.py:3242}}
Jul 02 20:13:36.523737 np0000004313 devstack@g-api.service[99516]: DEBUG glance.common.config [None req-eaf02bc2-c6fd-4d93-b675-80fb7ba7edba None None] client_socket_timeout = 900 {{(pid=99516) log_opt_values /opt/stack/data/venv/lib/python3.12/site-packages/oslo_config/cfg.py:3242}}
Jul 02 20:13:36.523834 np0000004313 devstack@g-api.service[99516]: DEBUG glance.common.config [None req-eaf02bc2-c6fd-4d93-b675-80fb7ba7edba None None] config_dir = [] {{(pid=99516) log_opt_values /opt/stack/data/venv/lib/python3.12/site-packages/oslo_config/cfg.py:3242}}
Jul 02 20:13:36.523901 np0000004313 devstack@g-api.service[99516]: DEBUG glance.common.config [None req-eaf02bc2-c6fd-4d93-b675-80fb7ba7edba None None] config_file = ['/etc/glance/glance-image-import.conf', '/etc/glance/glance-api.conf'] {{(pid=99516) log_opt_values /opt/stack/data/venv/lib/python3.12/site-packages/oslo_config/cfg.py:3242}}
Jul 02 20:13:36.523995 np0000004313 devstack@g-api.service[99516]: DEBUG glance.common.config [None req-eaf02bc2-c6fd-4d93-b675-80fb7ba7edba None None] config_source = [] {{(pid=99516) log_opt_values /opt/stack/data/venv/lib/python3.12/site-packages/oslo_config/cfg.py:3242}}
Jul 02 20:13:36.524091 np0000004313 devstack@g-api.service[99516]: DEBUG glance.common.config [None req-eaf02bc2-c6fd-4d93-b675-80fb7ba7edba None None] control_exchange = glance {{(pid=99516) log_opt_values /opt/stack/data/venv/lib/python3.12/site-packages/oslo_config/cfg.py:3242}}
Jul 02 20:13:36.524147 np0000004313 devstack@g-api.service[99516]: DEBUG glance.common.config [None req-eaf02bc2-c6fd-4d93-b675-80fb7ba7edba None None] debug = True {{(pid=99516) log_opt_values /opt/stack/data/venv/lib/python3.12/site-packages/oslo_config/cfg.py:3242}}
Jul 02 20:13:36.524305 np0000004313 devstack@g-api.service[99516]: DEBUG glance.common.config [None req-eaf02bc2-c6fd-4d93-b675-80fb7ba7edba None None] default_log_levels = ['amqp=WARN', 'boto=WARN', 'sqlalchemy=WARN', 'suds=INFO', 'oslo.messaging=INFO', 'oslo_messaging=INFO', 'iso8601=WARN', 'requests.packages.urllib3.connectionpool=WARN', 'urllib3.connectionpool=WARN', 'websocket=WARN', 'requests.packages.urllib3.util.retry=WARN', 'urllib3.util.retry=WARN', 'keystonemiddleware=WARN', 'routes.middleware=WARN', 'stevedore=WARN', 'taskflow=WARN', 'keystoneauth=WARN', 'oslo.cache=INFO', 'oslo_policy=INFO', 'dogpile.core.dogpile=INFO'] {{(pid=99516) log_opt_values /opt/stack/data/venv/lib/python3.12/site-packages/oslo_config/cfg.py:3242}}
Jul 02 20:13:36.524408 np0000004313 devstack@g-api.service[99516]: DEBUG glance.common.config [None req-eaf02bc2-c6fd-4d93-b675-80fb7ba7edba None None] default_publisher_id = image.localhost {{(pid=99516) log_opt_values /opt/stack/data/venv/lib/python3.12/site-packages/oslo_config/cfg.py:3242}}
Jul 02 20:13:36.524493 np0000004313 devstack@g-api.service[99516]: DEBUG glance.common.config [None req-eaf02bc2-c6fd-4d93-b675-80fb7ba7edba None None] delayed_delete = False {{(pid=99516) log_opt_values /opt/stack/data/venv/lib/python3.12/site-packages/oslo_config/cfg.py:3242}}
Jul 02 20:13:36.524583 np0000004313 devstack@g-api.service[99516]: DEBUG glance.common.config [None req-eaf02bc2-c6fd-4d93-b675-80fb7ba7edba None None] digest_algorithm = sha256 {{(pid=99516) log_opt_values /opt/stack/data/venv/lib/python3.12/site-packages/oslo_config/cfg.py:3242}}
Jul 02 20:13:36.524693 np0000004313 devstack@g-api.service[99516]: DEBUG glance.common.config [None req-eaf02bc2-c6fd-4d93-b675-80fb7ba7edba None None] disabled_notifications = [] {{(pid=99516) log_opt_values /opt/stack/data/venv/lib/python3.12/site-packages/oslo_config/cfg.py:3242}}
Jul 02 20:13:36.524776 np0000004313 devstack@g-api.service[99516]: DEBUG glance.common.config [None req-eaf02bc2-c6fd-4d93-b675-80fb7ba7edba None None] do_secure_hash = True {{(pid=99516) log_opt_values /opt/stack/data/venv/lib/python3.12/site-packages/oslo_config/cfg.py:3242}}
Jul 02 20:13:36.524863 np0000004313 devstack@g-api.service[99516]: DEBUG glance.common.config [None req-eaf02bc2-c6fd-4d93-b675-80fb7ba7edba None None] enabled_backends = None {{(pid=99516) log_opt_values /opt/stack/data/venv/lib/python3.12/site-packages/oslo_config/cfg.py:3242}}
Jul 02 20:13:36.524969 np0000004313 devstack@g-api.service[99516]: DEBUG glance.common.config [None req-eaf02bc2-c6fd-4d93-b675-80fb7ba7edba None None] enabled_import_methods = ['glance-direct', 'web-download', 'copy-image'] {{(pid=99516) log_opt_values /opt/stack/data/venv/lib/python3.12/site-packages/oslo_config/cfg.py:3242}}
Jul 02 20:13:36.525061 np0000004313 devstack@g-api.service[99516]: DEBUG glance.common.config [None req-eaf02bc2-c6fd-4d93-b675-80fb7ba7edba None None] fatal_deprecations = False {{(pid=99516) log_opt_values /opt/stack/data/venv/lib/python3.12/site-packages/oslo_config/cfg.py:3242}}
Jul 02 20:13:36.525153 np0000004313 devstack@g-api.service[99516]: DEBUG glance.common.config [None req-eaf02bc2-c6fd-4d93-b675-80fb7ba7edba None None] hashing_algorithm = sha512 {{(pid=99516) log_opt_values /opt/stack/data/venv/lib/python3.12/site-packages/oslo_config/cfg.py:3242}}
Jul 02 20:13:36.525235 np0000004313 devstack@g-api.service[99516]: DEBUG glance.common.config [None req-eaf02bc2-c6fd-4d93-b675-80fb7ba7edba None None] http_keepalive = True {{(pid=99516) log_opt_values /opt/stack/data/venv/lib/python3.12/site-packages/oslo_config/cfg.py:3242}}
Jul 02 20:13:36.525344 np0000004313 devstack@g-api.service[99516]: DEBUG glance.common.config [None req-eaf02bc2-c6fd-4d93-b675-80fb7ba7edba None None] http_retries = 3 {{(pid=99516) log_opt_values /opt/stack/data/venv/lib/python3.12/site-packages/oslo_config/cfg.py:3242}}
Jul 02 20:13:36.525426 np0000004313 devstack@g-api.service[99516]: DEBUG glance.common.config [None req-eaf02bc2-c6fd-4d93-b675-80fb7ba7edba None None] image_cache_dir = /opt/stack/data/glance/cache/ {{(pid=99516) log_opt_values /opt/stack/data/venv/lib/python3.12/site-packages/oslo_config/cfg.py:3242}}
Jul 02 20:13:36.525521 np0000004313 devstack@g-api.service[99516]: DEBUG glance.common.config [None req-eaf02bc2-c6fd-4d93-b675-80fb7ba7edba None None] image_cache_driver = centralized_db {{(pid=99516) log_opt_values /opt/stack/data/venv/lib/python3.12/site-packages/oslo_config/cfg.py:3242}}
Jul 02 20:13:36.525613 np0000004313 devstack@g-api.service[99516]: DEBUG glance.common.config [None req-eaf02bc2-c6fd-4d93-b675-80fb7ba7edba None None] image_cache_max_size = 10737418240 {{(pid=99516) log_opt_values /opt/stack/data/venv/lib/python3.12/site-packages/oslo_config/cfg.py:3242}}
Jul 02 20:13:36.525722 np0000004313 devstack@g-api.service[99516]: DEBUG glance.common.config [None req-eaf02bc2-c6fd-4d93-b675-80fb7ba7edba None None] image_cache_sqlite_db = cache.db {{(pid=99516) log_opt_values /opt/stack/data/venv/lib/python3.12/site-packages/oslo_config/cfg.py:3242}}
Jul 02 20:13:36.525805 np0000004313 devstack@g-api.service[99516]: DEBUG glance.common.config [None req-eaf02bc2-c6fd-4d93-b675-80fb7ba7edba None None] image_cache_stall_time = 86400 {{(pid=99516) log_opt_values /opt/stack/data/venv/lib/python3.12/site-packages/oslo_config/cfg.py:3242}}
Jul 02 20:13:36.525889 np0000004313 devstack@g-api.service[99516]: DEBUG glance.common.config [None req-eaf02bc2-c6fd-4d93-b675-80fb7ba7edba None None] image_location_quota = 10 {{(pid=99516) log_opt_values /opt/stack/data/venv/lib/python3.12/site-packages/oslo_config/cfg.py:3242}}
Jul 02 20:13:36.525973 np0000004313 devstack@g-api.service[99516]: DEBUG glance.common.config [None req-eaf02bc2-c6fd-4d93-b675-80fb7ba7edba None None] image_member_quota = 128 {{(pid=99516) log_opt_values /opt/stack/data/venv/lib/python3.12/site-packages/oslo_config/cfg.py:3242}}
Jul 02 20:13:36.526058 np0000004313 devstack@g-api.service[99516]: DEBUG glance.common.config [None req-eaf02bc2-c6fd-4d93-b675-80fb7ba7edba None None] image_property_quota = 128 {{(pid=99516) log_opt_values /opt/stack/data/venv/lib/python3.12/site-packages/oslo_config/cfg.py:3242}}
Jul 02 20:13:36.526143 np0000004313 devstack@g-api.service[99516]: DEBUG glance.common.config [None req-eaf02bc2-c6fd-4d93-b675-80fb7ba7edba None None] image_size_cap = 1099511627776 {{(pid=99516) log_opt_values /opt/stack/data/venv/lib/python3.12/site-packages/oslo_config/cfg.py:3242}}
Jul 02 20:13:36.526227 np0000004313 devstack@g-api.service[99516]: DEBUG glance.common.config [None req-eaf02bc2-c6fd-4d93-b675-80fb7ba7edba None None] image_tag_quota = 128 {{(pid=99516) log_opt_values /opt/stack/data/venv/lib/python3.12/site-packages/oslo_config/cfg.py:3242}}
Jul 02 20:13:36.526316 np0000004313 devstack@g-api.service[99516]: DEBUG glance.common.config [None req-eaf02bc2-c6fd-4d93-b675-80fb7ba7edba None None] instance_format = [instance: %(uuid)s] {{(pid=99516) log_opt_values /opt/stack/data/venv/lib/python3.12/site-packages/oslo_config/cfg.py:3242}}
Jul 02 20:13:36.526418 np0000004313 devstack@g-api.service[99516]: DEBUG glance.common.config [None req-eaf02bc2-c6fd-4d93-b675-80fb7ba7edba None None] instance_uuid_format = [instance: %(uuid)s] {{(pid=99516) log_opt_values /opt/stack/data/venv/lib/python3.12/site-packages/oslo_config/cfg.py:3242}}
Jul 02 20:13:36.526504 np0000004313 devstack@g-api.service[99516]: DEBUG glance.common.config [None req-eaf02bc2-c6fd-4d93-b675-80fb7ba7edba None None] limit_param_default = 25 {{(pid=99516) log_opt_values /opt/stack/data/venv/lib/python3.12/site-packages/oslo_config/cfg.py:3242}}
Jul 02 20:13:36.526608 np0000004313 devstack@g-api.service[99516]: DEBUG glance.common.config [None req-eaf02bc2-c6fd-4d93-b675-80fb7ba7edba None None] log_color = False {{(pid=99516) log_opt_values /opt/stack/data/venv/lib/python3.12/site-packages/oslo_config/cfg.py:3242}}
Jul 02 20:13:36.526703 np0000004313 devstack@g-api.service[99516]: DEBUG glance.common.config [None req-eaf02bc2-c6fd-4d93-b675-80fb7ba7edba None None] log_config_append = None {{(pid=99516) log_opt_values /opt/stack/data/venv/lib/python3.12/site-packages/oslo_config/cfg.py:3242}}
Jul 02 20:13:36.526792 np0000004313 devstack@g-api.service[99516]: DEBUG glance.common.config [None req-eaf02bc2-c6fd-4d93-b675-80fb7ba7edba None None] log_date_format = %Y-%m-%d %H:%M:%S {{(pid=99516) log_opt_values /opt/stack/data/venv/lib/python3.12/site-packages/oslo_config/cfg.py:3242}}
Jul 02 20:13:36.526883 np0000004313 devstack@g-api.service[99516]: DEBUG glance.common.config [None req-eaf02bc2-c6fd-4d93-b675-80fb7ba7edba None None] log_dir = None {{(pid=99516) log_opt_values /opt/stack/data/venv/lib/python3.12/site-packages/oslo_config/cfg.py:3242}}
Jul 02 20:13:36.526974 np0000004313 devstack@g-api.service[99516]: DEBUG glance.common.config [None req-eaf02bc2-c6fd-4d93-b675-80fb7ba7edba None None] log_file = None {{(pid=99516) log_opt_values /opt/stack/data/venv/lib/python3.12/site-packages/oslo_config/cfg.py:3242}}
Jul 02 20:13:36.527055 np0000004313 devstack@g-api.service[99516]: DEBUG glance.common.config [None req-eaf02bc2-c6fd-4d93-b675-80fb7ba7edba None None] log_rotate_interval = 1 {{(pid=99516) log_opt_values /opt/stack/data/venv/lib/python3.12/site-packages/oslo_config/cfg.py:3242}}
Jul 02 20:13:36.527147 np0000004313 devstack@g-api.service[99516]: DEBUG glance.common.config [None req-eaf02bc2-c6fd-4d93-b675-80fb7ba7edba None None] log_rotate_interval_type = days {{(pid=99516) log_opt_values /opt/stack/data/venv/lib/python3.12/site-packages/oslo_config/cfg.py:3242}}
Jul 02 20:13:36.527239 np0000004313 devstack@g-api.service[99516]: DEBUG glance.common.config [None req-eaf02bc2-c6fd-4d93-b675-80fb7ba7edba None None] log_rotation_type = none {{(pid=99516) log_opt_values /opt/stack/data/venv/lib/python3.12/site-packages/oslo_config/cfg.py:3242}}
Jul 02 20:13:36.527308 np0000004313 devstack@g-api.service[99516]: DEBUG glance.common.config [None req-eaf02bc2-c6fd-4d93-b675-80fb7ba7edba None None] logging_context_format_string = %(color)s%(levelname)s %(name)s [%(global_request_id)s %(request_id)s %(project_name)s %(user_name)s%(color)s] %(instance)s%(color)s%(message)s {{(pid=99516) log_opt_values /opt/stack/data/venv/lib/python3.12/site-packages/oslo_config/cfg.py:3242}}
Jul 02 20:13:36.527388 np0000004313 devstack@g-api.service[99516]: DEBUG glance.common.config [None req-eaf02bc2-c6fd-4d93-b675-80fb7ba7edba None None] logging_debug_format_suffix = {{(pid=%(process)d) %(funcName)s %(pathname)s:%(lineno)d}} {{(pid=99516) log_opt_values /opt/stack/data/venv/lib/python3.12/site-packages/oslo_config/cfg.py:3242}}
Jul 02 20:13:36.527479 np0000004313 devstack@g-api.service[99516]: DEBUG glance.common.config [None req-eaf02bc2-c6fd-4d93-b675-80fb7ba7edba None None] logging_default_format_string = %(color)s%(levelname)s %(name)s [-%(color)s] %(instance)s%(color)s%(message)s {{(pid=99516) log_opt_values /opt/stack/data/venv/lib/python3.12/site-packages/oslo_config/cfg.py:3242}}
Jul 02 20:13:36.527570 np0000004313 devstack@g-api.service[99516]: DEBUG glance.common.config [None req-eaf02bc2-c6fd-4d93-b675-80fb7ba7edba None None] logging_exception_prefix = ERROR %(name)s %(instance)s {{(pid=99516) log_opt_values /opt/stack/data/venv/lib/python3.12/site-packages/oslo_config/cfg.py:3242}}
Jul 02 20:13:36.527664 np0000004313 devstack@g-api.service[99516]: DEBUG glance.common.config [None req-eaf02bc2-c6fd-4d93-b675-80fb7ba7edba None None] logging_user_identity_format = %(user)s %(project)s %(domain)s %(system_scope)s %(user_domain)s %(project_domain)s {{(pid=99516) log_opt_values /opt/stack/data/venv/lib/python3.12/site-packages/oslo_config/cfg.py:3242}}
Jul 02 20:13:36.527759 np0000004313 devstack@g-api.service[99516]: DEBUG glance.common.config [None req-eaf02bc2-c6fd-4d93-b675-80fb7ba7edba None None] max_header_line = 16384 {{(pid=99516) log_opt_values /opt/stack/data/venv/lib/python3.12/site-packages/oslo_config/cfg.py:3242}}
Jul 02 20:13:36.527847 np0000004313 devstack@g-api.service[99516]: DEBUG glance.common.config [None req-eaf02bc2-c6fd-4d93-b675-80fb7ba7edba None None] max_logfile_count = 30 {{(pid=99516) log_opt_values /opt/stack/data/venv/lib/python3.12/site-packages/oslo_config/cfg.py:3242}}
Jul 02 20:13:36.527932 np0000004313 devstack@g-api.service[99516]: DEBUG glance.common.config [None req-eaf02bc2-c6fd-4d93-b675-80fb7ba7edba None None] max_logfile_size_mb = 200 {{(pid=99516) log_opt_values /opt/stack/data/venv/lib/python3.12/site-packages/oslo_config/cfg.py:3242}}
Jul 02 20:13:36.528015 np0000004313 devstack@g-api.service[99516]: DEBUG glance.common.config [None req-eaf02bc2-c6fd-4d93-b675-80fb7ba7edba None None] max_request_id_length = 64 {{(pid=99516) log_opt_values /opt/stack/data/venv/lib/python3.12/site-packages/oslo_config/cfg.py:3242}}
Jul 02 20:13:36.528101 np0000004313 devstack@g-api.service[99516]: DEBUG glance.common.config [None req-eaf02bc2-c6fd-4d93-b675-80fb7ba7edba None None] metadata_encryption_key = **** {{(pid=99516) log_opt_values /opt/stack/data/venv/lib/python3.12/site-packages/oslo_config/cfg.py:3242}}
Jul 02 20:13:36.528219 np0000004313 devstack@g-api.service[99516]: DEBUG glance.common.config [None req-eaf02bc2-c6fd-4d93-b675-80fb7ba7edba None None] node_staging_uri = file:///tmp/staging/ {{(pid=99516) log_opt_values /opt/stack/data/venv/lib/python3.12/site-packages/oslo_config/cfg.py:3242}}
Jul 02 20:13:36.528307 np0000004313 devstack@g-api.service[99516]: DEBUG glance.common.config [None req-eaf02bc2-c6fd-4d93-b675-80fb7ba7edba None None] property_protection_file = None {{(pid=99516) log_opt_values /opt/stack/data/venv/lib/python3.12/site-packages/oslo_config/cfg.py:3242}}
Jul 02 20:13:36.528412 np0000004313 devstack@g-api.service[99516]: DEBUG glance.common.config [None req-eaf02bc2-c6fd-4d93-b675-80fb7ba7edba None None] property_protection_rule_format = roles {{(pid=99516) log_opt_values /opt/stack/data/venv/lib/python3.12/site-packages/oslo_config/cfg.py:3242}}
Jul 02 20:13:36.528533 np0000004313 devstack@g-api.service[99516]: DEBUG glance.common.config [None req-eaf02bc2-c6fd-4d93-b675-80fb7ba7edba None None] public_endpoint = https://10.4.3.163/image {{(pid=99516) log_opt_values /opt/stack/data/venv/lib/python3.12/site-packages/oslo_config/cfg.py:3242}}
Jul 02 20:13:36.528651 np0000004313 devstack@g-api.service[99516]: DEBUG glance.common.config [None req-eaf02bc2-c6fd-4d93-b675-80fb7ba7edba None None] publish_errors = False {{(pid=99516) log_opt_values /opt/stack/data/venv/lib/python3.12/site-packages/oslo_config/cfg.py:3242}}
Jul 02 20:13:36.528737 np0000004313 devstack@g-api.service[99516]: DEBUG glance.common.config [None req-eaf02bc2-c6fd-4d93-b675-80fb7ba7edba None None] pydev_worker_debug_host = None {{(pid=99516) log_opt_values /opt/stack/data/venv/lib/python3.12/site-packages/oslo_config/cfg.py:3242}}
Jul 02 20:13:36.528823 np0000004313 devstack@g-api.service[99516]: DEBUG glance.common.config [None req-eaf02bc2-c6fd-4d93-b675-80fb7ba7edba None None] pydev_worker_debug_port = 5678 {{(pid=99516) log_opt_values /opt/stack/data/venv/lib/python3.12/site-packages/oslo_config/cfg.py:3242}}
Jul 02 20:13:36.528940 np0000004313 devstack@g-api.service[99516]: DEBUG glance.common.config [None req-eaf02bc2-c6fd-4d93-b675-80fb7ba7edba None None] rate_limit_burst = 0 {{(pid=99516) log_opt_values /opt/stack/data/venv/lib/python3.12/site-packages/oslo_config/cfg.py:3242}}
Jul 02 20:13:36.529039 np0000004313 devstack@g-api.service[99516]: DEBUG glance.common.config [None req-eaf02bc2-c6fd-4d93-b675-80fb7ba7edba None None] rate_limit_except_level = CRITICAL {{(pid=99516) log_opt_values /opt/stack/data/venv/lib/python3.12/site-packages/oslo_config/cfg.py:3242}}
Jul 02 20:13:36.529127 np0000004313 devstack@g-api.service[99516]: DEBUG glance.common.config [None req-eaf02bc2-c6fd-4d93-b675-80fb7ba7edba None None] rate_limit_interval = 0 {{(pid=99516) log_opt_values /opt/stack/data/venv/lib/python3.12/site-packages/oslo_config/cfg.py:3242}}
Jul 02 20:13:36.529210 np0000004313 devstack@g-api.service[99516]: DEBUG glance.common.config [None req-eaf02bc2-c6fd-4d93-b675-80fb7ba7edba None None] scrub_pool_size = 1 {{(pid=99516) log_opt_values /opt/stack/data/venv/lib/python3.12/site-packages/oslo_config/cfg.py:3242}}
Jul 02 20:13:36.529295 np0000004313 devstack@g-api.service[99516]: DEBUG glance.common.config [None req-eaf02bc2-c6fd-4d93-b675-80fb7ba7edba None None] scrub_time = 0 {{(pid=99516) log_opt_values /opt/stack/data/venv/lib/python3.12/site-packages/oslo_config/cfg.py:3242}}
Jul 02 20:13:36.529393 np0000004313 devstack@g-api.service[99516]: DEBUG glance.common.config [None req-eaf02bc2-c6fd-4d93-b675-80fb7ba7edba None None] shell_completion = None {{(pid=99516) log_opt_values /opt/stack/data/venv/lib/python3.12/site-packages/oslo_config/cfg.py:3242}}
Jul 02 20:13:36.529487 np0000004313 devstack@g-api.service[99516]: DEBUG glance.common.config [None req-eaf02bc2-c6fd-4d93-b675-80fb7ba7edba None None] show_image_direct_url = False {{(pid=99516) log_opt_values /opt/stack/data/venv/lib/python3.12/site-packages/oslo_config/cfg.py:3242}}
Jul 02 20:13:36.529692 np0000004313 devstack@g-api.service[99516]: WARNING oslo_config.cfg [None req-eaf02bc2-c6fd-4d93-b675-80fb7ba7edba None None] Deprecated: Option "show_multiple_locations" from group "DEFAULT" is deprecated for removal (Use of this option, deprecated since Newton, is a security risk and will be removed once we figure out a way to satisfy those use cases that currently require it. An earlier announcement that the same functionality can be achieved with greater granularity by using policies is incorrect. You cannot work around this option via policy configuration at the present time, though that is the direction we believe the fix will take. Please keep an eye on the Glance release notes to stay up to date on progress in addressing this issue.). Its value may be silently ignored in the future.
Jul 02 20:13:36.529793 np0000004313 devstack@g-api.service[99516]: DEBUG glance.common.config [None req-eaf02bc2-c6fd-4d93-b675-80fb7ba7edba None None] show_multiple_locations = False {{(pid=99516) log_opt_values /opt/stack/data/venv/lib/python3.12/site-packages/oslo_config/cfg.py:3242}}
Jul 02 20:13:36.529896 np0000004313 devstack@g-api.service[99516]: DEBUG glance.common.config [None req-eaf02bc2-c6fd-4d93-b675-80fb7ba7edba None None] syslog_log_facility = LOG_USER {{(pid=99516) log_opt_values /opt/stack/data/venv/lib/python3.12/site-packages/oslo_config/cfg.py:3242}}
Jul 02 20:13:36.530007 np0000004313 devstack@g-api.service[99516]: DEBUG glance.common.config [None req-eaf02bc2-c6fd-4d93-b675-80fb7ba7edba None None] tcp_keepidle = 600 {{(pid=99516) log_opt_values /opt/stack/data/venv/lib/python3.12/site-packages/oslo_config/cfg.py:3242}}
Jul 02 20:13:36.530101 np0000004313 devstack@g-api.service[99516]: DEBUG glance.common.config [None req-eaf02bc2-c6fd-4d93-b675-80fb7ba7edba None None] transport_url = **** {{(pid=99516) log_opt_values /opt/stack/data/venv/lib/python3.12/site-packages/oslo_config/cfg.py:3242}}
Jul 02 20:13:36.530210 np0000004313 devstack@g-api.service[99516]: DEBUG glance.common.config [None req-eaf02bc2-c6fd-4d93-b675-80fb7ba7edba None None] use_journal = False {{(pid=99516) log_opt_values /opt/stack/data/venv/lib/python3.12/site-packages/oslo_config/cfg.py:3242}}
Jul 02 20:13:36.530295 np0000004313 devstack@g-api.service[99516]: DEBUG glance.common.config [None req-eaf02bc2-c6fd-4d93-b675-80fb7ba7edba None None] use_json = False {{(pid=99516) log_opt_values /opt/stack/data/venv/lib/python3.12/site-packages/oslo_config/cfg.py:3242}}
Jul 02 20:13:36.530427 np0000004313 devstack@g-api.service[99516]: DEBUG glance.common.config [None req-eaf02bc2-c6fd-4d93-b675-80fb7ba7edba None None] use_keystone_limits = True {{(pid=99516) log_opt_values /opt/stack/data/venv/lib/python3.12/site-packages/oslo_config/cfg.py:3242}}
Jul 02 20:13:36.530544 np0000004313 devstack@g-api.service[99516]: DEBUG glance.common.config [None req-eaf02bc2-c6fd-4d93-b675-80fb7ba7edba None None] use_stderr = False {{(pid=99516) log_opt_values /opt/stack/data/venv/lib/python3.12/site-packages/oslo_config/cfg.py:3242}}
Jul 02 20:13:36.530671 np0000004313 devstack@g-api.service[99516]: DEBUG glance.common.config [None req-eaf02bc2-c6fd-4d93-b675-80fb7ba7edba None None] use_syslog = False {{(pid=99516) log_opt_values /opt/stack/data/venv/lib/python3.12/site-packages/oslo_config/cfg.py:3242}}
Jul 02 20:13:36.530796 np0000004313 devstack@g-api.service[99516]: DEBUG glance.common.config [None req-eaf02bc2-c6fd-4d93-b675-80fb7ba7edba None None] user_storage_quota = 0 {{(pid=99516) log_opt_values /opt/stack/data/venv/lib/python3.12/site-packages/oslo_config/cfg.py:3242}}
Jul 02 20:13:36.530899 np0000004313 devstack@g-api.service[99516]: DEBUG glance.common.config [None req-eaf02bc2-c6fd-4d93-b675-80fb7ba7edba None None] worker_self_reference_url = http://127.0.0.1:60999 {{(pid=99516) log_opt_values /opt/stack/data/venv/lib/python3.12/site-packages/oslo_config/cfg.py:3242}}
Jul 02 20:13:36.531022 np0000004313 devstack@g-api.service[99516]: DEBUG glance.common.config [None req-eaf02bc2-c6fd-4d93-b675-80fb7ba7edba None None] workers = None {{(pid=99516) log_opt_values /opt/stack/data/venv/lib/python3.12/site-packages/oslo_config/cfg.py:3242}}
Jul 02 20:13:36.531123 np0000004313 devstack@g-api.service[99516]: DEBUG glance.common.config [None req-eaf02bc2-c6fd-4d93-b675-80fb7ba7edba None None] oslo_concurrency.disable_process_locking = False {{(pid=99516) log_opt_values /opt/stack/data/venv/lib/python3.12/site-packages/oslo_config/cfg.py:3253}}
Jul 02 20:13:36.531221 np0000004313 devstack@g-api.service[99516]: DEBUG glance.common.config [None req-eaf02bc2-c6fd-4d93-b675-80fb7ba7edba None None] oslo_concurrency.lock_path = /opt/stack/data/glance/locks {{(pid=99516) log_opt_values /opt/stack/data/venv/lib/python3.12/site-packages/oslo_config/cfg.py:3253}}
Jul 02 20:13:36.531315 np0000004313 devstack@g-api.service[99516]: DEBUG glance.common.config [None req-eaf02bc2-c6fd-4d93-b675-80fb7ba7edba None None] oslo_middleware.enable_proxy_headers_parsing = False {{(pid=99516) log_opt_values /opt/stack/data/venv/lib/python3.12/site-packages/oslo_config/cfg.py:3253}}
Jul 02 20:13:36.531422 np0000004313 devstack@g-api.service[99516]: DEBUG glance.common.config [None req-eaf02bc2-c6fd-4d93-b675-80fb7ba7edba None None] oslo_middleware.http_basic_auth_user_file = /etc/htpasswd {{(pid=99516) log_opt_values /opt/stack/data/venv/lib/python3.12/site-packages/oslo_config/cfg.py:3253}}
Jul 02 20:13:36.531510 np0000004313 devstack@g-api.service[99516]: DEBUG glance.common.config [None req-eaf02bc2-c6fd-4d93-b675-80fb7ba7edba None None] paste_deploy.config_file = None {{(pid=99516) log_opt_values /opt/stack/data/venv/lib/python3.12/site-packages/oslo_config/cfg.py:3253}}
Jul 02 20:13:36.531612 np0000004313 devstack@g-api.service[99516]: DEBUG glance.common.config [None req-eaf02bc2-c6fd-4d93-b675-80fb7ba7edba None None] paste_deploy.flavor = keystone+cachemanagement {{(pid=99516) log_opt_values /opt/stack/data/venv/lib/python3.12/site-packages/oslo_config/cfg.py:3253}}
Jul 02 20:13:36.531744 np0000004313 devstack@g-api.service[99516]: DEBUG glance.common.config [None req-eaf02bc2-c6fd-4d93-b675-80fb7ba7edba None None] image_format.container_formats = ['ami', 'ari', 'aki', 'bare', 'ovf', 'ova', 'docker', 'compressed'] {{(pid=99516) log_opt_values /opt/stack/data/venv/lib/python3.12/site-packages/oslo_config/cfg.py:3253}}
Jul 02 20:13:36.531868 np0000004313 devstack@g-api.service[99516]: DEBUG glance.common.config [None req-eaf02bc2-c6fd-4d93-b675-80fb7ba7edba None None] image_format.disk_formats = ['ami', 'ari', 'aki', 'vhd', 'vhdx', 'vmdk', 'raw', 'qcow2', 'vdi', 'iso', 'ploop'] {{(pid=99516) log_opt_values /opt/stack/data/venv/lib/python3.12/site-packages/oslo_config/cfg.py:3253}}
Jul 02 20:13:36.531962 np0000004313 devstack@g-api.service[99516]: DEBUG glance.common.config [None req-eaf02bc2-c6fd-4d93-b675-80fb7ba7edba None None] image_format.gpt_safety_checks_nonfatal = [] {{(pid=99516) log_opt_values /opt/stack/data/venv/lib/python3.12/site-packages/oslo_config/cfg.py:3253}}
Jul 02 20:13:36.532080 np0000004313 devstack@g-api.service[99516]: DEBUG glance.common.config [None req-eaf02bc2-c6fd-4d93-b675-80fb7ba7edba None None] image_format.require_image_format_match = True {{(pid=99516) log_opt_values /opt/stack/data/venv/lib/python3.12/site-packages/oslo_config/cfg.py:3253}}
Jul 02 20:13:36.532182 np0000004313 devstack@g-api.service[99516]: DEBUG glance.common.config [None req-eaf02bc2-c6fd-4d93-b675-80fb7ba7edba None None] image_format.vmdk_allowed_types = ['streamOptimized', 'monolithicSparse'] {{(pid=99516) log_opt_values /opt/stack/data/venv/lib/python3.12/site-packages/oslo_config/cfg.py:3253}}
Jul 02 20:13:36.532279 np0000004313 devstack@g-api.service[99516]: DEBUG glance.common.config [None req-eaf02bc2-c6fd-4d93-b675-80fb7ba7edba None None] task.task_executor = taskflow {{(pid=99516) log_opt_values /opt/stack/data/venv/lib/python3.12/site-packages/oslo_config/cfg.py:3253}}
Jul 02 20:13:36.532378 np0000004313 devstack@g-api.service[99516]: DEBUG glance.common.config [None req-eaf02bc2-c6fd-4d93-b675-80fb7ba7edba None None] task.task_time_to_live = 48 {{(pid=99516) log_opt_values /opt/stack/data/venv/lib/python3.12/site-packages/oslo_config/cfg.py:3253}}
Jul 02 20:13:36.532463 np0000004313 devstack@g-api.service[99516]: DEBUG glance.common.config [None req-eaf02bc2-c6fd-4d93-b675-80fb7ba7edba None None] task.work_dir = None {{(pid=99516) log_opt_values /opt/stack/data/venv/lib/python3.12/site-packages/oslo_config/cfg.py:3253}}
Jul 02 20:13:36.532557 np0000004313 devstack@g-api.service[99516]: DEBUG glance.common.config [None req-eaf02bc2-c6fd-4d93-b675-80fb7ba7edba None None] wsgi.python_interpreter = /opt/stack/data/venv/bin/python3 {{(pid=99516) log_opt_values /opt/stack/data/venv/lib/python3.12/site-packages/oslo_config/cfg.py:3253}}
Jul 02 20:13:36.532662 np0000004313 devstack@g-api.service[99516]: DEBUG glance.common.config [None req-eaf02bc2-c6fd-4d93-b675-80fb7ba7edba None None] wsgi.task_pool_threads = 16 {{(pid=99516) log_opt_values /opt/stack/data/venv/lib/python3.12/site-packages/oslo_config/cfg.py:3253}}
Jul 02 20:13:36.532757 np0000004313 devstack@g-api.service[99516]: DEBUG glance.common.config [None req-eaf02bc2-c6fd-4d93-b675-80fb7ba7edba None None] import_filtering_opts.allowed_hosts = [] {{(pid=99516) log_opt_values /opt/stack/data/venv/lib/python3.12/site-packages/oslo_config/cfg.py:3253}}
Jul 02 20:13:36.532848 np0000004313 devstack@g-api.service[99516]: DEBUG glance.common.config [None req-eaf02bc2-c6fd-4d93-b675-80fb7ba7edba None None] import_filtering_opts.allowed_ports = [80, 443] {{(pid=99516) log_opt_values /opt/stack/data/venv/lib/python3.12/site-packages/oslo_config/cfg.py:3253}}
Jul 02 20:13:36.532948 np0000004313 devstack@g-api.service[99516]: DEBUG glance.common.config [None req-eaf02bc2-c6fd-4d93-b675-80fb7ba7edba None None] import_filtering_opts.allowed_schemes = ['http', 'https'] {{(pid=99516) log_opt_values /opt/stack/data/venv/lib/python3.12/site-packages/oslo_config/cfg.py:3253}}
Jul 02 20:13:36.533038 np0000004313 devstack@g-api.service[99516]: DEBUG glance.common.config [None req-eaf02bc2-c6fd-4d93-b675-80fb7ba7edba None None] import_filtering_opts.disallowed_hosts = [] {{(pid=99516) log_opt_values /opt/stack/data/venv/lib/python3.12/site-packages/oslo_config/cfg.py:3253}}
Jul 02 20:13:36.533176 np0000004313 devstack@g-api.service[99516]: DEBUG glance.common.config [None req-eaf02bc2-c6fd-4d93-b675-80fb7ba7edba None None] import_filtering_opts.disallowed_ports = [] {{(pid=99516) log_opt_values /opt/stack/data/venv/lib/python3.12/site-packages/oslo_config/cfg.py:3253}}
Jul 02 20:13:36.533272 np0000004313 devstack@g-api.service[99516]: DEBUG glance.common.config [None req-eaf02bc2-c6fd-4d93-b675-80fb7ba7edba None None] import_filtering_opts.disallowed_schemes = [] {{(pid=99516) log_opt_values /opt/stack/data/venv/lib/python3.12/site-packages/oslo_config/cfg.py:3253}}
