Jul 02 20:13:13.834719 np0000004313 nova-scheduler[93258]: DEBUG cotyledon.oslo_config_glue [-] oslo_limit.certfile = None {{(pid=93258) log_opt_values /opt/stack/data/venv/lib/python3.12/site-packages/oslo_config/cfg.py:3253}}
Jul 02 20:13:13.834719 np0000004313 nova-scheduler[93258]: DEBUG cotyledon.oslo_config_glue [-] oslo_limit.collect_timing = False {{(pid=93258) log_opt_values /opt/stack/data/venv/lib/python3.12/site-packages/oslo_config/cfg.py:3253}}
Jul 02 20:13:13.834719 np0000004313 nova-scheduler[93258]: DEBUG cotyledon.oslo_config_glue [-] oslo_limit.connect_retries = None {{(pid=93258) log_opt_values /opt/stack/data/venv/lib/python3.12/site-packages/oslo_config/cfg.py:3253}}
Jul 02 20:13:13.834719 np0000004313 nova-scheduler[93258]: DEBUG cotyledon.oslo_config_glue [-] oslo_limit.connect_retry_delay = None {{(pid=93258) log_opt_values /opt/stack/data/venv/lib/python3.12/site-packages/oslo_config/cfg.py:3253}}
Jul 02 20:13:13.834719 np0000004313 nova-scheduler[93258]: DEBUG cotyledon.oslo_config_glue [-] oslo_limit.endpoint_id = None {{(pid=93258) log_opt_values /opt/stack/data/venv/lib/python3.12/site-packages/oslo_config/cfg.py:3253}}
Jul 02 20:13:13.834719 np0000004313 nova-scheduler[93258]: DEBUG cotyledon.oslo_config_glue [-] oslo_limit.endpoint_interface = public {{(pid=93258) log_opt_values /opt/stack/data/venv/lib/python3.12/site-packages/oslo_config/cfg.py:3253}}
Jul 02 20:13:13.834719 np0000004313 nova-scheduler[93258]: DEBUG cotyledon.oslo_config_glue [-] oslo_limit.endpoint_override = None {{(pid=93258) log_opt_values /opt/stack/data/venv/lib/python3.12/site-packages/oslo_config/cfg.py:3253}}
Jul 02 20:13:13.834719 np0000004313 nova-scheduler[93258]: DEBUG cotyledon.oslo_config_glue [-] oslo_limit.endpoint_region_name = None {{(pid=93258) log_opt_values /opt/stack/data/venv/lib/python3.12/site-packages/oslo_config/cfg.py:3253}}
Jul 02 20:13:13.834902 np0000004313 nova-scheduler[93258]: DEBUG cotyledon.oslo_config_glue [-] oslo_limit.endpoint_service_name = None {{(pid=93258) log_opt_values /opt/stack/data/venv/lib/python3.12/site-packages/oslo_config/cfg.py:3253}}
Jul 02 20:13:13.834902 np0000004313 nova-scheduler[93258]: DEBUG cotyledon.oslo_config_glue [-] oslo_limit.endpoint_service_type = None {{(pid=93258) log_opt_values /opt/stack/data/venv/lib/python3.12/site-packages/oslo_config/cfg.py:3253}}
Jul 02 20:13:13.834902 np0000004313 nova-scheduler[93258]: DEBUG cotyledon.oslo_config_glue [-] oslo_limit.insecure = False {{(pid=93258) log_opt_values /opt/stack/data/venv/lib/python3.12/site-packages/oslo_config/cfg.py:3253}}
Jul 02 20:13:13.834902 np0000004313 nova-scheduler[93258]: DEBUG cotyledon.oslo_config_glue [-] oslo_limit.keyfile = None {{(pid=93258) log_opt_values /opt/stack/data/venv/lib/python3.12/site-packages/oslo_config/cfg.py:3253}}
Jul 02 20:13:13.834902 np0000004313 nova-scheduler[93258]: DEBUG cotyledon.oslo_config_glue [-] oslo_limit.max_version = None {{(pid=93258) log_opt_values /opt/stack/data/venv/lib/python3.12/site-packages/oslo_config/cfg.py:3253}}
Jul 02 20:13:13.834902 np0000004313 nova-scheduler[93258]: DEBUG cotyledon.oslo_config_glue [-] oslo_limit.min_version = None {{(pid=93258) log_opt_values /opt/stack/data/venv/lib/python3.12/site-packages/oslo_config/cfg.py:3253}}
Jul 02 20:13:13.834902 np0000004313 nova-scheduler[93258]: DEBUG cotyledon.oslo_config_glue [-] oslo_limit.region_name = None {{(pid=93258) log_opt_values /opt/stack/data/venv/lib/python3.12/site-packages/oslo_config/cfg.py:3253}}
Jul 02 20:13:13.834902 np0000004313 nova-scheduler[93258]: DEBUG cotyledon.oslo_config_glue [-] oslo_limit.retriable_status_codes = None {{(pid=93258) log_opt_values /opt/stack/data/venv/lib/python3.12/site-packages/oslo_config/cfg.py:3253}}
Jul 02 20:13:13.835046 np0000004313 nova-scheduler[93260]: INFO dbcounter [None req-2383cb17-15c0-42e4-9893-205184e10e86 None None] Registered counter for database nova_cell0
Jul 02 20:13:13.835076 np0000004313 nova-scheduler[93258]: DEBUG cotyledon.oslo_config_glue [-] oslo_limit.service_name = None {{(pid=93258) log_opt_values /opt/stack/data/venv/lib/python3.12/site-packages/oslo_config/cfg.py:3253}}
Jul 02 20:13:13.835076 np0000004313 nova-scheduler[93258]: DEBUG cotyledon.oslo_config_glue [-] oslo_limit.service_type = None {{(pid=93258) log_opt_values /opt/stack/data/venv/lib/python3.12/site-packages/oslo_config/cfg.py:3253}}
Jul 02 20:13:13.835076 np0000004313 nova-scheduler[93258]: DEBUG cotyledon.oslo_config_glue [-] oslo_limit.split_loggers = False {{(pid=93258) log_opt_values /opt/stack/data/venv/lib/python3.12/site-packages/oslo_config/cfg.py:3253}}
Jul 02 20:13:13.835076 np0000004313 nova-scheduler[93258]: DEBUG cotyledon.oslo_config_glue [-] oslo_limit.status_code_retries = None {{(pid=93258) log_opt_values /opt/stack/data/venv/lib/python3.12/site-packages/oslo_config/cfg.py:3253}}
Jul 02 20:13:13.835076 np0000004313 nova-scheduler[93258]: DEBUG cotyledon.oslo_config_glue [-] oslo_limit.status_code_retry_delay = None {{(pid=93258) log_opt_values /opt/stack/data/venv/lib/python3.12/site-packages/oslo_config/cfg.py:3253}}
Jul 02 20:13:13.835076 np0000004313 nova-scheduler[93258]: DEBUG cotyledon.oslo_config_glue [-] oslo_limit.timeout = None {{(pid=93258) log_opt_values /opt/stack/data/venv/lib/python3.12/site-packages/oslo_config/cfg.py:3253}}
Jul 02 20:13:13.835076 np0000004313 nova-scheduler[93258]: DEBUG cotyledon.oslo_config_glue [-] oslo_limit.valid_interfaces = None {{(pid=93258) log_opt_values /opt/stack/data/venv/lib/python3.12/site-packages/oslo_config/cfg.py:3253}}
Jul 02 20:13:13.835076 np0000004313 nova-scheduler[93258]: DEBUG cotyledon.oslo_config_glue [-] oslo_limit.version = None {{(pid=93258) log_opt_values /opt/stack/data/venv/lib/python3.12/site-packages/oslo_config/cfg.py:3253}}
Jul 02 20:13:13.835076 np0000004313 nova-scheduler[93258]: DEBUG cotyledon.oslo_config_glue [-] oslo_reports.file_event_handler = None {{(pid=93258) log_opt_values /opt/stack/data/venv/lib/python3.12/site-packages/oslo_config/cfg.py:3253}}
Jul 02 20:13:13.835228 np0000004313 nova-scheduler[93258]: DEBUG cotyledon.oslo_config_glue [-] oslo_reports.file_event_handler_interval = 1 {{(pid=93258) log_opt_values /opt/stack/data/venv/lib/python3.12/site-packages/oslo_config/cfg.py:3253}}
Jul 02 20:13:13.835228 np0000004313 nova-scheduler[93258]: DEBUG cotyledon.oslo_config_glue [-] oslo_reports.log_dir = None {{(pid=93258) log_opt_values /opt/stack/data/venv/lib/python3.12/site-packages/oslo_config/cfg.py:3253}}
Jul 02 20:13:13.835228 np0000004313 nova-scheduler[93258]: DEBUG cotyledon.oslo_config_glue [-] ******************************************************************************** {{(pid=93258) log_opt_values /opt/stack/data/venv/lib/python3.12/site-packages/oslo_config/cfg.py:3260}}
Jul 02 20:13:13.835228 np0000004313 nova-scheduler[93258]: DEBUG cotyledon._service_worker [-] Run service ServiceWrapper(1) [93258] {{(pid=93258) wait_forever /opt/stack/data/venv/lib/python3.12/site-packages/cotyledon/_service_worker.py:218}}
Jul 02 20:13:13.835228 np0000004313 nova-scheduler[93258]: INFO nova.service [-] Starting scheduler node (version 33.1.0)
Jul 02 20:13:13.835228 np0000004313 nova-scheduler[93258]: INFO dbcounter [None req-edfd2de5-03cd-4419-8bf8-5330f4203a7c None None] Registered counter for database nova_cell0
Jul 02 20:13:13.846482 np0000004313 nova-scheduler[93256]: DEBUG oslo_db.sqlalchemy.engines [None req-38c2761d-bd49-448b-b687-10aaa4fddaad None None] MySQL server mode set to STRICT_TRANS_TABLES,STRICT_ALL_TABLES,NO_ZERO_IN_DATE,NO_ZERO_DATE,ERROR_FOR_DIVISION_BY_ZERO,TRADITIONAL,NO_ENGINE_SUBSTITUTION {{(pid=93256) _check_effective_sql_mode /opt/stack/data/venv/lib/python3.12/site-packages/oslo_db/sqlalchemy/engines.py:325}}
Jul 02 20:13:13.857777 np0000004313 nova-scheduler[93256]: DEBUG dbcounter [-] [93256] Writer thread running {{(pid=93256) stat_writer /opt/stack/data/venv/lib/python3.12/site-packages/dbcounter.py:102}}
Jul 02 20:13:13.871038 np0000004313 nova-scheduler[93260]: DEBUG oslo_db.sqlalchemy.engines [None req-2383cb17-15c0-42e4-9893-205184e10e86 None None] MySQL server mode set to STRICT_TRANS_TABLES,STRICT_ALL_TABLES,NO_ZERO_IN_DATE,NO_ZERO_DATE,ERROR_FOR_DIVISION_BY_ZERO,TRADITIONAL,NO_ENGINE_SUBSTITUTION {{(pid=93260) _check_effective_sql_mode /opt/stack/data/venv/lib/python3.12/site-packages/oslo_db/sqlalchemy/engines.py:325}}
Jul 02 20:13:13.875488 np0000004313 nova-scheduler[93256]: DEBUG nova.service [None req-38c2761d-bd49-448b-b687-10aaa4fddaad None None] Creating RPC server for service: nova-scheduler on topic: scheduler {{(pid=93256) start /opt/stack/nova/nova/service.py:196}}
Jul 02 20:13:13.880880 np0000004313 nova-scheduler[93258]: DEBUG oslo_db.sqlalchemy.engines [None req-edfd2de5-03cd-4419-8bf8-5330f4203a7c None None] MySQL server mode set to STRICT_TRANS_TABLES,STRICT_ALL_TABLES,NO_ZERO_IN_DATE,NO_ZERO_DATE,ERROR_FOR_DIVISION_BY_ZERO,TRADITIONAL,NO_ENGINE_SUBSTITUTION {{(pid=93258) _check_effective_sql_mode /opt/stack/data/venv/lib/python3.12/site-packages/oslo_db/sqlalchemy/engines.py:325}}
Jul 02 20:13:13.883104 np0000004313 nova-scheduler[93260]: DEBUG dbcounter [-] [93260] Writer thread running {{(pid=93260) stat_writer /opt/stack/data/venv/lib/python3.12/site-packages/dbcounter.py:102}}
Jul 02 20:13:13.886779 np0000004313 nova-scheduler[93260]: DEBUG nova.service [None req-2383cb17-15c0-42e4-9893-205184e10e86 None None] Creating RPC server for service: nova-scheduler on topic: scheduler {{(pid=93260) start /opt/stack/nova/nova/service.py:196}}
Jul 02 20:13:13.891062 np0000004313 nova-scheduler[93258]: DEBUG dbcounter [-] [93258] Writer thread running {{(pid=93258) stat_writer /opt/stack/data/venv/lib/python3.12/site-packages/dbcounter.py:102}}
Jul 02 20:13:13.894243 np0000004313 nova-scheduler[93258]: DEBUG nova.service [None req-edfd2de5-03cd-4419-8bf8-5330f4203a7c None None] Creating RPC server for service: nova-scheduler on topic: scheduler {{(pid=93258) start /opt/stack/nova/nova/service.py:196}}
Jul 02 20:13:13.902166 np0000004313 nova-scheduler[93256]: DEBUG nova.service [None req-38c2761d-bd49-448b-b687-10aaa4fddaad None None] Join ServiceGroup membership for this service scheduler {{(pid=93256) start /opt/stack/nova/nova/service.py:222}}
Jul 02 20:13:13.902581 np0000004313 nova-scheduler[93256]: DEBUG nova.servicegroup.drivers.db [None req-38c2761d-bd49-448b-b687-10aaa4fddaad None None] DB_Driver: join new ServiceGroup member np0000004313 to the scheduler group, service = {{(pid=93256) join /opt/stack/nova/nova/servicegroup/drivers/db.py:44}}
Jul 02 20:13:13.911513 np0000004313 nova-scheduler[93260]: DEBUG nova.service [None req-2383cb17-15c0-42e4-9893-205184e10e86 None None] Join ServiceGroup membership for this service scheduler {{(pid=93260) start /opt/stack/nova/nova/service.py:222}}
Jul 02 20:13:13.914374 np0000004313 nova-scheduler[93260]: DEBUG nova.servicegroup.drivers.db [None req-2383cb17-15c0-42e4-9893-205184e10e86 None None] DB_Driver: join new ServiceGroup member np0000004313 to the scheduler group, service = {{(pid=93260) join /opt/stack/nova/nova/servicegroup/drivers/db.py:44}}
Jul 02 20:13:13.919897 np0000004313 nova-scheduler[93258]: DEBUG nova.service [None req-edfd2de5-03cd-4419-8bf8-5330f4203a7c None None] Join ServiceGroup membership for this service scheduler {{(pid=93258) start /opt/stack/nova/nova/service.py:222}}
Jul 02 20:13:13.920100 np0000004313 nova-scheduler[93258]: DEBUG nova.servicegroup.drivers.db [None req-edfd2de5-03cd-4419-8bf8-5330f4203a7c None None] DB_Driver: join new ServiceGroup member np0000004313 to the scheduler group, service = {{(pid=93258) join /opt/stack/nova/nova/servicegroup/drivers/db.py:44}}
Jul 02 20:13:16.906420 np0000004313 nova-scheduler[93256]: DEBUG oslo.service.backend._threading.loopingcall [None req-49e56702-6012-4e70-95bd-456d206c1092 None None] Dynamic interval looping call 'nova.service.Service.periodic_tasks' sleeping for 60.00 seconds {{(pid=93256) _run_loop /opt/stack/data/venv/lib/python3.12/site-packages/oslo_service/backend/_threading/loopingcall.py:125}}
Jul 02 20:13:18.915335 np0000004313 nova-scheduler[93256]: DEBUG oslo.service.backend._threading.loopingcall [-] Fixed interval looping call 'nova.servicegroup.drivers.db.DbDriver._report_state' sleeping for 119.99 seconds {{(pid=93256) _run_loop /opt/stack/data/venv/lib/python3.12/site-packages/oslo_service/backend/_threading/loopingcall.py:125}}
Jul 02 20:13:18.923548 np0000004313 nova-scheduler[93260]: DEBUG oslo.service.backend._threading.loopingcall [-] Fixed interval looping call 'nova.servicegroup.drivers.db.DbDriver._report_state' sleeping for 119.99 seconds {{(pid=93260) _run_loop /opt/stack/data/venv/lib/python3.12/site-packages/oslo_service/backend/_threading/loopingcall.py:125}}
Jul 02 20:13:18.931840 np0000004313 nova-scheduler[93258]: DEBUG oslo.service.backend._threading.loopingcall [-] Fixed interval looping call 'nova.servicegroup.drivers.db.DbDriver._report_state' sleeping for 119.99 seconds {{(pid=93258) _run_loop /opt/stack/data/venv/lib/python3.12/site-packages/oslo_service/backend/_threading/loopingcall.py:125}}
Jul 02 20:13:22.494679 np0000004313 nova-scheduler[92052]: DEBUG dbcounter [-] [92052] Writing DB stats nova_api:SELECT=3 {{(pid=92052) stat_writer /opt/stack/data/venv/lib/python3.12/site-packages/dbcounter.py:115}}
Jul 02 20:13:22.608683 np0000004313 nova-scheduler[92052]: DEBUG dbcounter [-] [92052] Writing DB stats nova_cell1:SELECT=1 {{(pid=92052) stat_writer /opt/stack/data/venv/lib/python3.12/site-packages/dbcounter.py:115}}
Jul 02 20:13:22.618642 np0000004313 nova-scheduler[92052]: DEBUG dbcounter [-] [92052] Writing DB stats nova_cell0:SELECT=1 {{(pid=92052) stat_writer /opt/stack/data/venv/lib/python3.12/site-packages/dbcounter.py:115}}
Jul 02 20:13:28.913822 np0000004313 nova-scheduler[93256]: DEBUG dbcounter [-] [93256] Writing DB stats nova_cell0:SELECT=4,nova_cell0:INSERT=1,nova_cell0:UPDATE=1 {{(pid=93256) stat_writer /opt/stack/data/venv/lib/python3.12/site-packages/dbcounter.py:115}}
Jul 02 20:13:28.920759 np0000004313 nova-scheduler[93260]: DEBUG dbcounter [-] [93260] Writing DB stats nova_cell0:SELECT=3 {{(pid=93260) stat_writer /opt/stack/data/venv/lib/python3.12/site-packages/dbcounter.py:115}}
Jul 02 20:13:28.931162 np0000004313 nova-scheduler[93258]: DEBUG dbcounter [-] [93258] Writing DB stats nova_cell0:SELECT=3 {{(pid=93258) stat_writer /opt/stack/data/venv/lib/python3.12/site-packages/dbcounter.py:115}}
Jul 02 20:13:32.915458 np0000004313 nova-scheduler[93260]: DEBUG oslo.service.backend._threading.loopingcall [None req-a30717ff-bdec-41c1-ac47-dd2efc2c93db None None] Dynamic interval looping call 'nova.service.Service.periodic_tasks' sleeping for 60.00 seconds {{(pid=93260) _run_loop /opt/stack/data/venv/lib/python3.12/site-packages/oslo_service/backend/_threading/loopingcall.py:125}}
Jul 02 20:14:09.922061 np0000004313 nova-scheduler[93258]: DEBUG oslo.service.backend._threading.loopingcall [None req-bdaf5e67-55f8-45ec-92df-873750806543 None None] Dynamic interval looping call 'nova.service.Service.periodic_tasks' sleeping for 60.00 seconds {{(pid=93258) _run_loop /opt/stack/data/venv/lib/python3.12/site-packages/oslo_service/backend/_threading/loopingcall.py:125}}
Jul 02 20:14:16.906896 np0000004313 nova-scheduler[93256]: DEBUG oslo.service.backend._threading.loopingcall [None req-49e56702-6012-4e70-95bd-456d206c1092 None None] Dynamic interval looping call 'nova.service.Service.periodic_tasks' sleeping for 60.00 seconds {{(pid=93256) _run_loop /opt/stack/data/venv/lib/python3.12/site-packages/oslo_service/backend/_threading/loopingcall.py:125}}
Jul 02 20:14:32.915955 np0000004313 nova-scheduler[93260]: DEBUG oslo.service.backend._threading.loopingcall [None req-a30717ff-bdec-41c1-ac47-dd2efc2c93db None None] Dynamic interval looping call 'nova.service.Service.periodic_tasks' sleeping for 60.00 seconds {{(pid=93260) _run_loop /opt/stack/data/venv/lib/python3.12/site-packages/oslo_service/backend/_threading/loopingcall.py:125}}
Jul 02 20:15:09.922553 np0000004313 nova-scheduler[93258]: DEBUG oslo.service.backend._threading.loopingcall [None req-bdaf5e67-55f8-45ec-92df-873750806543 None None] Dynamic interval looping call 'nova.service.Service.periodic_tasks' sleeping for 60.00 seconds {{(pid=93258) _run_loop /opt/stack/data/venv/lib/python3.12/site-packages/oslo_service/backend/_threading/loopingcall.py:125}}
Jul 02 20:15:16.907346 np0000004313 nova-scheduler[93256]: DEBUG oslo.service.backend._threading.loopingcall [None req-49e56702-6012-4e70-95bd-456d206c1092 None None] Dynamic interval looping call 'nova.service.Service.periodic_tasks' sleeping for 60.00 seconds {{(pid=93256) _run_loop /opt/stack/data/venv/lib/python3.12/site-packages/oslo_service/backend/_threading/loopingcall.py:125}}
Jul 02 20:15:18.912247 np0000004313 nova-scheduler[93256]: DEBUG oslo.service.backend._threading.loopingcall [-] Fixed interval looping call 'nova.servicegroup.drivers.db.DbDriver._report_state' sleeping for 119.99 seconds {{(pid=93256) _run_loop /opt/stack/data/venv/lib/python3.12/site-packages/oslo_service/backend/_threading/loopingcall.py:125}}
Jul 02 20:15:18.917216 np0000004313 nova-scheduler[93260]: DEBUG oslo.service.backend._threading.loopingcall [-] Fixed interval looping call 'nova.servicegroup.drivers.db.DbDriver._report_state' sleeping for 120.00 seconds {{(pid=93260) _run_loop /opt/stack/data/venv/lib/python3.12/site-packages/oslo_service/backend/_threading/loopingcall.py:125}}
Jul 02 20:15:18.925210 np0000004313 nova-scheduler[93258]: DEBUG oslo.service.backend._threading.loopingcall [-] Fixed interval looping call 'nova.servicegroup.drivers.db.DbDriver._report_state' sleeping for 120.00 seconds {{(pid=93258) _run_loop /opt/stack/data/venv/lib/python3.12/site-packages/oslo_service/backend/_threading/loopingcall.py:125}}
Jul 02 20:15:28.909219 np0000004313 nova-scheduler[93256]: DEBUG dbcounter [-] [93256] Writing DB stats nova_cell0:SELECT=1,nova_cell0:UPDATE=1 {{(pid=93256) stat_writer /opt/stack/data/venv/lib/python3.12/site-packages/dbcounter.py:115}}
Jul 02 20:15:28.915454 np0000004313 nova-scheduler[93260]: DEBUG dbcounter [-] [93260] Writing DB stats nova_cell0:SELECT=1 {{(pid=93260) stat_writer /opt/stack/data/venv/lib/python3.12/site-packages/dbcounter.py:115}}
Jul 02 20:15:28.925938 np0000004313 nova-scheduler[93258]: DEBUG dbcounter [-] [93258] Writing DB stats nova_cell0:SELECT=1 {{(pid=93258) stat_writer /opt/stack/data/venv/lib/python3.12/site-packages/dbcounter.py:115}}
Jul 02 20:15:32.916956 np0000004313 nova-scheduler[93260]: DEBUG oslo.service.backend._threading.loopingcall [None req-a30717ff-bdec-41c1-ac47-dd2efc2c93db None None] Dynamic interval looping call 'nova.service.Service.periodic_tasks' sleeping for 60.00 seconds {{(pid=93260) _run_loop /opt/stack/data/venv/lib/python3.12/site-packages/oslo_service/backend/_threading/loopingcall.py:125}}
Jul 02 20:15:46.208630 np0000004313 nova-scheduler[93256]: DEBUG nova.scheduler.manager [None req-559dfadd-5fde-41f0-ab9c-497e961ad9d0 tempest-ServerActionsTestOtherB-338637879 tempest-ServerActionsTestOtherB-338637879-project-member] Starting to schedule for instances: ['242006aa-9eec-480e-a089-1c56f9b51ce4'] {{(pid=93256) select_destinations /opt/stack/nova/nova/scheduler/manager.py:209}}
Jul 02 20:15:46.209198 np0000004313 nova-scheduler[93256]: DEBUG nova.scheduler.request_filter [None req-559dfadd-5fde-41f0-ab9c-497e961ad9d0 tempest-ServerActionsTestOtherB-338637879 tempest-ServerActionsTestOtherB-338637879-project-member] compute_status_filter request filter added forbidden trait COMPUTE_STATUS_DISABLED {{(pid=93256) compute_status_filter /opt/stack/nova/nova/scheduler/request_filter.py:253}}
Jul 02 20:15:46.209316 np0000004313 nova-scheduler[93256]: DEBUG nova.scheduler.request_filter [None req-559dfadd-5fde-41f0-ab9c-497e961ad9d0 tempest-ServerActionsTestOtherB-338637879 tempest-ServerActionsTestOtherB-338637879-project-member] Request filter 'compute_status_filter' took 0.0 seconds {{(pid=93256) wrapper /opt/stack/nova/nova/scheduler/request_filter.py:46}}
Jul 02 20:15:46.209590 np0000004313 nova-scheduler[93256]: DEBUG nova.scheduler.request_filter [None req-559dfadd-5fde-41f0-ab9c-497e961ad9d0 tempest-ServerActionsTestOtherB-338637879 tempest-ServerActionsTestOtherB-338637879-project-member] Request filter 'accelerators_filter' took 0.0 seconds {{(pid=93256) wrapper /opt/stack/nova/nova/scheduler/request_filter.py:46}}
Jul 02 20:15:46.209782 np0000004313 nova-scheduler[93256]: DEBUG nova.scheduler.request_filter [None req-559dfadd-5fde-41f0-ab9c-497e961ad9d0 tempest-ServerActionsTestOtherB-338637879 tempest-ServerActionsTestOtherB-338637879-project-member] Request filter 'packed_virtqueue_filter' took 0.0 seconds {{(pid=93256) wrapper /opt/stack/nova/nova/scheduler/request_filter.py:46}}
Jul 02 20:15:46.210420 np0000004313 nova-scheduler[93256]: DEBUG nova.scheduler.request_filter [None req-559dfadd-5fde-41f0-ab9c-497e961ad9d0 tempest-ServerActionsTestOtherB-338637879 tempest-ServerActionsTestOtherB-338637879-project-member] Request filter 'remote_managed_ports_filter' took 0.0 seconds {{(pid=93256) wrapper /opt/stack/nova/nova/scheduler/request_filter.py:46}}
Jul 02 20:15:46.210420 np0000004313 nova-scheduler[93256]: DEBUG nova.scheduler.request_filter [None req-559dfadd-5fde-41f0-ab9c-497e961ad9d0 tempest-ServerActionsTestOtherB-338637879 tempest-ServerActionsTestOtherB-338637879-project-member] ephemeral_encryption_filter skipped {{(pid=93256) ephemeral_encryption_filter /opt/stack/nova/nova/scheduler/request_filter.py:426}}
Jul 02 20:15:46.210586 np0000004313 nova-scheduler[93256]: DEBUG nova.scheduler.request_filter [None req-559dfadd-5fde-41f0-ab9c-497e961ad9d0 tempest-ServerActionsTestOtherB-338637879 tempest-ServerActionsTestOtherB-338637879-project-member] virtio_sound_filter skipped {{(pid=93256) virtio_sound_filter /opt/stack/nova/nova/scheduler/request_filter.py:460}}
Jul 02 20:15:46.211073 np0000004313 nova-scheduler[93256]: DEBUG nova.scheduler.request_filter [None req-559dfadd-5fde-41f0-ab9c-497e961ad9d0 tempest-ServerActionsTestOtherB-338637879 tempest-ServerActionsTestOtherB-338637879-project-member] tpm_secret_security_filter skipped {{(pid=93256) tpm_secret_security_filter /opt/stack/nova/nova/scheduler/request_filter.py:477}}
Jul 02 20:15:46.881911 np0000004313 nova-scheduler[93256]: INFO nova.utils [None req-559dfadd-5fde-41f0-ab9c-497e961ad9d0 tempest-ServerActionsTestOtherB-338637879 tempest-ServerActionsTestOtherB-338637879-project-member] The cell worker thread pool ForkProcess-1.cell_worker is initialized
Jul 02 20:15:46.882314 np0000004313 nova-scheduler[93256]: DEBUG oslo_concurrency.lockutils [None req-559dfadd-5fde-41f0-ab9c-497e961ad9d0 tempest-ServerActionsTestOtherB-338637879 tempest-ServerActionsTestOtherB-338637879-project-member] Acquiring lock "0c73f2fd-3e98-4ffe-bd35-a2831b2248c3" by "nova.context.set_target_cell..get_or_set_cached_cell_and_set_connections" {{(pid=93256) inner /opt/stack/data/venv/lib/python3.12/site-packages/oslo_concurrency/lockutils.py:511}}
Jul 02 20:15:46.882559 np0000004313 nova-scheduler[93256]: DEBUG oslo_concurrency.lockutils [None req-559dfadd-5fde-41f0-ab9c-497e961ad9d0 tempest-ServerActionsTestOtherB-338637879 tempest-ServerActionsTestOtherB-338637879-project-member] Lock "0c73f2fd-3e98-4ffe-bd35-a2831b2248c3" acquired by "nova.context.set_target_cell..get_or_set_cached_cell_and_set_connections" :: waited 0.000s {{(pid=93256) inner /opt/stack/data/venv/lib/python3.12/site-packages/oslo_concurrency/lockutils.py:524}}
Jul 02 20:15:46.883965 np0000004313 nova-scheduler[93256]: DEBUG oslo_concurrency.lockutils [None req-559dfadd-5fde-41f0-ab9c-497e961ad9d0 tempest-ServerActionsTestOtherB-338637879 tempest-ServerActionsTestOtherB-338637879-project-member] Lock "0c73f2fd-3e98-4ffe-bd35-a2831b2248c3" "released" by "nova.context.set_target_cell..get_or_set_cached_cell_and_set_connections" :: held 0.001s {{(pid=93256) inner /opt/stack/data/venv/lib/python3.12/site-packages/oslo_concurrency/lockutils.py:543}}
Jul 02 20:15:46.886129 np0000004313 nova-scheduler[93256]: INFO dbcounter [None req-559dfadd-5fde-41f0-ab9c-497e961ad9d0 tempest-ServerActionsTestOtherB-338637879 tempest-ServerActionsTestOtherB-338637879-project-member] Registered counter for database nova_cell1
Jul 02 20:15:46.917417 np0000004313 nova-scheduler[93256]: DEBUG oslo_db.sqlalchemy.engines [None req-559dfadd-5fde-41f0-ab9c-497e961ad9d0 tempest-ServerActionsTestOtherB-338637879 tempest-ServerActionsTestOtherB-338637879-project-member] MySQL server mode set to STRICT_TRANS_TABLES,STRICT_ALL_TABLES,NO_ZERO_IN_DATE,NO_ZERO_DATE,ERROR_FOR_DIVISION_BY_ZERO,TRADITIONAL,NO_ENGINE_SUBSTITUTION {{(pid=93256) _check_effective_sql_mode /opt/stack/data/venv/lib/python3.12/site-packages/oslo_db/sqlalchemy/engines.py:325}}
Jul 02 20:15:46.925969 np0000004313 nova-scheduler[93256]: DEBUG dbcounter [-] [93256] Writer thread running {{(pid=93256) stat_writer /opt/stack/data/venv/lib/python3.12/site-packages/dbcounter.py:102}}
Jul 02 20:15:46.944921 np0000004313 nova-scheduler[93256]: DEBUG oslo_db.sqlalchemy.engines [None req-559dfadd-5fde-41f0-ab9c-497e961ad9d0 tempest-ServerActionsTestOtherB-338637879 tempest-ServerActionsTestOtherB-338637879-project-member] Parent process 92052 forked (93256) with an open database connection, which is being discarded and recreated. {{(pid=93256) checkout /opt/stack/data/venv/lib/python3.12/site-packages/oslo_db/sqlalchemy/engines.py:402}}
Jul 02 20:15:46.995048 np0000004313 nova-scheduler[93256]: DEBUG dbcounter [-] [93256] Writer thread running {{(pid=93256) stat_writer /opt/stack/data/venv/lib/python3.12/site-packages/dbcounter.py:102}}
Jul 02 20:15:46.997585 np0000004313 nova-scheduler[93256]: DEBUG oslo_concurrency.lockutils [None req-559dfadd-5fde-41f0-ab9c-497e961ad9d0 tempest-ServerActionsTestOtherB-338637879 tempest-ServerActionsTestOtherB-338637879-project-member] Acquiring lock "0c73f2fd-3e98-4ffe-bd35-a2831b2248c3" by "nova.context.set_target_cell..get_or_set_cached_cell_and_set_connections" {{(pid=93256) inner /opt/stack/data/venv/lib/python3.12/site-packages/oslo_concurrency/lockutils.py:511}}
Jul 02 20:15:46.997805 np0000004313 nova-scheduler[93256]: DEBUG oslo_concurrency.lockutils [None req-559dfadd-5fde-41f0-ab9c-497e961ad9d0 tempest-ServerActionsTestOtherB-338637879 tempest-ServerActionsTestOtherB-338637879-project-member] Lock "0c73f2fd-3e98-4ffe-bd35-a2831b2248c3" acquired by "nova.context.set_target_cell..get_or_set_cached_cell_and_set_connections" :: waited 0.000s {{(pid=93256) inner /opt/stack/data/venv/lib/python3.12/site-packages/oslo_concurrency/lockutils.py:524}}
Jul 02 20:15:46.997956 np0000004313 nova-scheduler[93256]: DEBUG oslo_concurrency.lockutils [None req-559dfadd-5fde-41f0-ab9c-497e961ad9d0 tempest-ServerActionsTestOtherB-338637879 tempest-ServerActionsTestOtherB-338637879-project-member] Lock "0c73f2fd-3e98-4ffe-bd35-a2831b2248c3" "released" by "nova.context.set_target_cell..get_or_set_cached_cell_and_set_connections" :: held 0.000s {{(pid=93256) inner /opt/stack/data/venv/lib/python3.12/site-packages/oslo_concurrency/lockutils.py:543}}
Jul 02 20:15:47.001464 np0000004313 nova-scheduler[93256]: DEBUG oslo_concurrency.lockutils [None req-559dfadd-5fde-41f0-ab9c-497e961ad9d0 tempest-ServerActionsTestOtherB-338637879 tempest-ServerActionsTestOtherB-338637879-project-member] Acquiring lock "np0000004313-np0000004313" by "nova.scheduler.host_manager.HostState.update.._locked_update" {{(pid=93256) inner /opt/stack/data/venv/lib/python3.12/site-packages/oslo_concurrency/lockutils.py:511}}
Jul 02 20:15:47.001617 np0000004313 nova-scheduler[93256]: DEBUG oslo_concurrency.lockutils [None req-559dfadd-5fde-41f0-ab9c-497e961ad9d0 tempest-ServerActionsTestOtherB-338637879 tempest-ServerActionsTestOtherB-338637879-project-member] Lock "np0000004313-np0000004313" acquired by "nova.scheduler.host_manager.HostState.update.._locked_update" :: waited 0.000s {{(pid=93256) inner /opt/stack/data/venv/lib/python3.12/site-packages/oslo_concurrency/lockutils.py:524}}
Jul 02 20:15:47.004217 np0000004313 nova-scheduler[93256]: DEBUG nova.scheduler.host_manager [None req-559dfadd-5fde-41f0-ab9c-497e961ad9d0 tempest-ServerActionsTestOtherB-338637879 tempest-ServerActionsTestOtherB-338637879-project-member] Update host state from compute node: ComputeNode(cpu_allocation_ratio=4.0,cpu_info='{"arch": "x86_64", "model": "EPYC-Milan", "vendor": "AMD", "topology": {"cells": 1, "sockets": 16, "cores": 1, "threads": 1}, "maxphysaddr": {"mode": "emulate", "bits": 40}, "features": ["x2apic", "ibrs", "nrip-save", "clwb", "pause-filter", "skip-l1dfl-vmentry", "rdpid", "tsc", "ssse3", "smep", "invpcid", "npt", "pclmuldq", "avx2", "vme", "vgif", "pse", "ibpb", "pku", "mmxext", "smap", "vmcb-clean", "stibp", "sse4a", "sse", "cmp_legacy", "fma", "xsaveopt", "arch-capabilities", "rdseed", "rdctl-no", "avx", "pat", "cx8", "sep", "tsc-deadline", "fxsr", "gds-no", "cr8legacy", "sse4.1", "svme-addr-chk", "clflushopt", "pfthreshold", "msr", "mca", "mtrr", "sse2", "cmov", "no-nested-data-bp", "syscall", "stibp-always-on", "clflush", "clzero", "amd-psfd", "mce", "erms", "sha-ni", "lahf_lm", "misalignsse", "xgetbv1", "svm", "pcid", "3dnowprefetch", "tsc-scale", "v-vmsave-vmload", "umip", "mmx", "osvw", "pge", "null-sel-clr-base", "xsave", "f16c", "flushbyasid", "pschange-mc-no", "xsavec", "topoext", "apic", "hypervisor", "fsrm", "amd-stibp", "vaes", "arat", "amd-ssbd", "lfence-always-serializing", "spec-ctrl", "lm", "bmi1", "movbe", "wbnoinvd", "fpu", "vpclmulqdq", "fsgsbase", "perfctr_core", "ssbd", "lbrv", "nx", "pdpe1gb", "mds-no", "tsc_adjust", "abm", "rdrand", "sse4.2", "adx", "de", "pae", "popcnt", "fxsr_opt", "xsaveerptr", "virt-ssbd", "pse36", "bmi2", "aes", "cx16", "pni", "xsaves", "rdtscp"]}',created_at=2026-07-02T20:13:40Z,current_workload=0,deleted=False,deleted_at=None,disk_allocation_ratio=1.0,disk_available_least=73,free_disk_gb=95,free_ram_mb=62765,host='np0000004313',host_ip=10.4.3.163,hypervisor_hostname='np0000004313',hypervisor_type='QEMU',hypervisor_version=8002002,id=1,local_gb=95,local_gb_used=0,mapped=1,memory_mb=63277,memory_mb_used=512,metrics='[]',numa_topology='{"nova_object.name": "NUMATopology", "nova_object.namespace": "nova", "nova_object.version": "1.2", "nova_object.data": {"cells": [{"nova_object.name": "NUMACell", "nova_object.namespace": "nova", "nova_object.version": "1.5", "nova_object.data": {"id": 0, "cpuset": [0, 1, 2, 3, 4, 5, 6, 7, 8, 9, 10, 11, 12, 13, 14, 15], "pcpuset": [0, 1, 2, 3, 4, 5, 6, 7, 8, 9, 10, 11, 12, 13, 14, 15], "memory": 63277, "cpu_usage": 0, "memory_usage": 0, "pinned_cpus": [], "siblings": [[6], [12], [2], [15], [5], [11], [8], [14], [4], [1], [7], [10], [0], [13], [3], [9]], "mempages": [{"nova_object.name": "NUMAPagesTopology", "nova_object.namespace": "nova", "nova_object.version": "1.1", "nova_object.data": {"size_kb": 4, "total": 16177929, "used": 0, "reserved": 0}, "nova_object.changes": ["size_kb", "total", "reserved", "used"]}, {"nova_object.name": "NUMAPagesTopology", "nova_object.namespace": "nova", "nova_object.version": "1.1", "nova_object.data": {"size_kb": 2048, "total": 41, "used": 0, "reserved": 0}, "nova_object.changes": ["size_kb", "total", "reserved", "used"]}, {"nova_object.name": "NUMAPagesTopology", "nova_object.namespace": "nova", "nova_object.version": "1.1", "nova_object.data": {"size_kb": 1048576, "total": 0, "used": 0, "reserved": 0}, "nova_object.changes": ["size_kb", "total", "reserved", "used"]}], "network_metadata": {"nova_object.name": "NetworkMetadata", "nova_object.namespace": "nova", "nova_object.version": "1.0", "nova_object.data": {"physnets": [], "tunneled": false}, "nova_object.changes": ["physnets", "tunneled"]}, "socket": null}, "nova_object.changes": ["id", "mempages", "cpuset", "memory", "siblings", "pcpuset", "network_metadata", "socket", "pinned_cpus", "cpu_usage", "memory_usage"]}]}, "nova_object.changes": ["cells"]}',pci_device_pools=PciDevicePoolList,ram_allocation_ratio=1.0,running_vms=0,service_id=4,stats={failed_builds='0',uptime=' 20:15:25 up 13 min, 2 users, load average: 1.21, 1.32, 0.78
Jul 02 20:15:47.004217 np0000004313 nova-scheduler[93256]: '},supported_hv_specs=[HVSpec,HVSpec,HVSpec,HVSpec,HVSpec,HVSpec,HVSpec,HVSpec,HVSpec,HVSpec,HVSpec,HVSpec,HVSpec,HVSpec,HVSpec,HVSpec,HVSpec,HVSpec,HVSpec,HVSpec,HVSpec,HVSpec,HVSpec,HVSpec,HVSpec],updated_at=2026-07-02T20:15:27Z,uuid=e600b6f9-5f3f-4bea-a359-a3c68dcbb102,vcpus=16,vcpus_used=0) {{(pid=93256) _locked_update /opt/stack/nova/nova/scheduler/host_manager.py:168}}
Jul 02 20:15:47.004217 np0000004313 nova-scheduler[93256]: DEBUG nova.scheduler.host_manager [None req-559dfadd-5fde-41f0-ab9c-497e961ad9d0 tempest-ServerActionsTestOtherB-338637879 tempest-ServerActionsTestOtherB-338637879-project-member] Update host state with aggregates: [] {{(pid=93256) _locked_update /opt/stack/nova/nova/scheduler/host_manager.py:171}}
Jul 02 20:15:47.004217 np0000004313 nova-scheduler[93256]: DEBUG nova.scheduler.host_manager [None req-559dfadd-5fde-41f0-ab9c-497e961ad9d0 tempest-ServerActionsTestOtherB-338637879 tempest-ServerActionsTestOtherB-338637879-project-member] Update host state with service dict: {'id': 4, 'uuid': '474bc217-5172-4d22-8aaa-ede760c91c83', 'host': 'np0000004313', 'binary': 'nova-compute', 'topic': 'compute', 'report_count': 1, 'disabled': False, 'disabled_reason': None, 'last_seen_up': datetime.datetime(2026, 7, 2, 20, 13, 49, tzinfo=datetime.timezone.utc), 'forced_down': False, 'version': 72, 'created_at': datetime.datetime(2026, 7, 2, 20, 13, 38, tzinfo=datetime.timezone.utc), 'updated_at': datetime.datetime(2026, 7, 2, 20, 13, 49, tzinfo=datetime.timezone.utc), 'deleted_at': None, 'deleted': False} {{(pid=93256) _locked_update /opt/stack/nova/nova/scheduler/host_manager.py:174}}
Jul 02 20:15:47.004217 np0000004313 nova-scheduler[93256]: DEBUG nova.scheduler.host_manager [None req-559dfadd-5fde-41f0-ab9c-497e961ad9d0 tempest-ServerActionsTestOtherB-338637879 tempest-ServerActionsTestOtherB-338637879-project-member] Update host state with instances: [] {{(pid=93256) _locked_update /opt/stack/nova/nova/scheduler/host_manager.py:177}}
Jul 02 20:15:47.004480 np0000004313 nova-scheduler[93256]: DEBUG oslo_concurrency.lockutils [None req-559dfadd-5fde-41f0-ab9c-497e961ad9d0 tempest-ServerActionsTestOtherB-338637879 tempest-ServerActionsTestOtherB-338637879-project-member] Lock "np0000004313-np0000004313" "released" by "nova.scheduler.host_manager.HostState.update.._locked_update" :: held 0.002s {{(pid=93256) inner /opt/stack/data/venv/lib/python3.12/site-packages/oslo_concurrency/lockutils.py:543}}
Jul 02 20:15:47.004480 np0000004313 nova-scheduler[93256]: DEBUG nova.filters [None req-559dfadd-5fde-41f0-ab9c-497e961ad9d0 tempest-ServerActionsTestOtherB-338637879 tempest-ServerActionsTestOtherB-338637879-project-member] Starting with 1 host(s) {{(pid=93256) get_filtered_objects /opt/stack/nova/nova/filters.py:70}}
Jul 02 20:15:47.004480 np0000004313 nova-scheduler[93256]: DEBUG nova.filters [None req-559dfadd-5fde-41f0-ab9c-497e961ad9d0 tempest-ServerActionsTestOtherB-338637879 tempest-ServerActionsTestOtherB-338637879-project-member] Filter ComputeFilter returned 1 host(s) {{(pid=93256) get_filtered_objects /opt/stack/nova/nova/filters.py:102}}
Jul 02 20:15:47.004549 np0000004313 nova-scheduler[93256]: DEBUG nova.filters [None req-559dfadd-5fde-41f0-ab9c-497e961ad9d0 tempest-ServerActionsTestOtherB-338637879 tempest-ServerActionsTestOtherB-338637879-project-member] Filter ComputeCapabilitiesFilter returned 1 host(s) {{(pid=93256) get_filtered_objects /opt/stack/nova/nova/filters.py:102}}
Jul 02 20:15:47.004839 np0000004313 nova-scheduler[93256]: DEBUG nova.filters [None req-559dfadd-5fde-41f0-ab9c-497e961ad9d0 tempest-ServerActionsTestOtherB-338637879 tempest-ServerActionsTestOtherB-338637879-project-member] Filter ImagePropertiesFilter returned 1 host(s) {{(pid=93256) get_filtered_objects /opt/stack/nova/nova/filters.py:102}}
Jul 02 20:15:47.004839 np0000004313 nova-scheduler[93256]: DEBUG nova.filters [None req-559dfadd-5fde-41f0-ab9c-497e961ad9d0 tempest-ServerActionsTestOtherB-338637879 tempest-ServerActionsTestOtherB-338637879-project-member] Filter ServerGroupAntiAffinityFilter returned 1 host(s) {{(pid=93256) get_filtered_objects /opt/stack/nova/nova/filters.py:102}}
Jul 02 20:15:47.004930 np0000004313 nova-scheduler[93256]: DEBUG nova.filters [None req-559dfadd-5fde-41f0-ab9c-497e961ad9d0 tempest-ServerActionsTestOtherB-338637879 tempest-ServerActionsTestOtherB-338637879-project-member] Filter ServerGroupAffinityFilter returned 1 host(s) {{(pid=93256) get_filtered_objects /opt/stack/nova/nova/filters.py:102}}
Jul 02 20:15:47.005049 np0000004313 nova-scheduler[93256]: DEBUG nova.filters [None req-559dfadd-5fde-41f0-ab9c-497e961ad9d0 tempest-ServerActionsTestOtherB-338637879 tempest-ServerActionsTestOtherB-338637879-project-member] Filter SameHostFilter returned 1 host(s) {{(pid=93256) get_filtered_objects /opt/stack/nova/nova/filters.py:102}}
Jul 02 20:15:47.005139 np0000004313 nova-scheduler[93256]: DEBUG nova.filters [None req-559dfadd-5fde-41f0-ab9c-497e961ad9d0 tempest-ServerActionsTestOtherB-338637879 tempest-ServerActionsTestOtherB-338637879-project-member] Filter DifferentHostFilter returned 1 host(s) {{(pid=93256) get_filtered_objects /opt/stack/nova/nova/filters.py:102}}
Jul 02 20:15:47.005251 np0000004313 nova-scheduler[93256]: DEBUG nova.scheduler.manager [None req-559dfadd-5fde-41f0-ab9c-497e961ad9d0 tempest-ServerActionsTestOtherB-338637879 tempest-ServerActionsTestOtherB-338637879-project-member] Filtered [(np0000004313, np0000004313) ram: 62765MB disk: 74752MB io_ops: 0 instances: 0, allocation_candidates: 1] {{(pid=93256) _get_sorted_hosts /opt/stack/nova/nova/scheduler/manager.py:742}}
Jul 02 20:15:47.005623 np0000004313 nova-scheduler[93256]: DEBUG nova.scheduler.manager [None req-559dfadd-5fde-41f0-ab9c-497e961ad9d0 tempest-ServerActionsTestOtherB-338637879 tempest-ServerActionsTestOtherB-338637879-project-member] Weighed [WeighedHost [host: (np0000004313, np0000004313) ram: 62765MB disk: 74752MB io_ops: 0 instances: 0, allocation_candidates: 1, weight: 0.0]] {{(pid=93256) _get_sorted_hosts /opt/stack/nova/nova/scheduler/manager.py:764}}
Jul 02 20:15:47.005623 np0000004313 nova-scheduler[93256]: DEBUG nova.scheduler.utils [None req-559dfadd-5fde-41f0-ab9c-497e961ad9d0 tempest-ServerActionsTestOtherB-338637879 tempest-ServerActionsTestOtherB-338637879-project-member] Attempting to claim resources in the placement API for instance 242006aa-9eec-480e-a089-1c56f9b51ce4 {{(pid=93256) claim_resources /opt/stack/nova/nova/scheduler/utils.py:1345}}
Jul 02 20:15:47.193121 np0000004313 nova-scheduler[93256]: DEBUG nova.scheduler.manager [None req-559dfadd-5fde-41f0-ab9c-497e961ad9d0 tempest-ServerActionsTestOtherB-338637879 tempest-ServerActionsTestOtherB-338637879-project-member] [instance: 242006aa-9eec-480e-a089-1c56f9b51ce4] Selected host: (np0000004313, np0000004313) ram: 62765MB disk: 74752MB io_ops: 0 instances: 0, allocation_candidates: 1 {{(pid=93256) _consume_selected_host /opt/stack/nova/nova/scheduler/manager.py:624}}
Jul 02 20:15:47.193837 np0000004313 nova-scheduler[93256]: DEBUG oslo_concurrency.lockutils [None req-559dfadd-5fde-41f0-ab9c-497e961ad9d0 tempest-ServerActionsTestOtherB-338637879 tempest-ServerActionsTestOtherB-338637879-project-member] Acquiring lock "np0000004313-np0000004313" by "nova.scheduler.host_manager.HostState.consume_from_request.._locked" {{(pid=93256) inner /opt/stack/data/venv/lib/python3.12/site-packages/oslo_concurrency/lockutils.py:511}}
Jul 02 20:15:47.193837 np0000004313 nova-scheduler[93256]: DEBUG oslo_concurrency.lockutils [None req-559dfadd-5fde-41f0-ab9c-497e961ad9d0 tempest-ServerActionsTestOtherB-338637879 tempest-ServerActionsTestOtherB-338637879-project-member] Lock "np0000004313-np0000004313" acquired by "nova.scheduler.host_manager.HostState.consume_from_request.._locked" :: waited 0.000s {{(pid=93256) inner /opt/stack/data/venv/lib/python3.12/site-packages/oslo_concurrency/lockutils.py:524}}
Jul 02 20:15:47.193837 np0000004313 nova-scheduler[93256]: DEBUG oslo_concurrency.lockutils [None req-559dfadd-5fde-41f0-ab9c-497e961ad9d0 tempest-ServerActionsTestOtherB-338637879 tempest-ServerActionsTestOtherB-338637879-project-member] Lock "np0000004313-np0000004313" "released" by "nova.scheduler.host_manager.HostState.consume_from_request.._locked" :: held 0.000s {{(pid=93256) inner /opt/stack/data/venv/lib/python3.12/site-packages/oslo_concurrency/lockutils.py:543}}
Jul 02 20:15:50.703983 np0000004313 nova-scheduler[93260]: DEBUG nova.scheduler.manager [None req-a00ffc73-991f-4b98-a5c4-2e2624fdbbe5 tempest-ServerActionsV293TestJSON-1304990382 tempest-ServerActionsV293TestJSON-1304990382-project-member] Starting to schedule for instances: ['c99ae577-c0f6-4475-98bc-c668a270d45c'] {{(pid=93260) select_destinations /opt/stack/nova/nova/scheduler/manager.py:209}}
Jul 02 20:15:50.704466 np0000004313 nova-scheduler[93260]: DEBUG nova.scheduler.request_filter [None req-a00ffc73-991f-4b98-a5c4-2e2624fdbbe5 tempest-ServerActionsV293TestJSON-1304990382 tempest-ServerActionsV293TestJSON-1304990382-project-member] compute_status_filter request filter added forbidden trait COMPUTE_STATUS_DISABLED {{(pid=93260) compute_status_filter /opt/stack/nova/nova/scheduler/request_filter.py:253}}
Jul 02 20:15:50.704633 np0000004313 nova-scheduler[93260]: DEBUG nova.scheduler.request_filter [None req-a00ffc73-991f-4b98-a5c4-2e2624fdbbe5 tempest-ServerActionsV293TestJSON-1304990382 tempest-ServerActionsV293TestJSON-1304990382-project-member] Request filter 'compute_status_filter' took 0.0 seconds {{(pid=93260) wrapper /opt/stack/nova/nova/scheduler/request_filter.py:46}}
Jul 02 20:15:50.705483 np0000004313 nova-scheduler[93260]: DEBUG nova.scheduler.request_filter [None req-a00ffc73-991f-4b98-a5c4-2e2624fdbbe5 tempest-ServerActionsV293TestJSON-1304990382 tempest-ServerActionsV293TestJSON-1304990382-project-member] Request filter 'accelerators_filter' took 0.0 seconds {{(pid=93260) wrapper /opt/stack/nova/nova/scheduler/request_filter.py:46}}
Jul 02 20:15:50.706596 np0000004313 nova-scheduler[93260]: DEBUG nova.scheduler.request_filter [None req-a00ffc73-991f-4b98-a5c4-2e2624fdbbe5 tempest-ServerActionsV293TestJSON-1304990382 tempest-ServerActionsV293TestJSON-1304990382-project-member] Request filter 'packed_virtqueue_filter' took 0.0 seconds {{(pid=93260) wrapper /opt/stack/nova/nova/scheduler/request_filter.py:46}}
Jul 02 20:15:50.706991 np0000004313 nova-scheduler[93260]: DEBUG nova.scheduler.request_filter [None req-a00ffc73-991f-4b98-a5c4-2e2624fdbbe5 tempest-ServerActionsV293TestJSON-1304990382 tempest-ServerActionsV293TestJSON-1304990382-project-member] Request filter 'remote_managed_ports_filter' took 0.0 seconds {{(pid=93260) wrapper /opt/stack/nova/nova/scheduler/request_filter.py:46}}
Jul 02 20:15:50.707219 np0000004313 nova-scheduler[93260]: DEBUG nova.scheduler.request_filter [None req-a00ffc73-991f-4b98-a5c4-2e2624fdbbe5 tempest-ServerActionsV293TestJSON-1304990382 tempest-ServerActionsV293TestJSON-1304990382-project-member] ephemeral_encryption_filter skipped {{(pid=93260) ephemeral_encryption_filter /opt/stack/nova/nova/scheduler/request_filter.py:426}}
Jul 02 20:15:50.707325 np0000004313 nova-scheduler[93260]: DEBUG nova.scheduler.request_filter [None req-a00ffc73-991f-4b98-a5c4-2e2624fdbbe5 tempest-ServerActionsV293TestJSON-1304990382 tempest-ServerActionsV293TestJSON-1304990382-project-member] virtio_sound_filter skipped {{(pid=93260) virtio_sound_filter /opt/stack/nova/nova/scheduler/request_filter.py:460}}
Jul 02 20:15:50.707471 np0000004313 nova-scheduler[93260]: DEBUG nova.scheduler.request_filter [None req-a00ffc73-991f-4b98-a5c4-2e2624fdbbe5 tempest-ServerActionsV293TestJSON-1304990382 tempest-ServerActionsV293TestJSON-1304990382-project-member] tpm_secret_security_filter skipped {{(pid=93260) tpm_secret_security_filter /opt/stack/nova/nova/scheduler/request_filter.py:477}}
Jul 02 20:15:50.794685 np0000004313 nova-scheduler[93260]: INFO nova.utils [None req-a00ffc73-991f-4b98-a5c4-2e2624fdbbe5 tempest-ServerActionsV293TestJSON-1304990382 tempest-ServerActionsV293TestJSON-1304990382-project-member] The cell worker thread pool ForkProcess-3.cell_worker is initialized
Jul 02 20:15:50.795019 np0000004313 nova-scheduler[93260]: DEBUG oslo_concurrency.lockutils [None req-a00ffc73-991f-4b98-a5c4-2e2624fdbbe5 tempest-ServerActionsV293TestJSON-1304990382 tempest-ServerActionsV293TestJSON-1304990382-project-member] Acquiring lock "0c73f2fd-3e98-4ffe-bd35-a2831b2248c3" by "nova.context.set_target_cell..get_or_set_cached_cell_and_set_connections" {{(pid=93260) inner /opt/stack/data/venv/lib/python3.12/site-packages/oslo_concurrency/lockutils.py:511}}
Jul 02 20:15:50.795190 np0000004313 nova-scheduler[93260]: DEBUG oslo_concurrency.lockutils [None req-a00ffc73-991f-4b98-a5c4-2e2624fdbbe5 tempest-ServerActionsV293TestJSON-1304990382 tempest-ServerActionsV293TestJSON-1304990382-project-member] Lock "0c73f2fd-3e98-4ffe-bd35-a2831b2248c3" acquired by "nova.context.set_target_cell..get_or_set_cached_cell_and_set_connections" :: waited 0.000s {{(pid=93260) inner /opt/stack/data/venv/lib/python3.12/site-packages/oslo_concurrency/lockutils.py:524}}
Jul 02 20:15:50.796485 np0000004313 nova-scheduler[93260]: DEBUG oslo_concurrency.lockutils [None req-a00ffc73-991f-4b98-a5c4-2e2624fdbbe5 tempest-ServerActionsV293TestJSON-1304990382 tempest-ServerActionsV293TestJSON-1304990382-project-member] Lock "0c73f2fd-3e98-4ffe-bd35-a2831b2248c3" "released" by "nova.context.set_target_cell..get_or_set_cached_cell_and_set_connections" :: held 0.001s {{(pid=93260) inner /opt/stack/data/venv/lib/python3.12/site-packages/oslo_concurrency/lockutils.py:543}}
Jul 02 20:15:50.798792 np0000004313 nova-scheduler[93260]: INFO dbcounter [None req-a00ffc73-991f-4b98-a5c4-2e2624fdbbe5 tempest-ServerActionsV293TestJSON-1304990382 tempest-ServerActionsV293TestJSON-1304990382-project-member] Registered counter for database nova_cell1
Jul 02 20:15:50.839639 np0000004313 nova-scheduler[93260]: DEBUG oslo_db.sqlalchemy.engines [None req-a00ffc73-991f-4b98-a5c4-2e2624fdbbe5 tempest-ServerActionsV293TestJSON-1304990382 tempest-ServerActionsV293TestJSON-1304990382-project-member] MySQL server mode set to STRICT_TRANS_TABLES,STRICT_ALL_TABLES,NO_ZERO_IN_DATE,NO_ZERO_DATE,ERROR_FOR_DIVISION_BY_ZERO,TRADITIONAL,NO_ENGINE_SUBSTITUTION {{(pid=93260) _check_effective_sql_mode /opt/stack/data/venv/lib/python3.12/site-packages/oslo_db/sqlalchemy/engines.py:325}}
Jul 02 20:15:50.845903 np0000004313 nova-scheduler[93260]: DEBUG dbcounter [-] [93260] Writer thread running {{(pid=93260) stat_writer /opt/stack/data/venv/lib/python3.12/site-packages/dbcounter.py:102}}
Jul 02 20:15:50.895456 np0000004313 nova-scheduler[93260]: DEBUG dbcounter [-] [93260] Writer thread running {{(pid=93260) stat_writer /opt/stack/data/venv/lib/python3.12/site-packages/dbcounter.py:102}}
Jul 02 20:15:50.898383 np0000004313 nova-scheduler[93260]: DEBUG oslo_concurrency.lockutils [None req-a00ffc73-991f-4b98-a5c4-2e2624fdbbe5 tempest-ServerActionsV293TestJSON-1304990382 tempest-ServerActionsV293TestJSON-1304990382-project-member] Acquiring lock "0c73f2fd-3e98-4ffe-bd35-a2831b2248c3" by "nova.context.set_target_cell..get_or_set_cached_cell_and_set_connections" {{(pid=93260) inner /opt/stack/data/venv/lib/python3.12/site-packages/oslo_concurrency/lockutils.py:511}}
Jul 02 20:15:50.898572 np0000004313 nova-scheduler[93260]: DEBUG oslo_concurrency.lockutils [None req-a00ffc73-991f-4b98-a5c4-2e2624fdbbe5 tempest-ServerActionsV293TestJSON-1304990382 tempest-ServerActionsV293TestJSON-1304990382-project-member] Lock "0c73f2fd-3e98-4ffe-bd35-a2831b2248c3" acquired by "nova.context.set_target_cell..get_or_set_cached_cell_and_set_connections" :: waited 0.000s {{(pid=93260) inner /opt/stack/data/venv/lib/python3.12/site-packages/oslo_concurrency/lockutils.py:524}}
Jul 02 20:15:50.898738 np0000004313 nova-scheduler[93260]: DEBUG oslo_concurrency.lockutils [None req-a00ffc73-991f-4b98-a5c4-2e2624fdbbe5 tempest-ServerActionsV293TestJSON-1304990382 tempest-ServerActionsV293TestJSON-1304990382-project-member] Lock "0c73f2fd-3e98-4ffe-bd35-a2831b2248c3" "released" by "nova.context.set_target_cell..get_or_set_cached_cell_and_set_connections" :: held 0.000s {{(pid=93260) inner /opt/stack/data/venv/lib/python3.12/site-packages/oslo_concurrency/lockutils.py:543}}
Jul 02 20:15:50.903684 np0000004313 nova-scheduler[93260]: DEBUG oslo_concurrency.lockutils [None req-a00ffc73-991f-4b98-a5c4-2e2624fdbbe5 tempest-ServerActionsV293TestJSON-1304990382 tempest-ServerActionsV293TestJSON-1304990382-project-member] Acquiring lock "np0000004313-np0000004313" by "nova.scheduler.host_manager.HostState.update.._locked_update" {{(pid=93260) inner /opt/stack/data/venv/lib/python3.12/site-packages/oslo_concurrency/lockutils.py:511}}
Jul 02 20:15:50.903844 np0000004313 nova-scheduler[93260]: DEBUG oslo_concurrency.lockutils [None req-a00ffc73-991f-4b98-a5c4-2e2624fdbbe5 tempest-ServerActionsV293TestJSON-1304990382 tempest-ServerActionsV293TestJSON-1304990382-project-member] Lock "np0000004313-np0000004313" acquired by "nova.scheduler.host_manager.HostState.update.._locked_update" :: waited 0.000s {{(pid=93260) inner /opt/stack/data/venv/lib/python3.12/site-packages/oslo_concurrency/lockutils.py:524}}
