Jul 05 01:25:36.539686 np0000004550 nova-conductor[98677]: DEBUG cotyledon.oslo_config_glue [-] profiler.es_doc_type = notification {{(pid=98677) log_opt_values /opt/stack/data/venv/lib/python3.12/site-packages/oslo_config/cfg.py:3253}}
Jul 05 01:25:36.539686 np0000004550 nova-conductor[98677]: DEBUG cotyledon.oslo_config_glue [-] profiler.es_scroll_size = 10000 {{(pid=98677) log_opt_values /opt/stack/data/venv/lib/python3.12/site-packages/oslo_config/cfg.py:3253}}
Jul 05 01:25:36.539686 np0000004550 nova-conductor[98677]: DEBUG cotyledon.oslo_config_glue [-] profiler.es_scroll_time = 2m {{(pid=98677) log_opt_values /opt/stack/data/venv/lib/python3.12/site-packages/oslo_config/cfg.py:3253}}
Jul 05 01:25:36.539686 np0000004550 nova-conductor[98677]: DEBUG cotyledon.oslo_config_glue [-] profiler.filter_error_trace = False {{(pid=98677) log_opt_values /opt/stack/data/venv/lib/python3.12/site-packages/oslo_config/cfg.py:3253}}
Jul 05 01:25:36.539686 np0000004550 nova-conductor[98677]: DEBUG cotyledon.oslo_config_glue [-] profiler.hmac_keys = **** {{(pid=98677) log_opt_values /opt/stack/data/venv/lib/python3.12/site-packages/oslo_config/cfg.py:3253}}
Jul 05 01:25:36.539686 np0000004550 nova-conductor[98677]: DEBUG cotyledon.oslo_config_glue [-] profiler.sentinel_service_name = mymaster {{(pid=98677) log_opt_values /opt/stack/data/venv/lib/python3.12/site-packages/oslo_config/cfg.py:3253}}
Jul 05 01:25:36.539686 np0000004550 nova-conductor[98677]: DEBUG cotyledon.oslo_config_glue [-] profiler.socket_timeout = 0.1 {{(pid=98677) log_opt_values /opt/stack/data/venv/lib/python3.12/site-packages/oslo_config/cfg.py:3253}}
Jul 05 01:25:36.539686 np0000004550 nova-conductor[98677]: DEBUG cotyledon.oslo_config_glue [-] profiler.trace_requests = False {{(pid=98677) log_opt_values /opt/stack/data/venv/lib/python3.12/site-packages/oslo_config/cfg.py:3253}}
Jul 05 01:25:36.539686 np0000004550 nova-conductor[98677]: DEBUG cotyledon.oslo_config_glue [-] profiler.trace_sqlalchemy = False {{(pid=98677) log_opt_values /opt/stack/data/venv/lib/python3.12/site-packages/oslo_config/cfg.py:3253}}
Jul 05 01:25:36.539983 np0000004550 nova-conductor[98677]: DEBUG cotyledon.oslo_config_glue [-] profiler_jaeger.process_tags = {} {{(pid=98677) log_opt_values /opt/stack/data/venv/lib/python3.12/site-packages/oslo_config/cfg.py:3253}}
Jul 05 01:25:36.539983 np0000004550 nova-conductor[98677]: DEBUG cotyledon.oslo_config_glue [-] profiler_jaeger.service_name_prefix = None {{(pid=98677) log_opt_values /opt/stack/data/venv/lib/python3.12/site-packages/oslo_config/cfg.py:3253}}
Jul 05 01:25:36.539983 np0000004550 nova-conductor[98677]: DEBUG cotyledon.oslo_config_glue [-] profiler_otlp.service_name_prefix = None {{(pid=98677) log_opt_values /opt/stack/data/venv/lib/python3.12/site-packages/oslo_config/cfg.py:3253}}
Jul 05 01:25:36.539983 np0000004550 nova-conductor[98677]: DEBUG cotyledon.oslo_config_glue [-] oslo_messaging_rabbit.amqp_auto_delete = False {{(pid=98677) log_opt_values /opt/stack/data/venv/lib/python3.12/site-packages/oslo_config/cfg.py:3253}}
Jul 05 01:25:36.539983 np0000004550 nova-conductor[98677]: DEBUG cotyledon.oslo_config_glue [-] oslo_messaging_rabbit.amqp_durable_queues = False {{(pid=98677) log_opt_values /opt/stack/data/venv/lib/python3.12/site-packages/oslo_config/cfg.py:3253}}
Jul 05 01:25:36.539983 np0000004550 nova-conductor[98677]: DEBUG cotyledon.oslo_config_glue [-] oslo_messaging_rabbit.conn_pool_min_size = 2 {{(pid=98677) log_opt_values /opt/stack/data/venv/lib/python3.12/site-packages/oslo_config/cfg.py:3253}}
Jul 05 01:25:36.539983 np0000004550 nova-conductor[98677]: DEBUG cotyledon.oslo_config_glue [-] oslo_messaging_rabbit.conn_pool_ttl = 1200 {{(pid=98677) log_opt_values /opt/stack/data/venv/lib/python3.12/site-packages/oslo_config/cfg.py:3253}}
Jul 05 01:25:36.539983 np0000004550 nova-conductor[98677]: DEBUG cotyledon.oslo_config_glue [-] oslo_messaging_rabbit.direct_mandatory_flag = True {{(pid=98677) log_opt_values /opt/stack/data/venv/lib/python3.12/site-packages/oslo_config/cfg.py:3253}}
Jul 05 01:25:36.539983 np0000004550 nova-conductor[98677]: DEBUG cotyledon.oslo_config_glue [-] oslo_messaging_rabbit.enable_cancel_on_failover = False {{(pid=98677) log_opt_values /opt/stack/data/venv/lib/python3.12/site-packages/oslo_config/cfg.py:3253}}
Jul 05 01:25:36.540265 np0000004550 nova-conductor[98677]: DEBUG cotyledon.oslo_config_glue [-] oslo_messaging_rabbit.heartbeat_rate = 3 {{(pid=98677) log_opt_values /opt/stack/data/venv/lib/python3.12/site-packages/oslo_config/cfg.py:3253}}
Jul 05 01:25:36.540265 np0000004550 nova-conductor[98677]: DEBUG cotyledon.oslo_config_glue [-] oslo_messaging_rabbit.heartbeat_timeout_threshold = 60 {{(pid=98677) log_opt_values /opt/stack/data/venv/lib/python3.12/site-packages/oslo_config/cfg.py:3253}}
Jul 05 01:25:36.540265 np0000004550 nova-conductor[98677]: DEBUG cotyledon.oslo_config_glue [-] oslo_messaging_rabbit.hostname = np0000004550 {{(pid=98677) log_opt_values /opt/stack/data/venv/lib/python3.12/site-packages/oslo_config/cfg.py:3253}}
Jul 05 01:25:36.540265 np0000004550 nova-conductor[98677]: DEBUG cotyledon.oslo_config_glue [-] oslo_messaging_rabbit.kombu_compression = None {{(pid=98677) log_opt_values /opt/stack/data/venv/lib/python3.12/site-packages/oslo_config/cfg.py:3253}}
Jul 05 01:25:36.540265 np0000004550 nova-conductor[98677]: DEBUG cotyledon.oslo_config_glue [-] oslo_messaging_rabbit.kombu_failover_strategy = round-robin {{(pid=98677) log_opt_values /opt/stack/data/venv/lib/python3.12/site-packages/oslo_config/cfg.py:3253}}
Jul 05 01:25:36.540265 np0000004550 nova-conductor[98677]: DEBUG cotyledon.oslo_config_glue [-] oslo_messaging_rabbit.kombu_missing_consumer_retry_timeout = 60 {{(pid=98677) log_opt_values /opt/stack/data/venv/lib/python3.12/site-packages/oslo_config/cfg.py:3253}}
Jul 05 01:25:36.540265 np0000004550 nova-conductor[98677]: DEBUG cotyledon.oslo_config_glue [-] oslo_messaging_rabbit.kombu_reconnect_delay = 1.0 {{(pid=98677) log_opt_values /opt/stack/data/venv/lib/python3.12/site-packages/oslo_config/cfg.py:3253}}
Jul 05 01:25:36.540265 np0000004550 nova-conductor[98677]: DEBUG cotyledon.oslo_config_glue [-] oslo_messaging_rabbit.kombu_reconnect_splay = 0.0 {{(pid=98677) log_opt_values /opt/stack/data/venv/lib/python3.12/site-packages/oslo_config/cfg.py:3253}}
Jul 05 01:25:36.540265 np0000004550 nova-conductor[98677]: DEBUG cotyledon.oslo_config_glue [-] oslo_messaging_rabbit.processname = nova-conductor {{(pid=98677) log_opt_values /opt/stack/data/venv/lib/python3.12/site-packages/oslo_config/cfg.py:3253}}
Jul 05 01:25:36.540601 np0000004550 nova-conductor[98677]: DEBUG cotyledon.oslo_config_glue [-] oslo_messaging_rabbit.rabbit_ha_queues = False {{(pid=98677) log_opt_values /opt/stack/data/venv/lib/python3.12/site-packages/oslo_config/cfg.py:3253}}
Jul 05 01:25:36.540601 np0000004550 nova-conductor[98677]: DEBUG cotyledon.oslo_config_glue [-] oslo_messaging_rabbit.rabbit_interval_max = 30 {{(pid=98677) log_opt_values /opt/stack/data/venv/lib/python3.12/site-packages/oslo_config/cfg.py:3253}}
Jul 05 01:25:36.540601 np0000004550 nova-conductor[98677]: DEBUG cotyledon.oslo_config_glue [-] oslo_messaging_rabbit.rabbit_login_method = AMQPLAIN {{(pid=98677) log_opt_values /opt/stack/data/venv/lib/python3.12/site-packages/oslo_config/cfg.py:3253}}
Jul 05 01:25:36.540601 np0000004550 nova-conductor[98677]: DEBUG cotyledon.oslo_config_glue [-] oslo_messaging_rabbit.rabbit_qos_prefetch_count = 0 {{(pid=98677) log_opt_values /opt/stack/data/venv/lib/python3.12/site-packages/oslo_config/cfg.py:3253}}
Jul 05 01:25:36.540601 np0000004550 nova-conductor[98677]: DEBUG cotyledon.oslo_config_glue [-] oslo_messaging_rabbit.rabbit_quorum_delivery_limit = 0 {{(pid=98677) log_opt_values /opt/stack/data/venv/lib/python3.12/site-packages/oslo_config/cfg.py:3253}}
Jul 05 01:25:36.540601 np0000004550 nova-conductor[98677]: DEBUG cotyledon.oslo_config_glue [-] oslo_messaging_rabbit.rabbit_quorum_max_memory_bytes = 0 {{(pid=98677) log_opt_values /opt/stack/data/venv/lib/python3.12/site-packages/oslo_config/cfg.py:3253}}
Jul 05 01:25:36.540601 np0000004550 nova-conductor[98677]: DEBUG cotyledon.oslo_config_glue [-] oslo_messaging_rabbit.rabbit_quorum_max_memory_length = 0 {{(pid=98677) log_opt_values /opt/stack/data/venv/lib/python3.12/site-packages/oslo_config/cfg.py:3253}}
Jul 05 01:25:36.540601 np0000004550 nova-conductor[98677]: DEBUG cotyledon.oslo_config_glue [-] oslo_messaging_rabbit.rabbit_quorum_queue = False {{(pid=98677) log_opt_values /opt/stack/data/venv/lib/python3.12/site-packages/oslo_config/cfg.py:3253}}
Jul 05 01:25:36.540601 np0000004550 nova-conductor[98677]: DEBUG cotyledon.oslo_config_glue [-] oslo_messaging_rabbit.rabbit_retry_backoff = 2 {{(pid=98677) log_opt_values /opt/stack/data/venv/lib/python3.12/site-packages/oslo_config/cfg.py:3253}}
Jul 05 01:25:36.540894 np0000004550 nova-conductor[98677]: DEBUG cotyledon.oslo_config_glue [-] oslo_messaging_rabbit.rabbit_retry_interval = 1 {{(pid=98677) log_opt_values /opt/stack/data/venv/lib/python3.12/site-packages/oslo_config/cfg.py:3253}}
Jul 05 01:25:36.540894 np0000004550 nova-conductor[98677]: DEBUG cotyledon.oslo_config_glue [-] oslo_messaging_rabbit.rabbit_stream_fanout = False {{(pid=98677) log_opt_values /opt/stack/data/venv/lib/python3.12/site-packages/oslo_config/cfg.py:3253}}
Jul 05 01:25:36.540894 np0000004550 nova-conductor[98677]: DEBUG cotyledon.oslo_config_glue [-] oslo_messaging_rabbit.rabbit_transient_queues_ttl = 1800 {{(pid=98677) log_opt_values /opt/stack/data/venv/lib/python3.12/site-packages/oslo_config/cfg.py:3253}}
Jul 05 01:25:36.540894 np0000004550 nova-conductor[98677]: DEBUG cotyledon.oslo_config_glue [-] oslo_messaging_rabbit.rabbit_transient_quorum_queue = False {{(pid=98677) log_opt_values /opt/stack/data/venv/lib/python3.12/site-packages/oslo_config/cfg.py:3253}}
Jul 05 01:25:36.540894 np0000004550 nova-conductor[98677]: DEBUG cotyledon.oslo_config_glue [-] oslo_messaging_rabbit.rpc_conn_pool_size = 30 {{(pid=98677) log_opt_values /opt/stack/data/venv/lib/python3.12/site-packages/oslo_config/cfg.py:3253}}
Jul 05 01:25:36.540894 np0000004550 nova-conductor[98677]: DEBUG cotyledon.oslo_config_glue [-] oslo_messaging_rabbit.ssl = False {{(pid=98677) log_opt_values /opt/stack/data/venv/lib/python3.12/site-packages/oslo_config/cfg.py:3253}}
Jul 05 01:25:36.540894 np0000004550 nova-conductor[98677]: DEBUG cotyledon.oslo_config_glue [-] oslo_messaging_rabbit.ssl_ca_file = {{(pid=98677) log_opt_values /opt/stack/data/venv/lib/python3.12/site-packages/oslo_config/cfg.py:3253}}
Jul 05 01:25:36.540894 np0000004550 nova-conductor[98677]: DEBUG cotyledon.oslo_config_glue [-] oslo_messaging_rabbit.ssl_cert_file = {{(pid=98677) log_opt_values /opt/stack/data/venv/lib/python3.12/site-packages/oslo_config/cfg.py:3253}}
Jul 05 01:25:36.540894 np0000004550 nova-conductor[98677]: DEBUG cotyledon.oslo_config_glue [-] oslo_messaging_rabbit.ssl_enforce_fips_mode = False {{(pid=98677) log_opt_values /opt/stack/data/venv/lib/python3.12/site-packages/oslo_config/cfg.py:3253}}
Jul 05 01:25:36.541181 np0000004550 nova-conductor[98677]: DEBUG cotyledon.oslo_config_glue [-] oslo_messaging_rabbit.ssl_enforce_hostname_verification = True {{(pid=98677) log_opt_values /opt/stack/data/venv/lib/python3.12/site-packages/oslo_config/cfg.py:3253}}
Jul 05 01:25:36.541181 np0000004550 nova-conductor[98677]: DEBUG cotyledon.oslo_config_glue [-] oslo_messaging_rabbit.ssl_key_file = {{(pid=98677) log_opt_values /opt/stack/data/venv/lib/python3.12/site-packages/oslo_config/cfg.py:3253}}
Jul 05 01:25:36.541181 np0000004550 nova-conductor[98677]: DEBUG cotyledon.oslo_config_glue [-] oslo_messaging_rabbit.ssl_version = {{(pid=98677) log_opt_values /opt/stack/data/venv/lib/python3.12/site-packages/oslo_config/cfg.py:3253}}
Jul 05 01:25:36.541181 np0000004550 nova-conductor[98677]: DEBUG cotyledon.oslo_config_glue [-] oslo_messaging_rabbit.use_queue_manager = False {{(pid=98677) log_opt_values /opt/stack/data/venv/lib/python3.12/site-packages/oslo_config/cfg.py:3253}}
Jul 05 01:25:36.541181 np0000004550 nova-conductor[98677]: DEBUG cotyledon.oslo_config_glue [-] oslo_messaging_notifications.driver = ['messagingv2'] {{(pid=98677) log_opt_values /opt/stack/data/venv/lib/python3.12/site-packages/oslo_config/cfg.py:3253}}
Jul 05 01:25:36.541181 np0000004550 nova-conductor[98677]: DEBUG cotyledon.oslo_config_glue [-] oslo_messaging_notifications.retry = -1 {{(pid=98677) log_opt_values /opt/stack/data/venv/lib/python3.12/site-packages/oslo_config/cfg.py:3253}}
Jul 05 01:25:36.541181 np0000004550 nova-conductor[98677]: DEBUG cotyledon.oslo_config_glue [-] oslo_messaging_notifications.topics = ['notifications'] {{(pid=98677) log_opt_values /opt/stack/data/venv/lib/python3.12/site-packages/oslo_config/cfg.py:3253}}
Jul 05 01:25:36.541181 np0000004550 nova-conductor[98677]: DEBUG cotyledon.oslo_config_glue [-] oslo_messaging_notifications.transport_url = **** {{(pid=98677) log_opt_values /opt/stack/data/venv/lib/python3.12/site-packages/oslo_config/cfg.py:3253}}
Jul 05 01:25:36.541181 np0000004550 nova-conductor[98677]: DEBUG cotyledon.oslo_config_glue [-] oslo_limit.auth_section = None {{(pid=98677) log_opt_values /opt/stack/data/venv/lib/python3.12/site-packages/oslo_config/cfg.py:3253}}
Jul 05 01:25:36.541548 np0000004550 nova-conductor[98677]: DEBUG cotyledon.oslo_config_glue [-] oslo_limit.auth_type = None {{(pid=98677) log_opt_values /opt/stack/data/venv/lib/python3.12/site-packages/oslo_config/cfg.py:3253}}
Jul 05 01:25:36.541548 np0000004550 nova-conductor[98677]: DEBUG cotyledon.oslo_config_glue [-] oslo_limit.cafile = None {{(pid=98677) log_opt_values /opt/stack/data/venv/lib/python3.12/site-packages/oslo_config/cfg.py:3253}}
Jul 05 01:25:36.541548 np0000004550 nova-conductor[98677]: DEBUG cotyledon.oslo_config_glue [-] oslo_limit.certfile = None {{(pid=98677) log_opt_values /opt/stack/data/venv/lib/python3.12/site-packages/oslo_config/cfg.py:3253}}
Jul 05 01:25:36.541548 np0000004550 nova-conductor[98677]: DEBUG cotyledon.oslo_config_glue [-] oslo_limit.collect_timing = False {{(pid=98677) log_opt_values /opt/stack/data/venv/lib/python3.12/site-packages/oslo_config/cfg.py:3253}}
Jul 05 01:25:36.541548 np0000004550 nova-conductor[98677]: DEBUG cotyledon.oslo_config_glue [-] oslo_limit.connect_retries = None {{(pid=98677) log_opt_values /opt/stack/data/venv/lib/python3.12/site-packages/oslo_config/cfg.py:3253}}
Jul 05 01:25:36.541548 np0000004550 nova-conductor[98677]: DEBUG cotyledon.oslo_config_glue [-] oslo_limit.connect_retry_delay = None {{(pid=98677) log_opt_values /opt/stack/data/venv/lib/python3.12/site-packages/oslo_config/cfg.py:3253}}
Jul 05 01:25:36.541548 np0000004550 nova-conductor[98677]: DEBUG cotyledon.oslo_config_glue [-] oslo_limit.endpoint_id = None {{(pid=98677) log_opt_values /opt/stack/data/venv/lib/python3.12/site-packages/oslo_config/cfg.py:3253}}
Jul 05 01:25:36.541548 np0000004550 nova-conductor[98677]: DEBUG cotyledon.oslo_config_glue [-] oslo_limit.endpoint_interface = public {{(pid=98677) log_opt_values /opt/stack/data/venv/lib/python3.12/site-packages/oslo_config/cfg.py:3253}}
Jul 05 01:25:36.541548 np0000004550 nova-conductor[98677]: DEBUG cotyledon.oslo_config_glue [-] oslo_limit.endpoint_override = None {{(pid=98677) log_opt_values /opt/stack/data/venv/lib/python3.12/site-packages/oslo_config/cfg.py:3253}}
Jul 05 01:25:36.541881 np0000004550 nova-conductor[98677]: DEBUG cotyledon.oslo_config_glue [-] oslo_limit.endpoint_region_name = None {{(pid=98677) log_opt_values /opt/stack/data/venv/lib/python3.12/site-packages/oslo_config/cfg.py:3253}}
Jul 05 01:25:36.541881 np0000004550 nova-conductor[98677]: DEBUG cotyledon.oslo_config_glue [-] oslo_limit.endpoint_service_name = None {{(pid=98677) log_opt_values /opt/stack/data/venv/lib/python3.12/site-packages/oslo_config/cfg.py:3253}}
Jul 05 01:25:36.541881 np0000004550 nova-conductor[98677]: DEBUG cotyledon.oslo_config_glue [-] oslo_limit.endpoint_service_type = None {{(pid=98677) log_opt_values /opt/stack/data/venv/lib/python3.12/site-packages/oslo_config/cfg.py:3253}}
Jul 05 01:25:36.541881 np0000004550 nova-conductor[98677]: DEBUG cotyledon.oslo_config_glue [-] oslo_limit.insecure = False {{(pid=98677) log_opt_values /opt/stack/data/venv/lib/python3.12/site-packages/oslo_config/cfg.py:3253}}
Jul 05 01:25:36.541881 np0000004550 nova-conductor[98677]: DEBUG cotyledon.oslo_config_glue [-] oslo_limit.keyfile = None {{(pid=98677) log_opt_values /opt/stack/data/venv/lib/python3.12/site-packages/oslo_config/cfg.py:3253}}
Jul 05 01:25:36.541881 np0000004550 nova-conductor[98677]: DEBUG cotyledon.oslo_config_glue [-] oslo_limit.max_version = None {{(pid=98677) log_opt_values /opt/stack/data/venv/lib/python3.12/site-packages/oslo_config/cfg.py:3253}}
Jul 05 01:25:36.541881 np0000004550 nova-conductor[98677]: DEBUG cotyledon.oslo_config_glue [-] oslo_limit.min_version = None {{(pid=98677) log_opt_values /opt/stack/data/venv/lib/python3.12/site-packages/oslo_config/cfg.py:3253}}
Jul 05 01:25:36.541881 np0000004550 nova-conductor[98677]: DEBUG cotyledon.oslo_config_glue [-] oslo_limit.region_name = None {{(pid=98677) log_opt_values /opt/stack/data/venv/lib/python3.12/site-packages/oslo_config/cfg.py:3253}}
Jul 05 01:25:36.541881 np0000004550 nova-conductor[98677]: DEBUG cotyledon.oslo_config_glue [-] oslo_limit.retriable_status_codes = None {{(pid=98677) log_opt_values /opt/stack/data/venv/lib/python3.12/site-packages/oslo_config/cfg.py:3253}}
Jul 05 01:25:36.542584 np0000004550 nova-conductor[98677]: DEBUG cotyledon.oslo_config_glue [-] oslo_limit.service_name = None {{(pid=98677) log_opt_values /opt/stack/data/venv/lib/python3.12/site-packages/oslo_config/cfg.py:3253}}
Jul 05 01:25:36.542584 np0000004550 nova-conductor[98677]: DEBUG cotyledon.oslo_config_glue [-] oslo_limit.service_type = None {{(pid=98677) log_opt_values /opt/stack/data/venv/lib/python3.12/site-packages/oslo_config/cfg.py:3253}}
Jul 05 01:25:36.542584 np0000004550 nova-conductor[98677]: DEBUG cotyledon.oslo_config_glue [-] oslo_limit.split_loggers = False {{(pid=98677) log_opt_values /opt/stack/data/venv/lib/python3.12/site-packages/oslo_config/cfg.py:3253}}
Jul 05 01:25:36.542584 np0000004550 nova-conductor[98677]: DEBUG cotyledon.oslo_config_glue [-] oslo_limit.status_code_retries = None {{(pid=98677) log_opt_values /opt/stack/data/venv/lib/python3.12/site-packages/oslo_config/cfg.py:3253}}
Jul 05 01:25:36.542584 np0000004550 nova-conductor[98677]: DEBUG cotyledon.oslo_config_glue [-] oslo_limit.status_code_retry_delay = None {{(pid=98677) log_opt_values /opt/stack/data/venv/lib/python3.12/site-packages/oslo_config/cfg.py:3253}}
Jul 05 01:25:36.542584 np0000004550 nova-conductor[98677]: DEBUG cotyledon.oslo_config_glue [-] oslo_limit.timeout = None {{(pid=98677) log_opt_values /opt/stack/data/venv/lib/python3.12/site-packages/oslo_config/cfg.py:3253}}
Jul 05 01:25:36.542584 np0000004550 nova-conductor[98677]: DEBUG cotyledon.oslo_config_glue [-] oslo_limit.valid_interfaces = None {{(pid=98677) log_opt_values /opt/stack/data/venv/lib/python3.12/site-packages/oslo_config/cfg.py:3253}}
Jul 05 01:25:36.542584 np0000004550 nova-conductor[98677]: DEBUG cotyledon.oslo_config_glue [-] oslo_limit.version = None {{(pid=98677) log_opt_values /opt/stack/data/venv/lib/python3.12/site-packages/oslo_config/cfg.py:3253}}
Jul 05 01:25:36.542584 np0000004550 nova-conductor[98677]: DEBUG cotyledon.oslo_config_glue [-] oslo_reports.file_event_handler = None {{(pid=98677) log_opt_values /opt/stack/data/venv/lib/python3.12/site-packages/oslo_config/cfg.py:3253}}
Jul 05 01:25:36.542895 np0000004550 nova-conductor[98677]: DEBUG cotyledon.oslo_config_glue [-] oslo_reports.file_event_handler_interval = 1 {{(pid=98677) log_opt_values /opt/stack/data/venv/lib/python3.12/site-packages/oslo_config/cfg.py:3253}}
Jul 05 01:25:36.542895 np0000004550 nova-conductor[98677]: DEBUG cotyledon.oslo_config_glue [-] oslo_reports.log_dir = None {{(pid=98677) log_opt_values /opt/stack/data/venv/lib/python3.12/site-packages/oslo_config/cfg.py:3253}}
Jul 05 01:25:36.542895 np0000004550 nova-conductor[98677]: DEBUG cotyledon.oslo_config_glue [-] ******************************************************************************** {{(pid=98677) log_opt_values /opt/stack/data/venv/lib/python3.12/site-packages/oslo_config/cfg.py:3260}}
Jul 05 01:25:36.542895 np0000004550 nova-conductor[98677]: DEBUG cotyledon._service_worker [-] Run service ServiceWrapper(3) [98677] {{(pid=98677) wait_forever /opt/stack/data/venv/lib/python3.12/site-packages/cotyledon/_service_worker.py:218}}
Jul 05 01:25:36.542895 np0000004550 nova-conductor[98677]: INFO nova.service [-] Starting conductor node (version 33.1.0)
Jul 05 01:25:36.542895 np0000004550 nova-conductor[98677]: INFO dbcounter [None req-31e1a075-2ed2-47c1-b199-4e0dc1e14d9d None None] Registered counter for database nova_cell0
Jul 05 01:25:36.543113 np0000004550 nova-conductor[98658]: DEBUG oslo_db.sqlalchemy.engines [None req-aa15ea8e-7580-44c8-90ae-4cb6e832bfec None None] MySQL server mode set to STRICT_TRANS_TABLES,STRICT_ALL_TABLES,NO_ZERO_IN_DATE,NO_ZERO_DATE,ERROR_FOR_DIVISION_BY_ZERO,TRADITIONAL,NO_ENGINE_SUBSTITUTION {{(pid=98658) _check_effective_sql_mode /opt/stack/data/venv/lib/python3.12/site-packages/oslo_db/sqlalchemy/engines.py:325}}
Jul 05 01:25:36.543164 np0000004550 nova-conductor[98668]: DEBUG oslo_db.sqlalchemy.engines [None req-50625e8d-0207-4361-bdb5-051cc4dcc33d None None] MySQL server mode set to STRICT_TRANS_TABLES,STRICT_ALL_TABLES,NO_ZERO_IN_DATE,NO_ZERO_DATE,ERROR_FOR_DIVISION_BY_ZERO,TRADITIONAL,NO_ENGINE_SUBSTITUTION {{(pid=98668) _check_effective_sql_mode /opt/stack/data/venv/lib/python3.12/site-packages/oslo_db/sqlalchemy/engines.py:325}}
Jul 05 01:25:36.543213 np0000004550 nova-conductor[98658]: DEBUG dbcounter [-] [98658] Writer thread running {{(pid=98658) stat_writer /opt/stack/data/venv/lib/python3.12/site-packages/dbcounter.py:102}}
Jul 05 01:25:36.543262 np0000004550 nova-conductor[98664]: DEBUG oslo_db.sqlalchemy.engines [None req-2c2c2051-56ae-4d6f-8eb0-ac5aecbbf535 None None] MySQL server mode set to STRICT_TRANS_TABLES,STRICT_ALL_TABLES,NO_ZERO_IN_DATE,NO_ZERO_DATE,ERROR_FOR_DIVISION_BY_ZERO,TRADITIONAL,NO_ENGINE_SUBSTITUTION {{(pid=98664) _check_effective_sql_mode /opt/stack/data/venv/lib/python3.12/site-packages/oslo_db/sqlalchemy/engines.py:325}}
Jul 05 01:25:36.543320 np0000004550 nova-conductor[98668]: DEBUG dbcounter [-] [98668] Writer thread running {{(pid=98668) stat_writer /opt/stack/data/venv/lib/python3.12/site-packages/dbcounter.py:102}}
Jul 05 01:25:36.543362 np0000004550 nova-conductor[98677]: DEBUG oslo_db.sqlalchemy.engines [None req-31e1a075-2ed2-47c1-b199-4e0dc1e14d9d None None] MySQL server mode set to STRICT_TRANS_TABLES,STRICT_ALL_TABLES,NO_ZERO_IN_DATE,NO_ZERO_DATE,ERROR_FOR_DIVISION_BY_ZERO,TRADITIONAL,NO_ENGINE_SUBSTITUTION {{(pid=98677) _check_effective_sql_mode /opt/stack/data/venv/lib/python3.12/site-packages/oslo_db/sqlalchemy/engines.py:325}}
Jul 05 01:25:36.543400 np0000004550 nova-conductor[98664]: DEBUG dbcounter [-] [98664] Writer thread running {{(pid=98664) stat_writer /opt/stack/data/venv/lib/python3.12/site-packages/dbcounter.py:102}}
Jul 05 01:25:36.544620 np0000004550 nova-conductor[98658]: DEBUG nova.service [None req-aa15ea8e-7580-44c8-90ae-4cb6e832bfec None None] Creating RPC server for service: nova-conductor on topic: conductor {{(pid=98658) start /opt/stack/nova/nova/service.py:196}}
Jul 05 01:25:36.547662 np0000004550 nova-conductor[98677]: DEBUG dbcounter [-] [98677] Writer thread running {{(pid=98677) stat_writer /opt/stack/data/venv/lib/python3.12/site-packages/dbcounter.py:102}}
Jul 05 01:25:36.552083 np0000004550 nova-conductor[98677]: DEBUG nova.service [None req-31e1a075-2ed2-47c1-b199-4e0dc1e14d9d None None] Creating RPC server for service: nova-conductor on topic: conductor {{(pid=98677) start /opt/stack/nova/nova/service.py:196}}
Jul 05 01:25:36.558821 np0000004550 nova-conductor[98664]: DEBUG nova.service [None req-2c2c2051-56ae-4d6f-8eb0-ac5aecbbf535 None None] Creating RPC server for service: nova-conductor on topic: conductor {{(pid=98664) start /opt/stack/nova/nova/service.py:196}}
Jul 05 01:25:36.559436 np0000004550 nova-conductor[98668]: DEBUG nova.service [None req-50625e8d-0207-4361-bdb5-051cc4dcc33d None None] Creating RPC server for service: nova-conductor on topic: conductor {{(pid=98668) start /opt/stack/nova/nova/service.py:196}}
Jul 05 01:25:36.580615 np0000004550 nova-conductor[98677]: DEBUG nova.service [None req-31e1a075-2ed2-47c1-b199-4e0dc1e14d9d None None] Join ServiceGroup membership for this service conductor {{(pid=98677) start /opt/stack/nova/nova/service.py:222}}
Jul 05 01:25:36.580812 np0000004550 nova-conductor[98677]: DEBUG nova.servicegroup.drivers.db [None req-31e1a075-2ed2-47c1-b199-4e0dc1e14d9d None None] DB_Driver: join new ServiceGroup member np0000004550 to the conductor group, service = {{(pid=98677) join /opt/stack/nova/nova/servicegroup/drivers/db.py:44}}
Jul 05 01:25:36.583935 np0000004550 nova-conductor[98664]: DEBUG nova.service [None req-2c2c2051-56ae-4d6f-8eb0-ac5aecbbf535 None None] Join ServiceGroup membership for this service conductor {{(pid=98664) start /opt/stack/nova/nova/service.py:222}}
Jul 05 01:25:36.584061 np0000004550 nova-conductor[98668]: DEBUG nova.service [None req-50625e8d-0207-4361-bdb5-051cc4dcc33d None None] Join ServiceGroup membership for this service conductor {{(pid=98668) start /opt/stack/nova/nova/service.py:222}}
Jul 05 01:25:36.584169 np0000004550 nova-conductor[98668]: DEBUG nova.servicegroup.drivers.db [None req-50625e8d-0207-4361-bdb5-051cc4dcc33d None None] DB_Driver: join new ServiceGroup member np0000004550 to the conductor group, service = {{(pid=98668) join /opt/stack/nova/nova/servicegroup/drivers/db.py:44}}
Jul 05 01:25:36.584210 np0000004550 nova-conductor[98664]: DEBUG nova.servicegroup.drivers.db [None req-2c2c2051-56ae-4d6f-8eb0-ac5aecbbf535 None None] DB_Driver: join new ServiceGroup member np0000004550 to the conductor group, service = {{(pid=98664) join /opt/stack/nova/nova/servicegroup/drivers/db.py:44}}
Jul 05 01:25:36.588919 np0000004550 nova-conductor[98658]: DEBUG nova.service [None req-aa15ea8e-7580-44c8-90ae-4cb6e832bfec None None] Join ServiceGroup membership for this service conductor {{(pid=98658) start /opt/stack/nova/nova/service.py:222}}
Jul 05 01:25:36.589082 np0000004550 nova-conductor[98658]: DEBUG nova.servicegroup.drivers.db [None req-aa15ea8e-7580-44c8-90ae-4cb6e832bfec None None] DB_Driver: join new ServiceGroup member np0000004550 to the conductor group, service = {{(pid=98658) join /opt/stack/nova/nova/servicegroup/drivers/db.py:44}}
Jul 05 01:25:41.597753 np0000004550 nova-conductor[98664]: DEBUG oslo.service.backend._threading.loopingcall [-] Fixed interval looping call 'nova.servicegroup.drivers.db.DbDriver._report_state' sleeping for 119.99 seconds {{(pid=98664) _run_loop /opt/stack/data/venv/lib/python3.12/site-packages/oslo_service/backend/_threading/loopingcall.py:125}}
Jul 05 01:25:41.599102 np0000004550 nova-conductor[98668]: DEBUG oslo.service.backend._threading.loopingcall [-] Fixed interval looping call 'nova.servicegroup.drivers.db.DbDriver._report_state' sleeping for 119.99 seconds {{(pid=98668) _run_loop /opt/stack/data/venv/lib/python3.12/site-packages/oslo_service/backend/_threading/loopingcall.py:125}}
Jul 05 01:25:41.599498 np0000004550 nova-conductor[98677]: DEBUG oslo.service.backend._threading.loopingcall [-] Fixed interval looping call 'nova.servicegroup.drivers.db.DbDriver._report_state' sleeping for 119.98 seconds {{(pid=98677) _run_loop /opt/stack/data/venv/lib/python3.12/site-packages/oslo_service/backend/_threading/loopingcall.py:125}}
Jul 05 01:25:41.601765 np0000004550 nova-conductor[98658]: DEBUG oslo.service.backend._threading.loopingcall [-] Fixed interval looping call 'nova.servicegroup.drivers.db.DbDriver._report_state' sleeping for 119.99 seconds {{(pid=98658) _run_loop /opt/stack/data/venv/lib/python3.12/site-packages/oslo_service/backend/_threading/loopingcall.py:125}}
Jul 05 01:25:45.076799 np0000004550 nova-conductor[97214]: DEBUG dbcounter [-] [97214] Writing DB stats nova_api:SELECT=1 {{(pid=97214) stat_writer /opt/stack/data/venv/lib/python3.12/site-packages/dbcounter.py:115}}
Jul 05 01:25:45.222381 np0000004550 nova-conductor[97214]: DEBUG dbcounter [-] [97214] Writing DB stats nova_cell0:SELECT=1 {{(pid=97214) stat_writer /opt/stack/data/venv/lib/python3.12/site-packages/dbcounter.py:115}}
Jul 05 01:25:45.235356 np0000004550 nova-conductor[97214]: DEBUG dbcounter [-] [97214] Writing DB stats nova_cell1:SELECT=1 {{(pid=97214) stat_writer /opt/stack/data/venv/lib/python3.12/site-packages/dbcounter.py:115}}
Jul 05 01:25:47.593517 np0000004550 nova-conductor[98658]: DEBUG oslo.service.backend._threading.loopingcall [None req-42fde3f6-9339-453d-8b3a-53721df211e2 None None] Dynamic interval looping call 'nova.service.Service.periodic_tasks' sleeping for 60.00 seconds {{(pid=98658) _run_loop /opt/stack/data/venv/lib/python3.12/site-packages/oslo_service/backend/_threading/loopingcall.py:125}}
Jul 05 01:25:51.592557 np0000004550 nova-conductor[98664]: DEBUG dbcounter [-] [98664] Writing DB stats nova_cell0:SELECT=4,nova_cell0:INSERT=1,nova_cell0:UPDATE=1 {{(pid=98664) stat_writer /opt/stack/data/venv/lib/python3.12/site-packages/dbcounter.py:115}}
Jul 05 01:25:51.593794 np0000004550 nova-conductor[98668]: DEBUG dbcounter [-] [98668] Writing DB stats nova_cell0:SELECT=4,nova_cell0:INSERT=1,nova_cell0:UPDATE=1 {{(pid=98668) stat_writer /opt/stack/data/venv/lib/python3.12/site-packages/dbcounter.py:115}}
Jul 05 01:25:51.596269 np0000004550 nova-conductor[98677]: DEBUG dbcounter [-] [98677] Writing DB stats nova_cell0:SELECT=3,nova_cell0:UPDATE=1 {{(pid=98677) stat_writer /opt/stack/data/venv/lib/python3.12/site-packages/dbcounter.py:115}}
Jul 05 01:25:51.599191 np0000004550 nova-conductor[98658]: DEBUG dbcounter [-] [98658] Writing DB stats nova_cell0:SELECT=4,nova_cell0:INSERT=1 {{(pid=98658) stat_writer /opt/stack/data/venv/lib/python3.12/site-packages/dbcounter.py:115}}
Jul 05 01:25:57.583678 np0000004550 nova-conductor[98677]: DEBUG oslo.service.backend._threading.loopingcall [None req-c7bd0c2d-6801-418e-8fe2-1b4a383a214d None None] Dynamic interval looping call 'nova.service.Service.periodic_tasks' sleeping for 60.00 seconds {{(pid=98677) _run_loop /opt/stack/data/venv/lib/python3.12/site-packages/oslo_service/backend/_threading/loopingcall.py:125}}
Jul 05 01:26:17.586730 np0000004550 nova-conductor[98664]: DEBUG oslo.service.backend._threading.loopingcall [None req-5312aae5-d1d7-446a-a0d5-9bb9efc14130 None None] Dynamic interval looping call 'nova.service.Service.periodic_tasks' sleeping for 60.00 seconds {{(pid=98664) _run_loop /opt/stack/data/venv/lib/python3.12/site-packages/oslo_service/backend/_threading/loopingcall.py:125}}
Jul 05 01:26:30.587162 np0000004550 nova-conductor[98668]: DEBUG oslo.service.backend._threading.loopingcall [None req-64775ab1-c5c9-467c-9847-059d5127686f None None] Dynamic interval looping call 'nova.service.Service.periodic_tasks' sleeping for 60.00 seconds {{(pid=98668) _run_loop /opt/stack/data/venv/lib/python3.12/site-packages/oslo_service/backend/_threading/loopingcall.py:125}}
Jul 05 01:26:47.593979 np0000004550 nova-conductor[98658]: DEBUG oslo.service.backend._threading.loopingcall [None req-42fde3f6-9339-453d-8b3a-53721df211e2 None None] Dynamic interval looping call 'nova.service.Service.periodic_tasks' sleeping for 60.00 seconds {{(pid=98658) _run_loop /opt/stack/data/venv/lib/python3.12/site-packages/oslo_service/backend/_threading/loopingcall.py:125}}
Jul 05 01:26:57.584209 np0000004550 nova-conductor[98677]: DEBUG oslo.service.backend._threading.loopingcall [None req-c7bd0c2d-6801-418e-8fe2-1b4a383a214d None None] Dynamic interval looping call 'nova.service.Service.periodic_tasks' sleeping for 60.00 seconds {{(pid=98677) _run_loop /opt/stack/data/venv/lib/python3.12/site-packages/oslo_service/backend/_threading/loopingcall.py:125}}
Jul 05 01:27:17.587302 np0000004550 nova-conductor[98664]: DEBUG oslo.service.backend._threading.loopingcall [None req-5312aae5-d1d7-446a-a0d5-9bb9efc14130 None None] Dynamic interval looping call 'nova.service.Service.periodic_tasks' sleeping for 60.00 seconds {{(pid=98664) _run_loop /opt/stack/data/venv/lib/python3.12/site-packages/oslo_service/backend/_threading/loopingcall.py:125}}
Jul 05 01:27:30.587743 np0000004550 nova-conductor[98668]: DEBUG oslo.service.backend._threading.loopingcall [None req-64775ab1-c5c9-467c-9847-059d5127686f None None] Dynamic interval looping call 'nova.service.Service.periodic_tasks' sleeping for 60.00 seconds {{(pid=98668) _run_loop /opt/stack/data/venv/lib/python3.12/site-packages/oslo_service/backend/_threading/loopingcall.py:125}}
Jul 05 01:27:41.586348 np0000004550 nova-conductor[98677]: DEBUG oslo.service.backend._threading.loopingcall [-] Fixed interval looping call 'nova.servicegroup.drivers.db.DbDriver._report_state' sleeping for 119.99 seconds {{(pid=98677) _run_loop /opt/stack/data/venv/lib/python3.12/site-packages/oslo_service/backend/_threading/loopingcall.py:125}}
Jul 05 01:27:41.591831 np0000004550 nova-conductor[98664]: DEBUG oslo.service.backend._threading.loopingcall [-] Fixed interval looping call 'nova.servicegroup.drivers.db.DbDriver._report_state' sleeping for 120.00 seconds {{(pid=98664) _run_loop /opt/stack/data/venv/lib/python3.12/site-packages/oslo_service/backend/_threading/loopingcall.py:125}}
Jul 05 01:27:41.593071 np0000004550 nova-conductor[98668]: DEBUG oslo.service.backend._threading.loopingcall [-] Fixed interval looping call 'nova.servicegroup.drivers.db.DbDriver._report_state' sleeping for 120.00 seconds {{(pid=98668) _run_loop /opt/stack/data/venv/lib/python3.12/site-packages/oslo_service/backend/_threading/loopingcall.py:125}}
Jul 05 01:27:41.595177 np0000004550 nova-conductor[98658]: DEBUG oslo.service.backend._threading.loopingcall [-] Fixed interval looping call 'nova.servicegroup.drivers.db.DbDriver._report_state' sleeping for 120.00 seconds {{(pid=98658) _run_loop /opt/stack/data/venv/lib/python3.12/site-packages/oslo_service/backend/_threading/loopingcall.py:125}}
Jul 05 01:27:47.594595 np0000004550 nova-conductor[98658]: DEBUG oslo.service.backend._threading.loopingcall [None req-42fde3f6-9339-453d-8b3a-53721df211e2 None None] Dynamic interval looping call 'nova.service.Service.periodic_tasks' sleeping for 60.00 seconds {{(pid=98658) _run_loop /opt/stack/data/venv/lib/python3.12/site-packages/oslo_service/backend/_threading/loopingcall.py:125}}
Jul 05 01:27:51.583515 np0000004550 nova-conductor[98677]: DEBUG dbcounter [-] [98677] Writing DB stats nova_cell0:SELECT=1,nova_cell0:UPDATE=1 {{(pid=98677) stat_writer /opt/stack/data/venv/lib/python3.12/site-packages/dbcounter.py:115}}
Jul 05 01:27:51.590025 np0000004550 nova-conductor[98664]: DEBUG dbcounter [-] [98664] Writing DB stats nova_cell0:SELECT=1 {{(pid=98664) stat_writer /opt/stack/data/venv/lib/python3.12/site-packages/dbcounter.py:115}}
Jul 05 01:27:51.591990 np0000004550 nova-conductor[98668]: DEBUG dbcounter [-] [98668] Writing DB stats nova_cell0:SELECT=1 {{(pid=98668) stat_writer /opt/stack/data/venv/lib/python3.12/site-packages/dbcounter.py:115}}
Jul 05 01:27:51.593657 np0000004550 nova-conductor[98658]: DEBUG dbcounter [-] [98658] Writing DB stats nova_cell0:SELECT=1 {{(pid=98658) stat_writer /opt/stack/data/venv/lib/python3.12/site-packages/dbcounter.py:115}}
Jul 05 01:27:57.584796 np0000004550 nova-conductor[98677]: DEBUG oslo.service.backend._threading.loopingcall [None req-c7bd0c2d-6801-418e-8fe2-1b4a383a214d None None] Dynamic interval looping call 'nova.service.Service.periodic_tasks' sleeping for 60.00 seconds {{(pid=98677) _run_loop /opt/stack/data/venv/lib/python3.12/site-packages/oslo_service/backend/_threading/loopingcall.py:125}}
Jul 05 01:28:08.064590 np0000004550 nova-conductor[98677]: DEBUG oslo_db.sqlalchemy.engines [None req-ee6775b3-cec5-407a-951e-6f608d347198 tempest-ServerBootFromVolumeStableRescueTest-1315749821 tempest-ServerBootFromVolumeStableRescueTest-1315749821-project-member] Parent process 97214 forked (98677) with an open database connection, which is being discarded and recreated. {{(pid=98677) checkout /opt/stack/data/venv/lib/python3.12/site-packages/oslo_db/sqlalchemy/engines.py:402}}
Jul 05 01:28:08.106054 np0000004550 nova-conductor[98677]: DEBUG dbcounter [-] [98677] Writer thread running {{(pid=98677) stat_writer /opt/stack/data/venv/lib/python3.12/site-packages/dbcounter.py:102}}
Jul 05 01:28:09.136100 np0000004550 nova-conductor[98677]: DEBUG nova.conductor.manager [None req-ee6775b3-cec5-407a-951e-6f608d347198 tempest-ServerBootFromVolumeStableRescueTest-1315749821 tempest-ServerBootFromVolumeStableRescueTest-1315749821-project-member] Took 1.03 seconds to select destinations for 1 instance(s). {{(pid=98677) _schedule_instances /opt/stack/nova/nova/conductor/manager.py:968}}
Jul 05 01:28:09.162458 np0000004550 nova-conductor[98677]: DEBUG oslo_concurrency.lockutils [None req-ee6775b3-cec5-407a-951e-6f608d347198 tempest-ServerBootFromVolumeStableRescueTest-1315749821 tempest-ServerBootFromVolumeStableRescueTest-1315749821-project-member] Acquiring lock "c4deda8d-21cc-4be1-b6ac-a66b4e68c478" by "nova.context.set_target_cell..get_or_set_cached_cell_and_set_connections" {{(pid=98677) inner /opt/stack/data/venv/lib/python3.12/site-packages/oslo_concurrency/lockutils.py:511}}
Jul 05 01:28:09.162458 np0000004550 nova-conductor[98677]: DEBUG oslo_concurrency.lockutils [None req-ee6775b3-cec5-407a-951e-6f608d347198 tempest-ServerBootFromVolumeStableRescueTest-1315749821 tempest-ServerBootFromVolumeStableRescueTest-1315749821-project-member] Lock "c4deda8d-21cc-4be1-b6ac-a66b4e68c478" acquired by "nova.context.set_target_cell..get_or_set_cached_cell_and_set_connections" :: waited 0.000s {{(pid=98677) inner /opt/stack/data/venv/lib/python3.12/site-packages/oslo_concurrency/lockutils.py:524}}
Jul 05 01:28:09.163759 np0000004550 nova-conductor[98677]: DEBUG oslo_concurrency.lockutils [None req-ee6775b3-cec5-407a-951e-6f608d347198 tempest-ServerBootFromVolumeStableRescueTest-1315749821 tempest-ServerBootFromVolumeStableRescueTest-1315749821-project-member] Lock "c4deda8d-21cc-4be1-b6ac-a66b4e68c478" "released" by "nova.context.set_target_cell..get_or_set_cached_cell_and_set_connections" :: held 0.001s {{(pid=98677) inner /opt/stack/data/venv/lib/python3.12/site-packages/oslo_concurrency/lockutils.py:543}}
Jul 05 01:28:09.165503 np0000004550 nova-conductor[98677]: INFO dbcounter [None req-ee6775b3-cec5-407a-951e-6f608d347198 tempest-ServerBootFromVolumeStableRescueTest-1315749821 tempest-ServerBootFromVolumeStableRescueTest-1315749821-project-member] Registered counter for database nova_cell1
Jul 05 01:28:09.223253 np0000004550 nova-conductor[98677]: DEBUG oslo_db.sqlalchemy.engines [None req-ee6775b3-cec5-407a-951e-6f608d347198 tempest-ServerBootFromVolumeStableRescueTest-1315749821 tempest-ServerBootFromVolumeStableRescueTest-1315749821-project-member] MySQL server mode set to STRICT_TRANS_TABLES,STRICT_ALL_TABLES,NO_ZERO_IN_DATE,NO_ZERO_DATE,ERROR_FOR_DIVISION_BY_ZERO,TRADITIONAL,NO_ENGINE_SUBSTITUTION {{(pid=98677) _check_effective_sql_mode /opt/stack/data/venv/lib/python3.12/site-packages/oslo_db/sqlalchemy/engines.py:325}}
Jul 05 01:28:09.230403 np0000004550 nova-conductor[98677]: DEBUG dbcounter [-] [98677] Writer thread running {{(pid=98677) stat_writer /opt/stack/data/venv/lib/python3.12/site-packages/dbcounter.py:102}}
Jul 05 01:28:09.321240 np0000004550 nova-conductor[98677]: INFO nova.utils [None req-ee6775b3-cec5-407a-951e-6f608d347198 tempest-ServerBootFromVolumeStableRescueTest-1315749821 tempest-ServerBootFromVolumeStableRescueTest-1315749821-project-member] The cell worker thread pool ForkProcess-4.cell_worker is initialized
Jul 05 01:28:09.321631 np0000004550 nova-conductor[98677]: DEBUG oslo_concurrency.lockutils [None req-ee6775b3-cec5-407a-951e-6f608d347198 tempest-ServerBootFromVolumeStableRescueTest-1315749821 tempest-ServerBootFromVolumeStableRescueTest-1315749821-project-member] Acquiring lock "00000000-0000-0000-0000-000000000000" by "nova.context.set_target_cell..get_or_set_cached_cell_and_set_connections" {{(pid=98677) inner /opt/stack/data/venv/lib/python3.12/site-packages/oslo_concurrency/lockutils.py:511}}
Jul 05 01:28:09.321773 np0000004550 nova-conductor[98677]: DEBUG oslo_concurrency.lockutils [None req-ee6775b3-cec5-407a-951e-6f608d347198 tempest-ServerBootFromVolumeStableRescueTest-1315749821 tempest-ServerBootFromVolumeStableRescueTest-1315749821-project-member] Lock "00000000-0000-0000-0000-000000000000" acquired by "nova.context.set_target_cell..get_or_set_cached_cell_and_set_connections" :: waited 0.000s {{(pid=98677) inner /opt/stack/data/venv/lib/python3.12/site-packages/oslo_concurrency/lockutils.py:524}}
Jul 05 01:28:09.322085 np0000004550 nova-conductor[98677]: DEBUG oslo_concurrency.lockutils [None req-ee6775b3-cec5-407a-951e-6f608d347198 tempest-ServerBootFromVolumeStableRescueTest-1315749821 tempest-ServerBootFromVolumeStableRescueTest-1315749821-project-member] Lock "00000000-0000-0000-0000-000000000000" "released" by "nova.context.set_target_cell..get_or_set_cached_cell_and_set_connections" :: held 0.000s {{(pid=98677) inner /opt/stack/data/venv/lib/python3.12/site-packages/oslo_concurrency/lockutils.py:543}}
Jul 05 01:28:09.322693 np0000004550 nova-conductor[98677]: DEBUG oslo_concurrency.lockutils [None req-ee6775b3-cec5-407a-951e-6f608d347198 tempest-ServerBootFromVolumeStableRescueTest-1315749821 tempest-ServerBootFromVolumeStableRescueTest-1315749821-project-member] Acquiring lock "c4deda8d-21cc-4be1-b6ac-a66b4e68c478" by "nova.context.set_target_cell..get_or_set_cached_cell_and_set_connections" {{(pid=98677) inner /opt/stack/data/venv/lib/python3.12/site-packages/oslo_concurrency/lockutils.py:511}}
Jul 05 01:28:09.323939 np0000004550 nova-conductor[98677]: DEBUG oslo_concurrency.lockutils [None req-ee6775b3-cec5-407a-951e-6f608d347198 tempest-ServerBootFromVolumeStableRescueTest-1315749821 tempest-ServerBootFromVolumeStableRescueTest-1315749821-project-member] Lock "c4deda8d-21cc-4be1-b6ac-a66b4e68c478" acquired by "nova.context.set_target_cell..get_or_set_cached_cell_and_set_connections" :: waited 0.001s {{(pid=98677) inner /opt/stack/data/venv/lib/python3.12/site-packages/oslo_concurrency/lockutils.py:524}}
Jul 05 01:28:09.324467 np0000004550 nova-conductor[98677]: DEBUG oslo_concurrency.lockutils [None req-ee6775b3-cec5-407a-951e-6f608d347198 tempest-ServerBootFromVolumeStableRescueTest-1315749821 tempest-ServerBootFromVolumeStableRescueTest-1315749821-project-member] Lock "c4deda8d-21cc-4be1-b6ac-a66b4e68c478" "released" by "nova.context.set_target_cell..get_or_set_cached_cell_and_set_connections" :: held 0.000s {{(pid=98677) inner /opt/stack/data/venv/lib/python3.12/site-packages/oslo_concurrency/lockutils.py:543}}
Jul 05 01:28:09.324527 np0000004550 nova-conductor[98677]: INFO dbcounter [None req-ee6775b3-cec5-407a-951e-6f608d347198 tempest-ServerBootFromVolumeStableRescueTest-1315749821 tempest-ServerBootFromVolumeStableRescueTest-1315749821-project-member] Registered counter for database nova_cell0
Jul 05 01:28:09.369748 np0000004550 nova-conductor[98677]: DEBUG oslo_db.sqlalchemy.engines [None req-ee6775b3-cec5-407a-951e-6f608d347198 tempest-ServerBootFromVolumeStableRescueTest-1315749821 tempest-ServerBootFromVolumeStableRescueTest-1315749821-project-member] MySQL server mode set to STRICT_TRANS_TABLES,STRICT_ALL_TABLES,NO_ZERO_IN_DATE,NO_ZERO_DATE,ERROR_FOR_DIVISION_BY_ZERO,TRADITIONAL,NO_ENGINE_SUBSTITUTION {{(pid=98677) _check_effective_sql_mode /opt/stack/data/venv/lib/python3.12/site-packages/oslo_db/sqlalchemy/engines.py:325}}
Jul 05 01:28:09.380772 np0000004550 nova-conductor[98677]: DEBUG dbcounter [-] [98677] Writer thread running {{(pid=98677) stat_writer /opt/stack/data/venv/lib/python3.12/site-packages/dbcounter.py:102}}
Jul 05 01:28:09.403850 np0000004550 nova-conductor[98677]: DEBUG nova.quota [None req-ee6775b3-cec5-407a-951e-6f608d347198 tempest-ServerBootFromVolumeStableRescueTest-1315749821 tempest-ServerBootFromVolumeStableRescueTest-1315749821-project-member] Getting quotas for project 13cbce1415b44e8fa288347f4942622f. Resources: {'ram', 'instances', 'cores'} {{(pid=98677) _get_quotas /opt/stack/nova/nova/quota.py:389}}
Jul 05 01:28:09.408105 np0000004550 nova-conductor[98677]: DEBUG nova.quota [None req-ee6775b3-cec5-407a-951e-6f608d347198 tempest-ServerBootFromVolumeStableRescueTest-1315749821 tempest-ServerBootFromVolumeStableRescueTest-1315749821-project-member] Getting quotas for user a5e5670e72f345af8b3d1d3e980c1740 and project 13cbce1415b44e8fa288347f4942622f. Resources: {'ram', 'instances', 'cores'} {{(pid=98677) _get_quotas /opt/stack/nova/nova/quota.py:379}}
Jul 05 01:28:09.421031 np0000004550 nova-conductor[98677]: DEBUG nova.conductor.manager [None req-ee6775b3-cec5-407a-951e-6f608d347198 tempest-ServerBootFromVolumeStableRescueTest-1315749821 tempest-ServerBootFromVolumeStableRescueTest-1315749821-project-member] [instance: aeea8267-dc2a-4410-a066-27a8d0688c4e] Selected host: np0000004550; Selected node: np0000004550; Alternates: [] {{(pid=98677) schedule_and_build_instances /opt/stack/nova/nova/conductor/manager.py:1784}}
Jul 05 01:28:09.421318 np0000004550 nova-conductor[98677]: DEBUG oslo_concurrency.lockutils [None req-ee6775b3-cec5-407a-951e-6f608d347198 tempest-ServerBootFromVolumeStableRescueTest-1315749821 tempest-ServerBootFromVolumeStableRescueTest-1315749821-project-member] Acquiring lock "c4deda8d-21cc-4be1-b6ac-a66b4e68c478" by "nova.context.set_target_cell..get_or_set_cached_cell_and_set_connections" {{(pid=98677) inner /opt/stack/data/venv/lib/python3.12/site-packages/oslo_concurrency/lockutils.py:511}}
Jul 05 01:28:09.421965 np0000004550 nova-conductor[98677]: DEBUG oslo_concurrency.lockutils [None req-ee6775b3-cec5-407a-951e-6f608d347198 tempest-ServerBootFromVolumeStableRescueTest-1315749821 tempest-ServerBootFromVolumeStableRescueTest-1315749821-project-member] Lock "c4deda8d-21cc-4be1-b6ac-a66b4e68c478" acquired by "nova.context.set_target_cell..get_or_set_cached_cell_and_set_connections" :: waited 0.000s {{(pid=98677) inner /opt/stack/data/venv/lib/python3.12/site-packages/oslo_concurrency/lockutils.py:524}}
Jul 05 01:28:09.421965 np0000004550 nova-conductor[98677]: DEBUG oslo_concurrency.lockutils [None req-ee6775b3-cec5-407a-951e-6f608d347198 tempest-ServerBootFromVolumeStableRescueTest-1315749821 tempest-ServerBootFromVolumeStableRescueTest-1315749821-project-member] Lock "c4deda8d-21cc-4be1-b6ac-a66b4e68c478" "released" by "nova.context.set_target_cell..get_or_set_cached_cell_and_set_connections" :: held 0.000s {{(pid=98677) inner /opt/stack/data/venv/lib/python3.12/site-packages/oslo_concurrency/lockutils.py:543}}
Jul 05 01:28:09.432761 np0000004550 nova-conductor[98677]: DEBUG nova.conductor.manager [None req-ee6775b3-cec5-407a-951e-6f608d347198 tempest-ServerBootFromVolumeStableRescueTest-1315749821 tempest-ServerBootFromVolumeStableRescueTest-1315749821-project-member] [instance: aeea8267-dc2a-4410-a066-27a8d0688c4e] block_device_mapping [BlockDeviceMapping(attachment_id=,boot_index=0,connection_info=None,created_at=,delete_on_termination=True,deleted=,deleted_at=,destination_type='local',device_name=None,device_type='disk',disk_bus=None,encrypted=False,encryption_format=None,encryption_options=None,encryption_secret_uuid=None,guest_format=None,id=,image_id='31d762ae-bb04-4f46-80f6-f5dff9305e97',instance=,instance_uuid=,no_device=False,snapshot_id=None,source_type='image',tag=None,updated_at=,uuid=,volume_id=None,volume_size=None,volume_type=None)] {{(pid=98677) _create_block_device_mapping /opt/stack/nova/nova/conductor/manager.py:1529}}
Jul 05 01:28:09.434294 np0000004550 nova-conductor[98677]: DEBUG oslo_concurrency.lockutils [None req-ee6775b3-cec5-407a-951e-6f608d347198 tempest-ServerBootFromVolumeStableRescueTest-1315749821 tempest-ServerBootFromVolumeStableRescueTest-1315749821-project-member] Acquiring lock "c4deda8d-21cc-4be1-b6ac-a66b4e68c478" by "nova.context.set_target_cell..get_or_set_cached_cell_and_set_connections" {{(pid=98677) inner /opt/stack/data/venv/lib/python3.12/site-packages/oslo_concurrency/lockutils.py:511}}
Jul 05 01:28:09.434294 np0000004550 nova-conductor[98677]: DEBUG oslo_concurrency.lockutils [None req-ee6775b3-cec5-407a-951e-6f608d347198 tempest-ServerBootFromVolumeStableRescueTest-1315749821 tempest-ServerBootFromVolumeStableRescueTest-1315749821-project-member] Lock "c4deda8d-21cc-4be1-b6ac-a66b4e68c478" acquired by "nova.context.set_target_cell..get_or_set_cached_cell_and_set_connections" :: waited 0.000s {{(pid=98677) inner /opt/stack/data/venv/lib/python3.12/site-packages/oslo_concurrency/lockutils.py:524}}
Jul 05 01:28:09.434997 np0000004550 nova-conductor[98677]: DEBUG oslo_concurrency.lockutils [None req-ee6775b3-cec5-407a-951e-6f608d347198 tempest-ServerBootFromVolumeStableRescueTest-1315749821 tempest-ServerBootFromVolumeStableRescueTest-1315749821-project-member] Lock "c4deda8d-21cc-4be1-b6ac-a66b4e68c478" "released" by "nova.context.set_target_cell..get_or_set_cached_cell_and_set_connections" :: held 0.000s {{(pid=98677) inner /opt/stack/data/venv/lib/python3.12/site-packages/oslo_concurrency/lockutils.py:543}}
