Jul 07 15:39:51.697611 np0000004736 nova-conductor[98913]: DEBUG cotyledon.oslo_config_glue [-] oslo_messaging_rabbit.kombu_reconnect_splay = 0.0 {{(pid=98913) log_opt_values /opt/stack/data/venv/lib/python3.12/site-packages/oslo_config/cfg.py:3253}}
Jul 07 15:39:51.697611 np0000004736 nova-conductor[98913]: DEBUG cotyledon.oslo_config_glue [-] oslo_messaging_rabbit.processname = nova-conductor {{(pid=98913) log_opt_values /opt/stack/data/venv/lib/python3.12/site-packages/oslo_config/cfg.py:3253}}
Jul 07 15:39:51.697611 np0000004736 nova-conductor[98913]: DEBUG cotyledon.oslo_config_glue [-] oslo_messaging_rabbit.rabbit_ha_queues = False {{(pid=98913) log_opt_values /opt/stack/data/venv/lib/python3.12/site-packages/oslo_config/cfg.py:3253}}
Jul 07 15:39:51.697611 np0000004736 nova-conductor[98913]: DEBUG cotyledon.oslo_config_glue [-] oslo_messaging_rabbit.rabbit_interval_max = 30 {{(pid=98913) log_opt_values /opt/stack/data/venv/lib/python3.12/site-packages/oslo_config/cfg.py:3253}}
Jul 07 15:39:51.697611 np0000004736 nova-conductor[98913]: DEBUG cotyledon.oslo_config_glue [-] oslo_messaging_rabbit.rabbit_login_method = AMQPLAIN {{(pid=98913) log_opt_values /opt/stack/data/venv/lib/python3.12/site-packages/oslo_config/cfg.py:3253}}
Jul 07 15:39:51.697611 np0000004736 nova-conductor[98913]: DEBUG cotyledon.oslo_config_glue [-] oslo_messaging_rabbit.rabbit_qos_prefetch_count = 0 {{(pid=98913) log_opt_values /opt/stack/data/venv/lib/python3.12/site-packages/oslo_config/cfg.py:3253}}
Jul 07 15:39:51.697611 np0000004736 nova-conductor[98913]: DEBUG cotyledon.oslo_config_glue [-] oslo_messaging_rabbit.rabbit_quorum_delivery_limit = 0 {{(pid=98913) log_opt_values /opt/stack/data/venv/lib/python3.12/site-packages/oslo_config/cfg.py:3253}}
Jul 07 15:39:51.697611 np0000004736 nova-conductor[98913]: DEBUG cotyledon.oslo_config_glue [-] oslo_messaging_rabbit.rabbit_quorum_max_memory_bytes = 0 {{(pid=98913) log_opt_values /opt/stack/data/venv/lib/python3.12/site-packages/oslo_config/cfg.py:3253}}
Jul 07 15:39:51.697611 np0000004736 nova-conductor[98913]: DEBUG cotyledon.oslo_config_glue [-] oslo_messaging_rabbit.rabbit_quorum_max_memory_length = 0 {{(pid=98913) log_opt_values /opt/stack/data/venv/lib/python3.12/site-packages/oslo_config/cfg.py:3253}}
Jul 07 15:39:51.697912 np0000004736 nova-conductor[98913]: DEBUG cotyledon.oslo_config_glue [-] oslo_messaging_rabbit.rabbit_quorum_queue = False {{(pid=98913) log_opt_values /opt/stack/data/venv/lib/python3.12/site-packages/oslo_config/cfg.py:3253}}
Jul 07 15:39:51.697912 np0000004736 nova-conductor[98913]: DEBUG cotyledon.oslo_config_glue [-] oslo_messaging_rabbit.rabbit_retry_backoff = 2 {{(pid=98913) log_opt_values /opt/stack/data/venv/lib/python3.12/site-packages/oslo_config/cfg.py:3253}}
Jul 07 15:39:51.697912 np0000004736 nova-conductor[98913]: DEBUG cotyledon.oslo_config_glue [-] oslo_messaging_rabbit.rabbit_retry_interval = 1 {{(pid=98913) log_opt_values /opt/stack/data/venv/lib/python3.12/site-packages/oslo_config/cfg.py:3253}}
Jul 07 15:39:51.697912 np0000004736 nova-conductor[98913]: DEBUG cotyledon.oslo_config_glue [-] oslo_messaging_rabbit.rabbit_stream_fanout = False {{(pid=98913) log_opt_values /opt/stack/data/venv/lib/python3.12/site-packages/oslo_config/cfg.py:3253}}
Jul 07 15:39:51.697912 np0000004736 nova-conductor[98913]: DEBUG cotyledon.oslo_config_glue [-] oslo_messaging_rabbit.rabbit_transient_queues_ttl = 1800 {{(pid=98913) log_opt_values /opt/stack/data/venv/lib/python3.12/site-packages/oslo_config/cfg.py:3253}}
Jul 07 15:39:51.697912 np0000004736 nova-conductor[98913]: DEBUG cotyledon.oslo_config_glue [-] oslo_messaging_rabbit.rabbit_transient_quorum_queue = False {{(pid=98913) log_opt_values /opt/stack/data/venv/lib/python3.12/site-packages/oslo_config/cfg.py:3253}}
Jul 07 15:39:51.697912 np0000004736 nova-conductor[98913]: DEBUG cotyledon.oslo_config_glue [-] oslo_messaging_rabbit.rpc_conn_pool_size = 30 {{(pid=98913) log_opt_values /opt/stack/data/venv/lib/python3.12/site-packages/oslo_config/cfg.py:3253}}
Jul 07 15:39:51.697912 np0000004736 nova-conductor[98913]: DEBUG cotyledon.oslo_config_glue [-] oslo_messaging_rabbit.ssl = False {{(pid=98913) log_opt_values /opt/stack/data/venv/lib/python3.12/site-packages/oslo_config/cfg.py:3253}}
Jul 07 15:39:51.697912 np0000004736 nova-conductor[98913]: DEBUG cotyledon.oslo_config_glue [-] oslo_messaging_rabbit.ssl_ca_file = {{(pid=98913) log_opt_values /opt/stack/data/venv/lib/python3.12/site-packages/oslo_config/cfg.py:3253}}
Jul 07 15:39:51.698092 np0000004736 nova-conductor[98913]: DEBUG cotyledon.oslo_config_glue [-] oslo_messaging_rabbit.ssl_cert_file = {{(pid=98913) log_opt_values /opt/stack/data/venv/lib/python3.12/site-packages/oslo_config/cfg.py:3253}}
Jul 07 15:39:51.698092 np0000004736 nova-conductor[98913]: DEBUG cotyledon.oslo_config_glue [-] oslo_messaging_rabbit.ssl_enforce_fips_mode = False {{(pid=98913) log_opt_values /opt/stack/data/venv/lib/python3.12/site-packages/oslo_config/cfg.py:3253}}
Jul 07 15:39:51.698092 np0000004736 nova-conductor[98913]: DEBUG cotyledon.oslo_config_glue [-] oslo_messaging_rabbit.ssl_enforce_hostname_verification = True {{(pid=98913) log_opt_values /opt/stack/data/venv/lib/python3.12/site-packages/oslo_config/cfg.py:3253}}
Jul 07 15:39:51.698092 np0000004736 nova-conductor[98913]: DEBUG cotyledon.oslo_config_glue [-] oslo_messaging_rabbit.ssl_key_file = {{(pid=98913) log_opt_values /opt/stack/data/venv/lib/python3.12/site-packages/oslo_config/cfg.py:3253}}
Jul 07 15:39:51.698092 np0000004736 nova-conductor[98913]: DEBUG cotyledon.oslo_config_glue [-] oslo_messaging_rabbit.ssl_version = {{(pid=98913) log_opt_values /opt/stack/data/venv/lib/python3.12/site-packages/oslo_config/cfg.py:3253}}
Jul 07 15:39:51.698195 np0000004736 nova-conductor[98910]: INFO nova.service [-] Starting conductor node (version 33.1.0)
Jul 07 15:39:51.698224 np0000004736 nova-conductor[98913]: DEBUG cotyledon.oslo_config_glue [-] oslo_messaging_rabbit.use_queue_manager = False {{(pid=98913) log_opt_values /opt/stack/data/venv/lib/python3.12/site-packages/oslo_config/cfg.py:3253}}
Jul 07 15:39:51.698224 np0000004736 nova-conductor[98913]: DEBUG cotyledon.oslo_config_glue [-] oslo_messaging_notifications.driver = [] {{(pid=98913) log_opt_values /opt/stack/data/venv/lib/python3.12/site-packages/oslo_config/cfg.py:3253}}
Jul 07 15:39:51.698224 np0000004736 nova-conductor[98913]: DEBUG cotyledon.oslo_config_glue [-] oslo_messaging_notifications.retry = -1 {{(pid=98913) log_opt_values /opt/stack/data/venv/lib/python3.12/site-packages/oslo_config/cfg.py:3253}}
Jul 07 15:39:51.698224 np0000004736 nova-conductor[98913]: DEBUG cotyledon.oslo_config_glue [-] oslo_messaging_notifications.topics = ['notifications'] {{(pid=98913) log_opt_values /opt/stack/data/venv/lib/python3.12/site-packages/oslo_config/cfg.py:3253}}
Jul 07 15:39:51.698224 np0000004736 nova-conductor[98913]: DEBUG cotyledon.oslo_config_glue [-] oslo_messaging_notifications.transport_url = **** {{(pid=98913) log_opt_values /opt/stack/data/venv/lib/python3.12/site-packages/oslo_config/cfg.py:3253}}
Jul 07 15:39:51.698224 np0000004736 nova-conductor[98913]: DEBUG cotyledon.oslo_config_glue [-] oslo_limit.auth_section = None {{(pid=98913) log_opt_values /opt/stack/data/venv/lib/python3.12/site-packages/oslo_config/cfg.py:3253}}
Jul 07 15:39:51.698224 np0000004736 nova-conductor[98913]: DEBUG cotyledon.oslo_config_glue [-] oslo_limit.auth_type = None {{(pid=98913) log_opt_values /opt/stack/data/venv/lib/python3.12/site-packages/oslo_config/cfg.py:3253}}
Jul 07 15:39:51.698224 np0000004736 nova-conductor[98913]: DEBUG cotyledon.oslo_config_glue [-] oslo_limit.cafile = None {{(pid=98913) log_opt_values /opt/stack/data/venv/lib/python3.12/site-packages/oslo_config/cfg.py:3253}}
Jul 07 15:39:51.698224 np0000004736 nova-conductor[98913]: DEBUG cotyledon.oslo_config_glue [-] oslo_limit.certfile = None {{(pid=98913) log_opt_values /opt/stack/data/venv/lib/python3.12/site-packages/oslo_config/cfg.py:3253}}
Jul 07 15:39:51.698447 np0000004736 nova-conductor[98913]: DEBUG cotyledon.oslo_config_glue [-] oslo_limit.collect_timing = False {{(pid=98913) log_opt_values /opt/stack/data/venv/lib/python3.12/site-packages/oslo_config/cfg.py:3253}}
Jul 07 15:39:51.698447 np0000004736 nova-conductor[98913]: DEBUG cotyledon.oslo_config_glue [-] oslo_limit.connect_retries = None {{(pid=98913) log_opt_values /opt/stack/data/venv/lib/python3.12/site-packages/oslo_config/cfg.py:3253}}
Jul 07 15:39:51.698447 np0000004736 nova-conductor[98913]: DEBUG cotyledon.oslo_config_glue [-] oslo_limit.connect_retry_delay = None {{(pid=98913) log_opt_values /opt/stack/data/venv/lib/python3.12/site-packages/oslo_config/cfg.py:3253}}
Jul 07 15:39:51.698447 np0000004736 nova-conductor[98913]: DEBUG cotyledon.oslo_config_glue [-] oslo_limit.endpoint_id = None {{(pid=98913) log_opt_values /opt/stack/data/venv/lib/python3.12/site-packages/oslo_config/cfg.py:3253}}
Jul 07 15:39:51.698447 np0000004736 nova-conductor[98913]: DEBUG cotyledon.oslo_config_glue [-] oslo_limit.endpoint_interface = public {{(pid=98913) log_opt_values /opt/stack/data/venv/lib/python3.12/site-packages/oslo_config/cfg.py:3253}}
Jul 07 15:39:51.698447 np0000004736 nova-conductor[98913]: DEBUG cotyledon.oslo_config_glue [-] oslo_limit.endpoint_override = None {{(pid=98913) log_opt_values /opt/stack/data/venv/lib/python3.12/site-packages/oslo_config/cfg.py:3253}}
Jul 07 15:39:51.698447 np0000004736 nova-conductor[98913]: DEBUG cotyledon.oslo_config_glue [-] oslo_limit.endpoint_region_name = None {{(pid=98913) log_opt_values /opt/stack/data/venv/lib/python3.12/site-packages/oslo_config/cfg.py:3253}}
Jul 07 15:39:51.698447 np0000004736 nova-conductor[98913]: DEBUG cotyledon.oslo_config_glue [-] oslo_limit.endpoint_service_name = None {{(pid=98913) log_opt_values /opt/stack/data/venv/lib/python3.12/site-packages/oslo_config/cfg.py:3253}}
Jul 07 15:39:51.698447 np0000004736 nova-conductor[98913]: DEBUG cotyledon.oslo_config_glue [-] oslo_limit.endpoint_service_type = None {{(pid=98913) log_opt_values /opt/stack/data/venv/lib/python3.12/site-packages/oslo_config/cfg.py:3253}}
Jul 07 15:39:51.698933 np0000004736 nova-conductor[98913]: DEBUG cotyledon.oslo_config_glue [-] oslo_limit.insecure = False {{(pid=98913) log_opt_values /opt/stack/data/venv/lib/python3.12/site-packages/oslo_config/cfg.py:3253}}
Jul 07 15:39:51.698933 np0000004736 nova-conductor[98913]: DEBUG cotyledon.oslo_config_glue [-] oslo_limit.keyfile = None {{(pid=98913) log_opt_values /opt/stack/data/venv/lib/python3.12/site-packages/oslo_config/cfg.py:3253}}
Jul 07 15:39:51.698933 np0000004736 nova-conductor[98913]: DEBUG cotyledon.oslo_config_glue [-] oslo_limit.max_version = None {{(pid=98913) log_opt_values /opt/stack/data/venv/lib/python3.12/site-packages/oslo_config/cfg.py:3253}}
Jul 07 15:39:51.698933 np0000004736 nova-conductor[98913]: DEBUG cotyledon.oslo_config_glue [-] oslo_limit.min_version = None {{(pid=98913) log_opt_values /opt/stack/data/venv/lib/python3.12/site-packages/oslo_config/cfg.py:3253}}
Jul 07 15:39:51.698933 np0000004736 nova-conductor[98913]: DEBUG cotyledon.oslo_config_glue [-] oslo_limit.region_name = None {{(pid=98913) log_opt_values /opt/stack/data/venv/lib/python3.12/site-packages/oslo_config/cfg.py:3253}}
Jul 07 15:39:51.698933 np0000004736 nova-conductor[98913]: DEBUG cotyledon.oslo_config_glue [-] oslo_limit.retriable_status_codes = None {{(pid=98913) log_opt_values /opt/stack/data/venv/lib/python3.12/site-packages/oslo_config/cfg.py:3253}}
Jul 07 15:39:51.698933 np0000004736 nova-conductor[98913]: DEBUG cotyledon.oslo_config_glue [-] oslo_limit.service_name = None {{(pid=98913) log_opt_values /opt/stack/data/venv/lib/python3.12/site-packages/oslo_config/cfg.py:3253}}
Jul 07 15:39:51.698933 np0000004736 nova-conductor[98913]: DEBUG cotyledon.oslo_config_glue [-] oslo_limit.service_type = None {{(pid=98913) log_opt_values /opt/stack/data/venv/lib/python3.12/site-packages/oslo_config/cfg.py:3253}}
Jul 07 15:39:51.698933 np0000004736 nova-conductor[98913]: DEBUG cotyledon.oslo_config_glue [-] oslo_limit.split_loggers = False {{(pid=98913) log_opt_values /opt/stack/data/venv/lib/python3.12/site-packages/oslo_config/cfg.py:3253}}
Jul 07 15:39:51.699113 np0000004736 nova-conductor[98913]: DEBUG cotyledon.oslo_config_glue [-] oslo_limit.status_code_retries = None {{(pid=98913) log_opt_values /opt/stack/data/venv/lib/python3.12/site-packages/oslo_config/cfg.py:3253}}
Jul 07 15:39:51.699113 np0000004736 nova-conductor[98913]: DEBUG cotyledon.oslo_config_glue [-] oslo_limit.status_code_retry_delay = None {{(pid=98913) log_opt_values /opt/stack/data/venv/lib/python3.12/site-packages/oslo_config/cfg.py:3253}}
Jul 07 15:39:51.699113 np0000004736 nova-conductor[98913]: DEBUG cotyledon.oslo_config_glue [-] oslo_limit.timeout = None {{(pid=98913) log_opt_values /opt/stack/data/venv/lib/python3.12/site-packages/oslo_config/cfg.py:3253}}
Jul 07 15:39:51.699113 np0000004736 nova-conductor[98913]: DEBUG cotyledon.oslo_config_glue [-] oslo_limit.valid_interfaces = None {{(pid=98913) log_opt_values /opt/stack/data/venv/lib/python3.12/site-packages/oslo_config/cfg.py:3253}}
Jul 07 15:39:51.699113 np0000004736 nova-conductor[98913]: DEBUG cotyledon.oslo_config_glue [-] oslo_limit.version = None {{(pid=98913) log_opt_values /opt/stack/data/venv/lib/python3.12/site-packages/oslo_config/cfg.py:3253}}
Jul 07 15:39:51.699113 np0000004736 nova-conductor[98913]: DEBUG cotyledon.oslo_config_glue [-] oslo_reports.file_event_handler = None {{(pid=98913) log_opt_values /opt/stack/data/venv/lib/python3.12/site-packages/oslo_config/cfg.py:3253}}
Jul 07 15:39:51.699113 np0000004736 nova-conductor[98913]: DEBUG cotyledon.oslo_config_glue [-] oslo_reports.file_event_handler_interval = 1 {{(pid=98913) log_opt_values /opt/stack/data/venv/lib/python3.12/site-packages/oslo_config/cfg.py:3253}}
Jul 07 15:39:51.699113 np0000004736 nova-conductor[98913]: DEBUG cotyledon.oslo_config_glue [-] oslo_reports.log_dir = None {{(pid=98913) log_opt_values /opt/stack/data/venv/lib/python3.12/site-packages/oslo_config/cfg.py:3253}}
Jul 07 15:39:51.699113 np0000004736 nova-conductor[98913]: DEBUG cotyledon.oslo_config_glue [-] ******************************************************************************** {{(pid=98913) log_opt_values /opt/stack/data/venv/lib/python3.12/site-packages/oslo_config/cfg.py:3260}}
Jul 07 15:39:51.699296 np0000004736 nova-conductor[98913]: DEBUG cotyledon._service_worker [-] Run service ServiceWrapper(3) [98913] {{(pid=98913) wait_forever /opt/stack/data/venv/lib/python3.12/site-packages/cotyledon/_service_worker.py:218}}
Jul 07 15:39:51.699296 np0000004736 nova-conductor[98913]: INFO nova.service [-] Starting conductor node (version 33.1.0)
Jul 07 15:39:51.699341 np0000004736 nova-conductor[98908]: DEBUG dbcounter [-] [98908] Writer thread running {{(pid=98908) stat_writer /opt/stack/data/venv/lib/python3.12/site-packages/dbcounter.py:102}}
Jul 07 15:39:51.699375 np0000004736 nova-conductor[98906]: DEBUG dbcounter [-] [98906] Writer thread running {{(pid=98906) stat_writer /opt/stack/data/venv/lib/python3.12/site-packages/dbcounter.py:102}}
Jul 07 15:39:51.703680 np0000004736 nova-conductor[98906]: DEBUG nova.service [None req-77968c00-b81b-457b-bda9-a768648f4580 None None] Creating RPC server for service: nova-conductor on topic: conductor {{(pid=98906) start /opt/stack/nova/nova/service.py:196}}
Jul 07 15:39:51.710900 np0000004736 nova-conductor[98908]: DEBUG nova.service [None req-7268f625-706a-4e1e-9e78-5bd0872a8221 None None] Creating RPC server for service: nova-conductor on topic: conductor {{(pid=98908) start /opt/stack/nova/nova/service.py:196}}
Jul 07 15:39:51.713002 np0000004736 nova-conductor[98910]: DEBUG dbcounter [-] [98910] Writer thread running {{(pid=98910) stat_writer /opt/stack/data/venv/lib/python3.12/site-packages/dbcounter.py:102}}
Jul 07 15:39:51.715722 np0000004736 nova-conductor[98913]: DEBUG dbcounter [-] [98913] Writer thread running {{(pid=98913) stat_writer /opt/stack/data/venv/lib/python3.12/site-packages/dbcounter.py:102}}
Jul 07 15:39:51.717226 np0000004736 nova-conductor[98910]: DEBUG nova.service [None req-90b4c162-dfbf-422e-912a-f46672263eaa None None] Creating RPC server for service: nova-conductor on topic: conductor {{(pid=98910) start /opt/stack/nova/nova/service.py:196}}
Jul 07 15:39:51.719121 np0000004736 nova-conductor[98913]: DEBUG nova.service [None req-8d2165b4-376a-4802-9880-0f0342cf7f26 None None] Creating RPC server for service: nova-conductor on topic: conductor {{(pid=98913) start /opt/stack/nova/nova/service.py:196}}
Jul 07 15:39:51.730343 np0000004736 nova-conductor[98908]: DEBUG nova.service [None req-7268f625-706a-4e1e-9e78-5bd0872a8221 None None] Join ServiceGroup membership for this service conductor {{(pid=98908) start /opt/stack/nova/nova/service.py:222}}
Jul 07 15:39:51.730519 np0000004736 nova-conductor[98906]: DEBUG nova.service [None req-77968c00-b81b-457b-bda9-a768648f4580 None None] Join ServiceGroup membership for this service conductor {{(pid=98906) start /opt/stack/nova/nova/service.py:222}}
Jul 07 15:39:51.730736 np0000004736 nova-conductor[98908]: DEBUG nova.servicegroup.drivers.db [None req-7268f625-706a-4e1e-9e78-5bd0872a8221 None None] DB_Driver: join new ServiceGroup member np0000004736 to the conductor group, service = {{(pid=98908) join /opt/stack/nova/nova/servicegroup/drivers/db.py:44}}
Jul 07 15:39:51.730787 np0000004736 nova-conductor[98906]: DEBUG nova.servicegroup.drivers.db [None req-77968c00-b81b-457b-bda9-a768648f4580 None None] DB_Driver: join new ServiceGroup member np0000004736 to the conductor group, service = {{(pid=98906) join /opt/stack/nova/nova/servicegroup/drivers/db.py:44}}
Jul 07 15:39:51.735335 np0000004736 nova-conductor[98913]: DEBUG nova.service [None req-8d2165b4-376a-4802-9880-0f0342cf7f26 None None] Join ServiceGroup membership for this service conductor {{(pid=98913) start /opt/stack/nova/nova/service.py:222}}
Jul 07 15:39:51.735404 np0000004736 nova-conductor[98910]: DEBUG nova.service [None req-90b4c162-dfbf-422e-912a-f46672263eaa None None] Join ServiceGroup membership for this service conductor {{(pid=98910) start /opt/stack/nova/nova/service.py:222}}
Jul 07 15:39:51.735544 np0000004736 nova-conductor[98910]: DEBUG nova.servicegroup.drivers.db [None req-90b4c162-dfbf-422e-912a-f46672263eaa None None] DB_Driver: join new ServiceGroup member np0000004736 to the conductor group, service = {{(pid=98910) join /opt/stack/nova/nova/servicegroup/drivers/db.py:44}}
Jul 07 15:39:51.735598 np0000004736 nova-conductor[98913]: DEBUG nova.servicegroup.drivers.db [None req-8d2165b4-376a-4802-9880-0f0342cf7f26 None None] DB_Driver: join new ServiceGroup member np0000004736 to the conductor group, service = {{(pid=98913) join /opt/stack/nova/nova/servicegroup/drivers/db.py:44}}
Jul 07 15:39:56.754732 np0000004736 nova-conductor[98906]: DEBUG oslo.service.backend._threading.loopingcall [-] Fixed interval looping call 'nova.servicegroup.drivers.db.DbDriver._report_state' sleeping for 9.98 seconds {{(pid=98906) _run_loop /opt/stack/data/venv/lib/python3.12/site-packages/oslo_service/backend/_threading/loopingcall.py:125}}
Jul 07 15:39:56.755990 np0000004736 nova-conductor[98908]: DEBUG oslo.service.backend._threading.loopingcall [-] Fixed interval looping call 'nova.servicegroup.drivers.db.DbDriver._report_state' sleeping for 9.98 seconds {{(pid=98908) _run_loop /opt/stack/data/venv/lib/python3.12/site-packages/oslo_service/backend/_threading/loopingcall.py:125}}
Jul 07 15:39:56.759552 np0000004736 nova-conductor[98910]: DEBUG oslo.service.backend._threading.loopingcall [-] Fixed interval looping call 'nova.servicegroup.drivers.db.DbDriver._report_state' sleeping for 9.98 seconds {{(pid=98910) _run_loop /opt/stack/data/venv/lib/python3.12/site-packages/oslo_service/backend/_threading/loopingcall.py:125}}
Jul 07 15:39:56.760160 np0000004736 nova-conductor[98913]: DEBUG oslo.service.backend._threading.loopingcall [-] Fixed interval looping call 'nova.servicegroup.drivers.db.DbDriver._report_state' sleeping for 9.98 seconds {{(pid=98913) _run_loop /opt/stack/data/venv/lib/python3.12/site-packages/oslo_service/backend/_threading/loopingcall.py:125}}
Jul 07 15:40:01.468735 np0000004736 nova-conductor[97834]: DEBUG dbcounter [-] [97834] Writing DB stats nova_cell1:SELECT=1 {{(pid=97834) stat_writer /opt/stack/data/venv/lib/python3.12/site-packages/dbcounter.py:115}}
Jul 07 15:40:06.746942 np0000004736 nova-conductor[98908]: DEBUG oslo.service.backend._threading.loopingcall [-] Fixed interval looping call 'nova.servicegroup.drivers.db.DbDriver._report_state' sleeping for 9.99 seconds {{(pid=98908) _run_loop /opt/stack/data/venv/lib/python3.12/site-packages/oslo_service/backend/_threading/loopingcall.py:125}}
Jul 07 15:40:06.747638 np0000004736 nova-conductor[98906]: DEBUG oslo.service.backend._threading.loopingcall [-] Fixed interval looping call 'nova.servicegroup.drivers.db.DbDriver._report_state' sleeping for 9.99 seconds {{(pid=98906) _run_loop /opt/stack/data/venv/lib/python3.12/site-packages/oslo_service/backend/_threading/loopingcall.py:125}}
Jul 07 15:40:06.747913 np0000004736 nova-conductor[98913]: DEBUG oslo.service.backend._threading.loopingcall [-] Fixed interval looping call 'nova.servicegroup.drivers.db.DbDriver._report_state' sleeping for 9.99 seconds {{(pid=98913) _run_loop /opt/stack/data/venv/lib/python3.12/site-packages/oslo_service/backend/_threading/loopingcall.py:125}}
Jul 07 15:40:06.748472 np0000004736 nova-conductor[98910]: DEBUG oslo.service.backend._threading.loopingcall [-] Fixed interval looping call 'nova.servicegroup.drivers.db.DbDriver._report_state' sleeping for 9.99 seconds {{(pid=98910) _run_loop /opt/stack/data/venv/lib/python3.12/site-packages/oslo_service/backend/_threading/loopingcall.py:125}}
Jul 07 15:40:12.737735 np0000004736 nova-conductor[98913]: DEBUG oslo.service.backend._threading.loopingcall [None req-94d5452d-43e5-49f5-addf-6c09ea80bf1b None None] Dynamic interval looping call 'nova.service.Service.periodic_tasks' sleeping for 60.00 seconds {{(pid=98913) _run_loop /opt/stack/data/venv/lib/python3.12/site-packages/oslo_service/backend/_threading/loopingcall.py:125}}
Jul 07 15:40:16.743655 np0000004736 nova-conductor[98908]: DEBUG oslo.service.backend._threading.loopingcall [-] Fixed interval looping call 'nova.servicegroup.drivers.db.DbDriver._report_state' sleeping for 9.99 seconds {{(pid=98908) _run_loop /opt/stack/data/venv/lib/python3.12/site-packages/oslo_service/backend/_threading/loopingcall.py:125}}
Jul 07 15:40:16.744040 np0000004736 nova-conductor[98906]: DEBUG oslo.service.backend._threading.loopingcall [-] Fixed interval looping call 'nova.servicegroup.drivers.db.DbDriver._report_state' sleeping for 9.99 seconds {{(pid=98906) _run_loop /opt/stack/data/venv/lib/python3.12/site-packages/oslo_service/backend/_threading/loopingcall.py:125}}
Jul 07 15:40:16.744614 np0000004736 nova-conductor[98913]: DEBUG oslo.service.backend._threading.loopingcall [-] Fixed interval looping call 'nova.servicegroup.drivers.db.DbDriver._report_state' sleeping for 9.99 seconds {{(pid=98913) _run_loop /opt/stack/data/venv/lib/python3.12/site-packages/oslo_service/backend/_threading/loopingcall.py:125}}
Jul 07 15:40:16.745043 np0000004736 nova-conductor[98910]: DEBUG oslo.service.backend._threading.loopingcall [-] Fixed interval looping call 'nova.servicegroup.drivers.db.DbDriver._report_state' sleeping for 9.99 seconds {{(pid=98910) _run_loop /opt/stack/data/venv/lib/python3.12/site-packages/oslo_service/backend/_threading/loopingcall.py:125}}
Jul 07 15:40:18.737611 np0000004736 nova-conductor[98910]: DEBUG oslo.service.backend._threading.loopingcall [None req-e513cf66-083e-48d2-8486-c41b02a99cff None None] Dynamic interval looping call 'nova.service.Service.periodic_tasks' sleeping for 60.00 seconds {{(pid=98910) _run_loop /opt/stack/data/venv/lib/python3.12/site-packages/oslo_service/backend/_threading/loopingcall.py:125}}
Jul 07 15:40:26.742567 np0000004736 nova-conductor[98906]: DEBUG oslo.service.backend._threading.loopingcall [-] Fixed interval looping call 'nova.servicegroup.drivers.db.DbDriver._report_state' sleeping for 9.99 seconds {{(pid=98906) _run_loop /opt/stack/data/venv/lib/python3.12/site-packages/oslo_service/backend/_threading/loopingcall.py:125}}
Jul 07 15:40:26.743032 np0000004736 nova-conductor[98908]: DEBUG oslo.service.backend._threading.loopingcall [-] Fixed interval looping call 'nova.servicegroup.drivers.db.DbDriver._report_state' sleeping for 9.99 seconds {{(pid=98908) _run_loop /opt/stack/data/venv/lib/python3.12/site-packages/oslo_service/backend/_threading/loopingcall.py:125}}
Jul 07 15:40:26.743727 np0000004736 nova-conductor[98913]: DEBUG oslo.service.backend._threading.loopingcall [-] Fixed interval looping call 'nova.servicegroup.drivers.db.DbDriver._report_state' sleeping for 9.99 seconds {{(pid=98913) _run_loop /opt/stack/data/venv/lib/python3.12/site-packages/oslo_service/backend/_threading/loopingcall.py:125}}
Jul 07 15:40:26.744413 np0000004736 nova-conductor[98910]: DEBUG oslo.service.backend._threading.loopingcall [-] Fixed interval looping call 'nova.servicegroup.drivers.db.DbDriver._report_state' sleeping for 9.99 seconds {{(pid=98910) _run_loop /opt/stack/data/venv/lib/python3.12/site-packages/oslo_service/backend/_threading/loopingcall.py:125}}
Jul 07 15:40:29.732674 np0000004736 nova-conductor[98906]: DEBUG oslo.service.backend._threading.loopingcall [None req-1fc64e85-99d0-458f-af22-57e808b51420 None None] Dynamic interval looping call 'nova.service.Service.periodic_tasks' sleeping for 60.00 seconds {{(pid=98906) _run_loop /opt/stack/data/venv/lib/python3.12/site-packages/oslo_service/backend/_threading/loopingcall.py:125}}
Jul 07 15:40:35.732947 np0000004736 nova-conductor[98908]: DEBUG oslo.service.backend._threading.loopingcall [None req-ed8e9be1-5ccc-49fe-bf07-3dd0e4ee0163 None None] Dynamic interval looping call 'nova.service.Service.periodic_tasks' sleeping for 60.00 seconds {{(pid=98908) _run_loop /opt/stack/data/venv/lib/python3.12/site-packages/oslo_service/backend/_threading/loopingcall.py:125}}
Jul 07 15:40:36.739190 np0000004736 nova-conductor[98906]: DEBUG oslo.service.backend._threading.loopingcall [-] Fixed interval looping call 'nova.servicegroup.drivers.db.DbDriver._report_state' sleeping for 9.99 seconds {{(pid=98906) _run_loop /opt/stack/data/venv/lib/python3.12/site-packages/oslo_service/backend/_threading/loopingcall.py:125}}
Jul 07 15:40:36.739597 np0000004736 nova-conductor[98908]: DEBUG oslo.service.backend._threading.loopingcall [-] Fixed interval looping call 'nova.servicegroup.drivers.db.DbDriver._report_state' sleeping for 9.99 seconds {{(pid=98908) _run_loop /opt/stack/data/venv/lib/python3.12/site-packages/oslo_service/backend/_threading/loopingcall.py:125}}
Jul 07 15:40:36.739866 np0000004736 nova-conductor[98913]: DEBUG oslo.service.backend._threading.loopingcall [-] Fixed interval looping call 'nova.servicegroup.drivers.db.DbDriver._report_state' sleeping for 9.99 seconds {{(pid=98913) _run_loop /opt/stack/data/venv/lib/python3.12/site-packages/oslo_service/backend/_threading/loopingcall.py:125}}
Jul 07 15:40:36.740267 np0000004736 nova-conductor[98910]: DEBUG oslo.service.backend._threading.loopingcall [-] Fixed interval looping call 'nova.servicegroup.drivers.db.DbDriver._report_state' sleeping for 9.99 seconds {{(pid=98910) _run_loop /opt/stack/data/venv/lib/python3.12/site-packages/oslo_service/backend/_threading/loopingcall.py:125}}
Jul 07 15:40:46.738284 np0000004736 nova-conductor[98908]: DEBUG oslo.service.backend._threading.loopingcall [-] Fixed interval looping call 'nova.servicegroup.drivers.db.DbDriver._report_state' sleeping for 9.99 seconds {{(pid=98908) _run_loop /opt/stack/data/venv/lib/python3.12/site-packages/oslo_service/backend/_threading/loopingcall.py:125}}
Jul 07 15:40:46.738740 np0000004736 nova-conductor[98906]: DEBUG oslo.service.backend._threading.loopingcall [-] Fixed interval looping call 'nova.servicegroup.drivers.db.DbDriver._report_state' sleeping for 9.99 seconds {{(pid=98906) _run_loop /opt/stack/data/venv/lib/python3.12/site-packages/oslo_service/backend/_threading/loopingcall.py:125}}
Jul 07 15:40:46.739369 np0000004736 nova-conductor[98913]: DEBUG oslo.service.backend._threading.loopingcall [-] Fixed interval looping call 'nova.servicegroup.drivers.db.DbDriver._report_state' sleeping for 9.99 seconds {{(pid=98913) _run_loop /opt/stack/data/venv/lib/python3.12/site-packages/oslo_service/backend/_threading/loopingcall.py:125}}
Jul 07 15:40:46.740198 np0000004736 nova-conductor[98910]: DEBUG oslo.service.backend._threading.loopingcall [-] Fixed interval looping call 'nova.servicegroup.drivers.db.DbDriver._report_state' sleeping for 9.99 seconds {{(pid=98910) _run_loop /opt/stack/data/venv/lib/python3.12/site-packages/oslo_service/backend/_threading/loopingcall.py:125}}
Jul 07 15:40:53.901854 np0000004736 nova-conductor[98910]: DEBUG dbcounter [-] [98910] Writing DB stats nova_cell1:SELECT=12,nova_cell1:UPDATE=5,nova_cell1:INSERT=1 {{(pid=98910) stat_writer /opt/stack/data/venv/lib/python3.12/site-packages/dbcounter.py:115}}
Jul 07 15:40:54.431085 np0000004736 nova-conductor[98908]: DEBUG dbcounter [-] [98908] Writing DB stats nova_cell1:SELECT=15,nova_cell1:INSERT=2,nova_cell1:UPDATE=7 {{(pid=98908) stat_writer /opt/stack/data/venv/lib/python3.12/site-packages/dbcounter.py:115}}
Jul 07 15:40:54.938560 np0000004736 nova-conductor[98906]: DEBUG dbcounter [-] [98906] Writing DB stats nova_cell1:SELECT=16,nova_cell1:INSERT=1,nova_cell1:UPDATE=7 {{(pid=98906) stat_writer /opt/stack/data/venv/lib/python3.12/site-packages/dbcounter.py:115}}
Jul 07 15:40:55.517769 np0000004736 nova-conductor[98913]: DEBUG dbcounter [-] [98913] Writing DB stats nova_cell1:SELECT=14,nova_cell1:UPDATE=6 {{(pid=98913) stat_writer /opt/stack/data/venv/lib/python3.12/site-packages/dbcounter.py:115}}
Jul 07 15:40:56.737081 np0000004736 nova-conductor[98908]: DEBUG oslo.service.backend._threading.loopingcall [-] Fixed interval looping call 'nova.servicegroup.drivers.db.DbDriver._report_state' sleeping for 9.99 seconds {{(pid=98908) _run_loop /opt/stack/data/venv/lib/python3.12/site-packages/oslo_service/backend/_threading/loopingcall.py:125}}
Jul 07 15:40:56.737593 np0000004736 nova-conductor[98906]: DEBUG oslo.service.backend._threading.loopingcall [-] Fixed interval looping call 'nova.servicegroup.drivers.db.DbDriver._report_state' sleeping for 9.99 seconds {{(pid=98906) _run_loop /opt/stack/data/venv/lib/python3.12/site-packages/oslo_service/backend/_threading/loopingcall.py:125}}
Jul 07 15:40:56.738294 np0000004736 nova-conductor[98913]: DEBUG oslo.service.backend._threading.loopingcall [-] Fixed interval looping call 'nova.servicegroup.drivers.db.DbDriver._report_state' sleeping for 9.99 seconds {{(pid=98913) _run_loop /opt/stack/data/venv/lib/python3.12/site-packages/oslo_service/backend/_threading/loopingcall.py:125}}
Jul 07 15:40:56.738926 np0000004736 nova-conductor[98910]: DEBUG oslo.service.backend._threading.loopingcall [-] Fixed interval looping call 'nova.servicegroup.drivers.db.DbDriver._report_state' sleeping for 9.99 seconds {{(pid=98910) _run_loop /opt/stack/data/venv/lib/python3.12/site-packages/oslo_service/backend/_threading/loopingcall.py:125}}
Jul 07 15:41:06.735079 np0000004736 nova-conductor[98908]: DEBUG oslo.service.backend._threading.loopingcall [-] Fixed interval looping call 'nova.servicegroup.drivers.db.DbDriver._report_state' sleeping for 9.99 seconds {{(pid=98908) _run_loop /opt/stack/data/venv/lib/python3.12/site-packages/oslo_service/backend/_threading/loopingcall.py:125}}
Jul 07 15:41:06.735664 np0000004736 nova-conductor[98906]: DEBUG oslo.service.backend._threading.loopingcall [-] Fixed interval looping call 'nova.servicegroup.drivers.db.DbDriver._report_state' sleeping for 9.99 seconds {{(pid=98906) _run_loop /opt/stack/data/venv/lib/python3.12/site-packages/oslo_service/backend/_threading/loopingcall.py:125}}
Jul 07 15:41:06.736231 np0000004736 nova-conductor[98913]: DEBUG oslo.service.backend._threading.loopingcall [-] Fixed interval looping call 'nova.servicegroup.drivers.db.DbDriver._report_state' sleeping for 9.99 seconds {{(pid=98913) _run_loop /opt/stack/data/venv/lib/python3.12/site-packages/oslo_service/backend/_threading/loopingcall.py:125}}
Jul 07 15:41:06.736767 np0000004736 nova-conductor[98910]: DEBUG oslo.service.backend._threading.loopingcall [-] Fixed interval looping call 'nova.servicegroup.drivers.db.DbDriver._report_state' sleeping for 9.99 seconds {{(pid=98910) _run_loop /opt/stack/data/venv/lib/python3.12/site-packages/oslo_service/backend/_threading/loopingcall.py:125}}
Jul 07 15:41:12.738231 np0000004736 nova-conductor[98913]: DEBUG oslo.service.backend._threading.loopingcall [None req-94d5452d-43e5-49f5-addf-6c09ea80bf1b None None] Dynamic interval looping call 'nova.service.Service.periodic_tasks' sleeping for 60.00 seconds {{(pid=98913) _run_loop /opt/stack/data/venv/lib/python3.12/site-packages/oslo_service/backend/_threading/loopingcall.py:125}}
Jul 07 15:41:16.732328 np0000004736 nova-conductor[98906]: DEBUG oslo.service.backend._threading.loopingcall [-] Fixed interval looping call 'nova.servicegroup.drivers.db.DbDriver._report_state' sleeping for 9.99 seconds {{(pid=98906) _run_loop /opt/stack/data/venv/lib/python3.12/site-packages/oslo_service/backend/_threading/loopingcall.py:125}}
Jul 07 15:41:16.733978 np0000004736 nova-conductor[98908]: DEBUG oslo.service.backend._threading.loopingcall [-] Fixed interval looping call 'nova.servicegroup.drivers.db.DbDriver._report_state' sleeping for 9.99 seconds {{(pid=98908) _run_loop /opt/stack/data/venv/lib/python3.12/site-packages/oslo_service/backend/_threading/loopingcall.py:125}}
Jul 07 15:41:16.734426 np0000004736 nova-conductor[98913]: DEBUG oslo.service.backend._threading.loopingcall [-] Fixed interval looping call 'nova.servicegroup.drivers.db.DbDriver._report_state' sleeping for 9.99 seconds {{(pid=98913) _run_loop /opt/stack/data/venv/lib/python3.12/site-packages/oslo_service/backend/_threading/loopingcall.py:125}}
Jul 07 15:41:16.734763 np0000004736 nova-conductor[98910]: DEBUG oslo.service.backend._threading.loopingcall [-] Fixed interval looping call 'nova.servicegroup.drivers.db.DbDriver._report_state' sleeping for 9.99 seconds {{(pid=98910) _run_loop /opt/stack/data/venv/lib/python3.12/site-packages/oslo_service/backend/_threading/loopingcall.py:125}}
Jul 07 15:41:18.738020 np0000004736 nova-conductor[98910]: DEBUG oslo.service.backend._threading.loopingcall [None req-e513cf66-083e-48d2-8486-c41b02a99cff None None] Dynamic interval looping call 'nova.service.Service.periodic_tasks' sleeping for 60.00 seconds {{(pid=98910) _run_loop /opt/stack/data/venv/lib/python3.12/site-packages/oslo_service/backend/_threading/loopingcall.py:125}}
Jul 07 15:41:26.730396 np0000004736 nova-conductor[98906]: DEBUG oslo.service.backend._threading.loopingcall [-] Fixed interval looping call 'nova.servicegroup.drivers.db.DbDriver._report_state' sleeping for 9.99 seconds {{(pid=98906) _run_loop /opt/stack/data/venv/lib/python3.12/site-packages/oslo_service/backend/_threading/loopingcall.py:125}}
Jul 07 15:41:26.730932 np0000004736 nova-conductor[98908]: DEBUG oslo.service.backend._threading.loopingcall [-] Fixed interval looping call 'nova.servicegroup.drivers.db.DbDriver._report_state' sleeping for 9.99 seconds {{(pid=98908) _run_loop /opt/stack/data/venv/lib/python3.12/site-packages/oslo_service/backend/_threading/loopingcall.py:125}}
Jul 07 15:41:26.731170 np0000004736 nova-conductor[98913]: DEBUG oslo.service.backend._threading.loopingcall [-] Fixed interval looping call 'nova.servicegroup.drivers.db.DbDriver._report_state' sleeping for 9.99 seconds {{(pid=98913) _run_loop /opt/stack/data/venv/lib/python3.12/site-packages/oslo_service/backend/_threading/loopingcall.py:125}}
Jul 07 15:41:26.731885 np0000004736 nova-conductor[98910]: DEBUG oslo.service.backend._threading.loopingcall [-] Fixed interval looping call 'nova.servicegroup.drivers.db.DbDriver._report_state' sleeping for 9.99 seconds {{(pid=98910) _run_loop /opt/stack/data/venv/lib/python3.12/site-packages/oslo_service/backend/_threading/loopingcall.py:125}}
Jul 07 15:41:29.733235 np0000004736 nova-conductor[98906]: DEBUG oslo.service.backend._threading.loopingcall [None req-1fc64e85-99d0-458f-af22-57e808b51420 None None] Dynamic interval looping call 'nova.service.Service.periodic_tasks' sleeping for 60.00 seconds {{(pid=98906) _run_loop /opt/stack/data/venv/lib/python3.12/site-packages/oslo_service/backend/_threading/loopingcall.py:125}}
Jul 07 15:41:35.733991 np0000004736 nova-conductor[98908]: DEBUG oslo.service.backend._threading.loopingcall [None req-ed8e9be1-5ccc-49fe-bf07-3dd0e4ee0163 None None] Dynamic interval looping call 'nova.service.Service.periodic_tasks' sleeping for 60.00 seconds {{(pid=98908) _run_loop /opt/stack/data/venv/lib/python3.12/site-packages/oslo_service/backend/_threading/loopingcall.py:125}}
Jul 07 15:41:36.726638 np0000004736 nova-conductor[98908]: DEBUG oslo.service.backend._threading.loopingcall [-] Fixed interval looping call 'nova.servicegroup.drivers.db.DbDriver._report_state' sleeping for 9.99 seconds {{(pid=98908) _run_loop /opt/stack/data/venv/lib/python3.12/site-packages/oslo_service/backend/_threading/loopingcall.py:125}}
Jul 07 15:41:36.727094 np0000004736 nova-conductor[98906]: DEBUG oslo.service.backend._threading.loopingcall [-] Fixed interval looping call 'nova.servicegroup.drivers.db.DbDriver._report_state' sleeping for 9.99 seconds {{(pid=98906) _run_loop /opt/stack/data/venv/lib/python3.12/site-packages/oslo_service/backend/_threading/loopingcall.py:125}}
Jul 07 15:41:36.727445 np0000004736 nova-conductor[98910]: DEBUG oslo.service.backend._threading.loopingcall [-] Fixed interval looping call 'nova.servicegroup.drivers.db.DbDriver._report_state' sleeping for 9.99 seconds {{(pid=98910) _run_loop /opt/stack/data/venv/lib/python3.12/site-packages/oslo_service/backend/_threading/loopingcall.py:125}}
Jul 07 15:41:36.728254 np0000004736 nova-conductor[98913]: DEBUG oslo.service.backend._threading.loopingcall [-] Fixed interval looping call 'nova.servicegroup.drivers.db.DbDriver._report_state' sleeping for 9.99 seconds {{(pid=98913) _run_loop /opt/stack/data/venv/lib/python3.12/site-packages/oslo_service/backend/_threading/loopingcall.py:125}}
Jul 07 15:41:46.724649 np0000004736 nova-conductor[98908]: DEBUG oslo.service.backend._threading.loopingcall [-] Fixed interval looping call 'nova.servicegroup.drivers.db.DbDriver._report_state' sleeping for 9.99 seconds {{(pid=98908) _run_loop /opt/stack/data/venv/lib/python3.12/site-packages/oslo_service/backend/_threading/loopingcall.py:125}}
Jul 07 15:41:46.725135 np0000004736 nova-conductor[98910]: DEBUG oslo.service.backend._threading.loopingcall [-] Fixed interval looping call 'nova.servicegroup.drivers.db.DbDriver._report_state' sleeping for 9.99 seconds {{(pid=98910) _run_loop /opt/stack/data/venv/lib/python3.12/site-packages/oslo_service/backend/_threading/loopingcall.py:125}}
Jul 07 15:41:46.725519 np0000004736 nova-conductor[98906]: DEBUG oslo.service.backend._threading.loopingcall [-] Fixed interval looping call 'nova.servicegroup.drivers.db.DbDriver._report_state' sleeping for 9.99 seconds {{(pid=98906) _run_loop /opt/stack/data/venv/lib/python3.12/site-packages/oslo_service/backend/_threading/loopingcall.py:125}}
Jul 07 15:41:46.726146 np0000004736 nova-conductor[98913]: DEBUG oslo.service.backend._threading.loopingcall [-] Fixed interval looping call 'nova.servicegroup.drivers.db.DbDriver._report_state' sleeping for 9.99 seconds {{(pid=98913) _run_loop /opt/stack/data/venv/lib/python3.12/site-packages/oslo_service/backend/_threading/loopingcall.py:125}}
Jul 07 15:41:56.530356 np0000004736 nova-conductor[98908]: DEBUG dbcounter [-] [98908] Writing DB stats nova_cell1:SELECT=7,nova_cell1:UPDATE=6 {{(pid=98908) stat_writer /opt/stack/data/venv/lib/python3.12/site-packages/dbcounter.py:115}}
Jul 07 15:41:56.716613 np0000004736 nova-conductor[98910]: DEBUG dbcounter [-] [98910] Writing DB stats nova_cell1:SELECT=8,nova_cell1:UPDATE=7 {{(pid=98910) stat_writer /opt/stack/data/venv/lib/python3.12/site-packages/dbcounter.py:115}}
Jul 07 15:41:56.717261 np0000004736 nova-conductor[98906]: DEBUG dbcounter [-] [98906] Writing DB stats nova_cell1:SELECT=7,nova_cell1:UPDATE=6 {{(pid=98906) stat_writer /opt/stack/data/venv/lib/python3.12/site-packages/dbcounter.py:115}}
Jul 07 15:41:56.717907 np0000004736 nova-conductor[98913]: DEBUG dbcounter [-] [98913] Writing DB stats nova_cell1:SELECT=7,nova_cell1:UPDATE=6 {{(pid=98913) stat_writer /opt/stack/data/venv/lib/python3.12/site-packages/dbcounter.py:115}}
Jul 07 15:41:56.724824 np0000004736 nova-conductor[98910]: DEBUG oslo.service.backend._threading.loopingcall [-] Fixed interval looping call 'nova.servicegroup.drivers.db.DbDriver._report_state' sleeping for 9.99 seconds {{(pid=98910) _run_loop /opt/stack/data/venv/lib/python3.12/site-packages/oslo_service/backend/_threading/loopingcall.py:125}}
Jul 07 15:41:56.725686 np0000004736 nova-conductor[98906]: DEBUG oslo.service.backend._threading.loopingcall [-] Fixed interval looping call 'nova.servicegroup.drivers.db.DbDriver._report_state' sleeping for 9.99 seconds {{(pid=98906) _run_loop /opt/stack/data/venv/lib/python3.12/site-packages/oslo_service/backend/_threading/loopingcall.py:125}}
Jul 07 15:41:56.726196 np0000004736 nova-conductor[98908]: DEBUG oslo.service.backend._threading.loopingcall [-] Fixed interval looping call 'nova.servicegroup.drivers.db.DbDriver._report_state' sleeping for 9.99 seconds {{(pid=98908) _run_loop /opt/stack/data/venv/lib/python3.12/site-packages/oslo_service/backend/_threading/loopingcall.py:125}}
Jul 07 15:41:56.726992 np0000004736 nova-conductor[98913]: DEBUG oslo.service.backend._threading.loopingcall [-] Fixed interval looping call 'nova.servicegroup.drivers.db.DbDriver._report_state' sleeping for 9.99 seconds {{(pid=98913) _run_loop /opt/stack/data/venv/lib/python3.12/site-packages/oslo_service/backend/_threading/loopingcall.py:125}}
Jul 07 15:42:06.725807 np0000004736 nova-conductor[98910]: DEBUG oslo.service.backend._threading.loopingcall [-] Fixed interval looping call 'nova.servicegroup.drivers.db.DbDriver._report_state' sleeping for 9.99 seconds {{(pid=98910) _run_loop /opt/stack/data/venv/lib/python3.12/site-packages/oslo_service/backend/_threading/loopingcall.py:125}}
Jul 07 15:42:06.726631 np0000004736 nova-conductor[98913]: DEBUG oslo.service.backend._threading.loopingcall [-] Fixed interval looping call 'nova.servicegroup.drivers.db.DbDriver._report_state' sleeping for 9.99 seconds {{(pid=98913) _run_loop /opt/stack/data/venv/lib/python3.12/site-packages/oslo_service/backend/_threading/loopingcall.py:125}}
Jul 07 15:42:06.727366 np0000004736 nova-conductor[98908]: DEBUG oslo.service.backend._threading.loopingcall [-] Fixed interval looping call 'nova.servicegroup.drivers.db.DbDriver._report_state' sleeping for 9.99 seconds {{(pid=98908) _run_loop /opt/stack/data/venv/lib/python3.12/site-packages/oslo_service/backend/_threading/loopingcall.py:125}}
Jul 07 15:42:06.730136 np0000004736 nova-conductor[98906]: DEBUG oslo.service.backend._threading.loopingcall [-] Fixed interval looping call 'nova.servicegroup.drivers.db.DbDriver._report_state' sleeping for 9.99 seconds {{(pid=98906) _run_loop /opt/stack/data/venv/lib/python3.12/site-packages/oslo_service/backend/_threading/loopingcall.py:125}}
Jul 07 15:42:12.739290 np0000004736 nova-conductor[98913]: DEBUG oslo.service.backend._threading.loopingcall [None req-94d5452d-43e5-49f5-addf-6c09ea80bf1b None None] Dynamic interval looping call 'nova.service.Service.periodic_tasks' sleeping for 60.00 seconds {{(pid=98913) _run_loop /opt/stack/data/venv/lib/python3.12/site-packages/oslo_service/backend/_threading/loopingcall.py:125}}
Jul 07 15:42:16.723268 np0000004736 nova-conductor[98906]: DEBUG dbcounter [-] [98906] Writing DB stats nova_cell1:UPDATE=2,nova_cell1:SELECT=2 {{(pid=98906) stat_writer /opt/stack/data/venv/lib/python3.12/site-packages/dbcounter.py:115}}
Jul 07 15:42:16.730263 np0000004736 nova-conductor[98913]: DEBUG oslo.service.backend._threading.loopingcall [-] Fixed interval looping call 'nova.servicegroup.drivers.db.DbDriver._report_state' sleeping for 9.99 seconds {{(pid=98913) _run_loop /opt/stack/data/venv/lib/python3.12/site-packages/oslo_service/backend/_threading/loopingcall.py:125}}
Jul 07 15:42:16.732175 np0000004736 nova-conductor[98906]: DEBUG oslo.service.backend._threading.loopingcall [-] Fixed interval looping call 'nova.servicegroup.drivers.db.DbDriver._report_state' sleeping for 9.99 seconds {{(pid=98906) _run_loop /opt/stack/data/venv/lib/python3.12/site-packages/oslo_service/backend/_threading/loopingcall.py:125}}
Jul 07 15:42:16.732320 np0000004736 nova-conductor[98910]: DEBUG oslo.service.backend._threading.loopingcall [-] Fixed interval looping call 'nova.servicegroup.drivers.db.DbDriver._report_state' sleeping for 9.98 seconds {{(pid=98910) _run_loop /opt/stack/data/venv/lib/python3.12/site-packages/oslo_service/backend/_threading/loopingcall.py:125}}
Jul 07 15:42:16.732888 np0000004736 nova-conductor[98908]: DEBUG oslo.service.backend._threading.loopingcall [-] Fixed interval looping call 'nova.servicegroup.drivers.db.DbDriver._report_state' sleeping for 9.98 seconds {{(pid=98908) _run_loop /opt/stack/data/venv/lib/python3.12/site-packages/oslo_service/backend/_threading/loopingcall.py:125}}
Jul 07 15:42:18.739067 np0000004736 nova-conductor[98910]: DEBUG oslo.service.backend._threading.loopingcall [None req-e513cf66-083e-48d2-8486-c41b02a99cff None None] Dynamic interval looping call 'nova.service.Service.periodic_tasks' sleeping for 60.00 seconds {{(pid=98910) _run_loop /opt/stack/data/venv/lib/python3.12/site-packages/oslo_service/backend/_threading/loopingcall.py:125}}
Jul 07 15:42:26.725371 np0000004736 nova-conductor[98906]: DEBUG oslo.service.backend._threading.loopingcall [-] Fixed interval looping call 'nova.servicegroup.drivers.db.DbDriver._report_state' sleeping for 10.00 seconds {{(pid=98906) _run_loop /opt/stack/data/venv/lib/python3.12/site-packages/oslo_service/backend/_threading/loopingcall.py:125}}
Jul 07 15:42:26.726714 np0000004736 nova-conductor[98910]: DEBUG oslo.service.backend._threading.loopingcall [-] Fixed interval looping call 'nova.servicegroup.drivers.db.DbDriver._report_state' sleeping for 9.99 seconds {{(pid=98910) _run_loop /opt/stack/data/venv/lib/python3.12/site-packages/oslo_service/backend/_threading/loopingcall.py:125}}
Jul 07 15:42:26.727888 np0000004736 nova-conductor[98913]: DEBUG oslo.service.backend._threading.loopingcall [-] Fixed interval looping call 'nova.servicegroup.drivers.db.DbDriver._report_state' sleeping for 9.99 seconds {{(pid=98913) _run_loop /opt/stack/data/venv/lib/python3.12/site-packages/oslo_service/backend/_threading/loopingcall.py:125}}
Jul 07 15:42:26.730681 np0000004736 nova-conductor[98908]: DEBUG oslo.service.backend._threading.loopingcall [-] Fixed interval looping call 'nova.servicegroup.drivers.db.DbDriver._report_state' sleeping for 9.98 seconds {{(pid=98908) _run_loop /opt/stack/data/venv/lib/python3.12/site-packages/oslo_service/backend/_threading/loopingcall.py:125}}
Jul 07 15:42:29.733600 np0000004736 nova-conductor[98906]: DEBUG oslo.service.backend._threading.loopingcall [None req-1fc64e85-99d0-458f-af22-57e808b51420 None None] Dynamic interval looping call 'nova.service.Service.periodic_tasks' sleeping for 60.00 seconds {{(pid=98906) _run_loop /opt/stack/data/venv/lib/python3.12/site-packages/oslo_service/backend/_threading/loopingcall.py:125}}
Jul 07 15:42:35.735059 np0000004736 nova-conductor[98908]: DEBUG oslo.service.backend._threading.loopingcall [None req-ed8e9be1-5ccc-49fe-bf07-3dd0e4ee0163 None None] Dynamic interval looping call 'nova.service.Service.periodic_tasks' sleeping for 60.00 seconds {{(pid=98908) _run_loop /opt/stack/data/venv/lib/python3.12/site-packages/oslo_service/backend/_threading/loopingcall.py:125}}
Jul 07 15:42:36.725710 np0000004736 nova-conductor[98908]: DEBUG oslo.service.backend._threading.loopingcall [-] Fixed interval looping call 'nova.servicegroup.drivers.db.DbDriver._report_state' sleeping for 9.99 seconds {{(pid=98908) _run_loop /opt/stack/data/venv/lib/python3.12/site-packages/oslo_service/backend/_threading/loopingcall.py:125}}
Jul 07 15:42:36.726783 np0000004736 nova-conductor[98913]: DEBUG oslo.service.backend._threading.loopingcall [-] Fixed interval looping call 'nova.servicegroup.drivers.db.DbDriver._report_state' sleeping for 9.99 seconds {{(pid=98913) _run_loop /opt/stack/data/venv/lib/python3.12/site-packages/oslo_service/backend/_threading/loopingcall.py:125}}
Jul 07 15:42:36.727921 np0000004736 nova-conductor[98910]: DEBUG oslo.service.backend._threading.loopingcall [-] Fixed interval looping call 'nova.servicegroup.drivers.db.DbDriver._report_state' sleeping for 9.99 seconds {{(pid=98910) _run_loop /opt/stack/data/venv/lib/python3.12/site-packages/oslo_service/backend/_threading/loopingcall.py:125}}
Jul 07 15:42:36.729033 np0000004736 nova-conductor[98906]: DEBUG oslo.service.backend._threading.loopingcall [-] Fixed interval looping call 'nova.servicegroup.drivers.db.DbDriver._report_state' sleeping for 10.00 seconds {{(pid=98906) _run_loop /opt/stack/data/venv/lib/python3.12/site-packages/oslo_service/backend/_threading/loopingcall.py:125}}
