Jul 07 15:39:45.870966 np0000004736 nova-scheduler[96336]: DEBUG cotyledon.oslo_config_glue [-] oslo_messaging_metrics.metrics_buffer_size = 1000 {{(pid=96336) log_opt_values /opt/stack/data/venv/lib/python3.12/site-packages/oslo_config/cfg.py:3253}}
Jul 07 15:39:45.871254 np0000004736 nova-scheduler[96336]: DEBUG cotyledon.oslo_config_glue [-] oslo_messaging_metrics.metrics_enabled = False {{(pid=96336) log_opt_values /opt/stack/data/venv/lib/python3.12/site-packages/oslo_config/cfg.py:3253}}
Jul 07 15:39:45.871254 np0000004736 nova-scheduler[96336]: DEBUG cotyledon.oslo_config_glue [-] oslo_messaging_metrics.metrics_process_name = {{(pid=96336) log_opt_values /opt/stack/data/venv/lib/python3.12/site-packages/oslo_config/cfg.py:3253}}
Jul 07 15:39:45.871254 np0000004736 nova-scheduler[96336]: DEBUG cotyledon.oslo_config_glue [-] oslo_messaging_metrics.metrics_socket_file = /var/tmp/metrics_collector.sock {{(pid=96336) log_opt_values /opt/stack/data/venv/lib/python3.12/site-packages/oslo_config/cfg.py:3253}}
Jul 07 15:39:45.871254 np0000004736 nova-scheduler[96336]: DEBUG cotyledon.oslo_config_glue [-] oslo_messaging_metrics.metrics_thread_stop_timeout = 10 {{(pid=96336) log_opt_values /opt/stack/data/venv/lib/python3.12/site-packages/oslo_config/cfg.py:3253}}
Jul 07 15:39:45.871254 np0000004736 nova-scheduler[96336]: DEBUG cotyledon.oslo_config_glue [-] profiler.connection_string = messaging:// {{(pid=96336) log_opt_values /opt/stack/data/venv/lib/python3.12/site-packages/oslo_config/cfg.py:3253}}
Jul 07 15:39:45.871254 np0000004736 nova-scheduler[96336]: DEBUG cotyledon.oslo_config_glue [-] profiler.enabled = False {{(pid=96336) log_opt_values /opt/stack/data/venv/lib/python3.12/site-packages/oslo_config/cfg.py:3253}}
Jul 07 15:39:45.871254 np0000004736 nova-scheduler[96336]: DEBUG cotyledon.oslo_config_glue [-] profiler.es_doc_type = notification {{(pid=96336) log_opt_values /opt/stack/data/venv/lib/python3.12/site-packages/oslo_config/cfg.py:3253}}
Jul 07 15:39:45.871254 np0000004736 nova-scheduler[96336]: DEBUG cotyledon.oslo_config_glue [-] profiler.es_scroll_size = 10000 {{(pid=96336) log_opt_values /opt/stack/data/venv/lib/python3.12/site-packages/oslo_config/cfg.py:3253}}
Jul 07 15:39:45.871254 np0000004736 nova-scheduler[96336]: DEBUG cotyledon.oslo_config_glue [-] profiler.es_scroll_time = 2m {{(pid=96336) log_opt_values /opt/stack/data/venv/lib/python3.12/site-packages/oslo_config/cfg.py:3253}}
Jul 07 15:39:45.872111 np0000004736 nova-scheduler[96336]: DEBUG cotyledon.oslo_config_glue [-] profiler.filter_error_trace = False {{(pid=96336) log_opt_values /opt/stack/data/venv/lib/python3.12/site-packages/oslo_config/cfg.py:3253}}
Jul 07 15:39:45.872111 np0000004736 nova-scheduler[96336]: DEBUG cotyledon.oslo_config_glue [-] profiler.hmac_keys = **** {{(pid=96336) log_opt_values /opt/stack/data/venv/lib/python3.12/site-packages/oslo_config/cfg.py:3253}}
Jul 07 15:39:45.872111 np0000004736 nova-scheduler[96336]: DEBUG cotyledon.oslo_config_glue [-] profiler.sentinel_service_name = mymaster {{(pid=96336) log_opt_values /opt/stack/data/venv/lib/python3.12/site-packages/oslo_config/cfg.py:3253}}
Jul 07 15:39:45.872111 np0000004736 nova-scheduler[96336]: DEBUG cotyledon.oslo_config_glue [-] profiler.socket_timeout = 0.1 {{(pid=96336) log_opt_values /opt/stack/data/venv/lib/python3.12/site-packages/oslo_config/cfg.py:3253}}
Jul 07 15:39:45.872111 np0000004736 nova-scheduler[96336]: DEBUG cotyledon.oslo_config_glue [-] profiler.trace_requests = False {{(pid=96336) log_opt_values /opt/stack/data/venv/lib/python3.12/site-packages/oslo_config/cfg.py:3253}}
Jul 07 15:39:45.872111 np0000004736 nova-scheduler[96336]: DEBUG cotyledon.oslo_config_glue [-] profiler.trace_sqlalchemy = False {{(pid=96336) log_opt_values /opt/stack/data/venv/lib/python3.12/site-packages/oslo_config/cfg.py:3253}}
Jul 07 15:39:45.872111 np0000004736 nova-scheduler[96336]: DEBUG cotyledon.oslo_config_glue [-] profiler_jaeger.process_tags = {} {{(pid=96336) log_opt_values /opt/stack/data/venv/lib/python3.12/site-packages/oslo_config/cfg.py:3253}}
Jul 07 15:39:45.872111 np0000004736 nova-scheduler[96336]: DEBUG cotyledon.oslo_config_glue [-] profiler_jaeger.service_name_prefix = None {{(pid=96336) log_opt_values /opt/stack/data/venv/lib/python3.12/site-packages/oslo_config/cfg.py:3253}}
Jul 07 15:39:45.872111 np0000004736 nova-scheduler[96336]: DEBUG cotyledon.oslo_config_glue [-] profiler_otlp.service_name_prefix = None {{(pid=96336) log_opt_values /opt/stack/data/venv/lib/python3.12/site-packages/oslo_config/cfg.py:3253}}
Jul 07 15:39:45.872363 np0000004736 nova-scheduler[96336]: DEBUG cotyledon.oslo_config_glue [-] oslo_messaging_rabbit.amqp_auto_delete = False {{(pid=96336) log_opt_values /opt/stack/data/venv/lib/python3.12/site-packages/oslo_config/cfg.py:3253}}
Jul 07 15:39:45.872363 np0000004736 nova-scheduler[96336]: DEBUG cotyledon.oslo_config_glue [-] oslo_messaging_rabbit.amqp_durable_queues = False {{(pid=96336) log_opt_values /opt/stack/data/venv/lib/python3.12/site-packages/oslo_config/cfg.py:3253}}
Jul 07 15:39:45.872363 np0000004736 nova-scheduler[96336]: DEBUG cotyledon.oslo_config_glue [-] oslo_messaging_rabbit.conn_pool_min_size = 2 {{(pid=96336) log_opt_values /opt/stack/data/venv/lib/python3.12/site-packages/oslo_config/cfg.py:3253}}
Jul 07 15:39:45.872363 np0000004736 nova-scheduler[96336]: DEBUG cotyledon.oslo_config_glue [-] oslo_messaging_rabbit.conn_pool_ttl = 1200 {{(pid=96336) log_opt_values /opt/stack/data/venv/lib/python3.12/site-packages/oslo_config/cfg.py:3253}}
Jul 07 15:39:45.872363 np0000004736 nova-scheduler[96336]: DEBUG cotyledon.oslo_config_glue [-] oslo_messaging_rabbit.direct_mandatory_flag = True {{(pid=96336) log_opt_values /opt/stack/data/venv/lib/python3.12/site-packages/oslo_config/cfg.py:3253}}
Jul 07 15:39:45.872363 np0000004736 nova-scheduler[96336]: DEBUG cotyledon.oslo_config_glue [-] oslo_messaging_rabbit.enable_cancel_on_failover = False {{(pid=96336) log_opt_values /opt/stack/data/venv/lib/python3.12/site-packages/oslo_config/cfg.py:3253}}
Jul 07 15:39:45.872363 np0000004736 nova-scheduler[96336]: DEBUG cotyledon.oslo_config_glue [-] oslo_messaging_rabbit.heartbeat_rate = 3 {{(pid=96336) log_opt_values /opt/stack/data/venv/lib/python3.12/site-packages/oslo_config/cfg.py:3253}}
Jul 07 15:39:45.872363 np0000004736 nova-scheduler[96336]: DEBUG cotyledon.oslo_config_glue [-] oslo_messaging_rabbit.heartbeat_timeout_threshold = 60 {{(pid=96336) log_opt_values /opt/stack/data/venv/lib/python3.12/site-packages/oslo_config/cfg.py:3253}}
Jul 07 15:39:45.872363 np0000004736 nova-scheduler[96336]: DEBUG cotyledon.oslo_config_glue [-] oslo_messaging_rabbit.hostname = np0000004736 {{(pid=96336) log_opt_values /opt/stack/data/venv/lib/python3.12/site-packages/oslo_config/cfg.py:3253}}
Jul 07 15:39:45.872640 np0000004736 nova-scheduler[96336]: DEBUG cotyledon.oslo_config_glue [-] oslo_messaging_rabbit.kombu_compression = None {{(pid=96336) log_opt_values /opt/stack/data/venv/lib/python3.12/site-packages/oslo_config/cfg.py:3253}}
Jul 07 15:39:45.872640 np0000004736 nova-scheduler[96336]: DEBUG cotyledon.oslo_config_glue [-] oslo_messaging_rabbit.kombu_failover_strategy = round-robin {{(pid=96336) log_opt_values /opt/stack/data/venv/lib/python3.12/site-packages/oslo_config/cfg.py:3253}}
Jul 07 15:39:45.872640 np0000004736 nova-scheduler[96336]: DEBUG cotyledon.oslo_config_glue [-] oslo_messaging_rabbit.kombu_missing_consumer_retry_timeout = 60 {{(pid=96336) log_opt_values /opt/stack/data/venv/lib/python3.12/site-packages/oslo_config/cfg.py:3253}}
Jul 07 15:39:45.872640 np0000004736 nova-scheduler[96336]: DEBUG cotyledon.oslo_config_glue [-] oslo_messaging_rabbit.kombu_reconnect_delay = 1.0 {{(pid=96336) log_opt_values /opt/stack/data/venv/lib/python3.12/site-packages/oslo_config/cfg.py:3253}}
Jul 07 15:39:45.872640 np0000004736 nova-scheduler[96336]: DEBUG cotyledon.oslo_config_glue [-] oslo_messaging_rabbit.kombu_reconnect_splay = 0.0 {{(pid=96336) log_opt_values /opt/stack/data/venv/lib/python3.12/site-packages/oslo_config/cfg.py:3253}}
Jul 07 15:39:45.872640 np0000004736 nova-scheduler[96336]: DEBUG cotyledon.oslo_config_glue [-] oslo_messaging_rabbit.processname = nova-scheduler {{(pid=96336) log_opt_values /opt/stack/data/venv/lib/python3.12/site-packages/oslo_config/cfg.py:3253}}
Jul 07 15:39:45.872640 np0000004736 nova-scheduler[96336]: DEBUG cotyledon.oslo_config_glue [-] oslo_messaging_rabbit.rabbit_ha_queues = False {{(pid=96336) log_opt_values /opt/stack/data/venv/lib/python3.12/site-packages/oslo_config/cfg.py:3253}}
Jul 07 15:39:45.872640 np0000004736 nova-scheduler[96336]: DEBUG cotyledon.oslo_config_glue [-] oslo_messaging_rabbit.rabbit_interval_max = 30 {{(pid=96336) log_opt_values /opt/stack/data/venv/lib/python3.12/site-packages/oslo_config/cfg.py:3253}}
Jul 07 15:39:45.872640 np0000004736 nova-scheduler[96336]: DEBUG cotyledon.oslo_config_glue [-] oslo_messaging_rabbit.rabbit_login_method = AMQPLAIN {{(pid=96336) log_opt_values /opt/stack/data/venv/lib/python3.12/site-packages/oslo_config/cfg.py:3253}}
Jul 07 15:39:45.872882 np0000004736 nova-scheduler[96336]: DEBUG cotyledon.oslo_config_glue [-] oslo_messaging_rabbit.rabbit_qos_prefetch_count = 0 {{(pid=96336) log_opt_values /opt/stack/data/venv/lib/python3.12/site-packages/oslo_config/cfg.py:3253}}
Jul 07 15:39:45.872882 np0000004736 nova-scheduler[96336]: DEBUG cotyledon.oslo_config_glue [-] oslo_messaging_rabbit.rabbit_quorum_delivery_limit = 0 {{(pid=96336) log_opt_values /opt/stack/data/venv/lib/python3.12/site-packages/oslo_config/cfg.py:3253}}
Jul 07 15:39:45.872882 np0000004736 nova-scheduler[96336]: DEBUG cotyledon.oslo_config_glue [-] oslo_messaging_rabbit.rabbit_quorum_max_memory_bytes = 0 {{(pid=96336) log_opt_values /opt/stack/data/venv/lib/python3.12/site-packages/oslo_config/cfg.py:3253}}
Jul 07 15:39:45.872882 np0000004736 nova-scheduler[96336]: DEBUG cotyledon.oslo_config_glue [-] oslo_messaging_rabbit.rabbit_quorum_max_memory_length = 0 {{(pid=96336) log_opt_values /opt/stack/data/venv/lib/python3.12/site-packages/oslo_config/cfg.py:3253}}
Jul 07 15:39:45.872882 np0000004736 nova-scheduler[96336]: DEBUG cotyledon.oslo_config_glue [-] oslo_messaging_rabbit.rabbit_quorum_queue = False {{(pid=96336) log_opt_values /opt/stack/data/venv/lib/python3.12/site-packages/oslo_config/cfg.py:3253}}
Jul 07 15:39:45.872882 np0000004736 nova-scheduler[96336]: DEBUG cotyledon.oslo_config_glue [-] oslo_messaging_rabbit.rabbit_retry_backoff = 2 {{(pid=96336) log_opt_values /opt/stack/data/venv/lib/python3.12/site-packages/oslo_config/cfg.py:3253}}
Jul 07 15:39:45.872882 np0000004736 nova-scheduler[96336]: DEBUG cotyledon.oslo_config_glue [-] oslo_messaging_rabbit.rabbit_retry_interval = 1 {{(pid=96336) log_opt_values /opt/stack/data/venv/lib/python3.12/site-packages/oslo_config/cfg.py:3253}}
Jul 07 15:39:45.872882 np0000004736 nova-scheduler[96336]: DEBUG cotyledon.oslo_config_glue [-] oslo_messaging_rabbit.rabbit_stream_fanout = False {{(pid=96336) log_opt_values /opt/stack/data/venv/lib/python3.12/site-packages/oslo_config/cfg.py:3253}}
Jul 07 15:39:45.873121 np0000004736 nova-scheduler[96336]: DEBUG cotyledon.oslo_config_glue [-] oslo_messaging_rabbit.rabbit_transient_queues_ttl = 1800 {{(pid=96336) log_opt_values /opt/stack/data/venv/lib/python3.12/site-packages/oslo_config/cfg.py:3253}}
Jul 07 15:39:45.873121 np0000004736 nova-scheduler[96336]: DEBUG cotyledon.oslo_config_glue [-] oslo_messaging_rabbit.rabbit_transient_quorum_queue = False {{(pid=96336) log_opt_values /opt/stack/data/venv/lib/python3.12/site-packages/oslo_config/cfg.py:3253}}
Jul 07 15:39:45.873121 np0000004736 nova-scheduler[96336]: DEBUG cotyledon.oslo_config_glue [-] oslo_messaging_rabbit.rpc_conn_pool_size = 30 {{(pid=96336) log_opt_values /opt/stack/data/venv/lib/python3.12/site-packages/oslo_config/cfg.py:3253}}
Jul 07 15:39:45.873121 np0000004736 nova-scheduler[96336]: DEBUG cotyledon.oslo_config_glue [-] oslo_messaging_rabbit.ssl = False {{(pid=96336) log_opt_values /opt/stack/data/venv/lib/python3.12/site-packages/oslo_config/cfg.py:3253}}
Jul 07 15:39:45.873121 np0000004736 nova-scheduler[96336]: DEBUG cotyledon.oslo_config_glue [-] oslo_messaging_rabbit.ssl_ca_file = {{(pid=96336) log_opt_values /opt/stack/data/venv/lib/python3.12/site-packages/oslo_config/cfg.py:3253}}
Jul 07 15:39:45.873121 np0000004736 nova-scheduler[96336]: DEBUG cotyledon.oslo_config_glue [-] oslo_messaging_rabbit.ssl_cert_file = {{(pid=96336) log_opt_values /opt/stack/data/venv/lib/python3.12/site-packages/oslo_config/cfg.py:3253}}
Jul 07 15:39:45.873121 np0000004736 nova-scheduler[96336]: DEBUG cotyledon.oslo_config_glue [-] oslo_messaging_rabbit.ssl_enforce_fips_mode = False {{(pid=96336) log_opt_values /opt/stack/data/venv/lib/python3.12/site-packages/oslo_config/cfg.py:3253}}
Jul 07 15:39:45.873121 np0000004736 nova-scheduler[96336]: DEBUG cotyledon.oslo_config_glue [-] oslo_messaging_rabbit.ssl_enforce_hostname_verification = True {{(pid=96336) log_opt_values /opt/stack/data/venv/lib/python3.12/site-packages/oslo_config/cfg.py:3253}}
Jul 07 15:39:45.873121 np0000004736 nova-scheduler[96336]: DEBUG cotyledon.oslo_config_glue [-] oslo_messaging_rabbit.ssl_key_file = {{(pid=96336) log_opt_values /opt/stack/data/venv/lib/python3.12/site-packages/oslo_config/cfg.py:3253}}
Jul 07 15:39:45.873954 np0000004736 nova-scheduler[96336]: DEBUG cotyledon.oslo_config_glue [-] oslo_messaging_rabbit.ssl_version = {{(pid=96336) log_opt_values /opt/stack/data/venv/lib/python3.12/site-packages/oslo_config/cfg.py:3253}}
Jul 07 15:39:45.873954 np0000004736 nova-scheduler[96336]: DEBUG cotyledon.oslo_config_glue [-] oslo_messaging_rabbit.use_queue_manager = False {{(pid=96336) log_opt_values /opt/stack/data/venv/lib/python3.12/site-packages/oslo_config/cfg.py:3253}}
Jul 07 15:39:45.873954 np0000004736 nova-scheduler[96336]: DEBUG cotyledon.oslo_config_glue [-] oslo_messaging_notifications.driver = ['messagingv2'] {{(pid=96336) log_opt_values /opt/stack/data/venv/lib/python3.12/site-packages/oslo_config/cfg.py:3253}}
Jul 07 15:39:45.873954 np0000004736 nova-scheduler[96336]: DEBUG cotyledon.oslo_config_glue [-] oslo_messaging_notifications.retry = -1 {{(pid=96336) log_opt_values /opt/stack/data/venv/lib/python3.12/site-packages/oslo_config/cfg.py:3253}}
Jul 07 15:39:45.873954 np0000004736 nova-scheduler[96336]: DEBUG cotyledon.oslo_config_glue [-] oslo_messaging_notifications.topics = ['notifications'] {{(pid=96336) log_opt_values /opt/stack/data/venv/lib/python3.12/site-packages/oslo_config/cfg.py:3253}}
Jul 07 15:39:45.873954 np0000004736 nova-scheduler[96336]: DEBUG cotyledon.oslo_config_glue [-] oslo_messaging_notifications.transport_url = **** {{(pid=96336) log_opt_values /opt/stack/data/venv/lib/python3.12/site-packages/oslo_config/cfg.py:3253}}
Jul 07 15:39:45.873954 np0000004736 nova-scheduler[96336]: DEBUG cotyledon.oslo_config_glue [-] oslo_limit.auth_section = None {{(pid=96336) log_opt_values /opt/stack/data/venv/lib/python3.12/site-packages/oslo_config/cfg.py:3253}}
Jul 07 15:39:45.873954 np0000004736 nova-scheduler[96336]: DEBUG cotyledon.oslo_config_glue [-] oslo_limit.auth_type = None {{(pid=96336) log_opt_values /opt/stack/data/venv/lib/python3.12/site-packages/oslo_config/cfg.py:3253}}
Jul 07 15:39:45.873954 np0000004736 nova-scheduler[96336]: DEBUG cotyledon.oslo_config_glue [-] oslo_limit.cafile = None {{(pid=96336) log_opt_values /opt/stack/data/venv/lib/python3.12/site-packages/oslo_config/cfg.py:3253}}
Jul 07 15:39:45.874265 np0000004736 nova-scheduler[96336]: DEBUG cotyledon.oslo_config_glue [-] oslo_limit.certfile = None {{(pid=96336) log_opt_values /opt/stack/data/venv/lib/python3.12/site-packages/oslo_config/cfg.py:3253}}
Jul 07 15:39:45.874265 np0000004736 nova-scheduler[96336]: DEBUG cotyledon.oslo_config_glue [-] oslo_limit.collect_timing = False {{(pid=96336) log_opt_values /opt/stack/data/venv/lib/python3.12/site-packages/oslo_config/cfg.py:3253}}
Jul 07 15:39:45.874265 np0000004736 nova-scheduler[96336]: DEBUG cotyledon.oslo_config_glue [-] oslo_limit.connect_retries = None {{(pid=96336) log_opt_values /opt/stack/data/venv/lib/python3.12/site-packages/oslo_config/cfg.py:3253}}
Jul 07 15:39:45.874265 np0000004736 nova-scheduler[96336]: DEBUG cotyledon.oslo_config_glue [-] oslo_limit.connect_retry_delay = None {{(pid=96336) log_opt_values /opt/stack/data/venv/lib/python3.12/site-packages/oslo_config/cfg.py:3253}}
Jul 07 15:39:45.874265 np0000004736 nova-scheduler[96336]: DEBUG cotyledon.oslo_config_glue [-] oslo_limit.endpoint_id = None {{(pid=96336) log_opt_values /opt/stack/data/venv/lib/python3.12/site-packages/oslo_config/cfg.py:3253}}
Jul 07 15:39:45.874265 np0000004736 nova-scheduler[96336]: DEBUG cotyledon.oslo_config_glue [-] oslo_limit.endpoint_interface = public {{(pid=96336) log_opt_values /opt/stack/data/venv/lib/python3.12/site-packages/oslo_config/cfg.py:3253}}
Jul 07 15:39:45.874265 np0000004736 nova-scheduler[96336]: DEBUG cotyledon.oslo_config_glue [-] oslo_limit.endpoint_override = None {{(pid=96336) log_opt_values /opt/stack/data/venv/lib/python3.12/site-packages/oslo_config/cfg.py:3253}}
Jul 07 15:39:45.874265 np0000004736 nova-scheduler[96336]: DEBUG cotyledon.oslo_config_glue [-] oslo_limit.endpoint_region_name = None {{(pid=96336) log_opt_values /opt/stack/data/venv/lib/python3.12/site-packages/oslo_config/cfg.py:3253}}
Jul 07 15:39:45.874265 np0000004736 nova-scheduler[96336]: DEBUG cotyledon.oslo_config_glue [-] oslo_limit.endpoint_service_name = None {{(pid=96336) log_opt_values /opt/stack/data/venv/lib/python3.12/site-packages/oslo_config/cfg.py:3253}}
Jul 07 15:39:45.874570 np0000004736 nova-scheduler[96336]: DEBUG cotyledon.oslo_config_glue [-] oslo_limit.endpoint_service_type = None {{(pid=96336) log_opt_values /opt/stack/data/venv/lib/python3.12/site-packages/oslo_config/cfg.py:3253}}
Jul 07 15:39:45.874570 np0000004736 nova-scheduler[96336]: DEBUG cotyledon.oslo_config_glue [-] oslo_limit.insecure = False {{(pid=96336) log_opt_values /opt/stack/data/venv/lib/python3.12/site-packages/oslo_config/cfg.py:3253}}
Jul 07 15:39:45.874570 np0000004736 nova-scheduler[96336]: DEBUG cotyledon.oslo_config_glue [-] oslo_limit.keyfile = None {{(pid=96336) log_opt_values /opt/stack/data/venv/lib/python3.12/site-packages/oslo_config/cfg.py:3253}}
Jul 07 15:39:45.874570 np0000004736 nova-scheduler[96336]: DEBUG cotyledon.oslo_config_glue [-] oslo_limit.max_version = None {{(pid=96336) log_opt_values /opt/stack/data/venv/lib/python3.12/site-packages/oslo_config/cfg.py:3253}}
Jul 07 15:39:45.874570 np0000004736 nova-scheduler[96336]: DEBUG cotyledon.oslo_config_glue [-] oslo_limit.min_version = None {{(pid=96336) log_opt_values /opt/stack/data/venv/lib/python3.12/site-packages/oslo_config/cfg.py:3253}}
Jul 07 15:39:45.874570 np0000004736 nova-scheduler[96336]: DEBUG cotyledon.oslo_config_glue [-] oslo_limit.region_name = None {{(pid=96336) log_opt_values /opt/stack/data/venv/lib/python3.12/site-packages/oslo_config/cfg.py:3253}}
Jul 07 15:39:45.874570 np0000004736 nova-scheduler[96336]: DEBUG cotyledon.oslo_config_glue [-] oslo_limit.retriable_status_codes = None {{(pid=96336) log_opt_values /opt/stack/data/venv/lib/python3.12/site-packages/oslo_config/cfg.py:3253}}
Jul 07 15:39:45.874570 np0000004736 nova-scheduler[96336]: DEBUG cotyledon.oslo_config_glue [-] oslo_limit.service_name = None {{(pid=96336) log_opt_values /opt/stack/data/venv/lib/python3.12/site-packages/oslo_config/cfg.py:3253}}
Jul 07 15:39:45.874570 np0000004736 nova-scheduler[96336]: DEBUG cotyledon.oslo_config_glue [-] oslo_limit.service_type = None {{(pid=96336) log_opt_values /opt/stack/data/venv/lib/python3.12/site-packages/oslo_config/cfg.py:3253}}
Jul 07 15:39:45.874852 np0000004736 nova-scheduler[96336]: DEBUG cotyledon.oslo_config_glue [-] oslo_limit.split_loggers = False {{(pid=96336) log_opt_values /opt/stack/data/venv/lib/python3.12/site-packages/oslo_config/cfg.py:3253}}
Jul 07 15:39:45.874852 np0000004736 nova-scheduler[96336]: DEBUG cotyledon.oslo_config_glue [-] oslo_limit.status_code_retries = None {{(pid=96336) log_opt_values /opt/stack/data/venv/lib/python3.12/site-packages/oslo_config/cfg.py:3253}}
Jul 07 15:39:45.874852 np0000004736 nova-scheduler[96336]: DEBUG cotyledon.oslo_config_glue [-] oslo_limit.status_code_retry_delay = None {{(pid=96336) log_opt_values /opt/stack/data/venv/lib/python3.12/site-packages/oslo_config/cfg.py:3253}}
Jul 07 15:39:45.874852 np0000004736 nova-scheduler[96336]: DEBUG cotyledon.oslo_config_glue [-] oslo_limit.timeout = None {{(pid=96336) log_opt_values /opt/stack/data/venv/lib/python3.12/site-packages/oslo_config/cfg.py:3253}}
Jul 07 15:39:45.874852 np0000004736 nova-scheduler[96336]: DEBUG cotyledon.oslo_config_glue [-] oslo_limit.valid_interfaces = None {{(pid=96336) log_opt_values /opt/stack/data/venv/lib/python3.12/site-packages/oslo_config/cfg.py:3253}}
Jul 07 15:39:45.874852 np0000004736 nova-scheduler[96336]: DEBUG cotyledon.oslo_config_glue [-] oslo_limit.version = None {{(pid=96336) log_opt_values /opt/stack/data/venv/lib/python3.12/site-packages/oslo_config/cfg.py:3253}}
Jul 07 15:39:45.874852 np0000004736 nova-scheduler[96336]: DEBUG cotyledon.oslo_config_glue [-] oslo_reports.file_event_handler = None {{(pid=96336) log_opt_values /opt/stack/data/venv/lib/python3.12/site-packages/oslo_config/cfg.py:3253}}
Jul 07 15:39:45.874852 np0000004736 nova-scheduler[96336]: DEBUG cotyledon.oslo_config_glue [-] oslo_reports.file_event_handler_interval = 1 {{(pid=96336) log_opt_values /opt/stack/data/venv/lib/python3.12/site-packages/oslo_config/cfg.py:3253}}
Jul 07 15:39:45.874852 np0000004736 nova-scheduler[96336]: DEBUG cotyledon.oslo_config_glue [-] oslo_reports.log_dir = None {{(pid=96336) log_opt_values /opt/stack/data/venv/lib/python3.12/site-packages/oslo_config/cfg.py:3253}}
Jul 07 15:39:45.875124 np0000004736 nova-scheduler[96336]: DEBUG cotyledon.oslo_config_glue [-] ******************************************************************************** {{(pid=96336) log_opt_values /opt/stack/data/venv/lib/python3.12/site-packages/oslo_config/cfg.py:3260}}
Jul 07 15:39:45.875124 np0000004736 nova-scheduler[96336]: DEBUG cotyledon._service_worker [-] Run service ServiceWrapper(3) [96336] {{(pid=96336) wait_forever /opt/stack/data/venv/lib/python3.12/site-packages/cotyledon/_service_worker.py:218}}
Jul 07 15:39:45.875124 np0000004736 nova-scheduler[96336]: INFO nova.service [-] Starting scheduler node (version 33.1.0)
Jul 07 15:39:45.875222 np0000004736 nova-scheduler[96332]: DEBUG dbcounter [-] [96332] Writer thread running {{(pid=96332) stat_writer /opt/stack/data/venv/lib/python3.12/site-packages/dbcounter.py:102}}
Jul 07 15:39:45.875265 np0000004736 nova-scheduler[96330]: DEBUG oslo_db.sqlalchemy.engines [None req-ff098871-9291-43ac-9a07-1e48a7236181 None None] MySQL server mode set to STRICT_TRANS_TABLES,STRICT_ALL_TABLES,NO_ZERO_IN_DATE,NO_ZERO_DATE,ERROR_FOR_DIVISION_BY_ZERO,TRADITIONAL,NO_ENGINE_SUBSTITUTION {{(pid=96330) _check_effective_sql_mode /opt/stack/data/venv/lib/python3.12/site-packages/oslo_db/sqlalchemy/engines.py:325}}
Jul 07 15:39:45.875306 np0000004736 nova-scheduler[96336]: INFO dbcounter [None req-439436e7-e7be-4c53-9cb5-597ea3ed99b3 None None] Registered counter for database nova_cell0
Jul 07 15:39:45.875340 np0000004736 nova-scheduler[96330]: DEBUG dbcounter [-] [96330] Writer thread running {{(pid=96330) stat_writer /opt/stack/data/venv/lib/python3.12/site-packages/dbcounter.py:102}}
Jul 07 15:39:45.875376 np0000004736 nova-scheduler[96332]: DEBUG nova.service [None req-0448cfdc-4dc0-4509-8e5a-47adfb1066a0 None None] Creating RPC server for service: nova-scheduler on topic: scheduler {{(pid=96332) start /opt/stack/nova/nova/service.py:196}}
Jul 07 15:39:45.881512 np0000004736 nova-scheduler[96334]: DEBUG oslo_db.sqlalchemy.engines [None req-5977bf58-259e-4942-92d5-ec32bde0c326 None None] MySQL server mode set to STRICT_TRANS_TABLES,STRICT_ALL_TABLES,NO_ZERO_IN_DATE,NO_ZERO_DATE,ERROR_FOR_DIVISION_BY_ZERO,TRADITIONAL,NO_ENGINE_SUBSTITUTION {{(pid=96334) _check_effective_sql_mode /opt/stack/data/venv/lib/python3.12/site-packages/oslo_db/sqlalchemy/engines.py:325}}
Jul 07 15:39:45.892765 np0000004736 nova-scheduler[96330]: DEBUG nova.service [None req-ff098871-9291-43ac-9a07-1e48a7236181 None None] Creating RPC server for service: nova-scheduler on topic: scheduler {{(pid=96330) start /opt/stack/nova/nova/service.py:196}}
Jul 07 15:39:45.895774 np0000004736 nova-scheduler[96334]: DEBUG dbcounter [-] [96334] Writer thread running {{(pid=96334) stat_writer /opt/stack/data/venv/lib/python3.12/site-packages/dbcounter.py:102}}
Jul 07 15:39:45.899740 np0000004736 nova-scheduler[96334]: DEBUG nova.service [None req-5977bf58-259e-4942-92d5-ec32bde0c326 None None] Creating RPC server for service: nova-scheduler on topic: scheduler {{(pid=96334) start /opt/stack/nova/nova/service.py:196}}
Jul 07 15:39:45.902589 np0000004736 nova-scheduler[96332]: DEBUG nova.service [None req-0448cfdc-4dc0-4509-8e5a-47adfb1066a0 None None] Join ServiceGroup membership for this service scheduler {{(pid=96332) start /opt/stack/nova/nova/service.py:222}}
Jul 07 15:39:45.903039 np0000004736 nova-scheduler[96332]: DEBUG nova.servicegroup.drivers.db [None req-0448cfdc-4dc0-4509-8e5a-47adfb1066a0 None None] DB_Driver: join new ServiceGroup member np0000004736 to the scheduler group, service = {{(pid=96332) join /opt/stack/nova/nova/servicegroup/drivers/db.py:44}}
Jul 07 15:39:45.914534 np0000004736 nova-scheduler[96336]: DEBUG oslo_db.sqlalchemy.engines [None req-439436e7-e7be-4c53-9cb5-597ea3ed99b3 None None] MySQL server mode set to STRICT_TRANS_TABLES,STRICT_ALL_TABLES,NO_ZERO_IN_DATE,NO_ZERO_DATE,ERROR_FOR_DIVISION_BY_ZERO,TRADITIONAL,NO_ENGINE_SUBSTITUTION {{(pid=96336) _check_effective_sql_mode /opt/stack/data/venv/lib/python3.12/site-packages/oslo_db/sqlalchemy/engines.py:325}}
Jul 07 15:39:45.914882 np0000004736 nova-scheduler[96330]: DEBUG nova.service [None req-ff098871-9291-43ac-9a07-1e48a7236181 None None] Join ServiceGroup membership for this service scheduler {{(pid=96330) start /opt/stack/nova/nova/service.py:222}}
Jul 07 15:39:45.915189 np0000004736 nova-scheduler[96330]: DEBUG nova.servicegroup.drivers.db [None req-ff098871-9291-43ac-9a07-1e48a7236181 None None] DB_Driver: join new ServiceGroup member np0000004736 to the scheduler group, service = {{(pid=96330) join /opt/stack/nova/nova/servicegroup/drivers/db.py:44}}
Jul 07 15:39:45.925748 np0000004736 nova-scheduler[96336]: DEBUG dbcounter [-] [96336] Writer thread running {{(pid=96336) stat_writer /opt/stack/data/venv/lib/python3.12/site-packages/dbcounter.py:102}}
Jul 07 15:39:45.926144 np0000004736 nova-scheduler[96334]: DEBUG nova.service [None req-5977bf58-259e-4942-92d5-ec32bde0c326 None None] Join ServiceGroup membership for this service scheduler {{(pid=96334) start /opt/stack/nova/nova/service.py:222}}
Jul 07 15:39:45.926358 np0000004736 nova-scheduler[96334]: DEBUG nova.servicegroup.drivers.db [None req-5977bf58-259e-4942-92d5-ec32bde0c326 None None] DB_Driver: join new ServiceGroup member np0000004736 to the scheduler group, service = {{(pid=96334) join /opt/stack/nova/nova/servicegroup/drivers/db.py:44}}
Jul 07 15:39:45.928855 np0000004736 nova-scheduler[96336]: DEBUG nova.service [None req-439436e7-e7be-4c53-9cb5-597ea3ed99b3 None None] Creating RPC server for service: nova-scheduler on topic: scheduler {{(pid=96336) start /opt/stack/nova/nova/service.py:196}}
Jul 07 15:39:45.952369 np0000004736 nova-scheduler[96336]: DEBUG nova.service [None req-439436e7-e7be-4c53-9cb5-597ea3ed99b3 None None] Join ServiceGroup membership for this service scheduler {{(pid=96336) start /opt/stack/nova/nova/service.py:222}}
Jul 07 15:39:45.952700 np0000004736 nova-scheduler[96336]: DEBUG nova.servicegroup.drivers.db [None req-439436e7-e7be-4c53-9cb5-597ea3ed99b3 None None] DB_Driver: join new ServiceGroup member np0000004736 to the scheduler group, service = {{(pid=96336) join /opt/stack/nova/nova/servicegroup/drivers/db.py:44}}
Jul 07 15:39:47.928461 np0000004736 nova-scheduler[96334]: DEBUG oslo.service.backend._threading.loopingcall [None req-f315bd41-2bd5-4728-9a19-b94159b6fceb None None] Dynamic interval looping call 'nova.service.Service.periodic_tasks' sleeping for 60.00 seconds {{(pid=96334) _run_loop /opt/stack/data/venv/lib/python3.12/site-packages/oslo_service/backend/_threading/loopingcall.py:125}}
Jul 07 15:39:48.954882 np0000004736 nova-scheduler[96336]: DEBUG oslo.service.backend._threading.loopingcall [None req-b2a998df-366c-4af0-a45a-0927b31d8f3a None None] Dynamic interval looping call 'nova.service.Service.periodic_tasks' sleeping for 60.00 seconds {{(pid=96336) _run_loop /opt/stack/data/venv/lib/python3.12/site-packages/oslo_service/backend/_threading/loopingcall.py:125}}
Jul 07 15:39:50.916092 np0000004736 nova-scheduler[96332]: DEBUG oslo.service.backend._threading.loopingcall [-] Fixed interval looping call 'nova.servicegroup.drivers.db.DbDriver._report_state' sleeping for 119.99 seconds {{(pid=96332) _run_loop /opt/stack/data/venv/lib/python3.12/site-packages/oslo_service/backend/_threading/loopingcall.py:125}}
Jul 07 15:39:50.922589 np0000004736 nova-scheduler[96330]: DEBUG oslo.service.backend._threading.loopingcall [-] Fixed interval looping call 'nova.servicegroup.drivers.db.DbDriver._report_state' sleeping for 119.99 seconds {{(pid=96330) _run_loop /opt/stack/data/venv/lib/python3.12/site-packages/oslo_service/backend/_threading/loopingcall.py:125}}
Jul 07 15:39:50.939008 np0000004736 nova-scheduler[96334]: DEBUG oslo.service.backend._threading.loopingcall [-] Fixed interval looping call 'nova.servicegroup.drivers.db.DbDriver._report_state' sleeping for 119.99 seconds {{(pid=96334) _run_loop /opt/stack/data/venv/lib/python3.12/site-packages/oslo_service/backend/_threading/loopingcall.py:125}}
Jul 07 15:39:50.963998 np0000004736 nova-scheduler[96336]: DEBUG oslo.service.backend._threading.loopingcall [-] Fixed interval looping call 'nova.servicegroup.drivers.db.DbDriver._report_state' sleeping for 119.99 seconds {{(pid=96336) _run_loop /opt/stack/data/venv/lib/python3.12/site-packages/oslo_service/backend/_threading/loopingcall.py:125}}
Jul 07 15:39:54.473596 np0000004736 nova-scheduler[95138]: DEBUG dbcounter [-] [95138] Writing DB stats nova_api:SELECT=3 {{(pid=95138) stat_writer /opt/stack/data/venv/lib/python3.12/site-packages/dbcounter.py:115}}
Jul 07 15:39:54.610577 np0000004736 nova-scheduler[95138]: DEBUG dbcounter [-] [95138] Writing DB stats nova_cell0:SELECT=1 {{(pid=95138) stat_writer /opt/stack/data/venv/lib/python3.12/site-packages/dbcounter.py:115}}
Jul 07 15:39:54.614865 np0000004736 nova-scheduler[95138]: DEBUG dbcounter [-] [95138] Writing DB stats nova_cell1:SELECT=1 {{(pid=95138) stat_writer /opt/stack/data/venv/lib/python3.12/site-packages/dbcounter.py:115}}
Jul 07 15:40:00.914508 np0000004736 nova-scheduler[96332]: DEBUG dbcounter [-] [96332] Writing DB stats nova_cell0:SELECT=4,nova_cell0:INSERT=1,nova_cell0:UPDATE=1 {{(pid=96332) stat_writer /opt/stack/data/venv/lib/python3.12/site-packages/dbcounter.py:115}}
Jul 07 15:40:00.920001 np0000004736 nova-scheduler[96330]: DEBUG dbcounter [-] [96330] Writing DB stats nova_cell0:SELECT=4,nova_cell0:INSERT=1 {{(pid=96330) stat_writer /opt/stack/data/venv/lib/python3.12/site-packages/dbcounter.py:115}}
Jul 07 15:40:00.935551 np0000004736 nova-scheduler[96334]: DEBUG dbcounter [-] [96334] Writing DB stats nova_cell0:SELECT=3 {{(pid=96334) stat_writer /opt/stack/data/venv/lib/python3.12/site-packages/dbcounter.py:115}}
Jul 07 15:40:00.960991 np0000004736 nova-scheduler[96336]: DEBUG dbcounter [-] [96336] Writing DB stats nova_cell0:SELECT=3 {{(pid=96336) stat_writer /opt/stack/data/venv/lib/python3.12/site-packages/dbcounter.py:115}}
Jul 07 15:40:14.917872 np0000004736 nova-scheduler[96330]: DEBUG oslo.service.backend._threading.loopingcall [None req-78779185-c153-468d-8ff1-885283896463 None None] Dynamic interval looping call 'nova.service.Service.periodic_tasks' sleeping for 60.00 seconds {{(pid=96330) _run_loop /opt/stack/data/venv/lib/python3.12/site-packages/oslo_service/backend/_threading/loopingcall.py:125}}
Jul 07 15:40:32.905083 np0000004736 nova-scheduler[96332]: DEBUG oslo.service.backend._threading.loopingcall [None req-6e136f0c-bc91-43da-9eba-e29743b88442 None None] Dynamic interval looping call 'nova.service.Service.periodic_tasks' sleeping for 60.00 seconds {{(pid=96332) _run_loop /opt/stack/data/venv/lib/python3.12/site-packages/oslo_service/backend/_threading/loopingcall.py:125}}
Jul 07 15:40:47.928986 np0000004736 nova-scheduler[96334]: DEBUG oslo.service.backend._threading.loopingcall [None req-f315bd41-2bd5-4728-9a19-b94159b6fceb None None] Dynamic interval looping call 'nova.service.Service.periodic_tasks' sleeping for 60.00 seconds {{(pid=96334) _run_loop /opt/stack/data/venv/lib/python3.12/site-packages/oslo_service/backend/_threading/loopingcall.py:125}}
Jul 07 15:40:48.955530 np0000004736 nova-scheduler[96336]: DEBUG oslo.service.backend._threading.loopingcall [None req-b2a998df-366c-4af0-a45a-0927b31d8f3a None None] Dynamic interval looping call 'nova.service.Service.periodic_tasks' sleeping for 60.00 seconds {{(pid=96336) _run_loop /opt/stack/data/venv/lib/python3.12/site-packages/oslo_service/backend/_threading/loopingcall.py:125}}
Jul 07 15:41:14.918419 np0000004736 nova-scheduler[96330]: DEBUG oslo.service.backend._threading.loopingcall [None req-78779185-c153-468d-8ff1-885283896463 None None] Dynamic interval looping call 'nova.service.Service.periodic_tasks' sleeping for 60.00 seconds {{(pid=96330) _run_loop /opt/stack/data/venv/lib/python3.12/site-packages/oslo_service/backend/_threading/loopingcall.py:125}}
Jul 07 15:41:32.905572 np0000004736 nova-scheduler[96332]: DEBUG oslo.service.backend._threading.loopingcall [None req-6e136f0c-bc91-43da-9eba-e29743b88442 None None] Dynamic interval looping call 'nova.service.Service.periodic_tasks' sleeping for 60.00 seconds {{(pid=96332) _run_loop /opt/stack/data/venv/lib/python3.12/site-packages/oslo_service/backend/_threading/loopingcall.py:125}}
Jul 07 15:41:47.929646 np0000004736 nova-scheduler[96334]: DEBUG oslo.service.backend._threading.loopingcall [None req-f315bd41-2bd5-4728-9a19-b94159b6fceb None None] Dynamic interval looping call 'nova.service.Service.periodic_tasks' sleeping for 60.00 seconds {{(pid=96334) _run_loop /opt/stack/data/venv/lib/python3.12/site-packages/oslo_service/backend/_threading/loopingcall.py:125}}
Jul 07 15:41:48.956027 np0000004736 nova-scheduler[96336]: DEBUG oslo.service.backend._threading.loopingcall [None req-b2a998df-366c-4af0-a45a-0927b31d8f3a None None] Dynamic interval looping call 'nova.service.Service.periodic_tasks' sleeping for 60.00 seconds {{(pid=96336) _run_loop /opt/stack/data/venv/lib/python3.12/site-packages/oslo_service/backend/_threading/loopingcall.py:125}}
Jul 07 15:41:50.912935 np0000004736 nova-scheduler[96332]: DEBUG oslo.service.backend._threading.loopingcall [-] Fixed interval looping call 'nova.servicegroup.drivers.db.DbDriver._report_state' sleeping for 119.99 seconds {{(pid=96332) _run_loop /opt/stack/data/venv/lib/python3.12/site-packages/oslo_service/backend/_threading/loopingcall.py:125}}
Jul 07 15:41:50.917250 np0000004736 nova-scheduler[96330]: DEBUG oslo.service.backend._threading.loopingcall [-] Fixed interval looping call 'nova.servicegroup.drivers.db.DbDriver._report_state' sleeping for 120.00 seconds {{(pid=96330) _run_loop /opt/stack/data/venv/lib/python3.12/site-packages/oslo_service/backend/_threading/loopingcall.py:125}}
Jul 07 15:41:50.932890 np0000004736 nova-scheduler[96334]: DEBUG oslo.service.backend._threading.loopingcall [-] Fixed interval looping call 'nova.servicegroup.drivers.db.DbDriver._report_state' sleeping for 120.00 seconds {{(pid=96334) _run_loop /opt/stack/data/venv/lib/python3.12/site-packages/oslo_service/backend/_threading/loopingcall.py:125}}
Jul 07 15:41:50.957803 np0000004736 nova-scheduler[96336]: DEBUG oslo.service.backend._threading.loopingcall [-] Fixed interval looping call 'nova.servicegroup.drivers.db.DbDriver._report_state' sleeping for 120.00 seconds {{(pid=96336) _run_loop /opt/stack/data/venv/lib/python3.12/site-packages/oslo_service/backend/_threading/loopingcall.py:125}}
Jul 07 15:42:00.909716 np0000004736 nova-scheduler[96332]: DEBUG dbcounter [-] [96332] Writing DB stats nova_cell0:SELECT=1,nova_cell0:UPDATE=1 {{(pid=96332) stat_writer /opt/stack/data/venv/lib/python3.12/site-packages/dbcounter.py:115}}
Jul 07 15:42:00.914895 np0000004736 nova-scheduler[96330]: DEBUG dbcounter [-] [96330] Writing DB stats nova_cell0:SELECT=1 {{(pid=96330) stat_writer /opt/stack/data/venv/lib/python3.12/site-packages/dbcounter.py:115}}
Jul 07 15:42:00.931063 np0000004736 nova-scheduler[96334]: DEBUG dbcounter [-] [96334] Writing DB stats nova_cell0:SELECT=1 {{(pid=96334) stat_writer /opt/stack/data/venv/lib/python3.12/site-packages/dbcounter.py:115}}
Jul 07 15:42:00.956226 np0000004736 nova-scheduler[96336]: DEBUG dbcounter [-] [96336] Writing DB stats nova_cell0:SELECT=1 {{(pid=96336) stat_writer /opt/stack/data/venv/lib/python3.12/site-packages/dbcounter.py:115}}
Jul 07 15:42:14.919047 np0000004736 nova-scheduler[96330]: DEBUG oslo.service.backend._threading.loopingcall [None req-78779185-c153-468d-8ff1-885283896463 None None] Dynamic interval looping call 'nova.service.Service.periodic_tasks' sleeping for 60.00 seconds {{(pid=96330) _run_loop /opt/stack/data/venv/lib/python3.12/site-packages/oslo_service/backend/_threading/loopingcall.py:125}}
Jul 07 15:42:18.993956 np0000004736 nova-scheduler[96332]: DEBUG nova.scheduler.manager [None req-ebc5e71b-03d8-4133-aa39-2b6de34c5f28 tempest-DeleteServersTestJSON-885615328 tempest-DeleteServersTestJSON-885615328-project-member] Starting to schedule for instances: ['cee119f6-1406-4568-a8ae-5d61f736f60e'] {{(pid=96332) select_destinations /opt/stack/nova/nova/scheduler/manager.py:209}}
Jul 07 15:42:18.994527 np0000004736 nova-scheduler[96332]: DEBUG nova.scheduler.request_filter [None req-ebc5e71b-03d8-4133-aa39-2b6de34c5f28 tempest-DeleteServersTestJSON-885615328 tempest-DeleteServersTestJSON-885615328-project-member] compute_status_filter request filter added forbidden trait COMPUTE_STATUS_DISABLED {{(pid=96332) compute_status_filter /opt/stack/nova/nova/scheduler/request_filter.py:253}}
Jul 07 15:42:18.994527 np0000004736 nova-scheduler[96332]: DEBUG nova.scheduler.request_filter [None req-ebc5e71b-03d8-4133-aa39-2b6de34c5f28 tempest-DeleteServersTestJSON-885615328 tempest-DeleteServersTestJSON-885615328-project-member] Request filter 'compute_status_filter' took 0.0 seconds {{(pid=96332) wrapper /opt/stack/nova/nova/scheduler/request_filter.py:46}}
Jul 07 15:42:18.994894 np0000004736 nova-scheduler[96332]: DEBUG nova.scheduler.request_filter [None req-ebc5e71b-03d8-4133-aa39-2b6de34c5f28 tempest-DeleteServersTestJSON-885615328 tempest-DeleteServersTestJSON-885615328-project-member] Request filter 'accelerators_filter' took 0.0 seconds {{(pid=96332) wrapper /opt/stack/nova/nova/scheduler/request_filter.py:46}}
Jul 07 15:42:18.995131 np0000004736 nova-scheduler[96332]: DEBUG nova.scheduler.request_filter [None req-ebc5e71b-03d8-4133-aa39-2b6de34c5f28 tempest-DeleteServersTestJSON-885615328 tempest-DeleteServersTestJSON-885615328-project-member] Request filter 'packed_virtqueue_filter' took 0.0 seconds {{(pid=96332) wrapper /opt/stack/nova/nova/scheduler/request_filter.py:46}}
Jul 07 15:42:18.995767 np0000004736 nova-scheduler[96332]: DEBUG nova.scheduler.request_filter [None req-ebc5e71b-03d8-4133-aa39-2b6de34c5f28 tempest-DeleteServersTestJSON-885615328 tempest-DeleteServersTestJSON-885615328-project-member] Request filter 'remote_managed_ports_filter' took 0.0 seconds {{(pid=96332) wrapper /opt/stack/nova/nova/scheduler/request_filter.py:46}}
Jul 07 15:42:18.995860 np0000004736 nova-scheduler[96332]: DEBUG nova.scheduler.request_filter [None req-ebc5e71b-03d8-4133-aa39-2b6de34c5f28 tempest-DeleteServersTestJSON-885615328 tempest-DeleteServersTestJSON-885615328-project-member] ephemeral_encryption_filter skipped {{(pid=96332) ephemeral_encryption_filter /opt/stack/nova/nova/scheduler/request_filter.py:426}}
Jul 07 15:42:18.996602 np0000004736 nova-scheduler[96332]: DEBUG nova.scheduler.request_filter [None req-ebc5e71b-03d8-4133-aa39-2b6de34c5f28 tempest-DeleteServersTestJSON-885615328 tempest-DeleteServersTestJSON-885615328-project-member] virtio_sound_filter skipped {{(pid=96332) virtio_sound_filter /opt/stack/nova/nova/scheduler/request_filter.py:460}}
Jul 07 15:42:18.996602 np0000004736 nova-scheduler[96332]: DEBUG nova.scheduler.request_filter [None req-ebc5e71b-03d8-4133-aa39-2b6de34c5f28 tempest-DeleteServersTestJSON-885615328 tempest-DeleteServersTestJSON-885615328-project-member] tpm_secret_security_filter skipped {{(pid=96332) tpm_secret_security_filter /opt/stack/nova/nova/scheduler/request_filter.py:477}}
Jul 07 15:42:19.645533 np0000004736 nova-scheduler[96332]: INFO nova.utils [None req-ebc5e71b-03d8-4133-aa39-2b6de34c5f28 tempest-DeleteServersTestJSON-885615328 tempest-DeleteServersTestJSON-885615328-project-member] The cell worker thread pool ForkProcess-2.cell_worker is initialized
Jul 07 15:42:19.645533 np0000004736 nova-scheduler[96332]: DEBUG oslo_concurrency.lockutils [None req-ebc5e71b-03d8-4133-aa39-2b6de34c5f28 tempest-DeleteServersTestJSON-885615328 tempest-DeleteServersTestJSON-885615328-project-member] Acquiring lock "0f1bdbe5-4061-40a7-8cdc-ad28033f3282" by "nova.context.set_target_cell..get_or_set_cached_cell_and_set_connections" {{(pid=96332) inner /opt/stack/data/venv/lib/python3.12/site-packages/oslo_concurrency/lockutils.py:511}}
Jul 07 15:42:19.645533 np0000004736 nova-scheduler[96332]: DEBUG oslo_concurrency.lockutils [None req-ebc5e71b-03d8-4133-aa39-2b6de34c5f28 tempest-DeleteServersTestJSON-885615328 tempest-DeleteServersTestJSON-885615328-project-member] Lock "0f1bdbe5-4061-40a7-8cdc-ad28033f3282" acquired by "nova.context.set_target_cell..get_or_set_cached_cell_and_set_connections" :: waited 0.000s {{(pid=96332) inner /opt/stack/data/venv/lib/python3.12/site-packages/oslo_concurrency/lockutils.py:524}}
Jul 07 15:42:19.647023 np0000004736 nova-scheduler[96332]: DEBUG oslo_concurrency.lockutils [None req-ebc5e71b-03d8-4133-aa39-2b6de34c5f28 tempest-DeleteServersTestJSON-885615328 tempest-DeleteServersTestJSON-885615328-project-member] Lock "0f1bdbe5-4061-40a7-8cdc-ad28033f3282" "released" by "nova.context.set_target_cell..get_or_set_cached_cell_and_set_connections" :: held 0.001s {{(pid=96332) inner /opt/stack/data/venv/lib/python3.12/site-packages/oslo_concurrency/lockutils.py:543}}
Jul 07 15:42:19.650515 np0000004736 nova-scheduler[96332]: INFO dbcounter [None req-ebc5e71b-03d8-4133-aa39-2b6de34c5f28 tempest-DeleteServersTestJSON-885615328 tempest-DeleteServersTestJSON-885615328-project-member] Registered counter for database nova_cell1
Jul 07 15:42:19.701922 np0000004736 nova-scheduler[96332]: DEBUG oslo_db.sqlalchemy.engines [None req-ebc5e71b-03d8-4133-aa39-2b6de34c5f28 tempest-DeleteServersTestJSON-885615328 tempest-DeleteServersTestJSON-885615328-project-member] MySQL server mode set to STRICT_TRANS_TABLES,STRICT_ALL_TABLES,NO_ZERO_IN_DATE,NO_ZERO_DATE,ERROR_FOR_DIVISION_BY_ZERO,TRADITIONAL,NO_ENGINE_SUBSTITUTION {{(pid=96332) _check_effective_sql_mode /opt/stack/data/venv/lib/python3.12/site-packages/oslo_db/sqlalchemy/engines.py:325}}
Jul 07 15:42:19.711199 np0000004736 nova-scheduler[96332]: DEBUG dbcounter [-] [96332] Writer thread running {{(pid=96332) stat_writer /opt/stack/data/venv/lib/python3.12/site-packages/dbcounter.py:102}}
Jul 07 15:42:19.729036 np0000004736 nova-scheduler[96332]: DEBUG oslo_db.sqlalchemy.engines [None req-ebc5e71b-03d8-4133-aa39-2b6de34c5f28 tempest-DeleteServersTestJSON-885615328 tempest-DeleteServersTestJSON-885615328-project-member] Parent process 95138 forked (96332) with an open database connection, which is being discarded and recreated. {{(pid=96332) checkout /opt/stack/data/venv/lib/python3.12/site-packages/oslo_db/sqlalchemy/engines.py:402}}
Jul 07 15:42:19.783693 np0000004736 nova-scheduler[96332]: DEBUG dbcounter [-] [96332] Writer thread running {{(pid=96332) stat_writer /opt/stack/data/venv/lib/python3.12/site-packages/dbcounter.py:102}}
Jul 07 15:42:19.786903 np0000004736 nova-scheduler[96332]: DEBUG oslo_concurrency.lockutils [None req-ebc5e71b-03d8-4133-aa39-2b6de34c5f28 tempest-DeleteServersTestJSON-885615328 tempest-DeleteServersTestJSON-885615328-project-member] Acquiring lock "0f1bdbe5-4061-40a7-8cdc-ad28033f3282" by "nova.context.set_target_cell..get_or_set_cached_cell_and_set_connections" {{(pid=96332) inner /opt/stack/data/venv/lib/python3.12/site-packages/oslo_concurrency/lockutils.py:511}}
Jul 07 15:42:19.787050 np0000004736 nova-scheduler[96332]: DEBUG oslo_concurrency.lockutils [None req-ebc5e71b-03d8-4133-aa39-2b6de34c5f28 tempest-DeleteServersTestJSON-885615328 tempest-DeleteServersTestJSON-885615328-project-member] Lock "0f1bdbe5-4061-40a7-8cdc-ad28033f3282" acquired by "nova.context.set_target_cell..get_or_set_cached_cell_and_set_connections" :: waited 0.000s {{(pid=96332) inner /opt/stack/data/venv/lib/python3.12/site-packages/oslo_concurrency/lockutils.py:524}}
Jul 07 15:42:19.787202 np0000004736 nova-scheduler[96332]: DEBUG oslo_concurrency.lockutils [None req-ebc5e71b-03d8-4133-aa39-2b6de34c5f28 tempest-DeleteServersTestJSON-885615328 tempest-DeleteServersTestJSON-885615328-project-member] Lock "0f1bdbe5-4061-40a7-8cdc-ad28033f3282" "released" by "nova.context.set_target_cell..get_or_set_cached_cell_and_set_connections" :: held 0.000s {{(pid=96332) inner /opt/stack/data/venv/lib/python3.12/site-packages/oslo_concurrency/lockutils.py:543}}
Jul 07 15:42:19.790735 np0000004736 nova-scheduler[96332]: DEBUG oslo_concurrency.lockutils [None req-ebc5e71b-03d8-4133-aa39-2b6de34c5f28 tempest-DeleteServersTestJSON-885615328 tempest-DeleteServersTestJSON-885615328-project-member] Acquiring lock "np0000004736-np0000004736" by "nova.scheduler.host_manager.HostState.update.._locked_update" {{(pid=96332) inner /opt/stack/data/venv/lib/python3.12/site-packages/oslo_concurrency/lockutils.py:511}}
Jul 07 15:42:19.790960 np0000004736 nova-scheduler[96332]: DEBUG oslo_concurrency.lockutils [None req-ebc5e71b-03d8-4133-aa39-2b6de34c5f28 tempest-DeleteServersTestJSON-885615328 tempest-DeleteServersTestJSON-885615328-project-member] Lock "np0000004736-np0000004736" acquired by "nova.scheduler.host_manager.HostState.update.._locked_update" :: waited 0.000s {{(pid=96332) inner /opt/stack/data/venv/lib/python3.12/site-packages/oslo_concurrency/lockutils.py:524}}
