Jul 07 15:39:51.331060 np0000004736 nova-conductor[98768]: DEBUG cotyledon.oslo_config_glue [-] oslo_middleware.http_basic_auth_user_file = /etc/htpasswd {{(pid=98768) log_opt_values /opt/stack/data/venv/lib/python3.12/site-packages/oslo_config/cfg.py:3253}}
Jul 07 15:39:51.331060 np0000004736 nova-conductor[98768]: DEBUG cotyledon.oslo_config_glue [-] profiler.connection_string = messaging:// {{(pid=98768) log_opt_values /opt/stack/data/venv/lib/python3.12/site-packages/oslo_config/cfg.py:3253}}
Jul 07 15:39:51.331244 np0000004736 nova-conductor[98768]: DEBUG cotyledon.oslo_config_glue [-] profiler.enabled = False {{(pid=98768) log_opt_values /opt/stack/data/venv/lib/python3.12/site-packages/oslo_config/cfg.py:3253}}
Jul 07 15:39:51.331244 np0000004736 nova-conductor[98768]: DEBUG cotyledon.oslo_config_glue [-] profiler.es_doc_type = notification {{(pid=98768) log_opt_values /opt/stack/data/venv/lib/python3.12/site-packages/oslo_config/cfg.py:3253}}
Jul 07 15:39:51.331244 np0000004736 nova-conductor[98768]: DEBUG cotyledon.oslo_config_glue [-] profiler.es_scroll_size = 10000 {{(pid=98768) log_opt_values /opt/stack/data/venv/lib/python3.12/site-packages/oslo_config/cfg.py:3253}}
Jul 07 15:39:51.331244 np0000004736 nova-conductor[98768]: DEBUG cotyledon.oslo_config_glue [-] profiler.es_scroll_time = 2m {{(pid=98768) log_opt_values /opt/stack/data/venv/lib/python3.12/site-packages/oslo_config/cfg.py:3253}}
Jul 07 15:39:51.331244 np0000004736 nova-conductor[98768]: DEBUG cotyledon.oslo_config_glue [-] profiler.filter_error_trace = False {{(pid=98768) log_opt_values /opt/stack/data/venv/lib/python3.12/site-packages/oslo_config/cfg.py:3253}}
Jul 07 15:39:51.331244 np0000004736 nova-conductor[98768]: DEBUG cotyledon.oslo_config_glue [-] profiler.hmac_keys = **** {{(pid=98768) log_opt_values /opt/stack/data/venv/lib/python3.12/site-packages/oslo_config/cfg.py:3253}}
Jul 07 15:39:51.331244 np0000004736 nova-conductor[98768]: DEBUG cotyledon.oslo_config_glue [-] profiler.sentinel_service_name = mymaster {{(pid=98768) log_opt_values /opt/stack/data/venv/lib/python3.12/site-packages/oslo_config/cfg.py:3253}}
Jul 07 15:39:51.331244 np0000004736 nova-conductor[98768]: DEBUG cotyledon.oslo_config_glue [-] profiler.socket_timeout = 0.1 {{(pid=98768) log_opt_values /opt/stack/data/venv/lib/python3.12/site-packages/oslo_config/cfg.py:3253}}
Jul 07 15:39:51.331244 np0000004736 nova-conductor[98768]: DEBUG cotyledon.oslo_config_glue [-] profiler.trace_requests = False {{(pid=98768) log_opt_values /opt/stack/data/venv/lib/python3.12/site-packages/oslo_config/cfg.py:3253}}
Jul 07 15:39:51.331424 np0000004736 nova-conductor[98768]: DEBUG cotyledon.oslo_config_glue [-] profiler.trace_sqlalchemy = False {{(pid=98768) log_opt_values /opt/stack/data/venv/lib/python3.12/site-packages/oslo_config/cfg.py:3253}}
Jul 07 15:39:51.331447 np0000004736 nova-conductor[98761]: INFO dbcounter [None req-0a6fa4d4-809b-4e70-a5b2-f8030c4a020e None None] Registered counter for database nova_cell0
Jul 07 15:39:51.331472 np0000004736 nova-conductor[98768]: DEBUG cotyledon.oslo_config_glue [-] profiler_jaeger.process_tags = {} {{(pid=98768) log_opt_values /opt/stack/data/venv/lib/python3.12/site-packages/oslo_config/cfg.py:3253}}
Jul 07 15:39:51.331472 np0000004736 nova-conductor[98768]: DEBUG cotyledon.oslo_config_glue [-] profiler_jaeger.service_name_prefix = None {{(pid=98768) log_opt_values /opt/stack/data/venv/lib/python3.12/site-packages/oslo_config/cfg.py:3253}}
Jul 07 15:39:51.331472 np0000004736 nova-conductor[98768]: DEBUG cotyledon.oslo_config_glue [-] profiler_otlp.service_name_prefix = None {{(pid=98768) log_opt_values /opt/stack/data/venv/lib/python3.12/site-packages/oslo_config/cfg.py:3253}}
Jul 07 15:39:51.331472 np0000004736 nova-conductor[98768]: DEBUG cotyledon.oslo_config_glue [-] oslo_messaging_rabbit.amqp_auto_delete = False {{(pid=98768) log_opt_values /opt/stack/data/venv/lib/python3.12/site-packages/oslo_config/cfg.py:3253}}
Jul 07 15:39:51.331472 np0000004736 nova-conductor[98768]: DEBUG cotyledon.oslo_config_glue [-] oslo_messaging_rabbit.amqp_durable_queues = False {{(pid=98768) log_opt_values /opt/stack/data/venv/lib/python3.12/site-packages/oslo_config/cfg.py:3253}}
Jul 07 15:39:51.331472 np0000004736 nova-conductor[98768]: DEBUG cotyledon.oslo_config_glue [-] oslo_messaging_rabbit.conn_pool_min_size = 2 {{(pid=98768) log_opt_values /opt/stack/data/venv/lib/python3.12/site-packages/oslo_config/cfg.py:3253}}
Jul 07 15:39:51.331472 np0000004736 nova-conductor[98768]: DEBUG cotyledon.oslo_config_glue [-] oslo_messaging_rabbit.conn_pool_ttl = 1200 {{(pid=98768) log_opt_values /opt/stack/data/venv/lib/python3.12/site-packages/oslo_config/cfg.py:3253}}
Jul 07 15:39:51.331472 np0000004736 nova-conductor[98768]: DEBUG cotyledon.oslo_config_glue [-] oslo_messaging_rabbit.direct_mandatory_flag = True {{(pid=98768) log_opt_values /opt/stack/data/venv/lib/python3.12/site-packages/oslo_config/cfg.py:3253}}
Jul 07 15:39:51.331472 np0000004736 nova-conductor[98768]: DEBUG cotyledon.oslo_config_glue [-] oslo_messaging_rabbit.enable_cancel_on_failover = False {{(pid=98768) log_opt_values /opt/stack/data/venv/lib/python3.12/site-packages/oslo_config/cfg.py:3253}}
Jul 07 15:39:51.331700 np0000004736 nova-conductor[98768]: DEBUG cotyledon.oslo_config_glue [-] oslo_messaging_rabbit.heartbeat_rate = 3 {{(pid=98768) log_opt_values /opt/stack/data/venv/lib/python3.12/site-packages/oslo_config/cfg.py:3253}}
Jul 07 15:39:51.331700 np0000004736 nova-conductor[98768]: DEBUG cotyledon.oslo_config_glue [-] oslo_messaging_rabbit.heartbeat_timeout_threshold = 60 {{(pid=98768) log_opt_values /opt/stack/data/venv/lib/python3.12/site-packages/oslo_config/cfg.py:3253}}
Jul 07 15:39:51.331700 np0000004736 nova-conductor[98768]: DEBUG cotyledon.oslo_config_glue [-] oslo_messaging_rabbit.hostname = np0000004736 {{(pid=98768) log_opt_values /opt/stack/data/venv/lib/python3.12/site-packages/oslo_config/cfg.py:3253}}
Jul 07 15:39:51.331700 np0000004736 nova-conductor[98768]: DEBUG cotyledon.oslo_config_glue [-] oslo_messaging_rabbit.kombu_compression = None {{(pid=98768) log_opt_values /opt/stack/data/venv/lib/python3.12/site-packages/oslo_config/cfg.py:3253}}
Jul 07 15:39:51.331700 np0000004736 nova-conductor[98768]: DEBUG cotyledon.oslo_config_glue [-] oslo_messaging_rabbit.kombu_failover_strategy = round-robin {{(pid=98768) log_opt_values /opt/stack/data/venv/lib/python3.12/site-packages/oslo_config/cfg.py:3253}}
Jul 07 15:39:51.331700 np0000004736 nova-conductor[98768]: DEBUG cotyledon.oslo_config_glue [-] oslo_messaging_rabbit.kombu_missing_consumer_retry_timeout = 60 {{(pid=98768) log_opt_values /opt/stack/data/venv/lib/python3.12/site-packages/oslo_config/cfg.py:3253}}
Jul 07 15:39:51.331700 np0000004736 nova-conductor[98768]: DEBUG cotyledon.oslo_config_glue [-] oslo_messaging_rabbit.kombu_reconnect_delay = 1.0 {{(pid=98768) log_opt_values /opt/stack/data/venv/lib/python3.12/site-packages/oslo_config/cfg.py:3253}}
Jul 07 15:39:51.331700 np0000004736 nova-conductor[98768]: DEBUG cotyledon.oslo_config_glue [-] oslo_messaging_rabbit.kombu_reconnect_splay = 0.0 {{(pid=98768) log_opt_values /opt/stack/data/venv/lib/python3.12/site-packages/oslo_config/cfg.py:3253}}
Jul 07 15:39:51.331700 np0000004736 nova-conductor[98768]: DEBUG cotyledon.oslo_config_glue [-] oslo_messaging_rabbit.processname = nova-conductor {{(pid=98768) log_opt_values /opt/stack/data/venv/lib/python3.12/site-packages/oslo_config/cfg.py:3253}}
Jul 07 15:39:51.331882 np0000004736 nova-conductor[98768]: DEBUG cotyledon.oslo_config_glue [-] oslo_messaging_rabbit.rabbit_ha_queues = False {{(pid=98768) log_opt_values /opt/stack/data/venv/lib/python3.12/site-packages/oslo_config/cfg.py:3253}}
Jul 07 15:39:51.331882 np0000004736 nova-conductor[98768]: DEBUG cotyledon.oslo_config_glue [-] oslo_messaging_rabbit.rabbit_interval_max = 30 {{(pid=98768) log_opt_values /opt/stack/data/venv/lib/python3.12/site-packages/oslo_config/cfg.py:3253}}
Jul 07 15:39:51.331882 np0000004736 nova-conductor[98768]: DEBUG cotyledon.oslo_config_glue [-] oslo_messaging_rabbit.rabbit_login_method = AMQPLAIN {{(pid=98768) log_opt_values /opt/stack/data/venv/lib/python3.12/site-packages/oslo_config/cfg.py:3253}}
Jul 07 15:39:51.331882 np0000004736 nova-conductor[98768]: DEBUG cotyledon.oslo_config_glue [-] oslo_messaging_rabbit.rabbit_qos_prefetch_count = 0 {{(pid=98768) log_opt_values /opt/stack/data/venv/lib/python3.12/site-packages/oslo_config/cfg.py:3253}}
Jul 07 15:39:51.331882 np0000004736 nova-conductor[98768]: DEBUG cotyledon.oslo_config_glue [-] oslo_messaging_rabbit.rabbit_quorum_delivery_limit = 0 {{(pid=98768) log_opt_values /opt/stack/data/venv/lib/python3.12/site-packages/oslo_config/cfg.py:3253}}
Jul 07 15:39:51.331882 np0000004736 nova-conductor[98768]: DEBUG cotyledon.oslo_config_glue [-] oslo_messaging_rabbit.rabbit_quorum_max_memory_bytes = 0 {{(pid=98768) log_opt_values /opt/stack/data/venv/lib/python3.12/site-packages/oslo_config/cfg.py:3253}}
Jul 07 15:39:51.331882 np0000004736 nova-conductor[98768]: DEBUG cotyledon.oslo_config_glue [-] oslo_messaging_rabbit.rabbit_quorum_max_memory_length = 0 {{(pid=98768) log_opt_values /opt/stack/data/venv/lib/python3.12/site-packages/oslo_config/cfg.py:3253}}
Jul 07 15:39:51.331882 np0000004736 nova-conductor[98768]: DEBUG cotyledon.oslo_config_glue [-] oslo_messaging_rabbit.rabbit_quorum_queue = False {{(pid=98768) log_opt_values /opt/stack/data/venv/lib/python3.12/site-packages/oslo_config/cfg.py:3253}}
Jul 07 15:39:51.331882 np0000004736 nova-conductor[98768]: DEBUG cotyledon.oslo_config_glue [-] oslo_messaging_rabbit.rabbit_retry_backoff = 2 {{(pid=98768) log_opt_values /opt/stack/data/venv/lib/python3.12/site-packages/oslo_config/cfg.py:3253}}
Jul 07 15:39:51.332055 np0000004736 nova-conductor[98768]: DEBUG cotyledon.oslo_config_glue [-] oslo_messaging_rabbit.rabbit_retry_interval = 1 {{(pid=98768) log_opt_values /opt/stack/data/venv/lib/python3.12/site-packages/oslo_config/cfg.py:3253}}
Jul 07 15:39:51.332055 np0000004736 nova-conductor[98768]: DEBUG cotyledon.oslo_config_glue [-] oslo_messaging_rabbit.rabbit_stream_fanout = False {{(pid=98768) log_opt_values /opt/stack/data/venv/lib/python3.12/site-packages/oslo_config/cfg.py:3253}}
Jul 07 15:39:51.332055 np0000004736 nova-conductor[98768]: DEBUG cotyledon.oslo_config_glue [-] oslo_messaging_rabbit.rabbit_transient_queues_ttl = 1800 {{(pid=98768) log_opt_values /opt/stack/data/venv/lib/python3.12/site-packages/oslo_config/cfg.py:3253}}
Jul 07 15:39:51.332055 np0000004736 nova-conductor[98768]: DEBUG cotyledon.oslo_config_glue [-] oslo_messaging_rabbit.rabbit_transient_quorum_queue = False {{(pid=98768) log_opt_values /opt/stack/data/venv/lib/python3.12/site-packages/oslo_config/cfg.py:3253}}
Jul 07 15:39:51.332055 np0000004736 nova-conductor[98768]: DEBUG cotyledon.oslo_config_glue [-] oslo_messaging_rabbit.rpc_conn_pool_size = 30 {{(pid=98768) log_opt_values /opt/stack/data/venv/lib/python3.12/site-packages/oslo_config/cfg.py:3253}}
Jul 07 15:39:51.332055 np0000004736 nova-conductor[98768]: DEBUG cotyledon.oslo_config_glue [-] oslo_messaging_rabbit.ssl = False {{(pid=98768) log_opt_values /opt/stack/data/venv/lib/python3.12/site-packages/oslo_config/cfg.py:3253}}
Jul 07 15:39:51.332055 np0000004736 nova-conductor[98768]: DEBUG cotyledon.oslo_config_glue [-] oslo_messaging_rabbit.ssl_ca_file = {{(pid=98768) log_opt_values /opt/stack/data/venv/lib/python3.12/site-packages/oslo_config/cfg.py:3253}}
Jul 07 15:39:51.332055 np0000004736 nova-conductor[98768]: DEBUG cotyledon.oslo_config_glue [-] oslo_messaging_rabbit.ssl_cert_file = {{(pid=98768) log_opt_values /opt/stack/data/venv/lib/python3.12/site-packages/oslo_config/cfg.py:3253}}
Jul 07 15:39:51.332055 np0000004736 nova-conductor[98768]: DEBUG cotyledon.oslo_config_glue [-] oslo_messaging_rabbit.ssl_enforce_fips_mode = False {{(pid=98768) log_opt_values /opt/stack/data/venv/lib/python3.12/site-packages/oslo_config/cfg.py:3253}}
Jul 07 15:39:51.332244 np0000004736 nova-conductor[98768]: DEBUG cotyledon.oslo_config_glue [-] oslo_messaging_rabbit.ssl_enforce_hostname_verification = True {{(pid=98768) log_opt_values /opt/stack/data/venv/lib/python3.12/site-packages/oslo_config/cfg.py:3253}}
Jul 07 15:39:51.332244 np0000004736 nova-conductor[98768]: DEBUG cotyledon.oslo_config_glue [-] oslo_messaging_rabbit.ssl_key_file = {{(pid=98768) log_opt_values /opt/stack/data/venv/lib/python3.12/site-packages/oslo_config/cfg.py:3253}}
Jul 07 15:39:51.332244 np0000004736 nova-conductor[98768]: DEBUG cotyledon.oslo_config_glue [-] oslo_messaging_rabbit.ssl_version = {{(pid=98768) log_opt_values /opt/stack/data/venv/lib/python3.12/site-packages/oslo_config/cfg.py:3253}}
Jul 07 15:39:51.332244 np0000004736 nova-conductor[98768]: DEBUG cotyledon.oslo_config_glue [-] oslo_messaging_rabbit.use_queue_manager = False {{(pid=98768) log_opt_values /opt/stack/data/venv/lib/python3.12/site-packages/oslo_config/cfg.py:3253}}
Jul 07 15:39:51.332244 np0000004736 nova-conductor[98768]: DEBUG cotyledon.oslo_config_glue [-] oslo_messaging_notifications.driver = ['messagingv2'] {{(pid=98768) log_opt_values /opt/stack/data/venv/lib/python3.12/site-packages/oslo_config/cfg.py:3253}}
Jul 07 15:39:51.332244 np0000004736 nova-conductor[98768]: DEBUG cotyledon.oslo_config_glue [-] oslo_messaging_notifications.retry = -1 {{(pid=98768) log_opt_values /opt/stack/data/venv/lib/python3.12/site-packages/oslo_config/cfg.py:3253}}
Jul 07 15:39:51.332244 np0000004736 nova-conductor[98768]: DEBUG cotyledon.oslo_config_glue [-] oslo_messaging_notifications.topics = ['notifications'] {{(pid=98768) log_opt_values /opt/stack/data/venv/lib/python3.12/site-packages/oslo_config/cfg.py:3253}}
Jul 07 15:39:51.332244 np0000004736 nova-conductor[98768]: DEBUG cotyledon.oslo_config_glue [-] oslo_messaging_notifications.transport_url = **** {{(pid=98768) log_opt_values /opt/stack/data/venv/lib/python3.12/site-packages/oslo_config/cfg.py:3253}}
Jul 07 15:39:51.332244 np0000004736 nova-conductor[98768]: DEBUG cotyledon.oslo_config_glue [-] oslo_limit.auth_section = None {{(pid=98768) log_opt_values /opt/stack/data/venv/lib/python3.12/site-packages/oslo_config/cfg.py:3253}}
Jul 07 15:39:51.332424 np0000004736 nova-conductor[98768]: DEBUG cotyledon.oslo_config_glue [-] oslo_limit.auth_type = None {{(pid=98768) log_opt_values /opt/stack/data/venv/lib/python3.12/site-packages/oslo_config/cfg.py:3253}}
Jul 07 15:39:51.332424 np0000004736 nova-conductor[98768]: DEBUG cotyledon.oslo_config_glue [-] oslo_limit.cafile = None {{(pid=98768) log_opt_values /opt/stack/data/venv/lib/python3.12/site-packages/oslo_config/cfg.py:3253}}
Jul 07 15:39:51.332424 np0000004736 nova-conductor[98768]: DEBUG cotyledon.oslo_config_glue [-] oslo_limit.certfile = None {{(pid=98768) log_opt_values /opt/stack/data/venv/lib/python3.12/site-packages/oslo_config/cfg.py:3253}}
Jul 07 15:39:51.332424 np0000004736 nova-conductor[98768]: DEBUG cotyledon.oslo_config_glue [-] oslo_limit.collect_timing = False {{(pid=98768) log_opt_values /opt/stack/data/venv/lib/python3.12/site-packages/oslo_config/cfg.py:3253}}
Jul 07 15:39:51.332424 np0000004736 nova-conductor[98768]: DEBUG cotyledon.oslo_config_glue [-] oslo_limit.connect_retries = None {{(pid=98768) log_opt_values /opt/stack/data/venv/lib/python3.12/site-packages/oslo_config/cfg.py:3253}}
Jul 07 15:39:51.332424 np0000004736 nova-conductor[98768]: DEBUG cotyledon.oslo_config_glue [-] oslo_limit.connect_retry_delay = None {{(pid=98768) log_opt_values /opt/stack/data/venv/lib/python3.12/site-packages/oslo_config/cfg.py:3253}}
Jul 07 15:39:51.332424 np0000004736 nova-conductor[98768]: DEBUG cotyledon.oslo_config_glue [-] oslo_limit.endpoint_id = None {{(pid=98768) log_opt_values /opt/stack/data/venv/lib/python3.12/site-packages/oslo_config/cfg.py:3253}}
Jul 07 15:39:51.332424 np0000004736 nova-conductor[98768]: DEBUG cotyledon.oslo_config_glue [-] oslo_limit.endpoint_interface = public {{(pid=98768) log_opt_values /opt/stack/data/venv/lib/python3.12/site-packages/oslo_config/cfg.py:3253}}
Jul 07 15:39:51.332424 np0000004736 nova-conductor[98768]: DEBUG cotyledon.oslo_config_glue [-] oslo_limit.endpoint_override = None {{(pid=98768) log_opt_values /opt/stack/data/venv/lib/python3.12/site-packages/oslo_config/cfg.py:3253}}
Jul 07 15:39:51.332637 np0000004736 nova-conductor[98768]: DEBUG cotyledon.oslo_config_glue [-] oslo_limit.endpoint_region_name = None {{(pid=98768) log_opt_values /opt/stack/data/venv/lib/python3.12/site-packages/oslo_config/cfg.py:3253}}
Jul 07 15:39:51.332637 np0000004736 nova-conductor[98768]: DEBUG cotyledon.oslo_config_glue [-] oslo_limit.endpoint_service_name = None {{(pid=98768) log_opt_values /opt/stack/data/venv/lib/python3.12/site-packages/oslo_config/cfg.py:3253}}
Jul 07 15:39:51.332637 np0000004736 nova-conductor[98768]: DEBUG cotyledon.oslo_config_glue [-] oslo_limit.endpoint_service_type = None {{(pid=98768) log_opt_values /opt/stack/data/venv/lib/python3.12/site-packages/oslo_config/cfg.py:3253}}
Jul 07 15:39:51.332637 np0000004736 nova-conductor[98768]: DEBUG cotyledon.oslo_config_glue [-] oslo_limit.insecure = False {{(pid=98768) log_opt_values /opt/stack/data/venv/lib/python3.12/site-packages/oslo_config/cfg.py:3253}}
Jul 07 15:39:51.332637 np0000004736 nova-conductor[98768]: DEBUG cotyledon.oslo_config_glue [-] oslo_limit.keyfile = None {{(pid=98768) log_opt_values /opt/stack/data/venv/lib/python3.12/site-packages/oslo_config/cfg.py:3253}}
Jul 07 15:39:51.332637 np0000004736 nova-conductor[98768]: DEBUG cotyledon.oslo_config_glue [-] oslo_limit.max_version = None {{(pid=98768) log_opt_values /opt/stack/data/venv/lib/python3.12/site-packages/oslo_config/cfg.py:3253}}
Jul 07 15:39:51.332637 np0000004736 nova-conductor[98768]: DEBUG cotyledon.oslo_config_glue [-] oslo_limit.min_version = None {{(pid=98768) log_opt_values /opt/stack/data/venv/lib/python3.12/site-packages/oslo_config/cfg.py:3253}}
Jul 07 15:39:51.332637 np0000004736 nova-conductor[98768]: DEBUG cotyledon.oslo_config_glue [-] oslo_limit.region_name = None {{(pid=98768) log_opt_values /opt/stack/data/venv/lib/python3.12/site-packages/oslo_config/cfg.py:3253}}
Jul 07 15:39:51.332637 np0000004736 nova-conductor[98768]: DEBUG cotyledon.oslo_config_glue [-] oslo_limit.retriable_status_codes = None {{(pid=98768) log_opt_values /opt/stack/data/venv/lib/python3.12/site-packages/oslo_config/cfg.py:3253}}
Jul 07 15:39:51.332828 np0000004736 nova-conductor[98768]: DEBUG cotyledon.oslo_config_glue [-] oslo_limit.service_name = None {{(pid=98768) log_opt_values /opt/stack/data/venv/lib/python3.12/site-packages/oslo_config/cfg.py:3253}}
Jul 07 15:39:51.332828 np0000004736 nova-conductor[98768]: DEBUG cotyledon.oslo_config_glue [-] oslo_limit.service_type = None {{(pid=98768) log_opt_values /opt/stack/data/venv/lib/python3.12/site-packages/oslo_config/cfg.py:3253}}
Jul 07 15:39:51.332828 np0000004736 nova-conductor[98768]: DEBUG cotyledon.oslo_config_glue [-] oslo_limit.split_loggers = False {{(pid=98768) log_opt_values /opt/stack/data/venv/lib/python3.12/site-packages/oslo_config/cfg.py:3253}}
Jul 07 15:39:51.332828 np0000004736 nova-conductor[98768]: DEBUG cotyledon.oslo_config_glue [-] oslo_limit.status_code_retries = None {{(pid=98768) log_opt_values /opt/stack/data/venv/lib/python3.12/site-packages/oslo_config/cfg.py:3253}}
Jul 07 15:39:51.332828 np0000004736 nova-conductor[98768]: DEBUG cotyledon.oslo_config_glue [-] oslo_limit.status_code_retry_delay = None {{(pid=98768) log_opt_values /opt/stack/data/venv/lib/python3.12/site-packages/oslo_config/cfg.py:3253}}
Jul 07 15:39:51.332828 np0000004736 nova-conductor[98768]: DEBUG cotyledon.oslo_config_glue [-] oslo_limit.timeout = None {{(pid=98768) log_opt_values /opt/stack/data/venv/lib/python3.12/site-packages/oslo_config/cfg.py:3253}}
Jul 07 15:39:51.332828 np0000004736 nova-conductor[98768]: DEBUG cotyledon.oslo_config_glue [-] oslo_limit.valid_interfaces = None {{(pid=98768) log_opt_values /opt/stack/data/venv/lib/python3.12/site-packages/oslo_config/cfg.py:3253}}
Jul 07 15:39:51.332828 np0000004736 nova-conductor[98768]: DEBUG cotyledon.oslo_config_glue [-] oslo_limit.version = None {{(pid=98768) log_opt_values /opt/stack/data/venv/lib/python3.12/site-packages/oslo_config/cfg.py:3253}}
Jul 07 15:39:51.332828 np0000004736 nova-conductor[98768]: DEBUG cotyledon.oslo_config_glue [-] oslo_reports.file_event_handler = None {{(pid=98768) log_opt_values /opt/stack/data/venv/lib/python3.12/site-packages/oslo_config/cfg.py:3253}}
Jul 07 15:39:51.333003 np0000004736 nova-conductor[98768]: DEBUG cotyledon.oslo_config_glue [-] oslo_reports.file_event_handler_interval = 1 {{(pid=98768) log_opt_values /opt/stack/data/venv/lib/python3.12/site-packages/oslo_config/cfg.py:3253}}
Jul 07 15:39:51.333003 np0000004736 nova-conductor[98768]: DEBUG cotyledon.oslo_config_glue [-] oslo_reports.log_dir = None {{(pid=98768) log_opt_values /opt/stack/data/venv/lib/python3.12/site-packages/oslo_config/cfg.py:3253}}
Jul 07 15:39:51.333003 np0000004736 nova-conductor[98768]: DEBUG cotyledon.oslo_config_glue [-] ******************************************************************************** {{(pid=98768) log_opt_values /opt/stack/data/venv/lib/python3.12/site-packages/oslo_config/cfg.py:3260}}
Jul 07 15:39:51.333003 np0000004736 nova-conductor[98768]: DEBUG cotyledon._service_worker [-] Run service ServiceWrapper(3) [98768] {{(pid=98768) wait_forever /opt/stack/data/venv/lib/python3.12/site-packages/cotyledon/_service_worker.py:218}}
Jul 07 15:39:51.333003 np0000004736 nova-conductor[98768]: INFO nova.service [-] Starting conductor node (version 33.1.0)
Jul 07 15:39:51.333003 np0000004736 nova-conductor[98768]: INFO dbcounter [None req-0fdf83c5-f5e7-4424-a2fb-7648ab98c5a2 None None] Registered counter for database nova_cell0
Jul 07 15:39:51.333122 np0000004736 nova-conductor[98753]: DEBUG oslo_db.sqlalchemy.engines [None req-16f77f66-03dc-4832-b5cb-e77ccbf4ab8d None None] MySQL server mode set to STRICT_TRANS_TABLES,STRICT_ALL_TABLES,NO_ZERO_IN_DATE,NO_ZERO_DATE,ERROR_FOR_DIVISION_BY_ZERO,TRADITIONAL,NO_ENGINE_SUBSTITUTION {{(pid=98753) _check_effective_sql_mode /opt/stack/data/venv/lib/python3.12/site-packages/oslo_db/sqlalchemy/engines.py:325}}
Jul 07 15:39:51.333122 np0000004736 nova-conductor[98753]: DEBUG dbcounter [-] [98753] Writer thread running {{(pid=98753) stat_writer /opt/stack/data/venv/lib/python3.12/site-packages/dbcounter.py:102}}
Jul 07 15:39:51.333174 np0000004736 nova-conductor[98739]: DEBUG oslo_db.sqlalchemy.engines [None req-c692308e-f4c2-4b32-bf4a-8b2e4f203d0b None None] MySQL server mode set to STRICT_TRANS_TABLES,STRICT_ALL_TABLES,NO_ZERO_IN_DATE,NO_ZERO_DATE,ERROR_FOR_DIVISION_BY_ZERO,TRADITIONAL,NO_ENGINE_SUBSTITUTION {{(pid=98739) _check_effective_sql_mode /opt/stack/data/venv/lib/python3.12/site-packages/oslo_db/sqlalchemy/engines.py:325}}
Jul 07 15:39:51.333202 np0000004736 nova-conductor[98761]: DEBUG oslo_db.sqlalchemy.engines [None req-0a6fa4d4-809b-4e70-a5b2-f8030c4a020e None None] MySQL server mode set to STRICT_TRANS_TABLES,STRICT_ALL_TABLES,NO_ZERO_IN_DATE,NO_ZERO_DATE,ERROR_FOR_DIVISION_BY_ZERO,TRADITIONAL,NO_ENGINE_SUBSTITUTION {{(pid=98761) _check_effective_sql_mode /opt/stack/data/venv/lib/python3.12/site-packages/oslo_db/sqlalchemy/engines.py:325}}
Jul 07 15:39:51.335268 np0000004736 nova-conductor[98739]: DEBUG dbcounter [-] [98739] Writer thread running {{(pid=98739) stat_writer /opt/stack/data/venv/lib/python3.12/site-packages/dbcounter.py:102}}
Jul 07 15:39:51.337986 np0000004736 nova-conductor[98761]: DEBUG dbcounter [-] [98761] Writer thread running {{(pid=98761) stat_writer /opt/stack/data/venv/lib/python3.12/site-packages/dbcounter.py:102}}
Jul 07 15:39:51.342949 np0000004736 nova-conductor[98753]: DEBUG nova.service [None req-16f77f66-03dc-4832-b5cb-e77ccbf4ab8d None None] Creating RPC server for service: nova-conductor on topic: conductor {{(pid=98753) start /opt/stack/nova/nova/service.py:196}}
Jul 07 15:39:51.351598 np0000004736 nova-conductor[98739]: DEBUG nova.service [None req-c692308e-f4c2-4b32-bf4a-8b2e4f203d0b None None] Creating RPC server for service: nova-conductor on topic: conductor {{(pid=98739) start /opt/stack/nova/nova/service.py:196}}
Jul 07 15:39:51.351814 np0000004736 nova-conductor[98761]: DEBUG nova.service [None req-0a6fa4d4-809b-4e70-a5b2-f8030c4a020e None None] Creating RPC server for service: nova-conductor on topic: conductor {{(pid=98761) start /opt/stack/nova/nova/service.py:196}}
Jul 07 15:39:51.357577 np0000004736 nova-conductor[98768]: DEBUG oslo_db.sqlalchemy.engines [None req-0fdf83c5-f5e7-4424-a2fb-7648ab98c5a2 None None] MySQL server mode set to STRICT_TRANS_TABLES,STRICT_ALL_TABLES,NO_ZERO_IN_DATE,NO_ZERO_DATE,ERROR_FOR_DIVISION_BY_ZERO,TRADITIONAL,NO_ENGINE_SUBSTITUTION {{(pid=98768) _check_effective_sql_mode /opt/stack/data/venv/lib/python3.12/site-packages/oslo_db/sqlalchemy/engines.py:325}}
Jul 07 15:39:51.369437 np0000004736 nova-conductor[98753]: DEBUG nova.service [None req-16f77f66-03dc-4832-b5cb-e77ccbf4ab8d None None] Join ServiceGroup membership for this service conductor {{(pid=98753) start /opt/stack/nova/nova/service.py:222}}
Jul 07 15:39:51.369599 np0000004736 nova-conductor[98739]: DEBUG nova.service [None req-c692308e-f4c2-4b32-bf4a-8b2e4f203d0b None None] Join ServiceGroup membership for this service conductor {{(pid=98739) start /opt/stack/nova/nova/service.py:222}}
Jul 07 15:39:51.369703 np0000004736 nova-conductor[98753]: DEBUG nova.servicegroup.drivers.db [None req-16f77f66-03dc-4832-b5cb-e77ccbf4ab8d None None] DB_Driver: join new ServiceGroup member np0000004736 to the conductor group, service = {{(pid=98753) join /opt/stack/nova/nova/servicegroup/drivers/db.py:44}}
Jul 07 15:39:51.369755 np0000004736 nova-conductor[98739]: DEBUG nova.servicegroup.drivers.db [None req-c692308e-f4c2-4b32-bf4a-8b2e4f203d0b None None] DB_Driver: join new ServiceGroup member np0000004736 to the conductor group, service = {{(pid=98739) join /opt/stack/nova/nova/servicegroup/drivers/db.py:44}}
Jul 07 15:39:51.369964 np0000004736 nova-conductor[98761]: DEBUG nova.service [None req-0a6fa4d4-809b-4e70-a5b2-f8030c4a020e None None] Join ServiceGroup membership for this service conductor {{(pid=98761) start /opt/stack/nova/nova/service.py:222}}
Jul 07 15:39:51.370232 np0000004736 nova-conductor[98768]: DEBUG dbcounter [-] [98768] Writer thread running {{(pid=98768) stat_writer /opt/stack/data/venv/lib/python3.12/site-packages/dbcounter.py:102}}
Jul 07 15:39:51.370533 np0000004736 nova-conductor[98761]: DEBUG nova.servicegroup.drivers.db [None req-0a6fa4d4-809b-4e70-a5b2-f8030c4a020e None None] DB_Driver: join new ServiceGroup member np0000004736 to the conductor group, service = {{(pid=98761) join /opt/stack/nova/nova/servicegroup/drivers/db.py:44}}
Jul 07 15:39:51.373588 np0000004736 nova-conductor[98768]: DEBUG nova.service [None req-0fdf83c5-f5e7-4424-a2fb-7648ab98c5a2 None None] Creating RPC server for service: nova-conductor on topic: conductor {{(pid=98768) start /opt/stack/nova/nova/service.py:196}}
Jul 07 15:39:51.391578 np0000004736 nova-conductor[98768]: DEBUG nova.service [None req-0fdf83c5-f5e7-4424-a2fb-7648ab98c5a2 None None] Join ServiceGroup membership for this service conductor {{(pid=98768) start /opt/stack/nova/nova/service.py:222}}
Jul 07 15:39:51.391764 np0000004736 nova-conductor[98768]: DEBUG nova.servicegroup.drivers.db [None req-0fdf83c5-f5e7-4424-a2fb-7648ab98c5a2 None None] DB_Driver: join new ServiceGroup member np0000004736 to the conductor group, service = {{(pid=98768) join /opt/stack/nova/nova/servicegroup/drivers/db.py:44}}
Jul 07 15:39:56.383909 np0000004736 nova-conductor[98761]: DEBUG oslo.service.backend._threading.loopingcall [-] Fixed interval looping call 'nova.servicegroup.drivers.db.DbDriver._report_state' sleeping for 119.99 seconds {{(pid=98761) _run_loop /opt/stack/data/venv/lib/python3.12/site-packages/oslo_service/backend/_threading/loopingcall.py:125}}
Jul 07 15:39:56.384909 np0000004736 nova-conductor[98739]: DEBUG oslo.service.backend._threading.loopingcall [-] Fixed interval looping call 'nova.servicegroup.drivers.db.DbDriver._report_state' sleeping for 119.99 seconds {{(pid=98739) _run_loop /opt/stack/data/venv/lib/python3.12/site-packages/oslo_service/backend/_threading/loopingcall.py:125}}
Jul 07 15:39:56.385949 np0000004736 nova-conductor[98753]: DEBUG oslo.service.backend._threading.loopingcall [-] Fixed interval looping call 'nova.servicegroup.drivers.db.DbDriver._report_state' sleeping for 119.99 seconds {{(pid=98753) _run_loop /opt/stack/data/venv/lib/python3.12/site-packages/oslo_service/backend/_threading/loopingcall.py:125}}
Jul 07 15:39:56.401586 np0000004736 nova-conductor[98768]: DEBUG oslo.service.backend._threading.loopingcall [-] Fixed interval looping call 'nova.servicegroup.drivers.db.DbDriver._report_state' sleeping for 119.99 seconds {{(pid=98768) _run_loop /opt/stack/data/venv/lib/python3.12/site-packages/oslo_service/backend/_threading/loopingcall.py:125}}
Jul 07 15:39:58.394047 np0000004736 nova-conductor[98768]: DEBUG oslo.service.backend._threading.loopingcall [None req-ea796c7f-41a3-4675-b0a7-75a43cf67dd1 None None] Dynamic interval looping call 'nova.service.Service.periodic_tasks' sleeping for 60.00 seconds {{(pid=98768) _run_loop /opt/stack/data/venv/lib/python3.12/site-packages/oslo_service/backend/_threading/loopingcall.py:125}}
Jul 07 15:39:59.933915 np0000004736 nova-conductor[97289]: DEBUG dbcounter [-] [97289] Writing DB stats nova_api:SELECT=1 {{(pid=97289) stat_writer /opt/stack/data/venv/lib/python3.12/site-packages/dbcounter.py:115}}
Jul 07 15:40:00.061893 np0000004736 nova-conductor[97289]: DEBUG dbcounter [-] [97289] Writing DB stats nova_cell1:SELECT=1 {{(pid=97289) stat_writer /opt/stack/data/venv/lib/python3.12/site-packages/dbcounter.py:115}}
Jul 07 15:40:00.068508 np0000004736 nova-conductor[97289]: DEBUG dbcounter [-] [97289] Writing DB stats nova_cell0:SELECT=1 {{(pid=97289) stat_writer /opt/stack/data/venv/lib/python3.12/site-packages/dbcounter.py:115}}
Jul 07 15:40:06.378348 np0000004736 nova-conductor[98761]: DEBUG dbcounter [-] [98761] Writing DB stats nova_cell0:SELECT=4,nova_cell0:INSERT=1,nova_cell0:UPDATE=1 {{(pid=98761) stat_writer /opt/stack/data/venv/lib/python3.12/site-packages/dbcounter.py:115}}
Jul 07 15:40:06.379997 np0000004736 nova-conductor[98739]: DEBUG dbcounter [-] [98739] Writing DB stats nova_cell0:SELECT=5,nova_cell0:INSERT=1,nova_cell0:UPDATE=1 {{(pid=98739) stat_writer /opt/stack/data/venv/lib/python3.12/site-packages/dbcounter.py:115}}
Jul 07 15:40:06.381589 np0000004736 nova-conductor[98753]: DEBUG dbcounter [-] [98753] Writing DB stats nova_cell0:SELECT=4,nova_cell0:INSERT=1,nova_cell0:UPDATE=1 {{(pid=98753) stat_writer /opt/stack/data/venv/lib/python3.12/site-packages/dbcounter.py:115}}
Jul 07 15:40:06.399055 np0000004736 nova-conductor[98768]: DEBUG dbcounter [-] [98768] Writing DB stats nova_cell0:SELECT=3 {{(pid=98768) stat_writer /opt/stack/data/venv/lib/python3.12/site-packages/dbcounter.py:115}}
Jul 07 15:40:16.372103 np0000004736 nova-conductor[98739]: DEBUG oslo.service.backend._threading.loopingcall [None req-de3a35b3-3bd3-43a7-94e8-4011f570f823 None None] Dynamic interval looping call 'nova.service.Service.periodic_tasks' sleeping for 60.00 seconds {{(pid=98739) _run_loop /opt/stack/data/venv/lib/python3.12/site-packages/oslo_service/backend/_threading/loopingcall.py:125}}
Jul 07 15:40:30.373316 np0000004736 nova-conductor[98761]: DEBUG oslo.service.backend._threading.loopingcall [None req-df62a415-c308-48f6-b172-1d06303d66fa None None] Dynamic interval looping call 'nova.service.Service.periodic_tasks' sleeping for 60.00 seconds {{(pid=98761) _run_loop /opt/stack/data/venv/lib/python3.12/site-packages/oslo_service/backend/_threading/loopingcall.py:125}}
Jul 07 15:40:46.371733 np0000004736 nova-conductor[98753]: DEBUG oslo.service.backend._threading.loopingcall [None req-9c5128b1-f352-4580-8610-b408a5cf2ee3 None None] Dynamic interval looping call 'nova.service.Service.periodic_tasks' sleeping for 60.00 seconds {{(pid=98753) _run_loop /opt/stack/data/venv/lib/python3.12/site-packages/oslo_service/backend/_threading/loopingcall.py:125}}
Jul 07 15:40:58.394635 np0000004736 nova-conductor[98768]: DEBUG oslo.service.backend._threading.loopingcall [None req-ea796c7f-41a3-4675-b0a7-75a43cf67dd1 None None] Dynamic interval looping call 'nova.service.Service.periodic_tasks' sleeping for 60.00 seconds {{(pid=98768) _run_loop /opt/stack/data/venv/lib/python3.12/site-packages/oslo_service/backend/_threading/loopingcall.py:125}}
Jul 07 15:41:16.372614 np0000004736 nova-conductor[98739]: DEBUG oslo.service.backend._threading.loopingcall [None req-de3a35b3-3bd3-43a7-94e8-4011f570f823 None None] Dynamic interval looping call 'nova.service.Service.periodic_tasks' sleeping for 60.00 seconds {{(pid=98739) _run_loop /opt/stack/data/venv/lib/python3.12/site-packages/oslo_service/backend/_threading/loopingcall.py:125}}
Jul 07 15:41:30.373780 np0000004736 nova-conductor[98761]: DEBUG oslo.service.backend._threading.loopingcall [None req-df62a415-c308-48f6-b172-1d06303d66fa None None] Dynamic interval looping call 'nova.service.Service.periodic_tasks' sleeping for 60.00 seconds {{(pid=98761) _run_loop /opt/stack/data/venv/lib/python3.12/site-packages/oslo_service/backend/_threading/loopingcall.py:125}}
Jul 07 15:41:46.372204 np0000004736 nova-conductor[98753]: DEBUG oslo.service.backend._threading.loopingcall [None req-9c5128b1-f352-4580-8610-b408a5cf2ee3 None None] Dynamic interval looping call 'nova.service.Service.periodic_tasks' sleeping for 60.00 seconds {{(pid=98753) _run_loop /opt/stack/data/venv/lib/python3.12/site-packages/oslo_service/backend/_threading/loopingcall.py:125}}
Jul 07 15:41:56.383898 np0000004736 nova-conductor[98761]: DEBUG oslo.service.backend._threading.loopingcall [-] Fixed interval looping call 'nova.servicegroup.drivers.db.DbDriver._report_state' sleeping for 119.99 seconds {{(pid=98761) _run_loop /opt/stack/data/venv/lib/python3.12/site-packages/oslo_service/backend/_threading/loopingcall.py:125}}
Jul 07 15:41:56.384423 np0000004736 nova-conductor[98739]: DEBUG oslo.service.backend._threading.loopingcall [-] Fixed interval looping call 'nova.servicegroup.drivers.db.DbDriver._report_state' sleeping for 119.99 seconds {{(pid=98739) _run_loop /opt/stack/data/venv/lib/python3.12/site-packages/oslo_service/backend/_threading/loopingcall.py:125}}
Jul 07 15:41:56.386112 np0000004736 nova-conductor[98753]: DEBUG oslo.service.backend._threading.loopingcall [-] Fixed interval looping call 'nova.servicegroup.drivers.db.DbDriver._report_state' sleeping for 119.99 seconds {{(pid=98753) _run_loop /opt/stack/data/venv/lib/python3.12/site-packages/oslo_service/backend/_threading/loopingcall.py:125}}
Jul 07 15:41:56.396206 np0000004736 nova-conductor[98768]: DEBUG oslo.service.backend._threading.loopingcall [-] Fixed interval looping call 'nova.servicegroup.drivers.db.DbDriver._report_state' sleeping for 120.00 seconds {{(pid=98768) _run_loop /opt/stack/data/venv/lib/python3.12/site-packages/oslo_service/backend/_threading/loopingcall.py:125}}
Jul 07 15:41:58.395266 np0000004736 nova-conductor[98768]: DEBUG oslo.service.backend._threading.loopingcall [None req-ea796c7f-41a3-4675-b0a7-75a43cf67dd1 None None] Dynamic interval looping call 'nova.service.Service.periodic_tasks' sleeping for 60.00 seconds {{(pid=98768) _run_loop /opt/stack/data/venv/lib/python3.12/site-packages/oslo_service/backend/_threading/loopingcall.py:125}}
Jul 07 15:42:06.378435 np0000004736 nova-conductor[98761]: DEBUG dbcounter [-] [98761] Writing DB stats nova_cell0:SELECT=1,nova_cell0:UPDATE=1 {{(pid=98761) stat_writer /opt/stack/data/venv/lib/python3.12/site-packages/dbcounter.py:115}}
Jul 07 15:42:06.379109 np0000004736 nova-conductor[98739]: DEBUG dbcounter [-] [98739] Writing DB stats nova_cell0:SELECT=1,nova_cell0:UPDATE=1 {{(pid=98739) stat_writer /opt/stack/data/venv/lib/python3.12/site-packages/dbcounter.py:115}}
Jul 07 15:42:06.379946 np0000004736 nova-conductor[98753]: DEBUG dbcounter [-] [98753] Writing DB stats nova_cell0:SELECT=1,nova_cell0:UPDATE=1 {{(pid=98753) stat_writer /opt/stack/data/venv/lib/python3.12/site-packages/dbcounter.py:115}}
Jul 07 15:42:06.396633 np0000004736 nova-conductor[98768]: DEBUG dbcounter [-] [98768] Writing DB stats nova_cell0:SELECT=1 {{(pid=98768) stat_writer /opt/stack/data/venv/lib/python3.12/site-packages/dbcounter.py:115}}
Jul 07 15:42:16.373152 np0000004736 nova-conductor[98739]: DEBUG oslo.service.backend._threading.loopingcall [None req-de3a35b3-3bd3-43a7-94e8-4011f570f823 None None] Dynamic interval looping call 'nova.service.Service.periodic_tasks' sleeping for 60.00 seconds {{(pid=98739) _run_loop /opt/stack/data/venv/lib/python3.12/site-packages/oslo_service/backend/_threading/loopingcall.py:125}}
Jul 07 15:42:18.897211 np0000004736 nova-conductor[98739]: DEBUG oslo_db.sqlalchemy.engines [None req-ebc5e71b-03d8-4133-aa39-2b6de34c5f28 tempest-DeleteServersTestJSON-885615328 tempest-DeleteServersTestJSON-885615328-project-member] Parent process 97289 forked (98739) with an open database connection, which is being discarded and recreated. {{(pid=98739) checkout /opt/stack/data/venv/lib/python3.12/site-packages/oslo_db/sqlalchemy/engines.py:402}}
Jul 07 15:42:18.949679 np0000004736 nova-conductor[98739]: DEBUG dbcounter [-] [98739] Writer thread running {{(pid=98739) stat_writer /opt/stack/data/venv/lib/python3.12/site-packages/dbcounter.py:102}}
Jul 07 15:42:20.493727 np0000004736 nova-conductor[98739]: DEBUG nova.conductor.manager [None req-ebc5e71b-03d8-4133-aa39-2b6de34c5f28 tempest-DeleteServersTestJSON-885615328 tempest-DeleteServersTestJSON-885615328-project-member] Took 1.54 seconds to select destinations for 1 instance(s). {{(pid=98739) _schedule_instances /opt/stack/nova/nova/conductor/manager.py:968}}
Jul 07 15:42:20.527308 np0000004736 nova-conductor[98739]: DEBUG oslo_concurrency.lockutils [None req-ebc5e71b-03d8-4133-aa39-2b6de34c5f28 tempest-DeleteServersTestJSON-885615328 tempest-DeleteServersTestJSON-885615328-project-member] Acquiring lock "0f1bdbe5-4061-40a7-8cdc-ad28033f3282" by "nova.context.set_target_cell..get_or_set_cached_cell_and_set_connections" {{(pid=98739) inner /opt/stack/data/venv/lib/python3.12/site-packages/oslo_concurrency/lockutils.py:511}}
Jul 07 15:42:20.527523 np0000004736 nova-conductor[98739]: DEBUG oslo_concurrency.lockutils [None req-ebc5e71b-03d8-4133-aa39-2b6de34c5f28 tempest-DeleteServersTestJSON-885615328 tempest-DeleteServersTestJSON-885615328-project-member] Lock "0f1bdbe5-4061-40a7-8cdc-ad28033f3282" acquired by "nova.context.set_target_cell..get_or_set_cached_cell_and_set_connections" :: waited 0.000s {{(pid=98739) inner /opt/stack/data/venv/lib/python3.12/site-packages/oslo_concurrency/lockutils.py:524}}
Jul 07 15:42:20.529059 np0000004736 nova-conductor[98739]: DEBUG oslo_concurrency.lockutils [None req-ebc5e71b-03d8-4133-aa39-2b6de34c5f28 tempest-DeleteServersTestJSON-885615328 tempest-DeleteServersTestJSON-885615328-project-member] Lock "0f1bdbe5-4061-40a7-8cdc-ad28033f3282" "released" by "nova.context.set_target_cell..get_or_set_cached_cell_and_set_connections" :: held 0.001s {{(pid=98739) inner /opt/stack/data/venv/lib/python3.12/site-packages/oslo_concurrency/lockutils.py:543}}
Jul 07 15:42:20.532373 np0000004736 nova-conductor[98739]: INFO dbcounter [None req-ebc5e71b-03d8-4133-aa39-2b6de34c5f28 tempest-DeleteServersTestJSON-885615328 tempest-DeleteServersTestJSON-885615328-project-member] Registered counter for database nova_cell1
Jul 07 15:42:20.587433 np0000004736 nova-conductor[98739]: DEBUG oslo_db.sqlalchemy.engines [None req-ebc5e71b-03d8-4133-aa39-2b6de34c5f28 tempest-DeleteServersTestJSON-885615328 tempest-DeleteServersTestJSON-885615328-project-member] MySQL server mode set to STRICT_TRANS_TABLES,STRICT_ALL_TABLES,NO_ZERO_IN_DATE,NO_ZERO_DATE,ERROR_FOR_DIVISION_BY_ZERO,TRADITIONAL,NO_ENGINE_SUBSTITUTION {{(pid=98739) _check_effective_sql_mode /opt/stack/data/venv/lib/python3.12/site-packages/oslo_db/sqlalchemy/engines.py:325}}
Jul 07 15:42:20.597119 np0000004736 nova-conductor[98739]: DEBUG dbcounter [-] [98739] Writer thread running {{(pid=98739) stat_writer /opt/stack/data/venv/lib/python3.12/site-packages/dbcounter.py:102}}
Jul 07 15:42:20.708599 np0000004736 nova-conductor[98739]: INFO nova.utils [None req-ebc5e71b-03d8-4133-aa39-2b6de34c5f28 tempest-DeleteServersTestJSON-885615328 tempest-DeleteServersTestJSON-885615328-project-member] The cell worker thread pool ForkProcess-1.cell_worker is initialized
Jul 07 15:42:20.709010 np0000004736 nova-conductor[98739]: DEBUG oslo_concurrency.lockutils [None req-ebc5e71b-03d8-4133-aa39-2b6de34c5f28 tempest-DeleteServersTestJSON-885615328 tempest-DeleteServersTestJSON-885615328-project-member] Acquiring lock "00000000-0000-0000-0000-000000000000" by "nova.context.set_target_cell..get_or_set_cached_cell_and_set_connections" {{(pid=98739) inner /opt/stack/data/venv/lib/python3.12/site-packages/oslo_concurrency/lockutils.py:511}}
Jul 07 15:42:20.709144 np0000004736 nova-conductor[98739]: DEBUG oslo_concurrency.lockutils [None req-ebc5e71b-03d8-4133-aa39-2b6de34c5f28 tempest-DeleteServersTestJSON-885615328 tempest-DeleteServersTestJSON-885615328-project-member] Lock "00000000-0000-0000-0000-000000000000" acquired by "nova.context.set_target_cell..get_or_set_cached_cell_and_set_connections" :: waited 0.000s {{(pid=98739) inner /opt/stack/data/venv/lib/python3.12/site-packages/oslo_concurrency/lockutils.py:524}}
Jul 07 15:42:20.709587 np0000004736 nova-conductor[98739]: DEBUG oslo_concurrency.lockutils [None req-ebc5e71b-03d8-4133-aa39-2b6de34c5f28 tempest-DeleteServersTestJSON-885615328 tempest-DeleteServersTestJSON-885615328-project-member] Lock "00000000-0000-0000-0000-000000000000" "released" by "nova.context.set_target_cell..get_or_set_cached_cell_and_set_connections" :: held 0.000s {{(pid=98739) inner /opt/stack/data/venv/lib/python3.12/site-packages/oslo_concurrency/lockutils.py:543}}
Jul 07 15:42:20.711531 np0000004736 nova-conductor[98739]: DEBUG oslo_concurrency.lockutils [None req-ebc5e71b-03d8-4133-aa39-2b6de34c5f28 tempest-DeleteServersTestJSON-885615328 tempest-DeleteServersTestJSON-885615328-project-member] Acquiring lock "0f1bdbe5-4061-40a7-8cdc-ad28033f3282" by "nova.context.set_target_cell..get_or_set_cached_cell_and_set_connections" {{(pid=98739) inner /opt/stack/data/venv/lib/python3.12/site-packages/oslo_concurrency/lockutils.py:511}}
Jul 07 15:42:20.713113 np0000004736 nova-conductor[98739]: INFO dbcounter [None req-ebc5e71b-03d8-4133-aa39-2b6de34c5f28 tempest-DeleteServersTestJSON-885615328 tempest-DeleteServersTestJSON-885615328-project-member] Registered counter for database nova_cell0
Jul 07 15:42:20.714566 np0000004736 nova-conductor[98739]: DEBUG oslo_concurrency.lockutils [None req-ebc5e71b-03d8-4133-aa39-2b6de34c5f28 tempest-DeleteServersTestJSON-885615328 tempest-DeleteServersTestJSON-885615328-project-member] Lock "0f1bdbe5-4061-40a7-8cdc-ad28033f3282" acquired by "nova.context.set_target_cell..get_or_set_cached_cell_and_set_connections" :: waited 0.002s {{(pid=98739) inner /opt/stack/data/venv/lib/python3.12/site-packages/oslo_concurrency/lockutils.py:524}}
Jul 07 15:42:20.714890 np0000004736 nova-conductor[98739]: DEBUG oslo_concurrency.lockutils [None req-ebc5e71b-03d8-4133-aa39-2b6de34c5f28 tempest-DeleteServersTestJSON-885615328 tempest-DeleteServersTestJSON-885615328-project-member] Lock "0f1bdbe5-4061-40a7-8cdc-ad28033f3282" "released" by "nova.context.set_target_cell..get_or_set_cached_cell_and_set_connections" :: held 0.002s {{(pid=98739) inner /opt/stack/data/venv/lib/python3.12/site-packages/oslo_concurrency/lockutils.py:543}}
Jul 07 15:42:20.766465 np0000004736 nova-conductor[98739]: DEBUG oslo_db.sqlalchemy.engines [None req-ebc5e71b-03d8-4133-aa39-2b6de34c5f28 tempest-DeleteServersTestJSON-885615328 tempest-DeleteServersTestJSON-885615328-project-member] MySQL server mode set to STRICT_TRANS_TABLES,STRICT_ALL_TABLES,NO_ZERO_IN_DATE,NO_ZERO_DATE,ERROR_FOR_DIVISION_BY_ZERO,TRADITIONAL,NO_ENGINE_SUBSTITUTION {{(pid=98739) _check_effective_sql_mode /opt/stack/data/venv/lib/python3.12/site-packages/oslo_db/sqlalchemy/engines.py:325}}
Jul 07 15:42:20.775969 np0000004736 nova-conductor[98739]: DEBUG dbcounter [-] [98739] Writer thread running {{(pid=98739) stat_writer /opt/stack/data/venv/lib/python3.12/site-packages/dbcounter.py:102}}
Jul 07 15:42:20.792615 np0000004736 nova-conductor[98739]: DEBUG nova.quota [None req-ebc5e71b-03d8-4133-aa39-2b6de34c5f28 tempest-DeleteServersTestJSON-885615328 tempest-DeleteServersTestJSON-885615328-project-member] Getting quotas for project bf7613eb6e9f4fc681926d4905c3837d. Resources: {'ram', 'cores', 'instances'} {{(pid=98739) _get_quotas /opt/stack/nova/nova/quota.py:389}}
Jul 07 15:42:20.798120 np0000004736 nova-conductor[98739]: DEBUG nova.quota [None req-ebc5e71b-03d8-4133-aa39-2b6de34c5f28 tempest-DeleteServersTestJSON-885615328 tempest-DeleteServersTestJSON-885615328-project-member] Getting quotas for user fab40d6f41a644d58584a6ebce632893 and project bf7613eb6e9f4fc681926d4905c3837d. Resources: {'ram', 'cores', 'instances'} {{(pid=98739) _get_quotas /opt/stack/nova/nova/quota.py:379}}
Jul 07 15:42:20.808349 np0000004736 nova-conductor[98739]: DEBUG nova.conductor.manager [None req-ebc5e71b-03d8-4133-aa39-2b6de34c5f28 tempest-DeleteServersTestJSON-885615328 tempest-DeleteServersTestJSON-885615328-project-member] [instance: cee119f6-1406-4568-a8ae-5d61f736f60e] Selected host: np0000004736; Selected node: np0000004736; Alternates: [] {{(pid=98739) schedule_and_build_instances /opt/stack/nova/nova/conductor/manager.py:1784}}
Jul 07 15:42:20.810751 np0000004736 nova-conductor[98739]: DEBUG oslo_concurrency.lockutils [None req-ebc5e71b-03d8-4133-aa39-2b6de34c5f28 tempest-DeleteServersTestJSON-885615328 tempest-DeleteServersTestJSON-885615328-project-member] Acquiring lock "0f1bdbe5-4061-40a7-8cdc-ad28033f3282" by "nova.context.set_target_cell..get_or_set_cached_cell_and_set_connections" {{(pid=98739) inner /opt/stack/data/venv/lib/python3.12/site-packages/oslo_concurrency/lockutils.py:511}}
Jul 07 15:42:20.810751 np0000004736 nova-conductor[98739]: DEBUG oslo_concurrency.lockutils [None req-ebc5e71b-03d8-4133-aa39-2b6de34c5f28 tempest-DeleteServersTestJSON-885615328 tempest-DeleteServersTestJSON-885615328-project-member] Lock "0f1bdbe5-4061-40a7-8cdc-ad28033f3282" acquired by "nova.context.set_target_cell..get_or_set_cached_cell_and_set_connections" :: waited 0.000s {{(pid=98739) inner /opt/stack/data/venv/lib/python3.12/site-packages/oslo_concurrency/lockutils.py:524}}
Jul 07 15:42:20.810751 np0000004736 nova-conductor[98739]: DEBUG oslo_concurrency.lockutils [None req-ebc5e71b-03d8-4133-aa39-2b6de34c5f28 tempest-DeleteServersTestJSON-885615328 tempest-DeleteServersTestJSON-885615328-project-member] Lock "0f1bdbe5-4061-40a7-8cdc-ad28033f3282" "released" by "nova.context.set_target_cell..get_or_set_cached_cell_and_set_connections" :: held 0.000s {{(pid=98739) inner /opt/stack/data/venv/lib/python3.12/site-packages/oslo_concurrency/lockutils.py:543}}
Jul 07 15:42:20.824342 np0000004736 nova-conductor[98739]: DEBUG nova.conductor.manager [None req-ebc5e71b-03d8-4133-aa39-2b6de34c5f28 tempest-DeleteServersTestJSON-885615328 tempest-DeleteServersTestJSON-885615328-project-member] [instance: cee119f6-1406-4568-a8ae-5d61f736f60e] block_device_mapping [BlockDeviceMapping(attachment_id=,boot_index=0,connection_info=None,created_at=,delete_on_termination=True,deleted=,deleted_at=,destination_type='local',device_name=None,device_type='disk',disk_bus=None,encrypted=False,encryption_format=None,encryption_options=None,encryption_secret_uuid=None,guest_format=None,id=,image_id='d282f029-24a4-4143-8e33-b38487b53929',instance=,instance_uuid=,no_device=False,snapshot_id=None,source_type='image',tag=None,updated_at=,uuid=,volume_id=None,volume_size=None,volume_type=None)] {{(pid=98739) _create_block_device_mapping /opt/stack/nova/nova/conductor/manager.py:1529}}
Jul 07 15:42:20.825886 np0000004736 nova-conductor[98739]: DEBUG oslo_concurrency.lockutils [None req-ebc5e71b-03d8-4133-aa39-2b6de34c5f28 tempest-DeleteServersTestJSON-885615328 tempest-DeleteServersTestJSON-885615328-project-member] Acquiring lock "0f1bdbe5-4061-40a7-8cdc-ad28033f3282" by "nova.context.set_target_cell..get_or_set_cached_cell_and_set_connections" {{(pid=98739) inner /opt/stack/data/venv/lib/python3.12/site-packages/oslo_concurrency/lockutils.py:511}}
Jul 07 15:42:20.826075 np0000004736 nova-conductor[98739]: DEBUG oslo_concurrency.lockutils [None req-ebc5e71b-03d8-4133-aa39-2b6de34c5f28 tempest-DeleteServersTestJSON-885615328 tempest-DeleteServersTestJSON-885615328-project-member] Lock "0f1bdbe5-4061-40a7-8cdc-ad28033f3282" acquired by "nova.context.set_target_cell..get_or_set_cached_cell_and_set_connections" :: waited 0.000s {{(pid=98739) inner /opt/stack/data/venv/lib/python3.12/site-packages/oslo_concurrency/lockutils.py:524}}
Jul 07 15:42:20.826192 np0000004736 nova-conductor[98739]: DEBUG oslo_concurrency.lockutils [None req-ebc5e71b-03d8-4133-aa39-2b6de34c5f28 tempest-DeleteServersTestJSON-885615328 tempest-DeleteServersTestJSON-885615328-project-member] Lock "0f1bdbe5-4061-40a7-8cdc-ad28033f3282" "released" by "nova.context.set_target_cell..get_or_set_cached_cell_and_set_connections" :: held 0.000s {{(pid=98739) inner /opt/stack/data/venv/lib/python3.12/site-packages/oslo_concurrency/lockutils.py:543}}
