Jul 07 15:39:19.297453 np0000004736 devstack@neutron-api.service[90495]: DEBUG neutron.api.extensions [None req-baee2097-55a2-4b07-b07d-457719c11b60 None None] Ext name="QoS Rule Type Packet per Second Extension" alias="qos-pps" description="Add QoS Rule Type Packet per Second" updated="2021-05-12T10:00:00-00:00" {{(pid=90495) _check_extension /opt/stack/neutron/neutron/api/extensions.py:415}}
Jul 07 15:39:19.297606 np0000004736 devstack@neutron-api.service[90493]: INFO neutron.api.extensions [None req-d5e7ffa8-c240-44fe-a2f5-9641cf4542d3 None None] Extension segment not supported by any of loaded plugins
Jul 07 15:39:19.297606 np0000004736 devstack@neutron-api.service[90493]: DEBUG neutron.api.extensions [None req-d5e7ffa8-c240-44fe-a2f5-9641cf4542d3 None None] Loading extension file: segments_peer_subnet_host_routes.py {{(pid=90493) _load_all_extensions_from_path /opt/stack/neutron/neutron/api/extensions.py:449}}
Jul 07 15:39:19.297762 np0000004736 devstack@neutron-api.service[90495]: INFO neutron.api.extensions [None req-baee2097-55a2-4b07-b07d-457719c11b60 None None] Extension qos-pps not supported by any of loaded plugins
Jul 07 15:39:19.297762 np0000004736 devstack@neutron-api.service[90495]: DEBUG neutron.api.extensions [None req-baee2097-55a2-4b07-b07d-457719c11b60 None None] Loading extension file: qos_rule_type_details.py {{(pid=90495) _load_all_extensions_from_path /opt/stack/neutron/neutron/api/extensions.py:449}}
Jul 07 15:39:19.297911 np0000004736 devstack@neutron-api.service[90493]: DEBUG neutron.api.extensions [None req-d5e7ffa8-c240-44fe-a2f5-9641cf4542d3 None None] Ext name="Segments peer-subnet host routes" alias="segments-peer-subnet-host-routes" description="Add host routes to subnets on a routed network (segments)" updated="2018-06-12T10:00:00-00:00" {{(pid=90493) _check_extension /opt/stack/neutron/neutron/api/extensions.py:415}}
Jul 07 15:39:19.297911 np0000004736 devstack@neutron-api.service[90493]: INFO neutron.api.extensions [None req-d5e7ffa8-c240-44fe-a2f5-9641cf4542d3 None None] Extension segments-peer-subnet-host-routes not supported by any of loaded plugins
Jul 07 15:39:19.297911 np0000004736 devstack@neutron-api.service[90493]: DEBUG neutron.api.extensions [None req-d5e7ffa8-c240-44fe-a2f5-9641cf4542d3 None None] Loading extension file: servicetype.py {{(pid=90493) _load_all_extensions_from_path /opt/stack/neutron/neutron/api/extensions.py:449}}
Jul 07 15:39:19.298107 np0000004736 devstack@neutron-api.service[90495]: DEBUG neutron.api.extensions [None req-baee2097-55a2-4b07-b07d-457719c11b60 None None] Ext name="Details of QoS rule types" alias="qos-rule-type-details" description="Expose details about QoS rule types supported by loaded backend drivers" updated="2017-06-22T10:00:00-00:00" {{(pid=90495) _check_extension /opt/stack/neutron/neutron/api/extensions.py:415}}
Jul 07 15:39:19.298213 np0000004736 devstack@neutron-api.service[90493]: DEBUG neutron.api.extensions [None req-d5e7ffa8-c240-44fe-a2f5-9641cf4542d3 None None] Ext name="Neutron Service Type Management" alias="service-type" description="API for retrieving service providers for Neutron advanced services" updated="2013-01-20T00:00:00-00:00" {{(pid=90493) _check_extension /opt/stack/neutron/neutron/api/extensions.py:415}}
Jul 07 15:39:19.298213 np0000004736 devstack@neutron-api.service[90493]: INFO neutron.api.extensions [None req-d5e7ffa8-c240-44fe-a2f5-9641cf4542d3 None None] Loaded extension: service-type
Jul 07 15:39:19.298213 np0000004736 devstack@neutron-api.service[90493]: DEBUG neutron.api.extensions [None req-d5e7ffa8-c240-44fe-a2f5-9641cf4542d3 None None] Loading extension file: sorting.py {{(pid=90493) _load_all_extensions_from_path /opt/stack/neutron/neutron/api/extensions.py:449}}
Jul 07 15:39:19.298213 np0000004736 devstack@neutron-api.service[90493]: DEBUG neutron.api.extensions [None req-d5e7ffa8-c240-44fe-a2f5-9641cf4542d3 None None] Ext name="Sorting support" alias="sorting" description="Extension that indicates that sorting is enabled." updated="2016-06-12T00:00:00-00:00" {{(pid=90493) _check_extension /opt/stack/neutron/neutron/api/extensions.py:415}}
Jul 07 15:39:19.298213 np0000004736 devstack@neutron-api.service[90493]: INFO neutron.api.extensions [None req-d5e7ffa8-c240-44fe-a2f5-9641cf4542d3 None None] Loaded extension: sorting
Jul 07 15:39:19.298213 np0000004736 devstack@neutron-api.service[90493]: DEBUG neutron.api.extensions [None req-d5e7ffa8-c240-44fe-a2f5-9641cf4542d3 None None] Loading extension file: standard_attr_segment.py {{(pid=90493) _load_all_extensions_from_path /opt/stack/neutron/neutron/api/extensions.py:449}}
Jul 07 15:39:19.298453 np0000004736 devstack@neutron-api.service[90495]: INFO neutron.api.extensions [None req-baee2097-55a2-4b07-b07d-457719c11b60 None None] Extension qos-rule-type-details not supported by any of loaded plugins
Jul 07 15:39:19.298453 np0000004736 devstack@neutron-api.service[90495]: DEBUG neutron.api.extensions [None req-baee2097-55a2-4b07-b07d-457719c11b60 None None] Loading extension file: qos_rule_type_filter.py {{(pid=90495) _load_all_extensions_from_path /opt/stack/neutron/neutron/api/extensions.py:449}}
Jul 07 15:39:19.298673 np0000004736 devstack@neutron-api.service[90493]: DEBUG neutron.api.extensions [None req-d5e7ffa8-c240-44fe-a2f5-9641cf4542d3 None None] Ext name="Standard Attribute Segment Extension" alias="standard-attr-segment" description="Add standard attributes to Segment resource" updated="2018-04-09T10:00:00-00:00" {{(pid=90493) _check_extension /opt/stack/neutron/neutron/api/extensions.py:415}}
Jul 07 15:39:19.298673 np0000004736 devstack@neutron-api.service[90493]: INFO neutron.api.extensions [None req-d5e7ffa8-c240-44fe-a2f5-9641cf4542d3 None None] Extension standard-attr-segment not supported by any of loaded plugins
Jul 07 15:39:19.298673 np0000004736 devstack@neutron-api.service[90493]: DEBUG neutron.api.extensions [None req-d5e7ffa8-c240-44fe-a2f5-9641cf4542d3 None None] Loading extension file: standardattrdescription.py {{(pid=90493) _load_all_extensions_from_path /opt/stack/neutron/neutron/api/extensions.py:449}}
Jul 07 15:39:19.298982 np0000004736 devstack@neutron-api.service[90495]: DEBUG neutron.api.extensions [None req-baee2097-55a2-4b07-b07d-457719c11b60 None None] Ext name="Allow to filter the list of QoS rule types" alias="qos-rule-type-filter" description="Allows to filter the QoS rule type list adding two new flags. "all_rules" prints all implemented QoS rule types."all_supported" prints all supported QoS rule types by the loaded mechanism drivers" updated="2022-02-02T10:00:00-00:00" {{(pid=90495) _check_extension /opt/stack/neutron/neutron/api/extensions.py:415}}
Jul 07 15:39:19.299147 np0000004736 devstack@neutron-api.service[90493]: DEBUG neutron.api.extensions [None req-d5e7ffa8-c240-44fe-a2f5-9641cf4542d3 None None] Ext name="standard-attr-description" alias="standard-attr-description" description="Extension to add descriptions to standard attributes" updated="2016-02-10T10:00:00-00:00" {{(pid=90493) _check_extension /opt/stack/neutron/neutron/api/extensions.py:415}}
Jul 07 15:39:19.299264 np0000004736 devstack@neutron-api.service[90495]: INFO neutron.api.extensions [None req-baee2097-55a2-4b07-b07d-457719c11b60 None None] Extension qos-rule-type-filter not supported by any of loaded plugins
Jul 07 15:39:19.299264 np0000004736 devstack@neutron-api.service[90495]: DEBUG neutron.api.extensions [None req-baee2097-55a2-4b07-b07d-457719c11b60 None None] Loading extension file: qos_rules_alias.py {{(pid=90495) _load_all_extensions_from_path /opt/stack/neutron/neutron/api/extensions.py:449}}
Jul 07 15:39:19.299390 np0000004736 devstack@neutron-api.service[90493]: INFO neutron.api.extensions [None req-d5e7ffa8-c240-44fe-a2f5-9641cf4542d3 None None] Loaded extension: standard-attr-description
Jul 07 15:39:19.299390 np0000004736 devstack@neutron-api.service[90493]: DEBUG neutron.api.extensions [None req-d5e7ffa8-c240-44fe-a2f5-9641cf4542d3 None None] Loading extension file: stateful_security_group.py {{(pid=90493) _load_all_extensions_from_path /opt/stack/neutron/neutron/api/extensions.py:449}}
Jul 07 15:39:19.299557 np0000004736 devstack@neutron-api.service[90495]: DEBUG neutron.api.extensions [None req-baee2097-55a2-4b07-b07d-457719c11b60 None None] Ext name="Quality of Service rules alias API" alias="qos-rules-alias" description="API to enable GET, PUT and DELETE operations on QoS policy rules without specifying policy ID" updated="2018-10-07T10:00:00-00:00" {{(pid=90495) _check_extension /opt/stack/neutron/neutron/api/extensions.py:415}}
Jul 07 15:39:19.299688 np0000004736 devstack@neutron-api.service[90493]: DEBUG neutron.api.extensions [None req-d5e7ffa8-c240-44fe-a2f5-9641cf4542d3 None None] Ext name="Stateful security group" alias="stateful-security-group" description="Indicates if the security group is stateful or not" updated="2019-11-26T09:00:00-00:00" {{(pid=90493) _check_extension /opt/stack/neutron/neutron/api/extensions.py:415}}
Jul 07 15:39:19.299800 np0000004736 devstack@neutron-api.service[90495]: INFO neutron.api.extensions [None req-baee2097-55a2-4b07-b07d-457719c11b60 None None] Extension qos-rules-alias not supported by any of loaded plugins
Jul 07 15:39:19.299931 np0000004736 devstack@neutron-api.service[90493]: INFO neutron.api.extensions [None req-d5e7ffa8-c240-44fe-a2f5-9641cf4542d3 None None] Loaded extension: stateful-security-group
Jul 07 15:39:19.300055 np0000004736 devstack@neutron-api.service[90495]: DEBUG neutron.api.extensions [None req-baee2097-55a2-4b07-b07d-457719c11b60 None None] Loading extension file: quota_check_limit.py {{(pid=90495) _load_all_extensions_from_path /opt/stack/neutron/neutron/api/extensions.py:449}}
Jul 07 15:39:19.300165 np0000004736 devstack@neutron-api.service[90493]: DEBUG neutron.api.extensions [None req-d5e7ffa8-c240-44fe-a2f5-9641cf4542d3 None None] Loading extension file: stdattrs_common.py {{(pid=90493) _load_all_extensions_from_path /opt/stack/neutron/neutron/api/extensions.py:449}}
Jul 07 15:39:19.300165 np0000004736 devstack@neutron-api.service[90493]: WARNING neutron.api.extensions [None req-d5e7ffa8-c240-44fe-a2f5-9641cf4542d3 None None] Did not find expected name "Stdattrs_common" in /opt/stack/neutron/neutron/extensions/stdattrs_common.py
Jul 07 15:39:19.300319 np0000004736 devstack@neutron-api.service[90495]: DEBUG neutron.api.extensions [None req-baee2097-55a2-4b07-b07d-457719c11b60 None None] Ext name="Quota engine limit check" alias="quota-check-limit" description="Support for checking the resource usage before applying a new quota limit" updated="2021-09-08T16:00:00-00:00" {{(pid=90495) _check_extension /opt/stack/neutron/neutron/api/extensions.py:415}}
Jul 07 15:39:19.300441 np0000004736 devstack@neutron-api.service[90493]: DEBUG neutron.api.extensions [None req-d5e7ffa8-c240-44fe-a2f5-9641cf4542d3 None None] Loading extension file: subnet_dns_publish_fixed_ip.py {{(pid=90493) _load_all_extensions_from_path /opt/stack/neutron/neutron/api/extensions.py:449}}
Jul 07 15:39:19.300611 np0000004736 devstack@neutron-api.service[90495]: INFO neutron.api.extensions [None req-baee2097-55a2-4b07-b07d-457719c11b60 None None] Loaded extension: quota-check-limit
Jul 07 15:39:19.300735 np0000004736 devstack@neutron-api.service[90493]: DEBUG neutron.api.extensions [None req-d5e7ffa8-c240-44fe-a2f5-9641cf4542d3 None None] Ext name="Subnet DNS publish fixed IP" alias="subnet-dns-publish-fixed-ip" description="Support choosing to publish DNS records for IPs from a subnet" updated="2019-05-24T10:00:00-00:00" {{(pid=90493) _check_extension /opt/stack/neutron/neutron/api/extensions.py:415}}
Jul 07 15:39:19.300861 np0000004736 devstack@neutron-api.service[90495]: DEBUG neutron.api.extensions [None req-baee2097-55a2-4b07-b07d-457719c11b60 None None] Loading extension file: quota_check_limit_default.py {{(pid=90495) _load_all_extensions_from_path /opt/stack/neutron/neutron/api/extensions.py:449}}
Jul 07 15:39:19.300984 np0000004736 devstack@neutron-api.service[90493]: INFO neutron.api.extensions [None req-d5e7ffa8-c240-44fe-a2f5-9641cf4542d3 None None] Loaded extension: subnet-dns-publish-fixed-ip
Jul 07 15:39:19.300984 np0000004736 devstack@neutron-api.service[90493]: DEBUG neutron.api.extensions [None req-d5e7ffa8-c240-44fe-a2f5-9641cf4542d3 None None] Loading extension file: subnet_external_network.py {{(pid=90493) _load_all_extensions_from_path /opt/stack/neutron/neutron/api/extensions.py:449}}
Jul 07 15:39:19.301130 np0000004736 devstack@neutron-api.service[90495]: DEBUG neutron.api.extensions [None req-baee2097-55a2-4b07-b07d-457719c11b60 None None] Ext name="Quota engine limit check by default" alias="quota-check-limit-default" description="By default, the Neutron quota engine checks the resource usage before applying a new quota limit" updated="2024-08-21T16:00:00-00:00" {{(pid=90495) _check_extension /opt/stack/neutron/neutron/api/extensions.py:415}}
Jul 07 15:39:19.301249 np0000004736 devstack@neutron-api.service[90493]: DEBUG neutron.api.extensions [None req-d5e7ffa8-c240-44fe-a2f5-9641cf4542d3 None None] Ext name="Subnet belongs to an external network" alias="subnet-external-network" description="Informs if the subnet belongs to an external network" updated="2024-02-05T18:00:00-00:00" {{(pid=90493) _check_extension /opt/stack/neutron/neutron/api/extensions.py:415}}
Jul 07 15:39:19.301249 np0000004736 devstack@neutron-api.service[90493]: INFO neutron.api.extensions [None req-d5e7ffa8-c240-44fe-a2f5-9641cf4542d3 None None] Loaded extension: subnet-external-network
Jul 07 15:39:19.301249 np0000004736 devstack@neutron-api.service[90493]: DEBUG neutron.api.extensions [None req-d5e7ffa8-c240-44fe-a2f5-9641cf4542d3 None None] Loading extension file: subnet_onboard.py {{(pid=90493) _load_all_extensions_from_path /opt/stack/neutron/neutron/api/extensions.py:449}}
Jul 07 15:39:19.301433 np0000004736 devstack@neutron-api.service[90495]: INFO neutron.api.extensions [None req-baee2097-55a2-4b07-b07d-457719c11b60 None None] Loaded extension: quota-check-limit-default
Jul 07 15:39:19.301433 np0000004736 devstack@neutron-api.service[90495]: DEBUG neutron.api.extensions [None req-baee2097-55a2-4b07-b07d-457719c11b60 None None] Loading extension file: quotasv2.py {{(pid=90495) _load_all_extensions_from_path /opt/stack/neutron/neutron/api/extensions.py:449}}
Jul 07 15:39:19.301655 np0000004736 devstack@neutron-api.service[90493]: DEBUG neutron.api.extensions [None req-d5e7ffa8-c240-44fe-a2f5-9641cf4542d3 None None] Ext name="Subnet Onboard" alias="subnet_onboard" description="Provides support for onboarding subnets into subnet pools" updated="2018-12-18T09:00:00-00:00" {{(pid=90493) _check_extension /opt/stack/neutron/neutron/api/extensions.py:415}}
Jul 07 15:39:19.301655 np0000004736 devstack@neutron-api.service[90493]: INFO neutron.api.extensions [None req-d5e7ffa8-c240-44fe-a2f5-9641cf4542d3 None None] Loaded extension: subnet_onboard
Jul 07 15:39:19.301655 np0000004736 devstack@neutron-api.service[90493]: DEBUG neutron.api.extensions [None req-d5e7ffa8-c240-44fe-a2f5-9641cf4542d3 None None] Loading extension file: subnet_segmentid_writable.py {{(pid=90493) _load_all_extensions_from_path /opt/stack/neutron/neutron/api/extensions.py:449}}
Jul 07 15:39:19.301655 np0000004736 devstack@neutron-api.service[90493]: DEBUG neutron.api.extensions [None req-d5e7ffa8-c240-44fe-a2f5-9641cf4542d3 None None] Ext name="Subnet SegmentID (writable)" alias="subnet-segmentid-writable" description="Provides a writable segment_id attribute for a subnet resource." updated="2018-03-12T00:00:00-00:00" {{(pid=90493) _check_extension /opt/stack/neutron/neutron/api/extensions.py:415}}
Jul 07 15:39:19.301655 np0000004736 devstack@neutron-api.service[90493]: INFO neutron.api.extensions [None req-d5e7ffa8-c240-44fe-a2f5-9641cf4542d3 None None] Extension subnet-segmentid-writable not supported by any of loaded plugins
Jul 07 15:39:19.301888 np0000004736 devstack@neutron-api.service[90495]: DEBUG neutron.api.extensions [None req-baee2097-55a2-4b07-b07d-457719c11b60 None None] Ext name="Quota management support" alias="quotas" description="Expose functions for quotas management per project" updated="2012-07-29T10:00:00-00:00" {{(pid=90495) _check_extension /opt/stack/neutron/neutron/api/extensions.py:415}}
Jul 07 15:39:19.302069 np0000004736 devstack@neutron-api.service[90493]: DEBUG neutron.api.extensions [None req-d5e7ffa8-c240-44fe-a2f5-9641cf4542d3 None None] Loading extension file: subnet_service_types.py {{(pid=90493) _load_all_extensions_from_path /opt/stack/neutron/neutron/api/extensions.py:449}}
Jul 07 15:39:19.302215 np0000004736 devstack@neutron-api.service[90495]: INFO neutron.api.extensions [None req-baee2097-55a2-4b07-b07d-457719c11b60 None None] Loaded extension: quotas
Jul 07 15:39:19.302215 np0000004736 devstack@neutron-api.service[90495]: DEBUG neutron.api.extensions [None req-baee2097-55a2-4b07-b07d-457719c11b60 None None] Loading extension file: quotasv2_detail.py {{(pid=90495) _load_all_extensions_from_path /opt/stack/neutron/neutron/api/extensions.py:449}}
Jul 07 15:39:19.302398 np0000004736 devstack@neutron-api.service[90493]: DEBUG neutron.api.extensions [None req-d5e7ffa8-c240-44fe-a2f5-9641cf4542d3 None None] Ext name="Subnet service types" alias="subnet-service-types" description="Provides ability to set the subnet service_types field" updated="2016-03-15T18:00:00-00:00" {{(pid=90493) _check_extension /opt/stack/neutron/neutron/api/extensions.py:415}}
Jul 07 15:39:19.302398 np0000004736 devstack@neutron-api.service[90493]: INFO neutron.api.extensions [None req-d5e7ffa8-c240-44fe-a2f5-9641cf4542d3 None None] Loaded extension: subnet-service-types
Jul 07 15:39:19.302398 np0000004736 devstack@neutron-api.service[90493]: DEBUG neutron.api.extensions [None req-d5e7ffa8-c240-44fe-a2f5-9641cf4542d3 None None] Loading extension file: subnetallocation.py {{(pid=90493) _load_all_extensions_from_path /opt/stack/neutron/neutron/api/extensions.py:449}}
Jul 07 15:39:19.302664 np0000004736 devstack@neutron-api.service[90495]: DEBUG neutron.api.extensions [None req-baee2097-55a2-4b07-b07d-457719c11b60 None None] Ext name="Quota details management support" alias="quota_details" description="Expose functions for quotas usage statistics per project" updated="2017-02-10T10:00:00-00:00" {{(pid=90495) _check_extension /opt/stack/neutron/neutron/api/extensions.py:415}}
Jul 07 15:39:19.302664 np0000004736 devstack@neutron-api.service[90495]: INFO neutron.api.extensions [None req-baee2097-55a2-4b07-b07d-457719c11b60 None None] Loaded extension: quota_details
Jul 07 15:39:19.302847 np0000004736 devstack@neutron-api.service[90493]: DEBUG neutron.api.extensions [None req-d5e7ffa8-c240-44fe-a2f5-9641cf4542d3 None None] Ext name="Subnet Allocation" alias="subnet_allocation" description="Enables allocation of subnets from a subnet pool" updated="2015-03-30T10:00:00-00:00" {{(pid=90493) _check_extension /opt/stack/neutron/neutron/api/extensions.py:415}}
Jul 07 15:39:19.303008 np0000004736 devstack@neutron-api.service[90495]: DEBUG neutron.api.extensions [None req-baee2097-55a2-4b07-b07d-457719c11b60 None None] Loading extension file: rbac.py {{(pid=90495) _load_all_extensions_from_path /opt/stack/neutron/neutron/api/extensions.py:449}}
Jul 07 15:39:19.303136 np0000004736 devstack@neutron-api.service[90493]: INFO neutron.api.extensions [None req-d5e7ffa8-c240-44fe-a2f5-9641cf4542d3 None None] Loaded extension: subnet_allocation
Jul 07 15:39:19.303136 np0000004736 devstack@neutron-api.service[90493]: DEBUG neutron.api.extensions [None req-d5e7ffa8-c240-44fe-a2f5-9641cf4542d3 None None] Loading extension file: subnetpool_prefix_ops.py {{(pid=90493) _load_all_extensions_from_path /opt/stack/neutron/neutron/api/extensions.py:449}}
Jul 07 15:39:19.303136 np0000004736 devstack@neutron-api.service[90493]: DEBUG neutron.api.extensions [None req-d5e7ffa8-c240-44fe-a2f5-9641cf4542d3 None None] Ext name="Subnet Pool Prefix Operations" alias="subnetpool-prefix-ops" description="Provides support for adjusting the prefix list of subnet pools" updated="2019-02-08T10:00:00-00:00" {{(pid=90493) _check_extension /opt/stack/neutron/neutron/api/extensions.py:415}}
Jul 07 15:39:19.303136 np0000004736 devstack@neutron-api.service[90493]: INFO neutron.api.extensions [None req-d5e7ffa8-c240-44fe-a2f5-9641cf4542d3 None None] Loaded extension: subnetpool-prefix-ops
Jul 07 15:39:19.303136 np0000004736 devstack@neutron-api.service[90493]: DEBUG neutron.api.extensions [None req-d5e7ffa8-c240-44fe-a2f5-9641cf4542d3 None None] Loading extension file: tag_creation.py {{(pid=90493) _load_all_extensions_from_path /opt/stack/neutron/neutron/api/extensions.py:449}}
Jul 07 15:39:19.303136 np0000004736 devstack@neutron-api.service[90493]: DEBUG neutron.api.extensions [None req-d5e7ffa8-c240-44fe-a2f5-9641cf4542d3 None None] Ext name="Tag creation extension" alias="tag-creation" description="Allow to create multiple tags for a resource" updated="2024-23-07T10:00:00-00:00" {{(pid=90493) _check_extension /opt/stack/neutron/neutron/api/extensions.py:415}}
Jul 07 15:39:19.303136 np0000004736 devstack@neutron-api.service[90493]: INFO neutron.api.extensions [None req-d5e7ffa8-c240-44fe-a2f5-9641cf4542d3 None None] Loaded extension: tag-creation
Jul 07 15:39:19.303590 np0000004736 devstack@neutron-api.service[90495]: DEBUG neutron.api.extensions [None req-baee2097-55a2-4b07-b07d-457719c11b60 None None] Ext name="RBAC Policies" alias="rbac-policies" description="Allows creation and modification of policies that control project access to resources." updated="2015-06-17T12:15:12-00:00" {{(pid=90495) _check_extension /opt/stack/neutron/neutron/api/extensions.py:415}}
Jul 07 15:39:19.303799 np0000004736 devstack@neutron-api.service[90493]: DEBUG neutron.api.extensions [None req-d5e7ffa8-c240-44fe-a2f5-9641cf4542d3 None None] Loading extension file: tag_ports_during_bulk_creation.py {{(pid=90493) _load_all_extensions_from_path /opt/stack/neutron/neutron/api/extensions.py:449}}
Jul 07 15:39:19.303799 np0000004736 devstack@neutron-api.service[90493]: DEBUG neutron.api.extensions [None req-d5e7ffa8-c240-44fe-a2f5-9641cf4542d3 None None] Ext name="Tag Ports During Bulk Creation" alias="tag-ports-during-bulk-creation" description="Allow to tag ports during bulk creation" updated="2019-12-29T19:00:00-00:00" {{(pid=90493) _check_extension /opt/stack/neutron/neutron/api/extensions.py:415}}
Jul 07 15:39:19.304017 np0000004736 devstack@neutron-api.service[90495]: INFO neutron.api.extensions [None req-baee2097-55a2-4b07-b07d-457719c11b60 None None] Loaded extension: rbac-policies
Jul 07 15:39:19.304017 np0000004736 devstack@neutron-api.service[90495]: DEBUG neutron.api.extensions [None req-baee2097-55a2-4b07-b07d-457719c11b60 None None] Loading extension file: rbac_address_group.py {{(pid=90495) _load_all_extensions_from_path /opt/stack/neutron/neutron/api/extensions.py:449}}
Jul 07 15:39:19.304219 np0000004736 devstack@neutron-api.service[90493]: INFO neutron.api.extensions [None req-d5e7ffa8-c240-44fe-a2f5-9641cf4542d3 None None] Extension tag-ports-during-bulk-creation not supported by any of loaded plugins
Jul 07 15:39:19.304219 np0000004736 devstack@neutron-api.service[90493]: DEBUG neutron.api.extensions [None req-d5e7ffa8-c240-44fe-a2f5-9641cf4542d3 None None] Loading extension file: tagging.py {{(pid=90493) _load_all_extensions_from_path /opt/stack/neutron/neutron/api/extensions.py:449}}
Jul 07 15:39:19.304514 np0000004736 devstack@neutron-api.service[90495]: DEBUG neutron.api.extensions [None req-baee2097-55a2-4b07-b07d-457719c11b60 None None] Ext name="Add address_group type to RBAC" alias="rbac-address-group" description="Add address_group type to network RBAC" updated="2021-01-20T00:00:00-00:00" {{(pid=90495) _check_extension /opt/stack/neutron/neutron/api/extensions.py:415}}
Jul 07 15:39:19.304514 np0000004736 devstack@neutron-api.service[90495]: INFO neutron.api.extensions [None req-baee2097-55a2-4b07-b07d-457719c11b60 None None] Extension rbac-address-group not supported by any of loaded plugins
Jul 07 15:39:19.304514 np0000004736 devstack@neutron-api.service[90495]: DEBUG neutron.api.extensions [None req-baee2097-55a2-4b07-b07d-457719c11b60 None None] Loading extension file: rbac_address_scope.py {{(pid=90495) _load_all_extensions_from_path /opt/stack/neutron/neutron/api/extensions.py:449}}
Jul 07 15:39:19.304777 np0000004736 devstack@neutron-api.service[90494]: DEBUG neutron_lib.callbacks.manager [None req-6da8b71e-5d67-4df7-9a6a-4666eec8fd2e None None] Subscribe: > router before_delete 55550000, False {{(pid=90494) subscribe /opt/stack/data/venv/lib/python3.12/site-packages/neutron_lib/callbacks/manager.py:52}}
Jul 07 15:39:19.304995 np0000004736 devstack@neutron-api.service[90493]: DEBUG neutron.api.extensions [None req-d5e7ffa8-c240-44fe-a2f5-9641cf4542d3 None None] Ext name="Tag support for resources with standard attribute: port, subnet, subnetpool, network, security_group, router, floatingip, policy, trunk, network_segment_range" alias="standard-attr-tag" description="Enables to set tag on resources with standard attribute." updated="2017-01-01T00:00:00-00:00" {{(pid=90493) _check_extension /opt/stack/neutron/neutron/api/extensions.py:415}}
Jul 07 15:39:19.304995 np0000004736 devstack@neutron-api.service[90493]: INFO neutron.api.extensions [None req-d5e7ffa8-c240-44fe-a2f5-9641cf4542d3 None None] Loaded extension: standard-attr-tag
Jul 07 15:39:19.305326 np0000004736 devstack@neutron-api.service[90495]: DEBUG neutron.api.extensions [None req-baee2097-55a2-4b07-b07d-457719c11b60 None None] Ext name="Add address_scope type to RBAC" alias="rbac-address-scope" description="Add address_scope type to RBAC" updated="2020-02-12T00:00:00-00:00" {{(pid=90495) _check_extension /opt/stack/neutron/neutron/api/extensions.py:415}}
Jul 07 15:39:19.305545 np0000004736 devstack@neutron-api.service[90494]: DEBUG neutron_lib.callbacks.manager [None req-6da8b71e-5d67-4df7-9a6a-4666eec8fd2e None None] Subscribe: port before_update 55550000, False {{(pid=90494) subscribe /opt/stack/data/venv/lib/python3.12/site-packages/neutron_lib/callbacks/manager.py:52}}
Jul 07 15:39:19.305838 np0000004736 devstack@neutron-api.service[90493]: DEBUG neutron.api.extensions [None req-d5e7ffa8-c240-44fe-a2f5-9641cf4542d3 None None] Loading extension file: timestamp.py {{(pid=90493) _load_all_extensions_from_path /opt/stack/neutron/neutron/api/extensions.py:449}}
Jul 07 15:39:19.306092 np0000004736 devstack@neutron-api.service[90494]: DEBUG neutron_lib.callbacks.manager [None req-6da8b71e-5d67-4df7-9a6a-4666eec8fd2e None None] Subscribe: port after_update 55550000, False {{(pid=90494) subscribe /opt/stack/data/venv/lib/python3.12/site-packages/neutron_lib/callbacks/manager.py:52}}
Jul 07 15:39:19.306297 np0000004736 devstack@neutron-api.service[90495]: INFO neutron.api.extensions [None req-baee2097-55a2-4b07-b07d-457719c11b60 None None] Loaded extension: rbac-address-scope
Jul 07 15:39:19.306466 np0000004736 devstack@neutron-api.service[90493]: DEBUG neutron.api.extensions [None req-d5e7ffa8-c240-44fe-a2f5-9641cf4542d3 None None] Ext name="Resource timestamps" alias="standard-attr-timestamp" description="Adds created_at and updated_at fields to all Neutron resources that have Neutron standard attributes." updated="2016-09-12T10:00:00-00:00" {{(pid=90493) _check_extension /opt/stack/neutron/neutron/api/extensions.py:415}}
Jul 07 15:39:19.306660 np0000004736 devstack@neutron-api.service[90494]: DEBUG neutron_lib.callbacks.manager [None req-6da8b71e-5d67-4df7-9a6a-4666eec8fd2e None None] Subscribe: > port precommit_delete 55550000, False {{(pid=90494) subscribe /opt/stack/data/venv/lib/python3.12/site-packages/neutron_lib/callbacks/manager.py:52}}
Jul 07 15:39:19.306838 np0000004736 devstack@neutron-api.service[90495]: DEBUG neutron.api.extensions [None req-baee2097-55a2-4b07-b07d-457719c11b60 None None] Loading extension file: rbac_security_groups.py {{(pid=90495) _load_all_extensions_from_path /opt/stack/neutron/neutron/api/extensions.py:449}}
Jul 07 15:39:19.307143 np0000004736 devstack@neutron-api.service[90493]: INFO neutron.api.extensions [None req-d5e7ffa8-c240-44fe-a2f5-9641cf4542d3 None None] Loaded extension: standard-attr-timestamp
Jul 07 15:39:19.307143 np0000004736 devstack@neutron-api.service[90493]: DEBUG neutron.api.extensions [None req-d5e7ffa8-c240-44fe-a2f5-9641cf4542d3 None None] Loading extension file: trunk.py {{(pid=90493) _load_all_extensions_from_path /opt/stack/neutron/neutron/api/extensions.py:449}}
Jul 07 15:39:19.307353 np0000004736 devstack@neutron-api.service[90494]: DEBUG neutron_lib.callbacks.manager [None req-6da8b71e-5d67-4df7-9a6a-4666eec8fd2e None None] Subscribe: port before_update 55550000, False {{(pid=90494) subscribe /opt/stack/data/venv/lib/python3.12/site-packages/neutron_lib/callbacks/manager.py:52}}
Jul 07 15:39:19.307353 np0000004736 devstack@neutron-api.service[90494]: DEBUG neutron_lib.callbacks.manager [None req-6da8b71e-5d67-4df7-9a6a-4666eec8fd2e None None] Subscribe: port before_delete 55550000, False {{(pid=90494) subscribe /opt/stack/data/venv/lib/python3.12/site-packages/neutron_lib/callbacks/manager.py:52}}
Jul 07 15:39:19.307644 np0000004736 devstack@neutron-api.service[90495]: DEBUG neutron.api.extensions [None req-baee2097-55a2-4b07-b07d-457719c11b60 None None] Ext name="Add security_group type to network RBAC" alias="rbac-security-groups" description="Add security_group type to network RBAC" updated="2019-02-14T00:00:00-00:00" {{(pid=90495) _check_extension /opt/stack/neutron/neutron/api/extensions.py:415}}
Jul 07 15:39:19.307830 np0000004736 devstack@neutron-api.service[90493]: DEBUG neutron.api.extensions [None req-d5e7ffa8-c240-44fe-a2f5-9641cf4542d3 None None] Ext name="Trunk Extension" alias="trunk" description="Provides support for trunk ports" updated="2016-01-01T10:00:00-00:00" {{(pid=90493) _check_extension /opt/stack/neutron/neutron/api/extensions.py:415}}
Jul 07 15:39:19.307830 np0000004736 devstack@neutron-api.service[90493]: INFO neutron.api.extensions [None req-d5e7ffa8-c240-44fe-a2f5-9641cf4542d3 None None] Extension trunk not supported by any of loaded plugins
Jul 07 15:39:19.308121 np0000004736 devstack@neutron-api.service[90495]: INFO neutron.api.extensions [None req-baee2097-55a2-4b07-b07d-457719c11b60 None None] Loaded extension: rbac-security-groups
Jul 07 15:39:19.308317 np0000004736 devstack@neutron-api.service[90493]: DEBUG neutron.api.extensions [None req-d5e7ffa8-c240-44fe-a2f5-9641cf4542d3 None None] Loading extension file: trunk_details.py {{(pid=90493) _load_all_extensions_from_path /opt/stack/neutron/neutron/api/extensions.py:449}}
Jul 07 15:39:19.308643 np0000004736 devstack@neutron-api.service[90495]: DEBUG neutron.api.extensions [None req-baee2097-55a2-4b07-b07d-457719c11b60 None None] Loading extension file: rbac_subnetpool.py {{(pid=90495) _load_all_extensions_from_path /opt/stack/neutron/neutron/api/extensions.py:449}}
Jul 07 15:39:19.308849 np0000004736 devstack@neutron-api.service[90493]: DEBUG neutron.api.extensions [None req-d5e7ffa8-c240-44fe-a2f5-9641cf4542d3 None None] Ext name="Trunk port details" alias="trunk-details" description="Expose trunk port details" updated="2016-01-01T10:00:00-00:00" {{(pid=90493) _check_extension /opt/stack/neutron/neutron/api/extensions.py:415}}
Jul 07 15:39:19.308849 np0000004736 devstack@neutron-api.service[90493]: INFO neutron.api.extensions [None req-d5e7ffa8-c240-44fe-a2f5-9641cf4542d3 None None] Extension trunk-details not supported by any of loaded plugins
Jul 07 15:39:19.309175 np0000004736 devstack@neutron-api.service[90494]: DEBUG neutron_lib.callbacks.manager [None req-6da8b71e-5d67-4df7-9a6a-4666eec8fd2e None None] Subscribe: > router precommit_create 55550000, False {{(pid=90494) subscribe /opt/stack/data/venv/lib/python3.12/site-packages/neutron_lib/callbacks/manager.py:52}}
Jul 07 15:39:19.309402 np0000004736 devstack@neutron-api.service[90493]: DEBUG neutron.api.extensions [None req-d5e7ffa8-c240-44fe-a2f5-9641cf4542d3 None None] Loading extension file: uplink_status_propagation.py {{(pid=90493) _load_all_extensions_from_path /opt/stack/neutron/neutron/api/extensions.py:449}}
Jul 07 15:39:19.309947 np0000004736 devstack@neutron-api.service[90495]: DEBUG neutron.api.extensions [None req-baee2097-55a2-4b07-b07d-457719c11b60 None None] Ext name="Add subnetpool type to RBAC" alias="rbac-subnetpool" description="Add subnetpool type to RBAC" updated="2020-02-05T00:00:00-00:00" {{(pid=90495) _check_extension /opt/stack/neutron/neutron/api/extensions.py:415}}
Jul 07 15:39:19.310294 np0000004736 devstack@neutron-api.service[90493]: DEBUG neutron.api.extensions [None req-d5e7ffa8-c240-44fe-a2f5-9641cf4542d3 None None] Ext name="Uplink status propagation extension" alias="uplink-status-propagation" description="Provides ability to propagate port uplink status." updated="2018-05-31T18:00:00-00:00" {{(pid=90493) _check_extension /opt/stack/neutron/neutron/api/extensions.py:415}}
Jul 07 15:39:19.310625 np0000004736 devstack@neutron-api.service[90494]: DEBUG neutron_lib.callbacks.manager [None req-6da8b71e-5d67-4df7-9a6a-4666eec8fd2e None None] Subscribe: > router precommit_create 55550000, False {{(pid=90494) subscribe /opt/stack/data/venv/lib/python3.12/site-packages/neutron_lib/callbacks/manager.py:52}}
Jul 07 15:39:19.310766 np0000004736 devstack@neutron-api.service[90495]: INFO neutron.api.extensions [None req-baee2097-55a2-4b07-b07d-457719c11b60 None None] Extension rbac-subnetpool not supported by any of loaded plugins
Jul 07 15:39:19.311017 np0000004736 devstack@neutron-api.service[90493]: INFO neutron.api.extensions [None req-d5e7ffa8-c240-44fe-a2f5-9641cf4542d3 None None] Extension uplink-status-propagation not supported by any of loaded plugins
Jul 07 15:39:19.311290 np0000004736 devstack@neutron-api.service[90495]: DEBUG neutron.api.extensions [None req-baee2097-55a2-4b07-b07d-457719c11b60 None None] Loading extension file: revisionifmatch.py {{(pid=90495) _load_all_extensions_from_path /opt/stack/neutron/neutron/api/extensions.py:449}}
Jul 07 15:39:19.311715 np0000004736 devstack@neutron-api.service[90493]: DEBUG neutron.api.extensions [None req-d5e7ffa8-c240-44fe-a2f5-9641cf4542d3 None None] Loading extension file: uplink_status_propagation_updatable.py {{(pid=90493) _load_all_extensions_from_path /opt/stack/neutron/neutron/api/extensions.py:449}}
Jul 07 15:39:19.311956 np0000004736 devstack@neutron-api.service[90494]: DEBUG neutron_lib.callbacks.manager [None req-6da8b71e-5d67-4df7-9a6a-4666eec8fd2e None None] Subscribe: > router precommit_update 55550000, False {{(pid=90494) subscribe /opt/stack/data/venv/lib/python3.12/site-packages/neutron_lib/callbacks/manager.py:52}}
Jul 07 15:39:19.311956 np0000004736 devstack@neutron-api.service[90494]: DEBUG neutron_lib.callbacks.manager [None req-6da8b71e-5d67-4df7-9a6a-4666eec8fd2e None None] Subscribe: subnet after_update 55550000, False {{(pid=90494) subscribe /opt/stack/data/venv/lib/python3.12/site-packages/neutron_lib/callbacks/manager.py:52}}
Jul 07 15:39:19.312296 np0000004736 devstack@neutron-api.service[90493]: DEBUG neutron.api.extensions [None req-d5e7ffa8-c240-44fe-a2f5-9641cf4542d3 None None] Ext name="Uplink status propagation updatable extension" alias="uplink-status-propagation-updatable" description="Provides ability to update the port uplink status." updated="2024-09-03T18:00:00-00:00" {{(pid=90493) _check_extension /opt/stack/neutron/neutron/api/extensions.py:415}}
Jul 07 15:39:19.312296 np0000004736 devstack@neutron-api.service[90493]: INFO neutron.api.extensions [None req-d5e7ffa8-c240-44fe-a2f5-9641cf4542d3 None None] Extension uplink-status-propagation-updatable not supported by any of loaded plugins
Jul 07 15:39:19.312585 np0000004736 devstack@neutron-api.service[90495]: DEBUG neutron.api.extensions [None req-baee2097-55a2-4b07-b07d-457719c11b60 None None] Ext name="If-Match constraints based on revision_number" alias="revision-if-match" description="Extension indicating that If-Match based on revision_number is supported." updated="2016-12-11T00:00:00-00:00" {{(pid=90495) _check_extension /opt/stack/neutron/neutron/api/extensions.py:415}}
Jul 07 15:39:19.312892 np0000004736 devstack@neutron-api.service[90493]: DEBUG neutron.api.extensions [None req-d5e7ffa8-c240-44fe-a2f5-9641cf4542d3 None None] Loading extension file: vlantransparent.py {{(pid=90493) _load_all_extensions_from_path /opt/stack/neutron/neutron/api/extensions.py:449}}
Jul 07 15:39:19.313173 np0000004736 devstack@neutron-api.service[90494]: DEBUG neutron.quota.resource_registry [None req-6da8b71e-5d67-4df7-9a6a-4666eec8fd2e None None] Tracking information for resource: router configured {{(pid=90494) set_tracked_resource /opt/stack/neutron/neutron/quota/resource_registry.py:203}}
Jul 07 15:39:19.313403 np0000004736 devstack@neutron-api.service[90495]: INFO neutron.api.extensions [None req-baee2097-55a2-4b07-b07d-457719c11b60 None None] Loaded extension: revision-if-match
Jul 07 15:39:19.313622 np0000004736 devstack@neutron-api.service[90494]: DEBUG neutron.quota.resource_registry [None req-6da8b71e-5d67-4df7-9a6a-4666eec8fd2e None None] Tracking information for resource: floatingip configured {{(pid=90494) set_tracked_resource /opt/stack/neutron/neutron/quota/resource_registry.py:203}}
Jul 07 15:39:19.313622 np0000004736 devstack@neutron-api.service[90494]: INFO neutron.services.ovn_l3.plugin [None req-6da8b71e-5d67-4df7-9a6a-4666eec8fd2e None None] Starting OVNL3RouterPlugin
Jul 07 15:39:19.313858 np0000004736 devstack@neutron-api.service[90495]: DEBUG neutron.api.extensions [None req-baee2097-55a2-4b07-b07d-457719c11b60 None None] Loading extension file: revisions.py {{(pid=90495) _load_all_extensions_from_path /opt/stack/neutron/neutron/api/extensions.py:449}}
Jul 07 15:39:19.314061 np0000004736 devstack@neutron-api.service[90493]: DEBUG neutron.api.extensions [None req-d5e7ffa8-c240-44fe-a2f5-9641cf4542d3 None None] Ext name="Vlantransparent" alias="vlan-transparent" description="Provides Vlan Transparent Networks" updated="2015-03-23T09:00:00-00:00" {{(pid=90493) _check_extension /opt/stack/neutron/neutron/api/extensions.py:415}}
Jul 07 15:39:19.314061 np0000004736 devstack@neutron-api.service[90493]: INFO neutron.api.extensions [None req-d5e7ffa8-c240-44fe-a2f5-9641cf4542d3 None None] Loaded extension: vlan-transparent
Jul 07 15:39:19.314327 np0000004736 devstack@neutron-api.service[90494]: DEBUG neutron_lib.callbacks.manager [None req-6da8b71e-5d67-4df7-9a6a-4666eec8fd2e None None] Subscribe: > port_forwarding_plugin after_init 55550000, False {{(pid=90494) subscribe /opt/stack/data/venv/lib/python3.12/site-packages/neutron_lib/callbacks/manager.py:52}}
Jul 07 15:39:19.314587 np0000004736 devstack@neutron-api.service[90495]: DEBUG neutron.api.extensions [None req-baee2097-55a2-4b07-b07d-457719c11b60 None None] Ext name="Resource revision numbers" alias="standard-attr-revisions" description="This extension will display the revision number of neutron resources." updated="2016-04-11T10:00:00-00:00" {{(pid=90495) _check_extension /opt/stack/neutron/neutron/api/extensions.py:415}}
Jul 07 15:39:19.314775 np0000004736 devstack@neutron-api.service[90494]: DEBUG neutron_lib.callbacks.manager [None req-6da8b71e-5d67-4df7-9a6a-4666eec8fd2e None None] Subscribe: > router before_create 55550100, False {{(pid=90494) subscribe /opt/stack/data/venv/lib/python3.12/site-packages/neutron_lib/callbacks/manager.py:52}}
Jul 07 15:39:19.314939 np0000004736 devstack@neutron-api.service[90495]: INFO neutron.api.extensions [None req-baee2097-55a2-4b07-b07d-457719c11b60 None None] Loaded extension: standard-attr-revisions
Jul 07 15:39:19.315129 np0000004736 devstack@neutron-api.service[90494]: DEBUG neutron_lib.callbacks.manager [None req-6da8b71e-5d67-4df7-9a6a-4666eec8fd2e None None] Subscribe: > router precommit_delete 55550100, False {{(pid=90494) subscribe /opt/stack/data/venv/lib/python3.12/site-packages/neutron_lib/callbacks/manager.py:52}}
Jul 07 15:39:19.315344 np0000004736 devstack@neutron-api.service[90495]: DEBUG neutron.api.extensions [None req-baee2097-55a2-4b07-b07d-457719c11b60 None None] Loading extension file: router_availability_zone.py {{(pid=90495) _load_all_extensions_from_path /opt/stack/neutron/neutron/api/extensions.py:449}}
Jul 07 15:39:19.315541 np0000004736 devstack@neutron-api.service[90494]: DEBUG neutron_lib.callbacks.manager [None req-6da8b71e-5d67-4df7-9a6a-4666eec8fd2e None None] Subscribe: > router precommit_create 55550100, False {{(pid=90494) subscribe /opt/stack/data/venv/lib/python3.12/site-packages/neutron_lib/callbacks/manager.py:52}}
Jul 07 15:39:19.315541 np0000004736 devstack@neutron-api.service[90494]: DEBUG neutron_lib.callbacks.manager [None req-6da8b71e-5d67-4df7-9a6a-4666eec8fd2e None None] Subscribe: > router precommit_update 55550100, False {{(pid=90494) subscribe /opt/stack/data/venv/lib/python3.12/site-packages/neutron_lib/callbacks/manager.py:52}}
Jul 07 15:39:19.315788 np0000004736 devstack@neutron-api.service[90495]: DEBUG neutron.api.extensions [None req-baee2097-55a2-4b07-b07d-457719c11b60 None None] Ext name="Router Availability Zone" alias="router_availability_zone" description="Availability zone support for router." updated="2015-01-01T10:00:00-00:00" {{(pid=90495) _check_extension /opt/stack/neutron/neutron/api/extensions.py:415}}
Jul 07 15:39:19.315788 np0000004736 devstack@neutron-api.service[90495]: INFO neutron.api.extensions [None req-baee2097-55a2-4b07-b07d-457719c11b60 None None] Loaded extension: router_availability_zone
Jul 07 15:39:19.315788 np0000004736 devstack@neutron-api.service[90495]: DEBUG neutron.api.extensions [None req-baee2097-55a2-4b07-b07d-457719c11b60 None None] Loading extension file: router_enable_snat.py {{(pid=90495) _load_all_extensions_from_path /opt/stack/neutron/neutron/api/extensions.py:449}}
Jul 07 15:39:19.315788 np0000004736 devstack@neutron-api.service[90495]: DEBUG neutron.api.extensions [None req-baee2097-55a2-4b07-b07d-457719c11b60 None None] Ext name="Exposes the router "enable_snat" read-only configuration flag" alias="router-enable-snat" description="Exposes the router "enable_snat" read-only configuration flag" updated="2025-09-18T18:00:00-00:00" {{(pid=90495) _check_extension /opt/stack/neutron/neutron/api/extensions.py:415}}
Jul 07 15:39:19.316083 np0000004736 devstack@neutron-api.service[90493]: INFO neutron.quota.resource_registry [None req-d5e7ffa8-c240-44fe-a2f5-9641cf4542d3 None None] Creating instance of TrackedResource for resource:network
Jul 07 15:39:19.316083 np0000004736 devstack@neutron-api.service[90493]: INFO neutron.quota.resource_registry [None req-d5e7ffa8-c240-44fe-a2f5-9641cf4542d3 None None] Creating instance of TrackedResource for resource:subnet
Jul 07 15:39:19.316295 np0000004736 devstack@neutron-api.service[90495]: INFO neutron.api.extensions [None req-baee2097-55a2-4b07-b07d-457719c11b60 None None] Loaded extension: router-enable-snat
Jul 07 15:39:19.316511 np0000004736 devstack@neutron-api.service[90493]: INFO neutron.quota.resource_registry [None req-d5e7ffa8-c240-44fe-a2f5-9641cf4542d3 None None] Creating instance of TrackedResource for resource:subnetpool
Jul 07 15:39:19.316684 np0000004736 devstack@neutron-api.service[90495]: DEBUG neutron.api.extensions [None req-baee2097-55a2-4b07-b07d-457719c11b60 None None] Loading extension file: routerservicetype.py {{(pid=90495) _load_all_extensions_from_path /opt/stack/neutron/neutron/api/extensions.py:449}}
Jul 07 15:39:19.316907 np0000004736 devstack@neutron-api.service[90493]: INFO neutron.quota.resource_registry [None req-d5e7ffa8-c240-44fe-a2f5-9641cf4542d3 None None] Creating instance of TrackedResource for resource:port
Jul 07 15:39:19.317132 np0000004736 devstack@neutron-api.service[90495]: DEBUG neutron.api.extensions [None req-baee2097-55a2-4b07-b07d-457719c11b60 None None] Ext name="Router Service Type" alias="router-service-type" description="Provides router service type" updated="2013-01-29T00:00:00-00:00" {{(pid=90495) _check_extension /opt/stack/neutron/neutron/api/extensions.py:415}}
Jul 07 15:39:19.317132 np0000004736 devstack@neutron-api.service[90495]: INFO neutron.api.extensions [None req-baee2097-55a2-4b07-b07d-457719c11b60 None None] Extension router-service-type not supported by any of loaded plugins
Jul 07 15:39:19.317132 np0000004736 devstack@neutron-api.service[90495]: DEBUG neutron.api.extensions [None req-baee2097-55a2-4b07-b07d-457719c11b60 None None] Loading extension file: security_groups_default_rules.py {{(pid=90495) _load_all_extensions_from_path /opt/stack/neutron/neutron/api/extensions.py:449}}
Jul 07 15:39:19.317457 np0000004736 devstack@neutron-api.service[90493]: INFO neutron.quota.resource_registry [None req-d5e7ffa8-c240-44fe-a2f5-9641cf4542d3 None None] Creating instance of CountableResource for resource:router_route
Jul 07 15:39:19.317741 np0000004736 devstack@neutron-api.service[90495]: DEBUG neutron.api.extensions [None req-baee2097-55a2-4b07-b07d-457719c11b60 None None] Ext name="Default rules for security groups" alias="security-groups-default-rules" description="Configure set of security group rules used as default rules for every new security group" updated="2022-12-19T10:00:00-00:00" {{(pid=90495) _check_extension /opt/stack/neutron/neutron/api/extensions.py:415}}
Jul 07 15:39:19.317927 np0000004736 devstack@neutron-api.service[90493]: DEBUG neutron.api.v2.resource_helper [None req-d5e7ffa8-c240-44fe-a2f5-9641cf4542d3 None None] Service L3_ROUTER_NAT assigned prefix: {{(pid=90493) build_resource_info /opt/stack/neutron/neutron/api/v2/resource_helper.py:77}}
Jul 07 15:39:19.318123 np0000004736 devstack@neutron-api.service[90495]: INFO neutron.api.extensions [None req-baee2097-55a2-4b07-b07d-457719c11b60 None None] Loaded extension: security-groups-default-rules
Jul 07 15:39:19.318123 np0000004736 devstack@neutron-api.service[90495]: DEBUG neutron.api.extensions [None req-baee2097-55a2-4b07-b07d-457719c11b60 None None] Loading extension file: security_groups_default_statefulness.py {{(pid=90495) _load_all_extensions_from_path /opt/stack/neutron/neutron/api/extensions.py:449}}
Jul 07 15:39:19.318351 np0000004736 devstack@neutron-api.service[90493]: DEBUG neutron.api.v2.resource_helper [None req-d5e7ffa8-c240-44fe-a2f5-9641cf4542d3 None None] Service FLAVORS assigned prefix: {{(pid=90493) build_resource_info /opt/stack/neutron/neutron/api/v2/resource_helper.py:77}}
Jul 07 15:39:19.318570 np0000004736 devstack@neutron-api.service[90495]: DEBUG neutron.api.extensions [None req-baee2097-55a2-4b07-b07d-457719c11b60 None None] Ext name="Security Groups Default Statefulness" alias="security-groups-default-statefulness" description="Allows configuring the default value of the 'stateful' attribute for new security groups, on a per-project or system-wide basis" updated="2026-04-13T00:00:00-00:00" {{(pid=90495) _check_extension /opt/stack/neutron/neutron/api/extensions.py:415}}
Jul 07 15:39:19.318570 np0000004736 devstack@neutron-api.service[90495]: INFO neutron.api.extensions [None req-baee2097-55a2-4b07-b07d-457719c11b60 None None] Loaded extension: security-groups-default-statefulness
Jul 07 15:39:19.318570 np0000004736 devstack@neutron-api.service[90495]: DEBUG neutron.api.extensions [None req-baee2097-55a2-4b07-b07d-457719c11b60 None None] Loading extension file: security_groups_normalized_cidr.py {{(pid=90495) _load_all_extensions_from_path /opt/stack/neutron/neutron/api/extensions.py:449}}
Jul 07 15:39:19.318833 np0000004736 devstack@neutron-api.service[90493]: DEBUG neutron.api.v2.resource_helper [None req-d5e7ffa8-c240-44fe-a2f5-9641cf4542d3 None None] Service L3_ROUTER_NAT assigned prefix: {{(pid=90493) build_resource_info /opt/stack/neutron/neutron/api/v2/resource_helper.py:77}}
Jul 07 15:39:19.319189 np0000004736 devstack@neutron-api.service[90495]: DEBUG neutron.api.extensions [None req-baee2097-55a2-4b07-b07d-457719c11b60 None None] Ext name="Normalized CIDR field for security group rules" alias="security-groups-normalized-cidr" description="Add new field with normalized remote_ip_prefix cidr in SG rule" updated="2020-07-28T10:00:00-00:00" {{(pid=90495) _check_extension /opt/stack/neutron/neutron/api/extensions.py:415}}
Jul 07 15:39:19.319528 np0000004736 devstack@neutron-api.service[90494]: DEBUG neutron.services.provider_configuration [None req-6da8b71e-5d67-4df7-9a6a-4666eec8fd2e None None] Service providers = [] {{(pid=90494) parse_service_provider_opt /opt/stack/neutron/neutron/services/provider_configuration.py:170}}
Jul 07 15:39:19.319528 np0000004736 devstack@neutron-api.service[90494]: DEBUG neutron.db.servicetype_db [None req-6da8b71e-5d67-4df7-9a6a-4666eec8fd2e None None] Adding provider configuration for service L3_ROUTER_NAT {{(pid=90494) add_provider_configuration /opt/stack/neutron/neutron/db/servicetype_db.py:45}}
Jul 07 15:39:19.319865 np0000004736 devstack@neutron-api.service[90495]: INFO neutron.api.extensions [None req-baee2097-55a2-4b07-b07d-457719c11b60 None None] Loaded extension: security-groups-normalized-cidr
Jul 07 15:39:19.319865 np0000004736 devstack@neutron-api.service[90495]: DEBUG neutron.api.extensions [None req-baee2097-55a2-4b07-b07d-457719c11b60 None None] Loading extension file: security_groups_port_filtering.py {{(pid=90495) _load_all_extensions_from_path /opt/stack/neutron/neutron/api/extensions.py:449}}
Jul 07 15:39:19.320174 np0000004736 devstack@neutron-api.service[90493]: DEBUG neutron.api.v2.resource_helper [None req-d5e7ffa8-c240-44fe-a2f5-9641cf4542d3 None None] Service L3_ROUTER_NAT assigned prefix: {{(pid=90493) build_resource_info /opt/stack/neutron/neutron/api/v2/resource_helper.py:77}}
