May 18 13:12:21.854898 np0000000945 devstack@g-api.service[101712]: DEBUG glance.api.middleware.version_negotiation [None req-fb984b1b-05c4-43b3-81c8-f1c1294b92aa tempest-TestShelveInstance-1324375809 tempest-TestShelveInstance-1324375809-project-member] new path /v2/schemas/image {{(pid=101712) process_request /opt/stack/glance/glance/api/middleware/version_negotiation.py:70}}
May 18 13:12:21.861225 np0000000945 devstack@g-api.service[101712]: [pid: 101712|app: 0|req: 117/358] 127.0.0.1 () {44 vars in 1055 bytes} [Mon May 18 13:12:21 2026] GET /v2/schemas/image => generated 6083 bytes in 5 msecs (HTTP/1.1 200) 4 headers in 158 bytes (1 switches on core 0)
May 18 13:12:21.876991 np0000000945 devstack@g-api.service[101713]: DEBUG glance.api.middleware.version_negotiation [None req-fb984b1b-05c4-43b3-81c8-f1c1294b92aa tempest-TestShelveInstance-1324375809 tempest-TestShelveInstance-1324375809-project-member] Determining version of request: GET /v2/schemas/image Accept: */* {{(pid=101713) process_request /opt/stack/glance/glance/api/middleware/version_negotiation.py:44}}
May 18 13:12:21.876991 np0000000945 devstack@g-api.service[101713]: DEBUG glance.api.middleware.version_negotiation [None req-fb984b1b-05c4-43b3-81c8-f1c1294b92aa tempest-TestShelveInstance-1324375809 tempest-TestShelveInstance-1324375809-project-member] Using url versioning {{(pid=101713) process_request /opt/stack/glance/glance/api/middleware/version_negotiation.py:57}}
May 18 13:12:21.876991 np0000000945 devstack@g-api.service[101713]: DEBUG glance.api.middleware.version_negotiation [None req-fb984b1b-05c4-43b3-81c8-f1c1294b92aa tempest-TestShelveInstance-1324375809 tempest-TestShelveInstance-1324375809-project-member] Matched version: v2 {{(pid=101713) process_request /opt/stack/glance/glance/api/middleware/version_negotiation.py:69}}
May 18 13:12:21.876991 np0000000945 devstack@g-api.service[101713]: DEBUG glance.api.middleware.version_negotiation [None req-fb984b1b-05c4-43b3-81c8-f1c1294b92aa tempest-TestShelveInstance-1324375809 tempest-TestShelveInstance-1324375809-project-member] new path /v2/schemas/image {{(pid=101713) process_request /opt/stack/glance/glance/api/middleware/version_negotiation.py:70}}
May 18 13:12:21.880264 np0000000945 devstack@g-api.service[101713]: [pid: 101713|app: 0|req: 124/359] 127.0.0.1 () {44 vars in 1055 bytes} [Mon May 18 13:12:21 2026] GET /v2/schemas/image => generated 6083 bytes in 4 msecs (HTTP/1.1 200) 4 headers in 158 bytes (1 switches on core 0)
May 18 13:12:21.908596 np0000000945 devstack@g-api.service[101712]: DEBUG glance.api.middleware.version_negotiation [None req-fb984b1b-05c4-43b3-81c8-f1c1294b92aa tempest-TestShelveInstance-1324375809 tempest-TestShelveInstance-1324375809-project-member] Determining version of request: GET /v2/images/246498c1-b5b8-4127-b467-1642403f74d5 Accept: */* {{(pid=101712) process_request /opt/stack/glance/glance/api/middleware/version_negotiation.py:44}}
May 18 13:12:21.908875 np0000000945 devstack@g-api.service[101712]: DEBUG glance.api.middleware.version_negotiation [None req-fb984b1b-05c4-43b3-81c8-f1c1294b92aa tempest-TestShelveInstance-1324375809 tempest-TestShelveInstance-1324375809-project-member] Using url versioning {{(pid=101712) process_request /opt/stack/glance/glance/api/middleware/version_negotiation.py:57}}
May 18 13:12:21.909146 np0000000945 devstack@g-api.service[101712]: DEBUG glance.api.middleware.version_negotiation [None req-fb984b1b-05c4-43b3-81c8-f1c1294b92aa tempest-TestShelveInstance-1324375809 tempest-TestShelveInstance-1324375809-project-member] Matched version: v2 {{(pid=101712) process_request /opt/stack/glance/glance/api/middleware/version_negotiation.py:69}}
May 18 13:12:21.909226 np0000000945 devstack@g-api.service[101712]: DEBUG glance.api.middleware.version_negotiation [None req-fb984b1b-05c4-43b3-81c8-f1c1294b92aa tempest-TestShelveInstance-1324375809 tempest-TestShelveInstance-1324375809-project-member] new path /v2/images/246498c1-b5b8-4127-b467-1642403f74d5 {{(pid=101712) process_request /opt/stack/glance/glance/api/middleware/version_negotiation.py:70}}
May 18 13:12:21.929354 np0000000945 devstack@g-api.service[101712]: [pid: 101712|app: 0|req: 118/360] 127.0.0.1 () {44 vars in 1115 bytes} [Mon May 18 13:12:21 2026] GET /v2/images/246498c1-b5b8-4127-b467-1642403f74d5 => generated 1044 bytes in 20 msecs (HTTP/1.1 200) 4 headers in 158 bytes (1 switches on core 0)
May 18 13:12:21.941692 np0000000945 devstack@g-api.service[101713]: DEBUG glance.api.middleware.version_negotiation [None req-fb984b1b-05c4-43b3-81c8-f1c1294b92aa tempest-TestShelveInstance-1324375809 tempest-TestShelveInstance-1324375809-project-member] Determining version of request: GET /v2/schemas/image Accept: */* {{(pid=101713) process_request /opt/stack/glance/glance/api/middleware/version_negotiation.py:44}}
May 18 13:12:21.942093 np0000000945 devstack@g-api.service[101713]: DEBUG glance.api.middleware.version_negotiation [None req-fb984b1b-05c4-43b3-81c8-f1c1294b92aa tempest-TestShelveInstance-1324375809 tempest-TestShelveInstance-1324375809-project-member] Using url versioning {{(pid=101713) process_request /opt/stack/glance/glance/api/middleware/version_negotiation.py:57}}
May 18 13:12:21.944257 np0000000945 devstack@g-api.service[101713]: DEBUG glance.api.middleware.version_negotiation [None req-fb984b1b-05c4-43b3-81c8-f1c1294b92aa tempest-TestShelveInstance-1324375809 tempest-TestShelveInstance-1324375809-project-member] Matched version: v2 {{(pid=101713) process_request /opt/stack/glance/glance/api/middleware/version_negotiation.py:69}}
May 18 13:12:21.944257 np0000000945 devstack@g-api.service[101713]: DEBUG glance.api.middleware.version_negotiation [None req-fb984b1b-05c4-43b3-81c8-f1c1294b92aa tempest-TestShelveInstance-1324375809 tempest-TestShelveInstance-1324375809-project-member] new path /v2/schemas/image {{(pid=101713) process_request /opt/stack/glance/glance/api/middleware/version_negotiation.py:70}}
May 18 13:12:21.949525 np0000000945 devstack@g-api.service[101713]: [pid: 101713|app: 0|req: 125/361] 127.0.0.1 () {44 vars in 1055 bytes} [Mon May 18 13:12:21 2026] GET /v2/schemas/image => generated 6083 bytes in 8 msecs (HTTP/1.1 200) 4 headers in 158 bytes (1 switches on core 0)
May 18 13:12:22.615165 np0000000945 devstack@g-api.service[101714]: DEBUG swiftclient [None req-0883e202-091f-4e91-9bc6-d62c0c109789 tempest-VolumesActionsTest-667398837 tempest-VolumesActionsTest-667398837-project-member] REQ: curl -i https://10.4.3.239:8080/v1/AUTH_e66717d5bcd548afb3a527ba93f6ac26/glance/963a7b36-e6e2-4a71-9300-34f26df5026f-00003 -X PUT -H "X-Auth-Token: gAAAAABqCxAvUYoo..." {{(pid=101714) http_log /opt/stack/data/venv/lib/python3.12/site-packages/swiftclient/client.py:160}}
May 18 13:12:22.615165 np0000000945 devstack@g-api.service[101714]: DEBUG swiftclient [None req-0883e202-091f-4e91-9bc6-d62c0c109789 tempest-VolumesActionsTest-667398837 tempest-VolumesActionsTest-667398837-project-member] RESP STATUS: 201 Created {{(pid=101714) http_log /opt/stack/data/venv/lib/python3.12/site-packages/swiftclient/client.py:161}}
May 18 13:12:22.615165 np0000000945 devstack@g-api.service[101714]: DEBUG swiftclient [None req-0883e202-091f-4e91-9bc6-d62c0c109789 tempest-VolumesActionsTest-667398837 tempest-VolumesActionsTest-667398837-project-member] RESP HEADERS: {'Date': 'Mon, 18 May 2026 13:12:22 GMT', 'Server': 'Apache/2.4.58 (Ubuntu)', 'Content-Type': 'text/html; charset=UTF-8', 'Content-Length': '0', 'Etag': 'eda9a9889837ac4bc81d6387d92c1bec', 'Last-Modified': 'Mon, 18 May 2026 13:12:21 GMT', 'X-Trans-Id': 'tx1c9b4807ff8b4a6290764-006a0b1034', 'X-Openstack-Request-Id': 'tx1c9b4807ff8b4a6290764-006a0b1034', 'Connection': 'close'} {{(pid=101714) http_log /opt/stack/data/venv/lib/python3.12/site-packages/swiftclient/client.py:162}}
May 18 13:12:22.615165 np0000000945 devstack@g-api.service[101714]: DEBUG glance_store._drivers.swift.store [None req-0883e202-091f-4e91-9bc6-d62c0c109789 tempest-VolumesActionsTest-667398837 tempest-VolumesActionsTest-667398837-project-member] Wrote chunk 963a7b36-e6e2-4a71-9300-34f26df5026f-00003 (3/?) of length 204800000 to Swift returning MD5 of content: eda9a9889837ac4bc81d6387d92c1bec {{(pid=101714) add /opt/stack/data/venv/lib/python3.12/site-packages/glance_store/_drivers/swift/store.py:1067}}
May 18 13:12:22.617431 np0000000945 devstack@g-api.service[101712]: DEBUG glance.api.middleware.version_negotiation [None req-fb984b1b-05c4-43b3-81c8-f1c1294b92aa tempest-TestShelveInstance-1324375809 tempest-TestShelveInstance-1324375809-project-member] Determining version of request: GET /versions Accept: */* {{(pid=101712) process_request /opt/stack/glance/glance/api/middleware/version_negotiation.py:44}}
May 18 13:12:22.618175 np0000000945 devstack@g-api.service[101712]: [pid: 101712|app: 0|req: 119/362] 127.0.0.1 () {44 vars in 1039 bytes} [Mon May 18 13:12:22 2026] GET /versions => generated 1407 bytes in 1 msecs (HTTP/1.1 200) 3 headers in 92 bytes (1 switches on core 0)
May 18 13:12:22.648977 np0000000945 devstack@g-api.service[101713]: DEBUG glance.api.middleware.version_negotiation [None req-fb984b1b-05c4-43b3-81c8-f1c1294b92aa tempest-TestShelveInstance-1324375809 tempest-TestShelveInstance-1324375809-project-member] Determining version of request: GET /v2/images/246498c1-b5b8-4127-b467-1642403f74d5/locations Accept: */* {{(pid=101713) process_request /opt/stack/glance/glance/api/middleware/version_negotiation.py:44}}
May 18 13:12:22.650558 np0000000945 devstack@g-api.service[101713]: DEBUG glance.api.middleware.version_negotiation [None req-fb984b1b-05c4-43b3-81c8-f1c1294b92aa tempest-TestShelveInstance-1324375809 tempest-TestShelveInstance-1324375809-project-member] Using url versioning {{(pid=101713) process_request /opt/stack/glance/glance/api/middleware/version_negotiation.py:57}}
May 18 13:12:22.650558 np0000000945 devstack@g-api.service[101713]: DEBUG glance.api.middleware.version_negotiation [None req-fb984b1b-05c4-43b3-81c8-f1c1294b92aa tempest-TestShelveInstance-1324375809 tempest-TestShelveInstance-1324375809-project-member] Matched version: v2 {{(pid=101713) process_request /opt/stack/glance/glance/api/middleware/version_negotiation.py:69}}
May 18 13:12:22.650558 np0000000945 devstack@g-api.service[101713]: DEBUG glance.api.middleware.version_negotiation [None req-fb984b1b-05c4-43b3-81c8-f1c1294b92aa tempest-TestShelveInstance-1324375809 tempest-TestShelveInstance-1324375809-project-member] new path /v2/images/246498c1-b5b8-4127-b467-1642403f74d5/locations {{(pid=101713) process_request /opt/stack/glance/glance/api/middleware/version_negotiation.py:70}}
May 18 13:12:22.735003 np0000000945 devstack@g-api.service[101713]: [pid: 101713|app: 0|req: 126/363] 127.0.0.1 () {44 vars in 1135 bytes} [Mon May 18 13:12:22 2026] GET /v2/images/246498c1-b5b8-4127-b467-1642403f74d5/locations => generated 92 bytes in 86 msecs (HTTP/1.1 200) 4 headers in 156 bytes (1 switches on core 0)
May 18 13:12:22.748575 np0000000945 devstack@g-api.service[101712]: DEBUG glance.api.middleware.version_negotiation [None req-fb984b1b-05c4-43b3-81c8-f1c1294b92aa tempest-TestShelveInstance-1324375809 tempest-TestShelveInstance-1324375809-project-member] Determining version of request: GET /v2/images/246498c1-b5b8-4127-b467-1642403f74d5 Accept: */* {{(pid=101712) process_request /opt/stack/glance/glance/api/middleware/version_negotiation.py:44}}
May 18 13:12:22.748830 np0000000945 devstack@g-api.service[101712]: DEBUG glance.api.middleware.version_negotiation [None req-fb984b1b-05c4-43b3-81c8-f1c1294b92aa tempest-TestShelveInstance-1324375809 tempest-TestShelveInstance-1324375809-project-member] Using url versioning {{(pid=101712) process_request /opt/stack/glance/glance/api/middleware/version_negotiation.py:57}}
May 18 13:12:22.748934 np0000000945 devstack@g-api.service[101712]: DEBUG glance.api.middleware.version_negotiation [None req-fb984b1b-05c4-43b3-81c8-f1c1294b92aa tempest-TestShelveInstance-1324375809 tempest-TestShelveInstance-1324375809-project-member] Matched version: v2 {{(pid=101712) process_request /opt/stack/glance/glance/api/middleware/version_negotiation.py:69}}
May 18 13:12:22.749068 np0000000945 devstack@g-api.service[101712]: DEBUG glance.api.middleware.version_negotiation [None req-fb984b1b-05c4-43b3-81c8-f1c1294b92aa tempest-TestShelveInstance-1324375809 tempest-TestShelveInstance-1324375809-project-member] new path /v2/images/246498c1-b5b8-4127-b467-1642403f74d5 {{(pid=101712) process_request /opt/stack/glance/glance/api/middleware/version_negotiation.py:70}}
May 18 13:12:22.767291 np0000000945 devstack@g-api.service[101712]: [pid: 101712|app: 0|req: 120/364] 127.0.0.1 () {44 vars in 1115 bytes} [Mon May 18 13:12:22 2026] GET /v2/images/246498c1-b5b8-4127-b467-1642403f74d5 => generated 1044 bytes in 19 msecs (HTTP/1.1 200) 4 headers in 158 bytes (1 switches on core 0)
May 18 13:12:22.769327 np0000000945 devstack@g-api.service[101713]: DEBUG glance.api.middleware.version_negotiation [None req-fb984b1b-05c4-43b3-81c8-f1c1294b92aa service glance] Determining version of request: GET /v2/images/963a7b36-e6e2-4a71-9300-34f26df5026f Accept: application/json {{(pid=101713) process_request /opt/stack/glance/glance/api/middleware/version_negotiation.py:44}}
May 18 13:12:22.769327 np0000000945 devstack@g-api.service[101713]: DEBUG glance.api.middleware.version_negotiation [None req-fb984b1b-05c4-43b3-81c8-f1c1294b92aa service glance] Using url versioning {{(pid=101713) process_request /opt/stack/glance/glance/api/middleware/version_negotiation.py:57}}
May 18 13:12:22.769327 np0000000945 devstack@g-api.service[101713]: DEBUG glance.api.middleware.version_negotiation [None req-fb984b1b-05c4-43b3-81c8-f1c1294b92aa service glance] Matched version: v2 {{(pid=101713) process_request /opt/stack/glance/glance/api/middleware/version_negotiation.py:69}}
May 18 13:12:22.769327 np0000000945 devstack@g-api.service[101713]: DEBUG glance.api.middleware.version_negotiation [None req-fb984b1b-05c4-43b3-81c8-f1c1294b92aa service glance] new path /v2/images/963a7b36-e6e2-4a71-9300-34f26df5026f {{(pid=101713) process_request /opt/stack/glance/glance/api/middleware/version_negotiation.py:70}}
May 18 13:12:22.778131 np0000000945 devstack@g-api.service[101712]: DEBUG glance.api.middleware.version_negotiation [None req-fb984b1b-05c4-43b3-81c8-f1c1294b92aa tempest-TestShelveInstance-1324375809 tempest-TestShelveInstance-1324375809-project-member] Determining version of request: GET /v2/schemas/image Accept: */* {{(pid=101712) process_request /opt/stack/glance/glance/api/middleware/version_negotiation.py:44}}
May 18 13:12:22.778131 np0000000945 devstack@g-api.service[101712]: DEBUG glance.api.middleware.version_negotiation [None req-fb984b1b-05c4-43b3-81c8-f1c1294b92aa tempest-TestShelveInstance-1324375809 tempest-TestShelveInstance-1324375809-project-member] Using url versioning {{(pid=101712) process_request /opt/stack/glance/glance/api/middleware/version_negotiation.py:57}}
May 18 13:12:22.778131 np0000000945 devstack@g-api.service[101712]: DEBUG glance.api.middleware.version_negotiation [None req-fb984b1b-05c4-43b3-81c8-f1c1294b92aa tempest-TestShelveInstance-1324375809 tempest-TestShelveInstance-1324375809-project-member] Matched version: v2 {{(pid=101712) process_request /opt/stack/glance/glance/api/middleware/version_negotiation.py:69}}
May 18 13:12:22.778804 np0000000945 devstack@g-api.service[101712]: DEBUG glance.api.middleware.version_negotiation [None req-fb984b1b-05c4-43b3-81c8-f1c1294b92aa tempest-TestShelveInstance-1324375809 tempest-TestShelveInstance-1324375809-project-member] new path /v2/schemas/image {{(pid=101712) process_request /opt/stack/glance/glance/api/middleware/version_negotiation.py:70}}
May 18 13:12:22.781133 np0000000945 devstack@g-api.service[101713]: [pid: 101713|app: 0|req: 127/365] 127.0.0.1 () {40 vars in 838 bytes} [Mon May 18 13:12:22 2026] GET /v2/images/963a7b36-e6e2-4a71-9300-34f26df5026f => generated 650 bytes in 12 msecs (HTTP/1.1 200) 4 headers in 157 bytes (1 switches on core 0)
May 18 13:12:22.781720 np0000000945 devstack@g-api.service[101712]: [pid: 101712|app: 0|req: 121/366] 127.0.0.1 () {44 vars in 1055 bytes} [Mon May 18 13:12:22 2026] GET /v2/schemas/image => generated 6083 bytes in 4 msecs (HTTP/1.1 200) 4 headers in 158 bytes (1 switches on core 0)
May 18 13:12:22.794856 np0000000945 devstack@g-api.service[101713]: DEBUG glance.api.middleware.version_negotiation [None req-1f32b629-9cbc-4e4b-89a6-91631dd2df72 tempest-VolumesActionsTest-667398837 tempest-VolumesActionsTest-667398837-project-member] Determining version of request: GET /v2/schemas/image Accept: */* {{(pid=101713) process_request /opt/stack/glance/glance/api/middleware/version_negotiation.py:44}}
May 18 13:12:22.795129 np0000000945 devstack@g-api.service[101713]: DEBUG glance.api.middleware.version_negotiation [None req-1f32b629-9cbc-4e4b-89a6-91631dd2df72 tempest-VolumesActionsTest-667398837 tempest-VolumesActionsTest-667398837-project-member] Using url versioning {{(pid=101713) process_request /opt/stack/glance/glance/api/middleware/version_negotiation.py:57}}
May 18 13:12:22.795267 np0000000945 devstack@g-api.service[101713]: DEBUG glance.api.middleware.version_negotiation [None req-1f32b629-9cbc-4e4b-89a6-91631dd2df72 tempest-VolumesActionsTest-667398837 tempest-VolumesActionsTest-667398837-project-member] Matched version: v2 {{(pid=101713) process_request /opt/stack/glance/glance/api/middleware/version_negotiation.py:69}}
May 18 13:12:22.795378 np0000000945 devstack@g-api.service[101713]: DEBUG glance.api.middleware.version_negotiation [None req-1f32b629-9cbc-4e4b-89a6-91631dd2df72 tempest-VolumesActionsTest-667398837 tempest-VolumesActionsTest-667398837-project-member] new path /v2/schemas/image {{(pid=101713) process_request /opt/stack/glance/glance/api/middleware/version_negotiation.py:70}}
May 18 13:12:22.799162 np0000000945 devstack@g-api.service[101713]: [pid: 101713|app: 0|req: 128/367] 127.0.0.1 () {44 vars in 1055 bytes} [Mon May 18 13:12:22 2026] GET /v2/schemas/image => generated 6083 bytes in 4 msecs (HTTP/1.1 200) 4 headers in 158 bytes (1 switches on core 0)
May 18 13:12:23.796440 np0000000945 devstack@g-api.service[101712]: DEBUG glance.api.middleware.version_negotiation [None req-fb984b1b-05c4-43b3-81c8-f1c1294b92aa tempest-TestShelveInstance-1324375809 tempest-TestShelveInstance-1324375809-project-member] Determining version of request: GET /v2/images/963a7b36-e6e2-4a71-9300-34f26df5026f Accept: application/json {{(pid=101712) process_request /opt/stack/glance/glance/api/middleware/version_negotiation.py:44}}
May 18 13:12:23.796958 np0000000945 devstack@g-api.service[101712]: DEBUG glance.api.middleware.version_negotiation [None req-fb984b1b-05c4-43b3-81c8-f1c1294b92aa tempest-TestShelveInstance-1324375809 tempest-TestShelveInstance-1324375809-project-member] Using url versioning {{(pid=101712) process_request /opt/stack/glance/glance/api/middleware/version_negotiation.py:57}}
May 18 13:12:23.796958 np0000000945 devstack@g-api.service[101712]: DEBUG glance.api.middleware.version_negotiation [None req-fb984b1b-05c4-43b3-81c8-f1c1294b92aa tempest-TestShelveInstance-1324375809 tempest-TestShelveInstance-1324375809-project-member] Matched version: v2 {{(pid=101712) process_request /opt/stack/glance/glance/api/middleware/version_negotiation.py:69}}
May 18 13:12:23.797040 np0000000945 devstack@g-api.service[101712]: DEBUG glance.api.middleware.version_negotiation [None req-fb984b1b-05c4-43b3-81c8-f1c1294b92aa tempest-TestShelveInstance-1324375809 tempest-TestShelveInstance-1324375809-project-member] new path /v2/images/963a7b36-e6e2-4a71-9300-34f26df5026f {{(pid=101712) process_request /opt/stack/glance/glance/api/middleware/version_negotiation.py:70}}
May 18 13:12:23.812968 np0000000945 devstack@g-api.service[101712]: [pid: 101712|app: 0|req: 122/368] 127.0.0.1 () {40 vars in 838 bytes} [Mon May 18 13:12:23 2026] GET /v2/images/963a7b36-e6e2-4a71-9300-34f26df5026f => generated 650 bytes in 17 msecs (HTTP/1.1 200) 4 headers in 157 bytes (1 switches on core 0)
May 18 13:12:24.821934 np0000000945 devstack@g-api.service[101713]: DEBUG glance.api.middleware.version_negotiation [None req-fb984b1b-05c4-43b3-81c8-f1c1294b92aa tempest-TestShelveInstance-1324375809 tempest-TestShelveInstance-1324375809-project-member] Determining version of request: GET /v2/images/963a7b36-e6e2-4a71-9300-34f26df5026f Accept: application/json {{(pid=101713) process_request /opt/stack/glance/glance/api/middleware/version_negotiation.py:44}}
May 18 13:12:24.821934 np0000000945 devstack@g-api.service[101713]: DEBUG glance.api.middleware.version_negotiation [None req-fb984b1b-05c4-43b3-81c8-f1c1294b92aa tempest-TestShelveInstance-1324375809 tempest-TestShelveInstance-1324375809-project-member] Using url versioning {{(pid=101713) process_request /opt/stack/glance/glance/api/middleware/version_negotiation.py:57}}
May 18 13:12:24.821934 np0000000945 devstack@g-api.service[101713]: DEBUG glance.api.middleware.version_negotiation [None req-fb984b1b-05c4-43b3-81c8-f1c1294b92aa tempest-TestShelveInstance-1324375809 tempest-TestShelveInstance-1324375809-project-member] Matched version: v2 {{(pid=101713) process_request /opt/stack/glance/glance/api/middleware/version_negotiation.py:69}}
May 18 13:12:24.821934 np0000000945 devstack@g-api.service[101713]: DEBUG glance.api.middleware.version_negotiation [None req-fb984b1b-05c4-43b3-81c8-f1c1294b92aa tempest-TestShelveInstance-1324375809 tempest-TestShelveInstance-1324375809-project-member] new path /v2/images/963a7b36-e6e2-4a71-9300-34f26df5026f {{(pid=101713) process_request /opt/stack/glance/glance/api/middleware/version_negotiation.py:70}}
May 18 13:12:24.831301 np0000000945 devstack@g-api.service[101713]: [pid: 101713|app: 0|req: 129/369] 127.0.0.1 () {40 vars in 838 bytes} [Mon May 18 13:12:24 2026] GET /v2/images/963a7b36-e6e2-4a71-9300-34f26df5026f => generated 650 bytes in 10 msecs (HTTP/1.1 200) 4 headers in 157 bytes (1 switches on core 0)
May 18 13:12:24.968630 np0000000945 devstack@g-api.service[101714]: DEBUG swiftclient [None req-0883e202-091f-4e91-9bc6-d62c0c109789 tempest-VolumesActionsTest-667398837 tempest-VolumesActionsTest-667398837-project-member] REQ: curl -i https://10.4.3.239:8080/v1/AUTH_e66717d5bcd548afb3a527ba93f6ac26/glance/963a7b36-e6e2-4a71-9300-34f26df5026f-00004 -X PUT -H "X-Auth-Token: gAAAAABqCxAvUYoo..." {{(pid=101714) http_log /opt/stack/data/venv/lib/python3.12/site-packages/swiftclient/client.py:160}}
May 18 13:12:24.970955 np0000000945 devstack@g-api.service[101714]: DEBUG swiftclient [None req-0883e202-091f-4e91-9bc6-d62c0c109789 tempest-VolumesActionsTest-667398837 tempest-VolumesActionsTest-667398837-project-member] RESP STATUS: 201 Created {{(pid=101714) http_log /opt/stack/data/venv/lib/python3.12/site-packages/swiftclient/client.py:161}}
May 18 13:12:24.970955 np0000000945 devstack@g-api.service[101714]: DEBUG swiftclient [None req-0883e202-091f-4e91-9bc6-d62c0c109789 tempest-VolumesActionsTest-667398837 tempest-VolumesActionsTest-667398837-project-member] RESP HEADERS: {'Date': 'Mon, 18 May 2026 13:12:24 GMT', 'Server': 'Apache/2.4.58 (Ubuntu)', 'Content-Type': 'text/html; charset=UTF-8', 'Content-Length': '0', 'Etag': 'eda9a9889837ac4bc81d6387d92c1bec', 'Last-Modified': 'Mon, 18 May 2026 13:12:23 GMT', 'X-Trans-Id': 'txa33ed2fd55414c0f82333-006a0b1036', 'X-Openstack-Request-Id': 'txa33ed2fd55414c0f82333-006a0b1036', 'Connection': 'close'} {{(pid=101714) http_log /opt/stack/data/venv/lib/python3.12/site-packages/swiftclient/client.py:162}}
May 18 13:12:24.970955 np0000000945 devstack@g-api.service[101714]: DEBUG glance_store._drivers.swift.store [None req-0883e202-091f-4e91-9bc6-d62c0c109789 tempest-VolumesActionsTest-667398837 tempest-VolumesActionsTest-667398837-project-member] Wrote chunk 963a7b36-e6e2-4a71-9300-34f26df5026f-00004 (4/?) of length 204800000 to Swift returning MD5 of content: eda9a9889837ac4bc81d6387d92c1bec {{(pid=101714) add /opt/stack/data/venv/lib/python3.12/site-packages/glance_store/_drivers/swift/store.py:1067}}
May 18 13:12:25.218404 np0000000945 devstack@g-api.service[101714]: DEBUG dbcounter [-] [101714] Writing DB stats glance:SELECT=12,glance:UPDATE=1 {{(pid=101714) stat_writer /opt/stack/data/venv/lib/python3.12/site-packages/dbcounter.py:115}}
May 18 13:12:25.845436 np0000000945 devstack@g-api.service[101712]: DEBUG glance.api.middleware.version_negotiation [None req-67f9a5db-b7ba-4e9d-a593-e04d2782e7dd tempest-VolumesActionsTest-667398837 tempest-VolumesActionsTest-667398837-project-member] Determining version of request: GET /v2/images/963a7b36-e6e2-4a71-9300-34f26df5026f Accept: application/json {{(pid=101712) process_request /opt/stack/glance/glance/api/middleware/version_negotiation.py:44}}
May 18 13:12:25.845973 np0000000945 devstack@g-api.service[101712]: DEBUG glance.api.middleware.version_negotiation [None req-67f9a5db-b7ba-4e9d-a593-e04d2782e7dd tempest-VolumesActionsTest-667398837 tempest-VolumesActionsTest-667398837-project-member] Using url versioning {{(pid=101712) process_request /opt/stack/glance/glance/api/middleware/version_negotiation.py:57}}
May 18 13:12:25.845973 np0000000945 devstack@g-api.service[101712]: DEBUG glance.api.middleware.version_negotiation [None req-67f9a5db-b7ba-4e9d-a593-e04d2782e7dd tempest-VolumesActionsTest-667398837 tempest-VolumesActionsTest-667398837-project-member] Matched version: v2 {{(pid=101712) process_request /opt/stack/glance/glance/api/middleware/version_negotiation.py:69}}
May 18 13:12:25.846115 np0000000945 devstack@g-api.service[101712]: DEBUG glance.api.middleware.version_negotiation [None req-67f9a5db-b7ba-4e9d-a593-e04d2782e7dd tempest-VolumesActionsTest-667398837 tempest-VolumesActionsTest-667398837-project-member] new path /v2/images/963a7b36-e6e2-4a71-9300-34f26df5026f {{(pid=101712) process_request /opt/stack/glance/glance/api/middleware/version_negotiation.py:70}}
May 18 13:12:25.864297 np0000000945 devstack@g-api.service[101712]: [pid: 101712|app: 0|req: 123/370] 127.0.0.1 () {40 vars in 838 bytes} [Mon May 18 13:12:25 2026] GET /v2/images/963a7b36-e6e2-4a71-9300-34f26df5026f => generated 650 bytes in 19 msecs (HTTP/1.1 200) 4 headers in 157 bytes (1 switches on core 0)
May 18 13:12:26.871374 np0000000945 devstack@g-api.service[101713]: DEBUG glance.api.middleware.version_negotiation [None req-88b03a32-c377-4ef0-afd6-a58fe3e80eac tempest-VolumesActionsTest-667398837 tempest-VolumesActionsTest-667398837-project-member] Determining version of request: GET /v2/images/963a7b36-e6e2-4a71-9300-34f26df5026f Accept: application/json {{(pid=101713) process_request /opt/stack/glance/glance/api/middleware/version_negotiation.py:44}}
May 18 13:12:26.871820 np0000000945 devstack@g-api.service[101713]: DEBUG glance.api.middleware.version_negotiation [None req-88b03a32-c377-4ef0-afd6-a58fe3e80eac tempest-VolumesActionsTest-667398837 tempest-VolumesActionsTest-667398837-project-member] Using url versioning {{(pid=101713) process_request /opt/stack/glance/glance/api/middleware/version_negotiation.py:57}}
May 18 13:12:26.871820 np0000000945 devstack@g-api.service[101713]: DEBUG glance.api.middleware.version_negotiation [None req-88b03a32-c377-4ef0-afd6-a58fe3e80eac tempest-VolumesActionsTest-667398837 tempest-VolumesActionsTest-667398837-project-member] Matched version: v2 {{(pid=101713) process_request /opt/stack/glance/glance/api/middleware/version_negotiation.py:69}}
May 18 13:12:26.871820 np0000000945 devstack@g-api.service[101713]: DEBUG glance.api.middleware.version_negotiation [None req-88b03a32-c377-4ef0-afd6-a58fe3e80eac tempest-VolumesActionsTest-667398837 tempest-VolumesActionsTest-667398837-project-member] new path /v2/images/963a7b36-e6e2-4a71-9300-34f26df5026f {{(pid=101713) process_request /opt/stack/glance/glance/api/middleware/version_negotiation.py:70}}
May 18 13:12:26.880336 np0000000945 devstack@g-api.service[101713]: [pid: 101713|app: 0|req: 130/371] 127.0.0.1 () {40 vars in 838 bytes} [Mon May 18 13:12:26 2026] GET /v2/images/963a7b36-e6e2-4a71-9300-34f26df5026f => generated 650 bytes in 9 msecs (HTTP/1.1 200) 4 headers in 157 bytes (1 switches on core 0)
May 18 13:12:27.125455 np0000000945 devstack@g-api.service[101714]: DEBUG swiftclient [None req-0883e202-091f-4e91-9bc6-d62c0c109789 tempest-VolumesActionsTest-667398837 tempest-VolumesActionsTest-667398837-project-member] REQ: curl -i https://10.4.3.239:8080/v1/AUTH_e66717d5bcd548afb3a527ba93f6ac26/glance/963a7b36-e6e2-4a71-9300-34f26df5026f-00005 -X PUT -H "X-Auth-Token: gAAAAABqCxAvUYoo..." {{(pid=101714) http_log /opt/stack/data/venv/lib/python3.12/site-packages/swiftclient/client.py:160}}
May 18 13:12:27.126381 np0000000945 devstack@g-api.service[101714]: DEBUG swiftclient [None req-0883e202-091f-4e91-9bc6-d62c0c109789 tempest-VolumesActionsTest-667398837 tempest-VolumesActionsTest-667398837-project-member] RESP STATUS: 201 Created {{(pid=101714) http_log /opt/stack/data/venv/lib/python3.12/site-packages/swiftclient/client.py:161}}
May 18 13:12:27.126381 np0000000945 devstack@g-api.service[101714]: DEBUG swiftclient [None req-0883e202-091f-4e91-9bc6-d62c0c109789 tempest-VolumesActionsTest-667398837 tempest-VolumesActionsTest-667398837-project-member] RESP HEADERS: {'Date': 'Mon, 18 May 2026 13:12:27 GMT', 'Server': 'Apache/2.4.58 (Ubuntu)', 'Content-Type': 'text/html; charset=UTF-8', 'Content-Length': '0', 'Etag': 'eda9a9889837ac4bc81d6387d92c1bec', 'Last-Modified': 'Mon, 18 May 2026 13:12:25 GMT', 'X-Trans-Id': 'txabe0be2368c2421eb033f-006a0b1038', 'X-Openstack-Request-Id': 'txabe0be2368c2421eb033f-006a0b1038', 'Connection': 'close'} {{(pid=101714) http_log /opt/stack/data/venv/lib/python3.12/site-packages/swiftclient/client.py:162}}
May 18 13:12:27.126381 np0000000945 devstack@g-api.service[101714]: DEBUG glance_store._drivers.swift.store [None req-0883e202-091f-4e91-9bc6-d62c0c109789 tempest-VolumesActionsTest-667398837 tempest-VolumesActionsTest-667398837-project-member] Wrote chunk 963a7b36-e6e2-4a71-9300-34f26df5026f-00005 (5/?) of length 204800000 to Swift returning MD5 of content: eda9a9889837ac4bc81d6387d92c1bec {{(pid=101714) add /opt/stack/data/venv/lib/python3.12/site-packages/glance_store/_drivers/swift/store.py:1067}}
May 18 13:12:27.634645 np0000000945 devstack@g-api.service[101714]: DEBUG swiftclient [None req-0883e202-091f-4e91-9bc6-d62c0c109789 tempest-VolumesActionsTest-667398837 tempest-VolumesActionsTest-667398837-project-member] REQ: curl -i https://10.4.3.239:8080/v1/AUTH_e66717d5bcd548afb3a527ba93f6ac26/glance/963a7b36-e6e2-4a71-9300-34f26df5026f-00006 -X PUT -H "X-Auth-Token: gAAAAABqCxAvUYoo..." {{(pid=101714) http_log /opt/stack/data/venv/lib/python3.12/site-packages/swiftclient/client.py:160}}
May 18 13:12:27.634805 np0000000945 devstack@g-api.service[101714]: DEBUG swiftclient [None req-0883e202-091f-4e91-9bc6-d62c0c109789 tempest-VolumesActionsTest-667398837 tempest-VolumesActionsTest-667398837-project-member] RESP STATUS: 201 Created {{(pid=101714) http_log /opt/stack/data/venv/lib/python3.12/site-packages/swiftclient/client.py:161}}
May 18 13:12:27.635021 np0000000945 devstack@g-api.service[101714]: DEBUG swiftclient [None req-0883e202-091f-4e91-9bc6-d62c0c109789 tempest-VolumesActionsTest-667398837 tempest-VolumesActionsTest-667398837-project-member] RESP HEADERS: {'Date': 'Mon, 18 May 2026 13:12:27 GMT', 'Server': 'Apache/2.4.58 (Ubuntu)', 'Content-Type': 'text/html; charset=UTF-8', 'Content-Length': '0', 'Etag': '708761f3b8777ec77058e63da08eeeb6', 'Last-Modified': 'Mon, 18 May 2026 13:12:28 GMT', 'X-Trans-Id': 'tx4f9f565d28b14ec48bfcd-006a0b103b', 'X-Openstack-Request-Id': 'tx4f9f565d28b14ec48bfcd-006a0b103b', 'Connection': 'close'} {{(pid=101714) http_log /opt/stack/data/venv/lib/python3.12/site-packages/swiftclient/client.py:162}}
May 18 13:12:27.635205 np0000000945 devstack@g-api.service[101714]: DEBUG glance_store._drivers.swift.store [None req-0883e202-091f-4e91-9bc6-d62c0c109789 tempest-VolumesActionsTest-667398837 tempest-VolumesActionsTest-667398837-project-member] Wrote chunk 963a7b36-e6e2-4a71-9300-34f26df5026f-00006 (6/?) of length 49741824 to Swift returning MD5 of content: 708761f3b8777ec77058e63da08eeeb6 {{(pid=101714) add /opt/stack/data/venv/lib/python3.12/site-packages/glance_store/_drivers/swift/store.py:1067}}
May 18 13:12:27.635507 np0000000945 devstack@g-api.service[101714]: DEBUG glance_store._drivers.swift.store [None req-0883e202-091f-4e91-9bc6-d62c0c109789 tempest-VolumesActionsTest-667398837 tempest-VolumesActionsTest-667398837-project-member] Not writing zero-length chunk. {{(pid=101714) add /opt/stack/data/venv/lib/python3.12/site-packages/glance_store/_drivers/swift/store.py:1036}}
May 18 13:12:27.665046 np0000000945 devstack@g-api.service[101714]: DEBUG swiftclient [None req-0883e202-091f-4e91-9bc6-d62c0c109789 tempest-VolumesActionsTest-667398837 tempest-VolumesActionsTest-667398837-project-member] REQ: curl -i https://10.4.3.239:8080/v1/AUTH_e66717d5bcd548afb3a527ba93f6ac26/glance/963a7b36-e6e2-4a71-9300-34f26df5026f -X PUT -H "X-Object-Manifest: glance/963a7b36-e6e2-4a71-9300-34f26df5026f-" -H "X-Auth-Token: gAAAAABqCxAvUYoo..." -H "Content-Length: 0" {{(pid=101714) http_log /opt/stack/data/venv/lib/python3.12/site-packages/swiftclient/client.py:160}}
May 18 13:12:27.665046 np0000000945 devstack@g-api.service[101714]: DEBUG swiftclient [None req-0883e202-091f-4e91-9bc6-d62c0c109789 tempest-VolumesActionsTest-667398837 tempest-VolumesActionsTest-667398837-project-member] RESP STATUS: 201 Created {{(pid=101714) http_log /opt/stack/data/venv/lib/python3.12/site-packages/swiftclient/client.py:161}}
May 18 13:12:27.665046 np0000000945 devstack@g-api.service[101714]: DEBUG swiftclient [None req-0883e202-091f-4e91-9bc6-d62c0c109789 tempest-VolumesActionsTest-667398837 tempest-VolumesActionsTest-667398837-project-member] RESP HEADERS: {'Date': 'Mon, 18 May 2026 13:12:27 GMT', 'Server': 'Apache/2.4.58 (Ubuntu)', 'Content-Type': 'text/html; charset=UTF-8', 'Content-Length': '0', 'Etag': 'd41d8cd98f00b204e9800998ecf8427e', 'Last-Modified': 'Mon, 18 May 2026 13:12:28 GMT', 'X-Trans-Id': 'tx4e08fbffc52546e992250-006a0b103b', 'X-Openstack-Request-Id': 'tx4e08fbffc52546e992250-006a0b103b', 'Connection': 'close'} {{(pid=101714) http_log /opt/stack/data/venv/lib/python3.12/site-packages/swiftclient/client.py:162}}
May 18 13:12:27.665046 np0000000945 devstack@g-api.service[101714]: INFO glance.location [None req-0883e202-091f-4e91-9bc6-d62c0c109789 tempest-VolumesActionsTest-667398837 tempest-VolumesActionsTest-667398837-project-member] Image format matched and virtual size computed: 1073741824
May 18 13:12:27.701187 np0000000945 devstack@g-api.service[101714]: DEBUG glance_store.backend [None req-0883e202-091f-4e91-9bc6-d62c0c109789 tempest-VolumesActionsTest-667398837 tempest-VolumesActionsTest-667398837-project-member] Attempting to import store swift {{(pid=101714) _load_store /opt/stack/data/venv/lib/python3.12/site-packages/glance_store/backend.py:215}}
May 18 13:12:27.703196 np0000000945 devstack@g-api.service[101714]: DEBUG glance_store.capabilities [None req-0883e202-091f-4e91-9bc6-d62c0c109789 tempest-VolumesActionsTest-667398837 tempest-VolumesActionsTest-667398837-project-member] Store glance_store._drivers.swift.store.SingleTenantStore doesn't support updating dynamic storage capabilities. Please overwrite 'update_capabilities' method of the store to implement updating logics if needed. {{(pid=101714) update_capabilities /opt/stack/data/venv/lib/python3.12/site-packages/glance_store/capabilities.py:91}}
May 18 13:12:27.703874 np0000000945 devstack@g-api.service[101714]: DEBUG glance_store.driver [None req-0883e202-091f-4e91-9bc6-d62c0c109789 tempest-VolumesActionsTest-667398837 tempest-VolumesActionsTest-667398837-project-member] Late loading location class glance_store._drivers.swift.store.StoreLocation {{(pid=101714) get_store_location_class /opt/stack/data/venv/lib/python3.12/site-packages/glance_store/driver.py:134}}
May 18 13:12:27.703874 np0000000945 devstack@g-api.service[101714]: DEBUG glance_store.location [None req-0883e202-091f-4e91-9bc6-d62c0c109789 tempest-VolumesActionsTest-667398837 tempest-VolumesActionsTest-667398837-project-member] Registering scheme swift+https with {'store': , 'location_class': , 'store_entry': 'swift'} {{(pid=101714) register_scheme_map /opt/stack/data/venv/lib/python3.12/site-packages/glance_store/location.py:146}}
May 18 13:12:27.703874 np0000000945 devstack@g-api.service[101714]: DEBUG glance_store.location [None req-0883e202-091f-4e91-9bc6-d62c0c109789 tempest-VolumesActionsTest-667398837 tempest-VolumesActionsTest-667398837-project-member] Registering scheme swift+https with {'store': , 'location_class': , 'store_entry': 'swift'} {{(pid=101714) register_scheme_map /opt/stack/data/venv/lib/python3.12/site-packages/glance_store/location.py:146}}
May 18 13:12:27.703874 np0000000945 devstack@g-api.service[101714]: DEBUG glance_store.location [None req-0883e202-091f-4e91-9bc6-d62c0c109789 tempest-VolumesActionsTest-667398837 tempest-VolumesActionsTest-667398837-project-member] Registering scheme swift with {'store': , 'location_class': , 'store_entry': 'swift'} {{(pid=101714) register_scheme_map /opt/stack/data/venv/lib/python3.12/site-packages/glance_store/location.py:146}}
May 18 13:12:27.703874 np0000000945 devstack@g-api.service[101714]: DEBUG glance_store.location [None req-0883e202-091f-4e91-9bc6-d62c0c109789 tempest-VolumesActionsTest-667398837 tempest-VolumesActionsTest-667398837-project-member] Registering scheme swift+https with {'store': , 'location_class': , 'store_entry': 'swift'} {{(pid=101714) register_scheme_map /opt/stack/data/venv/lib/python3.12/site-packages/glance_store/location.py:146}}
May 18 13:12:27.704115 np0000000945 devstack@g-api.service[101714]: DEBUG glance_store.location [None req-0883e202-091f-4e91-9bc6-d62c0c109789 tempest-VolumesActionsTest-667398837 tempest-VolumesActionsTest-667398837-project-member] Registering scheme swift with {'store': , 'location_class': , 'store_entry': 'swift'} {{(pid=101714) register_scheme_map /opt/stack/data/venv/lib/python3.12/site-packages/glance_store/location.py:146}}
May 18 13:12:27.704115 np0000000945 devstack@g-api.service[101714]: DEBUG glance_store.location [None req-0883e202-091f-4e91-9bc6-d62c0c109789 tempest-VolumesActionsTest-667398837 tempest-VolumesActionsTest-667398837-project-member] Registering scheme swift+http with {'store': , 'location_class': , 'store_entry': 'swift'} {{(pid=101714) register_scheme_map /opt/stack/data/venv/lib/python3.12/site-packages/glance_store/location.py:146}}
May 18 13:12:27.704193 np0000000945 devstack@g-api.service[101714]: DEBUG glance_store.location [None req-0883e202-091f-4e91-9bc6-d62c0c109789 tempest-VolumesActionsTest-667398837 tempest-VolumesActionsTest-667398837-project-member] Registering scheme swift+https with {'store': , 'location_class': , 'store_entry': 'swift'} {{(pid=101714) register_scheme_map /opt/stack/data/venv/lib/python3.12/site-packages/glance_store/location.py:146}}
May 18 13:12:27.704234 np0000000945 devstack@g-api.service[101714]: DEBUG glance_store.location [None req-0883e202-091f-4e91-9bc6-d62c0c109789 tempest-VolumesActionsTest-667398837 tempest-VolumesActionsTest-667398837-project-member] Registering scheme swift with {'store': , 'location_class': , 'store_entry': 'swift'} {{(pid=101714) register_scheme_map /opt/stack/data/venv/lib/python3.12/site-packages/glance_store/location.py:146}}
May 18 13:12:27.704396 np0000000945 devstack@g-api.service[101714]: DEBUG glance_store.location [None req-0883e202-091f-4e91-9bc6-d62c0c109789 tempest-VolumesActionsTest-667398837 tempest-VolumesActionsTest-667398837-project-member] Registering scheme swift+http with {'store': , 'location_class': , 'store_entry': 'swift'} {{(pid=101714) register_scheme_map /opt/stack/data/venv/lib/python3.12/site-packages/glance_store/location.py:146}}
May 18 13:12:27.704443 np0000000945 devstack@g-api.service[101714]: DEBUG glance_store.location [None req-0883e202-091f-4e91-9bc6-d62c0c109789 tempest-VolumesActionsTest-667398837 tempest-VolumesActionsTest-667398837-project-member] Registering scheme swift+config with {'store': , 'location_class': , 'store_entry': 'swift'} {{(pid=101714) register_scheme_map /opt/stack/data/venv/lib/python3.12/site-packages/glance_store/location.py:146}}
May 18 13:12:27.704803 np0000000945 devstack@g-api.service[101714]: DEBUG glance_store.backend [None req-0883e202-091f-4e91-9bc6-d62c0c109789 tempest-VolumesActionsTest-667398837 tempest-VolumesActionsTest-667398837-project-member] Skipping store.set_acls... not implemented. {{(pid=101714) set_acls /opt/stack/data/venv/lib/python3.12/site-packages/glance_store/backend.py:507}}
May 18 13:12:27.709014 np0000000945 devstack@g-api.service[101714]: [pid: 101714|app: 0|req: 119/372] 127.0.0.1 () {46 vars in 1158 bytes} [Mon May 18 13:12:14 2026] PUT /v2/images/963a7b36-e6e2-4a71-9300-34f26df5026f/file => generated 0 bytes in 13647 msecs (HTTP/1.1 204) 4 headers in 171 bytes (1 switches on core 0)
May 18 13:12:27.725208 np0000000945 devstack@g-api.service[101712]: DEBUG glance.api.middleware.version_negotiation [None req-545fb071-ba8e-458d-b730-80f05e87e575 tempest-VolumesActionsTest-667398837 tempest-VolumesActionsTest-667398837-project-member] Determining version of request: GET /v2/images/963a7b36-e6e2-4a71-9300-34f26df5026f Accept: */* {{(pid=101712) process_request /opt/stack/glance/glance/api/middleware/version_negotiation.py:44}}
May 18 13:12:27.725208 np0000000945 devstack@g-api.service[101712]: DEBUG glance.api.middleware.version_negotiation [None req-545fb071-ba8e-458d-b730-80f05e87e575 tempest-VolumesActionsTest-667398837 tempest-VolumesActionsTest-667398837-project-member] Using url versioning {{(pid=101712) process_request /opt/stack/glance/glance/api/middleware/version_negotiation.py:57}}
May 18 13:12:27.725740 np0000000945 devstack@g-api.service[101712]: DEBUG glance.api.middleware.version_negotiation [None req-545fb071-ba8e-458d-b730-80f05e87e575 tempest-VolumesActionsTest-667398837 tempest-VolumesActionsTest-667398837-project-member] Matched version: v2 {{(pid=101712) process_request /opt/stack/glance/glance/api/middleware/version_negotiation.py:69}}
May 18 13:12:27.725740 np0000000945 devstack@g-api.service[101712]: DEBUG glance.api.middleware.version_negotiation [None req-545fb071-ba8e-458d-b730-80f05e87e575 tempest-VolumesActionsTest-667398837 tempest-VolumesActionsTest-667398837-project-member] new path /v2/images/963a7b36-e6e2-4a71-9300-34f26df5026f {{(pid=101712) process_request /opt/stack/glance/glance/api/middleware/version_negotiation.py:70}}
May 18 13:12:27.736512 np0000000945 devstack@g-api.service[101712]: [pid: 101712|app: 0|req: 124/373] 127.0.0.1 () {44 vars in 1115 bytes} [Mon May 18 13:12:27 2026] GET /v2/images/963a7b36-e6e2-4a71-9300-34f26df5026f => generated 822 bytes in 11 msecs (HTTP/1.1 200) 4 headers in 157 bytes (1 switches on core 0)
May 18 13:12:27.745240 np0000000945 devstack@g-api.service[101713]: DEBUG glance.api.middleware.version_negotiation [None req-6eb95b5f-bed3-4c17-a334-7ac5dd7a150d tempest-VolumesActionsTest-667398837 tempest-VolumesActionsTest-667398837-project-member] Determining version of request: GET /v2/schemas/image Accept: */* {{(pid=101713) process_request /opt/stack/glance/glance/api/middleware/version_negotiation.py:44}}
May 18 13:12:27.745491 np0000000945 devstack@g-api.service[101713]: DEBUG glance.api.middleware.version_negotiation [None req-6eb95b5f-bed3-4c17-a334-7ac5dd7a150d tempest-VolumesActionsTest-667398837 tempest-VolumesActionsTest-667398837-project-member] Using url versioning {{(pid=101713) process_request /opt/stack/glance/glance/api/middleware/version_negotiation.py:57}}
May 18 13:12:27.745645 np0000000945 devstack@g-api.service[101713]: DEBUG glance.api.middleware.version_negotiation [None req-6eb95b5f-bed3-4c17-a334-7ac5dd7a150d tempest-VolumesActionsTest-667398837 tempest-VolumesActionsTest-667398837-project-member] Matched version: v2 {{(pid=101713) process_request /opt/stack/glance/glance/api/middleware/version_negotiation.py:69}}
May 18 13:12:27.745739 np0000000945 devstack@g-api.service[101713]: DEBUG glance.api.middleware.version_negotiation [None req-6eb95b5f-bed3-4c17-a334-7ac5dd7a150d tempest-VolumesActionsTest-667398837 tempest-VolumesActionsTest-667398837-project-member] new path /v2/schemas/image {{(pid=101713) process_request /opt/stack/glance/glance/api/middleware/version_negotiation.py:70}}
May 18 13:12:27.747881 np0000000945 devstack@g-api.service[101713]: [pid: 101713|app: 0|req: 131/374] 127.0.0.1 () {44 vars in 1055 bytes} [Mon May 18 13:12:27 2026] GET /v2/schemas/image => generated 6083 bytes in 3 msecs (HTTP/1.1 200) 4 headers in 158 bytes (1 switches on core 0)
May 18 13:12:27.763168 np0000000945 devstack@g-api.service[101714]: DEBUG glance.api.middleware.version_negotiation [None req-0883e202-091f-4e91-9bc6-d62c0c109789 tempest-VolumesActionsTest-667398837 tempest-VolumesActionsTest-667398837-project-member] Determining version of request: GET /v2/schemas/image Accept: */* {{(pid=101714) process_request /opt/stack/glance/glance/api/middleware/version_negotiation.py:44}}
May 18 13:12:27.763318 np0000000945 devstack@g-api.service[101714]: DEBUG glance.api.middleware.version_negotiation [None req-0883e202-091f-4e91-9bc6-d62c0c109789 tempest-VolumesActionsTest-667398837 tempest-VolumesActionsTest-667398837-project-member] Using url versioning {{(pid=101714) process_request /opt/stack/glance/glance/api/middleware/version_negotiation.py:57}}
May 18 13:12:27.763715 np0000000945 devstack@g-api.service[101714]: DEBUG glance.api.middleware.version_negotiation [None req-0883e202-091f-4e91-9bc6-d62c0c109789 tempest-VolumesActionsTest-667398837 tempest-VolumesActionsTest-667398837-project-member] Matched version: v2 {{(pid=101714) process_request /opt/stack/glance/glance/api/middleware/version_negotiation.py:69}}
May 18 13:12:27.763875 np0000000945 devstack@g-api.service[101714]: DEBUG glance.api.middleware.version_negotiation [None req-0883e202-091f-4e91-9bc6-d62c0c109789 tempest-VolumesActionsTest-667398837 tempest-VolumesActionsTest-667398837-project-member] new path /v2/schemas/image {{(pid=101714) process_request /opt/stack/glance/glance/api/middleware/version_negotiation.py:70}}
May 18 13:12:27.766149 np0000000945 devstack@g-api.service[101714]: [pid: 101714|app: 0|req: 120/375] 127.0.0.1 () {44 vars in 1055 bytes} [Mon May 18 13:12:27 2026] GET /v2/schemas/image => generated 6083 bytes in 3 msecs (HTTP/1.1 200) 4 headers in 158 bytes (1 switches on core 0)
May 18 13:12:27.889007 np0000000945 devstack@g-api.service[101712]: DEBUG glance.api.middleware.version_negotiation [None req-0883e202-091f-4e91-9bc6-d62c0c109789 tempest-VolumesActionsTest-667398837 tempest-VolumesActionsTest-667398837-project-member] Determining version of request: GET /v2/images/963a7b36-e6e2-4a71-9300-34f26df5026f Accept: application/json {{(pid=101712) process_request /opt/stack/glance/glance/api/middleware/version_negotiation.py:44}}
May 18 13:12:27.889230 np0000000945 devstack@g-api.service[101712]: DEBUG glance.api.middleware.version_negotiation [None req-0883e202-091f-4e91-9bc6-d62c0c109789 tempest-VolumesActionsTest-667398837 tempest-VolumesActionsTest-667398837-project-member] Using url versioning {{(pid=101712) process_request /opt/stack/glance/glance/api/middleware/version_negotiation.py:57}}
May 18 13:12:27.889452 np0000000945 devstack@g-api.service[101712]: DEBUG glance.api.middleware.version_negotiation [None req-0883e202-091f-4e91-9bc6-d62c0c109789 tempest-VolumesActionsTest-667398837 tempest-VolumesActionsTest-667398837-project-member] Matched version: v2 {{(pid=101712) process_request /opt/stack/glance/glance/api/middleware/version_negotiation.py:69}}
May 18 13:12:27.889613 np0000000945 devstack@g-api.service[101712]: DEBUG glance.api.middleware.version_negotiation [None req-0883e202-091f-4e91-9bc6-d62c0c109789 tempest-VolumesActionsTest-667398837 tempest-VolumesActionsTest-667398837-project-member] new path /v2/images/963a7b36-e6e2-4a71-9300-34f26df5026f {{(pid=101712) process_request /opt/stack/glance/glance/api/middleware/version_negotiation.py:70}}
May 18 13:12:27.900587 np0000000945 devstack@g-api.service[101712]: [pid: 101712|app: 0|req: 125/376] 127.0.0.1 () {40 vars in 838 bytes} [Mon May 18 13:12:27 2026] GET /v2/images/963a7b36-e6e2-4a71-9300-34f26df5026f => generated 822 bytes in 12 msecs (HTTP/1.1 200) 4 headers in 157 bytes (1 switches on core 0)
May 18 13:12:31.107928 np0000000945 devstack@g-api.service[101713]: DEBUG glance.api.middleware.version_negotiation [None req-0883e202-091f-4e91-9bc6-d62c0c109789 tempest-VolumesActionsTest-667398837 tempest-VolumesActionsTest-667398837-project-member] Determining version of request: GET /v2/images/963a7b36-e6e2-4a71-9300-34f26df5026f Accept: application/json {{(pid=101713) process_request /opt/stack/glance/glance/api/middleware/version_negotiation.py:44}}
May 18 13:12:31.108327 np0000000945 devstack@g-api.service[101713]: DEBUG glance.api.middleware.version_negotiation [None req-0883e202-091f-4e91-9bc6-d62c0c109789 tempest-VolumesActionsTest-667398837 tempest-VolumesActionsTest-667398837-project-member] Using url versioning {{(pid=101713) process_request /opt/stack/glance/glance/api/middleware/version_negotiation.py:57}}
May 18 13:12:31.108327 np0000000945 devstack@g-api.service[101713]: DEBUG glance.api.middleware.version_negotiation [None req-0883e202-091f-4e91-9bc6-d62c0c109789 tempest-VolumesActionsTest-667398837 tempest-VolumesActionsTest-667398837-project-member] Matched version: v2 {{(pid=101713) process_request /opt/stack/glance/glance/api/middleware/version_negotiation.py:69}}
