May 18 13:01:13.211791 np0000000945 nova-scheduler[95350]: DEBUG cotyledon.oslo_config_glue [-] oslo_messaging_notifications.topics = ['notifications'] {{(pid=95350) log_opt_values /opt/stack/data/venv/lib/python3.12/site-packages/oslo_config/cfg.py:3006}}
May 18 13:01:13.211791 np0000000945 nova-scheduler[95350]: DEBUG cotyledon.oslo_config_glue [-] oslo_messaging_notifications.transport_url = **** {{(pid=95350) log_opt_values /opt/stack/data/venv/lib/python3.12/site-packages/oslo_config/cfg.py:3006}}
May 18 13:01:13.211791 np0000000945 nova-scheduler[95350]: DEBUG cotyledon.oslo_config_glue [-] oslo_limit.auth_section = None {{(pid=95350) log_opt_values /opt/stack/data/venv/lib/python3.12/site-packages/oslo_config/cfg.py:3006}}
May 18 13:01:13.211791 np0000000945 nova-scheduler[95350]: DEBUG cotyledon.oslo_config_glue [-] oslo_limit.auth_type = None {{(pid=95350) log_opt_values /opt/stack/data/venv/lib/python3.12/site-packages/oslo_config/cfg.py:3006}}
May 18 13:01:13.211791 np0000000945 nova-scheduler[95350]: DEBUG cotyledon.oslo_config_glue [-] oslo_limit.cafile = None {{(pid=95350) log_opt_values /opt/stack/data/venv/lib/python3.12/site-packages/oslo_config/cfg.py:3006}}
May 18 13:01:13.211791 np0000000945 nova-scheduler[95350]: DEBUG cotyledon.oslo_config_glue [-] oslo_limit.certfile = None {{(pid=95350) log_opt_values /opt/stack/data/venv/lib/python3.12/site-packages/oslo_config/cfg.py:3006}}
May 18 13:01:13.211971 np0000000945 nova-scheduler[95350]: DEBUG cotyledon.oslo_config_glue [-] oslo_limit.collect_timing = False {{(pid=95350) log_opt_values /opt/stack/data/venv/lib/python3.12/site-packages/oslo_config/cfg.py:3006}}
May 18 13:01:13.211971 np0000000945 nova-scheduler[95350]: DEBUG cotyledon.oslo_config_glue [-] oslo_limit.connect_retries = None {{(pid=95350) log_opt_values /opt/stack/data/venv/lib/python3.12/site-packages/oslo_config/cfg.py:3006}}
May 18 13:01:13.211971 np0000000945 nova-scheduler[95350]: DEBUG cotyledon.oslo_config_glue [-] oslo_limit.connect_retry_delay = None {{(pid=95350) log_opt_values /opt/stack/data/venv/lib/python3.12/site-packages/oslo_config/cfg.py:3006}}
May 18 13:01:13.211971 np0000000945 nova-scheduler[95350]: DEBUG cotyledon.oslo_config_glue [-] oslo_limit.endpoint_id = None {{(pid=95350) log_opt_values /opt/stack/data/venv/lib/python3.12/site-packages/oslo_config/cfg.py:3006}}
May 18 13:01:13.211971 np0000000945 nova-scheduler[95350]: DEBUG cotyledon.oslo_config_glue [-] oslo_limit.endpoint_interface = public {{(pid=95350) log_opt_values /opt/stack/data/venv/lib/python3.12/site-packages/oslo_config/cfg.py:3006}}
May 18 13:01:13.211971 np0000000945 nova-scheduler[95350]: DEBUG cotyledon.oslo_config_glue [-] oslo_limit.endpoint_override = None {{(pid=95350) log_opt_values /opt/stack/data/venv/lib/python3.12/site-packages/oslo_config/cfg.py:3006}}
May 18 13:01:13.211971 np0000000945 nova-scheduler[95350]: DEBUG cotyledon.oslo_config_glue [-] oslo_limit.endpoint_region_name = None {{(pid=95350) log_opt_values /opt/stack/data/venv/lib/python3.12/site-packages/oslo_config/cfg.py:3006}}
May 18 13:01:13.211971 np0000000945 nova-scheduler[95350]: DEBUG cotyledon.oslo_config_glue [-] oslo_limit.endpoint_service_name = None {{(pid=95350) log_opt_values /opt/stack/data/venv/lib/python3.12/site-packages/oslo_config/cfg.py:3006}}
May 18 13:01:13.211971 np0000000945 nova-scheduler[95350]: DEBUG cotyledon.oslo_config_glue [-] oslo_limit.endpoint_service_type = None {{(pid=95350) log_opt_values /opt/stack/data/venv/lib/python3.12/site-packages/oslo_config/cfg.py:3006}}
May 18 13:01:13.212195 np0000000945 nova-scheduler[95350]: DEBUG cotyledon.oslo_config_glue [-] oslo_limit.insecure = False {{(pid=95350) log_opt_values /opt/stack/data/venv/lib/python3.12/site-packages/oslo_config/cfg.py:3006}}
May 18 13:01:13.212195 np0000000945 nova-scheduler[95350]: DEBUG cotyledon.oslo_config_glue [-] oslo_limit.keyfile = None {{(pid=95350) log_opt_values /opt/stack/data/venv/lib/python3.12/site-packages/oslo_config/cfg.py:3006}}
May 18 13:01:13.212195 np0000000945 nova-scheduler[95350]: DEBUG cotyledon.oslo_config_glue [-] oslo_limit.max_version = None {{(pid=95350) log_opt_values /opt/stack/data/venv/lib/python3.12/site-packages/oslo_config/cfg.py:3006}}
May 18 13:01:13.212195 np0000000945 nova-scheduler[95350]: DEBUG cotyledon.oslo_config_glue [-] oslo_limit.min_version = None {{(pid=95350) log_opt_values /opt/stack/data/venv/lib/python3.12/site-packages/oslo_config/cfg.py:3006}}
May 18 13:01:13.212195 np0000000945 nova-scheduler[95350]: DEBUG cotyledon.oslo_config_glue [-] oslo_limit.region_name = None {{(pid=95350) log_opt_values /opt/stack/data/venv/lib/python3.12/site-packages/oslo_config/cfg.py:3006}}
May 18 13:01:13.212195 np0000000945 nova-scheduler[95350]: DEBUG cotyledon.oslo_config_glue [-] oslo_limit.retriable_status_codes = None {{(pid=95350) log_opt_values /opt/stack/data/venv/lib/python3.12/site-packages/oslo_config/cfg.py:3006}}
May 18 13:01:13.212195 np0000000945 nova-scheduler[95350]: DEBUG cotyledon.oslo_config_glue [-] oslo_limit.service_name = None {{(pid=95350) log_opt_values /opt/stack/data/venv/lib/python3.12/site-packages/oslo_config/cfg.py:3006}}
May 18 13:01:13.212195 np0000000945 nova-scheduler[95350]: DEBUG cotyledon.oslo_config_glue [-] oslo_limit.service_type = None {{(pid=95350) log_opt_values /opt/stack/data/venv/lib/python3.12/site-packages/oslo_config/cfg.py:3006}}
May 18 13:01:13.212195 np0000000945 nova-scheduler[95350]: DEBUG cotyledon.oslo_config_glue [-] oslo_limit.split_loggers = False {{(pid=95350) log_opt_values /opt/stack/data/venv/lib/python3.12/site-packages/oslo_config/cfg.py:3006}}
May 18 13:01:13.212384 np0000000945 nova-scheduler[95350]: DEBUG cotyledon.oslo_config_glue [-] oslo_limit.status_code_retries = None {{(pid=95350) log_opt_values /opt/stack/data/venv/lib/python3.12/site-packages/oslo_config/cfg.py:3006}}
May 18 13:01:13.212384 np0000000945 nova-scheduler[95350]: DEBUG cotyledon.oslo_config_glue [-] oslo_limit.status_code_retry_delay = None {{(pid=95350) log_opt_values /opt/stack/data/venv/lib/python3.12/site-packages/oslo_config/cfg.py:3006}}
May 18 13:01:13.212384 np0000000945 nova-scheduler[95350]: DEBUG cotyledon.oslo_config_glue [-] oslo_limit.timeout = None {{(pid=95350) log_opt_values /opt/stack/data/venv/lib/python3.12/site-packages/oslo_config/cfg.py:3006}}
May 18 13:01:13.212384 np0000000945 nova-scheduler[95350]: DEBUG cotyledon.oslo_config_glue [-] oslo_limit.valid_interfaces = None {{(pid=95350) log_opt_values /opt/stack/data/venv/lib/python3.12/site-packages/oslo_config/cfg.py:3006}}
May 18 13:01:13.212384 np0000000945 nova-scheduler[95350]: DEBUG cotyledon.oslo_config_glue [-] oslo_limit.version = None {{(pid=95350) log_opt_values /opt/stack/data/venv/lib/python3.12/site-packages/oslo_config/cfg.py:3006}}
May 18 13:01:13.212384 np0000000945 nova-scheduler[95350]: DEBUG cotyledon.oslo_config_glue [-] oslo_reports.file_event_handler = None {{(pid=95350) log_opt_values /opt/stack/data/venv/lib/python3.12/site-packages/oslo_config/cfg.py:3006}}
May 18 13:01:13.212384 np0000000945 nova-scheduler[95350]: DEBUG cotyledon.oslo_config_glue [-] oslo_reports.file_event_handler_interval = 1 {{(pid=95350) log_opt_values /opt/stack/data/venv/lib/python3.12/site-packages/oslo_config/cfg.py:3006}}
May 18 13:01:13.212384 np0000000945 nova-scheduler[95350]: DEBUG cotyledon.oslo_config_glue [-] oslo_reports.log_dir = None {{(pid=95350) log_opt_values /opt/stack/data/venv/lib/python3.12/site-packages/oslo_config/cfg.py:3006}}
May 18 13:01:13.212384 np0000000945 nova-scheduler[95350]: DEBUG cotyledon.oslo_config_glue [-] ******************************************************************************** {{(pid=95350) log_opt_values /opt/stack/data/venv/lib/python3.12/site-packages/oslo_config/cfg.py:3013}}
May 18 13:01:13.212583 np0000000945 nova-scheduler[95350]: DEBUG cotyledon._service_worker [-] Run service ServiceWrapper(2) [95350] {{(pid=95350) wait_forever /opt/stack/data/venv/lib/python3.12/site-packages/cotyledon/_service_worker.py:218}}
May 18 13:01:13.212583 np0000000945 nova-scheduler[95350]: INFO nova.service [-] Starting scheduler node (version 33.1.0)
May 18 13:01:13.212629 np0000000945 nova-scheduler[95346]: DEBUG oslo_db.sqlalchemy.engines [None req-9e2707d6-519a-4322-9c18-990e1eee9586 None None] MySQL server mode set to STRICT_TRANS_TABLES,STRICT_ALL_TABLES,NO_ZERO_IN_DATE,NO_ZERO_DATE,ERROR_FOR_DIVISION_BY_ZERO,TRADITIONAL,NO_ENGINE_SUBSTITUTION {{(pid=95346) _check_effective_sql_mode /opt/stack/data/venv/lib/python3.12/site-packages/oslo_db/sqlalchemy/engines.py:325}}
May 18 13:01:13.212669 np0000000945 nova-scheduler[95350]: INFO dbcounter [None req-569dfd90-4472-4e79-b9d6-806bca51480e None None] Registered counter for database nova_cell0
May 18 13:01:13.212695 np0000000945 nova-scheduler[95348]: DEBUG oslo_db.sqlalchemy.engines [None req-8bed74af-5b27-4d57-82ec-7d8ffa52b835 None None] MySQL server mode set to STRICT_TRANS_TABLES,STRICT_ALL_TABLES,NO_ZERO_IN_DATE,NO_ZERO_DATE,ERROR_FOR_DIVISION_BY_ZERO,TRADITIONAL,NO_ENGINE_SUBSTITUTION {{(pid=95348) _check_effective_sql_mode /opt/stack/data/venv/lib/python3.12/site-packages/oslo_db/sqlalchemy/engines.py:325}}
May 18 13:01:13.217717 np0000000945 nova-scheduler[95348]: DEBUG dbcounter [-] [95348] Writer thread running {{(pid=95348) stat_writer /opt/stack/data/venv/lib/python3.12/site-packages/dbcounter.py:102}}
May 18 13:01:13.217827 np0000000945 nova-scheduler[95346]: DEBUG dbcounter [-] [95346] Writer thread running {{(pid=95346) stat_writer /opt/stack/data/venv/lib/python3.12/site-packages/dbcounter.py:102}}
May 18 13:01:13.220523 np0000000945 nova-scheduler[95350]: DEBUG oslo_db.sqlalchemy.engines [None req-569dfd90-4472-4e79-b9d6-806bca51480e None None] MySQL server mode set to STRICT_TRANS_TABLES,STRICT_ALL_TABLES,NO_ZERO_IN_DATE,NO_ZERO_DATE,ERROR_FOR_DIVISION_BY_ZERO,TRADITIONAL,NO_ENGINE_SUBSTITUTION {{(pid=95350) _check_effective_sql_mode /opt/stack/data/venv/lib/python3.12/site-packages/oslo_db/sqlalchemy/engines.py:325}}
May 18 13:01:13.231462 np0000000945 nova-scheduler[95350]: DEBUG dbcounter [-] [95350] Writer thread running {{(pid=95350) stat_writer /opt/stack/data/venv/lib/python3.12/site-packages/dbcounter.py:102}}
May 18 13:01:13.233699 np0000000945 nova-scheduler[95348]: DEBUG nova.service [None req-8bed74af-5b27-4d57-82ec-7d8ffa52b835 None None] Creating RPC server for service: nova-scheduler on topic: scheduler {{(pid=95348) start /opt/stack/nova/nova/service.py:195}}
May 18 13:01:13.239578 np0000000945 nova-scheduler[95346]: DEBUG nova.service [None req-9e2707d6-519a-4322-9c18-990e1eee9586 None None] Creating RPC server for service: nova-scheduler on topic: scheduler {{(pid=95346) start /opt/stack/nova/nova/service.py:195}}
May 18 13:01:13.261726 np0000000945 nova-scheduler[95350]: DEBUG nova.service [None req-569dfd90-4472-4e79-b9d6-806bca51480e None None] Creating RPC server for service: nova-scheduler on topic: scheduler {{(pid=95350) start /opt/stack/nova/nova/service.py:195}}
May 18 13:01:13.279862 np0000000945 nova-scheduler[95346]: DEBUG nova.service [None req-9e2707d6-519a-4322-9c18-990e1eee9586 None None] Join ServiceGroup membership for this service scheduler {{(pid=95346) start /opt/stack/nova/nova/service.py:221}}
May 18 13:01:13.280180 np0000000945 nova-scheduler[95346]: DEBUG nova.servicegroup.drivers.db [None req-9e2707d6-519a-4322-9c18-990e1eee9586 None None] DB_Driver: join new ServiceGroup member np0000000945 to the scheduler group, service = {{(pid=95346) join /opt/stack/nova/nova/servicegroup/drivers/db.py:44}}
May 18 13:01:13.289997 np0000000945 nova-scheduler[95350]: DEBUG nova.service [None req-569dfd90-4472-4e79-b9d6-806bca51480e None None] Join ServiceGroup membership for this service scheduler {{(pid=95350) start /opt/stack/nova/nova/service.py:221}}
May 18 13:01:13.291576 np0000000945 nova-scheduler[95350]: DEBUG nova.servicegroup.drivers.db [None req-569dfd90-4472-4e79-b9d6-806bca51480e None None] DB_Driver: join new ServiceGroup member np0000000945 to the scheduler group, service = {{(pid=95350) join /opt/stack/nova/nova/servicegroup/drivers/db.py:44}}
May 18 13:01:13.302609 np0000000945 nova-scheduler[95348]: DEBUG nova.service [None req-8bed74af-5b27-4d57-82ec-7d8ffa52b835 None None] Join ServiceGroup membership for this service scheduler {{(pid=95348) start /opt/stack/nova/nova/service.py:221}}
May 18 13:01:13.302885 np0000000945 nova-scheduler[95348]: DEBUG nova.servicegroup.drivers.db [None req-8bed74af-5b27-4d57-82ec-7d8ffa52b835 None None] DB_Driver: join new ServiceGroup member np0000000945 to the scheduler group, service = {{(pid=95348) join /opt/stack/nova/nova/servicegroup/drivers/db.py:44}}
May 18 13:01:16.293653 np0000000945 nova-scheduler[95350]: DEBUG oslo.service.backend._threading.loopingcall [None req-64df53ca-5c23-4963-9bc3-50c1bf485fa0 None None] Dynamic interval looping call 'nova.service.Service.periodic_tasks' sleeping for 60.00 seconds {{(pid=95350) _run_loop /opt/stack/data/venv/lib/python3.12/site-packages/oslo_service/backend/_threading/loopingcall.py:125}}
May 18 13:01:18.341440 np0000000945 nova-scheduler[95346]: DEBUG oslo.service.backend._threading.loopingcall [-] Fixed interval looping call 'nova.servicegroup.drivers.db.DbDriver._report_state' sleeping for 119.94 seconds {{(pid=95346) _run_loop /opt/stack/data/venv/lib/python3.12/site-packages/oslo_service/backend/_threading/loopingcall.py:125}}
May 18 13:01:18.342746 np0000000945 nova-scheduler[95350]: DEBUG oslo.service.backend._threading.loopingcall [-] Fixed interval looping call 'nova.servicegroup.drivers.db.DbDriver._report_state' sleeping for 119.95 seconds {{(pid=95350) _run_loop /opt/stack/data/venv/lib/python3.12/site-packages/oslo_service/backend/_threading/loopingcall.py:125}}
May 18 13:01:18.343152 np0000000945 nova-scheduler[95348]: DEBUG oslo.service.backend._threading.loopingcall [-] Fixed interval looping call 'nova.servicegroup.drivers.db.DbDriver._report_state' sleeping for 119.96 seconds {{(pid=95348) _run_loop /opt/stack/data/venv/lib/python3.12/site-packages/oslo_service/backend/_threading/loopingcall.py:125}}
May 18 13:01:21.887222 np0000000945 nova-scheduler[94144]: DEBUG dbcounter [-] [94144] Writing DB stats nova_api:SELECT=3 {{(pid=94144) stat_writer /opt/stack/data/venv/lib/python3.12/site-packages/dbcounter.py:115}}
May 18 13:01:21.989989 np0000000945 nova-scheduler[94144]: DEBUG dbcounter [-] [94144] Writing DB stats nova_cell0:SELECT=1 {{(pid=94144) stat_writer /opt/stack/data/venv/lib/python3.12/site-packages/dbcounter.py:115}}
May 18 13:01:21.991253 np0000000945 nova-scheduler[94144]: DEBUG dbcounter [-] [94144] Writing DB stats nova_cell1:SELECT=1 {{(pid=94144) stat_writer /opt/stack/data/venv/lib/python3.12/site-packages/dbcounter.py:115}}
May 18 13:01:27.305404 np0000000945 nova-scheduler[95348]: DEBUG oslo.service.backend._threading.loopingcall [None req-1856e4d4-31cc-4629-ada4-1509b9649320 None None] Dynamic interval looping call 'nova.service.Service.periodic_tasks' sleeping for 60.00 seconds {{(pid=95348) _run_loop /opt/stack/data/venv/lib/python3.12/site-packages/oslo_service/backend/_threading/loopingcall.py:125}}
May 18 13:01:28.289889 np0000000945 nova-scheduler[95346]: DEBUG dbcounter [-] [95346] Writing DB stats nova_cell0:SELECT=5,nova_cell0:INSERT=1,nova_cell0:UPDATE=1 {{(pid=95346) stat_writer /opt/stack/data/venv/lib/python3.12/site-packages/dbcounter.py:115}}
May 18 13:01:28.298454 np0000000945 nova-scheduler[95350]: DEBUG dbcounter [-] [95350] Writing DB stats nova_cell0:SELECT=4,nova_cell0:INSERT=1,nova_cell0:UPDATE=1 {{(pid=95350) stat_writer /opt/stack/data/venv/lib/python3.12/site-packages/dbcounter.py:115}}
May 18 13:01:28.312134 np0000000945 nova-scheduler[95348]: DEBUG dbcounter [-] [95348] Writing DB stats nova_cell0:SELECT=4,nova_cell0:INSERT=1,nova_cell0:UPDATE=1 {{(pid=95348) stat_writer /opt/stack/data/venv/lib/python3.12/site-packages/dbcounter.py:115}}
May 18 13:01:35.284042 np0000000945 nova-scheduler[95346]: DEBUG oslo.service.backend._threading.loopingcall [None req-dc5c45d2-92cc-4355-982a-13fea0eab9ee None None] Dynamic interval looping call 'nova.service.Service.periodic_tasks' sleeping for 60.00 seconds {{(pid=95346) _run_loop /opt/stack/data/venv/lib/python3.12/site-packages/oslo_service/backend/_threading/loopingcall.py:125}}
May 18 13:02:16.294337 np0000000945 nova-scheduler[95350]: DEBUG oslo.service.backend._threading.loopingcall [None req-64df53ca-5c23-4963-9bc3-50c1bf485fa0 None None] Dynamic interval looping call 'nova.service.Service.periodic_tasks' sleeping for 60.00 seconds {{(pid=95350) _run_loop /opt/stack/data/venv/lib/python3.12/site-packages/oslo_service/backend/_threading/loopingcall.py:125}}
May 18 13:02:27.306003 np0000000945 nova-scheduler[95348]: DEBUG oslo.service.backend._threading.loopingcall [None req-1856e4d4-31cc-4629-ada4-1509b9649320 None None] Dynamic interval looping call 'nova.service.Service.periodic_tasks' sleeping for 60.00 seconds {{(pid=95348) _run_loop /opt/stack/data/venv/lib/python3.12/site-packages/oslo_service/backend/_threading/loopingcall.py:125}}
May 18 13:02:35.284544 np0000000945 nova-scheduler[95346]: DEBUG oslo.service.backend._threading.loopingcall [None req-dc5c45d2-92cc-4355-982a-13fea0eab9ee None None] Dynamic interval looping call 'nova.service.Service.periodic_tasks' sleeping for 60.00 seconds {{(pid=95346) _run_loop /opt/stack/data/venv/lib/python3.12/site-packages/oslo_service/backend/_threading/loopingcall.py:125}}
May 18 13:03:16.294731 np0000000945 nova-scheduler[95350]: DEBUG oslo.service.backend._threading.loopingcall [None req-64df53ca-5c23-4963-9bc3-50c1bf485fa0 None None] Dynamic interval looping call 'nova.service.Service.periodic_tasks' sleeping for 60.00 seconds {{(pid=95350) _run_loop /opt/stack/data/venv/lib/python3.12/site-packages/oslo_service/backend/_threading/loopingcall.py:125}}
May 18 13:03:18.299525 np0000000945 nova-scheduler[95346]: DEBUG oslo.service.backend._threading.loopingcall [-] Fixed interval looping call 'nova.servicegroup.drivers.db.DbDriver._report_state' sleeping for 119.98 seconds {{(pid=95346) _run_loop /opt/stack/data/venv/lib/python3.12/site-packages/oslo_service/backend/_threading/loopingcall.py:125}}
May 18 13:03:18.300674 np0000000945 nova-scheduler[95350]: DEBUG oslo.service.backend._threading.loopingcall [-] Fixed interval looping call 'nova.servicegroup.drivers.db.DbDriver._report_state' sleeping for 119.99 seconds {{(pid=95350) _run_loop /opt/stack/data/venv/lib/python3.12/site-packages/oslo_service/backend/_threading/loopingcall.py:125}}
May 18 13:03:18.307755 np0000000945 nova-scheduler[95348]: DEBUG oslo.service.backend._threading.loopingcall [-] Fixed interval looping call 'nova.servicegroup.drivers.db.DbDriver._report_state' sleeping for 120.00 seconds {{(pid=95348) _run_loop /opt/stack/data/venv/lib/python3.12/site-packages/oslo_service/backend/_threading/loopingcall.py:125}}
May 18 13:03:27.306504 np0000000945 nova-scheduler[95348]: DEBUG oslo.service.backend._threading.loopingcall [None req-1856e4d4-31cc-4629-ada4-1509b9649320 None None] Dynamic interval looping call 'nova.service.Service.periodic_tasks' sleeping for 60.00 seconds {{(pid=95348) _run_loop /opt/stack/data/venv/lib/python3.12/site-packages/oslo_service/backend/_threading/loopingcall.py:125}}
May 18 13:03:28.284744 np0000000945 nova-scheduler[95346]: DEBUG dbcounter [-] [95346] Writing DB stats nova_cell0:SELECT=1,nova_cell0:UPDATE=1 {{(pid=95346) stat_writer /opt/stack/data/venv/lib/python3.12/site-packages/dbcounter.py:115}}
May 18 13:03:28.297177 np0000000945 nova-scheduler[95350]: DEBUG dbcounter [-] [95350] Writing DB stats nova_cell0:SELECT=1,nova_cell0:UPDATE=1 {{(pid=95350) stat_writer /opt/stack/data/venv/lib/python3.12/site-packages/dbcounter.py:115}}
May 18 13:03:28.305823 np0000000945 nova-scheduler[95348]: DEBUG dbcounter [-] [95348] Writing DB stats nova_cell0:SELECT=1 {{(pid=95348) stat_writer /opt/stack/data/venv/lib/python3.12/site-packages/dbcounter.py:115}}
May 18 13:03:35.285134 np0000000945 nova-scheduler[95346]: DEBUG oslo.service.backend._threading.loopingcall [None req-dc5c45d2-92cc-4355-982a-13fea0eab9ee None None] Dynamic interval looping call 'nova.service.Service.periodic_tasks' sleeping for 60.00 seconds {{(pid=95346) _run_loop /opt/stack/data/venv/lib/python3.12/site-packages/oslo_service/backend/_threading/loopingcall.py:125}}
May 18 13:04:02.391221 np0000000945 nova-scheduler[95346]: DEBUG nova.scheduler.manager [None req-f868fcac-d8b1-4cf2-9d52-f8cfe4e6f60b tempest-DeleteServersTestJSON-2126547435 tempest-DeleteServersTestJSON-2126547435-project-member] Starting to schedule for instances: ['3bcd3b0e-e00b-40be-957f-e9fa5a47ac55'] {{(pid=95346) select_destinations /opt/stack/nova/nova/scheduler/manager.py:210}}
May 18 13:04:02.391221 np0000000945 nova-scheduler[95346]: DEBUG nova.scheduler.request_filter [None req-f868fcac-d8b1-4cf2-9d52-f8cfe4e6f60b tempest-DeleteServersTestJSON-2126547435 tempest-DeleteServersTestJSON-2126547435-project-member] compute_status_filter request filter added forbidden trait COMPUTE_STATUS_DISABLED {{(pid=95346) compute_status_filter /opt/stack/nova/nova/scheduler/request_filter.py:253}}
May 18 13:04:02.391976 np0000000945 nova-scheduler[95346]: DEBUG nova.scheduler.request_filter [None req-f868fcac-d8b1-4cf2-9d52-f8cfe4e6f60b tempest-DeleteServersTestJSON-2126547435 tempest-DeleteServersTestJSON-2126547435-project-member] Request filter 'compute_status_filter' took 0.0 seconds {{(pid=95346) wrapper /opt/stack/nova/nova/scheduler/request_filter.py:46}}
May 18 13:04:02.392537 np0000000945 nova-scheduler[95346]: DEBUG nova.scheduler.request_filter [None req-f868fcac-d8b1-4cf2-9d52-f8cfe4e6f60b tempest-DeleteServersTestJSON-2126547435 tempest-DeleteServersTestJSON-2126547435-project-member] Request filter 'accelerators_filter' took 0.0 seconds {{(pid=95346) wrapper /opt/stack/nova/nova/scheduler/request_filter.py:46}}
May 18 13:04:02.392884 np0000000945 nova-scheduler[95346]: DEBUG nova.scheduler.request_filter [None req-f868fcac-d8b1-4cf2-9d52-f8cfe4e6f60b tempest-DeleteServersTestJSON-2126547435 tempest-DeleteServersTestJSON-2126547435-project-member] Request filter 'packed_virtqueue_filter' took 0.0 seconds {{(pid=95346) wrapper /opt/stack/nova/nova/scheduler/request_filter.py:46}}
May 18 13:04:02.393347 np0000000945 nova-scheduler[95346]: DEBUG nova.scheduler.request_filter [None req-f868fcac-d8b1-4cf2-9d52-f8cfe4e6f60b tempest-DeleteServersTestJSON-2126547435 tempest-DeleteServersTestJSON-2126547435-project-member] Request filter 'remote_managed_ports_filter' took 0.0 seconds {{(pid=95346) wrapper /opt/stack/nova/nova/scheduler/request_filter.py:46}}
May 18 13:04:02.393595 np0000000945 nova-scheduler[95346]: DEBUG nova.scheduler.request_filter [None req-f868fcac-d8b1-4cf2-9d52-f8cfe4e6f60b tempest-DeleteServersTestJSON-2126547435 tempest-DeleteServersTestJSON-2126547435-project-member] ephemeral_encryption_filter skipped {{(pid=95346) ephemeral_encryption_filter /opt/stack/nova/nova/scheduler/request_filter.py:426}}
May 18 13:04:02.393858 np0000000945 nova-scheduler[95346]: DEBUG nova.scheduler.request_filter [None req-f868fcac-d8b1-4cf2-9d52-f8cfe4e6f60b tempest-DeleteServersTestJSON-2126547435 tempest-DeleteServersTestJSON-2126547435-project-member] virtio_sound_filter skipped {{(pid=95346) virtio_sound_filter /opt/stack/nova/nova/scheduler/request_filter.py:460}}
May 18 13:04:02.394166 np0000000945 nova-scheduler[95346]: DEBUG nova.scheduler.request_filter [None req-f868fcac-d8b1-4cf2-9d52-f8cfe4e6f60b tempest-DeleteServersTestJSON-2126547435 tempest-DeleteServersTestJSON-2126547435-project-member] tpm_secret_security_filter skipped {{(pid=95346) tpm_secret_security_filter /opt/stack/nova/nova/scheduler/request_filter.py:477}}
May 18 13:04:02.861392 np0000000945 nova-scheduler[95346]: INFO nova.utils [None req-f868fcac-d8b1-4cf2-9d52-f8cfe4e6f60b tempest-DeleteServersTestJSON-2126547435 tempest-DeleteServersTestJSON-2126547435-project-member] The cell worker thread pool ForkProcess-1.cell_worker is initialized
May 18 13:04:02.861729 np0000000945 nova-scheduler[95346]: DEBUG oslo_concurrency.lockutils [None req-f868fcac-d8b1-4cf2-9d52-f8cfe4e6f60b tempest-DeleteServersTestJSON-2126547435 tempest-DeleteServersTestJSON-2126547435-project-member] Acquiring lock "50178ef4-cfa1-418e-874d-f132cebba6be" by "nova.context.set_target_cell..get_or_set_cached_cell_and_set_connections" {{(pid=95346) inner /opt/stack/data/venv/lib/python3.12/site-packages/oslo_concurrency/lockutils.py:506}}
May 18 13:04:02.862182 np0000000945 nova-scheduler[95346]: DEBUG oslo_concurrency.lockutils [None req-f868fcac-d8b1-4cf2-9d52-f8cfe4e6f60b tempest-DeleteServersTestJSON-2126547435 tempest-DeleteServersTestJSON-2126547435-project-member] Lock "50178ef4-cfa1-418e-874d-f132cebba6be" acquired by "nova.context.set_target_cell..get_or_set_cached_cell_and_set_connections" :: waited 0.000s {{(pid=95346) inner /opt/stack/data/venv/lib/python3.12/site-packages/oslo_concurrency/lockutils.py:519}}
May 18 13:04:02.863238 np0000000945 nova-scheduler[95346]: DEBUG oslo_concurrency.lockutils [None req-f868fcac-d8b1-4cf2-9d52-f8cfe4e6f60b tempest-DeleteServersTestJSON-2126547435 tempest-DeleteServersTestJSON-2126547435-project-member] Lock "50178ef4-cfa1-418e-874d-f132cebba6be" "released" by "nova.context.set_target_cell..get_or_set_cached_cell_and_set_connections" :: held 0.001s {{(pid=95346) inner /opt/stack/data/venv/lib/python3.12/site-packages/oslo_concurrency/lockutils.py:538}}
May 18 13:04:02.865282 np0000000945 nova-scheduler[95346]: INFO dbcounter [None req-f868fcac-d8b1-4cf2-9d52-f8cfe4e6f60b tempest-DeleteServersTestJSON-2126547435 tempest-DeleteServersTestJSON-2126547435-project-member] Registered counter for database nova_cell1
May 18 13:04:02.873083 np0000000945 nova-scheduler[95346]: DEBUG oslo_db.sqlalchemy.engines [None req-f868fcac-d8b1-4cf2-9d52-f8cfe4e6f60b tempest-DeleteServersTestJSON-2126547435 tempest-DeleteServersTestJSON-2126547435-project-member] MySQL server mode set to STRICT_TRANS_TABLES,STRICT_ALL_TABLES,NO_ZERO_IN_DATE,NO_ZERO_DATE,ERROR_FOR_DIVISION_BY_ZERO,TRADITIONAL,NO_ENGINE_SUBSTITUTION {{(pid=95346) _check_effective_sql_mode /opt/stack/data/venv/lib/python3.12/site-packages/oslo_db/sqlalchemy/engines.py:325}}
May 18 13:04:02.879968 np0000000945 nova-scheduler[95346]: DEBUG dbcounter [-] [95346] Writer thread running {{(pid=95346) stat_writer /opt/stack/data/venv/lib/python3.12/site-packages/dbcounter.py:102}}
May 18 13:04:02.904631 np0000000945 nova-scheduler[95346]: DEBUG oslo_db.sqlalchemy.engines [None req-f868fcac-d8b1-4cf2-9d52-f8cfe4e6f60b tempest-DeleteServersTestJSON-2126547435 tempest-DeleteServersTestJSON-2126547435-project-member] Parent process 94144 forked (95346) with an open database connection, which is being discarded and recreated. {{(pid=95346) checkout /opt/stack/data/venv/lib/python3.12/site-packages/oslo_db/sqlalchemy/engines.py:402}}
May 18 13:04:02.913290 np0000000945 nova-scheduler[95346]: DEBUG dbcounter [-] [95346] Writer thread running {{(pid=95346) stat_writer /opt/stack/data/venv/lib/python3.12/site-packages/dbcounter.py:102}}
May 18 13:04:02.916881 np0000000945 nova-scheduler[95346]: DEBUG oslo_concurrency.lockutils [None req-f868fcac-d8b1-4cf2-9d52-f8cfe4e6f60b tempest-DeleteServersTestJSON-2126547435 tempest-DeleteServersTestJSON-2126547435-project-member] Acquiring lock "50178ef4-cfa1-418e-874d-f132cebba6be" by "nova.context.set_target_cell..get_or_set_cached_cell_and_set_connections" {{(pid=95346) inner /opt/stack/data/venv/lib/python3.12/site-packages/oslo_concurrency/lockutils.py:506}}
May 18 13:04:02.916881 np0000000945 nova-scheduler[95346]: DEBUG oslo_concurrency.lockutils [None req-f868fcac-d8b1-4cf2-9d52-f8cfe4e6f60b tempest-DeleteServersTestJSON-2126547435 tempest-DeleteServersTestJSON-2126547435-project-member] Lock "50178ef4-cfa1-418e-874d-f132cebba6be" acquired by "nova.context.set_target_cell..get_or_set_cached_cell_and_set_connections" :: waited 0.000s {{(pid=95346) inner /opt/stack/data/venv/lib/python3.12/site-packages/oslo_concurrency/lockutils.py:519}}
May 18 13:04:02.916881 np0000000945 nova-scheduler[95346]: DEBUG oslo_concurrency.lockutils [None req-f868fcac-d8b1-4cf2-9d52-f8cfe4e6f60b tempest-DeleteServersTestJSON-2126547435 tempest-DeleteServersTestJSON-2126547435-project-member] Lock "50178ef4-cfa1-418e-874d-f132cebba6be" "released" by "nova.context.set_target_cell..get_or_set_cached_cell_and_set_connections" :: held 0.000s {{(pid=95346) inner /opt/stack/data/venv/lib/python3.12/site-packages/oslo_concurrency/lockutils.py:538}}
May 18 13:04:02.919405 np0000000945 nova-scheduler[95346]: DEBUG oslo_concurrency.lockutils [None req-f868fcac-d8b1-4cf2-9d52-f8cfe4e6f60b tempest-DeleteServersTestJSON-2126547435 tempest-DeleteServersTestJSON-2126547435-project-member] Acquiring lock "('np0000000945', 'np0000000945')" by "nova.scheduler.host_manager.HostState.update.._locked_update" {{(pid=95346) inner /opt/stack/data/venv/lib/python3.12/site-packages/oslo_concurrency/lockutils.py:506}}
May 18 13:04:02.919582 np0000000945 nova-scheduler[95346]: DEBUG oslo_concurrency.lockutils [None req-f868fcac-d8b1-4cf2-9d52-f8cfe4e6f60b tempest-DeleteServersTestJSON-2126547435 tempest-DeleteServersTestJSON-2126547435-project-member] Lock "('np0000000945', 'np0000000945')" acquired by "nova.scheduler.host_manager.HostState.update.._locked_update" :: waited 0.000s {{(pid=95346) inner /opt/stack/data/venv/lib/python3.12/site-packages/oslo_concurrency/lockutils.py:519}}
May 18 13:04:02.920720 np0000000945 nova-scheduler[95346]: DEBUG nova.scheduler.host_manager [None req-f868fcac-d8b1-4cf2-9d52-f8cfe4e6f60b tempest-DeleteServersTestJSON-2126547435 tempest-DeleteServersTestJSON-2126547435-project-member] Update host state from compute node: ComputeNode(cpu_allocation_ratio=4.0,cpu_info='{"arch": "x86_64", "model": "EPYC-Milan", "vendor": "AMD", "topology": {"cells": 1, "sockets": 12, "cores": 1, "threads": 1}, "maxphysaddr": {"mode": "emulate", "bits": 40}, "features": ["cmp_legacy", "pclmuldq", "tsc", "fsrm", "sse4.1", "sep", "vgif", "arch-capabilities", "stibp", "mmx", "mca", "pni", "bmi2", "nx", "pat", "clflushopt", "xsavec", "flushbyasid", "lbrv", "de", "topoext", "no-nested-data-bp", "msr", "fsgsbase", "smep", "vaes", "syscall", "amd-psfd", "tsc-scale", "lahf_lm", "virt-ssbd", "avx2", "aes", "rdpid", "cr8legacy", "gds-no", "wbnoinvd", "popcnt", "invpcid", "sse4a", "pcid", "rdctl-no", "spec-ctrl", "mds-no", "ssbd", "sse", "pse", "vmcb-clean", "x2apic", "erms", "null-sel-clr-base", "v-vmsave-vmload", "clwb", "avx", "smap", "mtrr", "3dnowprefetch", "f16c", "movbe", "sse4.2", "mmxext", "lfence-always-serializing", "perfctr_core", "vpclmulqdq", "rdseed", "pae", "xsaveerptr", "pku", "pschange-mc-no", "hypervisor", "osvw", "nrip-save", "svme-addr-chk", "xsaves", "abm", "misalignsse", "pause-filter", "cx16", "fma", "ibpb", "pdpe1gb", "rdtscp", "arat", "tsc_adjust", "lm", "fpu", "mce", "pse36", "svm", "cmov", "xsaveopt", "amd-stibp", "clzero", "amd-ssbd", "ibrs", "pfthreshold", "fxsr", "sha-ni", "fxsr_opt", "xgetbv1", "vme", "rdrand", "adx", "skip-l1dfl-vmentry", "stibp-always-on", "tsc-deadline", "cx8", "umip", "apic", "clflush", "pge", "xsave", "bmi1", "npt", "sse2", "ssse3"]}',created_at=2026-05-18T13:01:39Z,current_workload=0,deleted=False,deleted_at=None,disk_allocation_ratio=1.0,disk_available_least=74,free_disk_gb=95,free_ram_mb=23518,host='np0000000945',host_ip=10.4.3.239,hypervisor_hostname='np0000000945',hypervisor_type='QEMU',hypervisor_version=8002002,id=1,local_gb=95,local_gb_used=0,mapped=1,memory_mb=24030,memory_mb_used=512,metrics='[]',numa_topology='{"nova_object.name": "NUMATopology", "nova_object.namespace": "nova", "nova_object.version": "1.2", "nova_object.data": {"cells": [{"nova_object.name": "NUMACell", "nova_object.namespace": "nova", "nova_object.version": "1.5", "nova_object.data": {"id": 0, "cpuset": [0, 1, 2, 3, 4, 5, 6, 7, 8, 9, 10, 11], "pcpuset": [0, 1, 2, 3, 4, 5, 6, 7, 8, 9, 10, 11], "memory": 24030, "cpu_usage": 0, "memory_usage": 0, "pinned_cpus": [], "siblings": [[6], [2], [5], [11], [8], [4], [1], [7], [10], [0], [3], [9]], "mempages": [{"nova_object.name": "NUMAPagesTopology", "nova_object.namespace": "nova", "nova_object.version": "1.1", "nova_object.data": {"size_kb": 4, "total": 6151798, "used": 0, "reserved": 0}, "nova_object.changes": ["used", "reserved", "total", "size_kb"]}, {"nova_object.name": "NUMAPagesTopology", "nova_object.namespace": "nova", "nova_object.version": "1.1", "nova_object.data": {"size_kb": 2048, "total": 0, "used": 0, "reserved": 0}, "nova_object.changes": ["used", "reserved", "total", "size_kb"]}, {"nova_object.name": "NUMAPagesTopology", "nova_object.namespace": "nova", "nova_object.version": "1.1", "nova_object.data": {"size_kb": 1048576, "total": 0, "used": 0, "reserved": 0}, "nova_object.changes": ["used", "reserved", "total", "size_kb"]}], "network_metadata": {"nova_object.name": "NetworkMetadata", "nova_object.namespace": "nova", "nova_object.version": "1.0", "nova_object.data": {"physnets": [], "tunneled": false}, "nova_object.changes": ["physnets", "tunneled"]}, "socket": null}, "nova_object.changes": ["pinned_cpus", "network_metadata", "cpuset", "memory_usage", "id", "memory", "siblings", "cpu_usage", "socket", "mempages", "pcpuset"]}]}, "nova_object.changes": ["cells"]}',pci_device_pools=PciDevicePoolList,ram_allocation_ratio=1.0,running_vms=0,service_id=3,stats={failed_builds='0',uptime=' 13:03:25 up 26 min, 2 users, load average: 1.41, 1.61, 0.97
May 18 13:04:02.920720 np0000000945 nova-scheduler[95346]: '},supported_hv_specs=[HVSpec,HVSpec,HVSpec,HVSpec,HVSpec,HVSpec,HVSpec,HVSpec,HVSpec,HVSpec,HVSpec,HVSpec,HVSpec,HVSpec,HVSpec,HVSpec,HVSpec,HVSpec,HVSpec,HVSpec,HVSpec,HVSpec,HVSpec,HVSpec,HVSpec],updated_at=2026-05-18T13:03:27Z,uuid=edb79c11-58cb-4b39-8fec-7c3c2e992699,vcpus=12,vcpus_used=0) {{(pid=95346) _locked_update /opt/stack/nova/nova/scheduler/host_manager.py:168}}
May 18 13:04:02.922014 np0000000945 nova-scheduler[95346]: DEBUG nova.scheduler.host_manager [None req-f868fcac-d8b1-4cf2-9d52-f8cfe4e6f60b tempest-DeleteServersTestJSON-2126547435 tempest-DeleteServersTestJSON-2126547435-project-member] Update host state with aggregates: [] {{(pid=95346) _locked_update /opt/stack/nova/nova/scheduler/host_manager.py:171}}
May 18 13:04:02.922014 np0000000945 nova-scheduler[95346]: DEBUG nova.scheduler.host_manager [None req-f868fcac-d8b1-4cf2-9d52-f8cfe4e6f60b tempest-DeleteServersTestJSON-2126547435 tempest-DeleteServersTestJSON-2126547435-project-member] Update host state with service dict: {'id': 3, 'uuid': '7bf631e2-07e9-4f74-bb3f-94a90c36c3c6', 'host': 'np0000000945', 'binary': 'nova-compute', 'topic': 'compute', 'report_count': 2, 'disabled': False, 'disabled_reason': None, 'last_seen_up': datetime.datetime(2026, 5, 18, 13, 3, 48, tzinfo=datetime.timezone.utc), 'forced_down': False, 'version': 72, 'created_at': datetime.datetime(2026, 5, 18, 13, 1, 38, tzinfo=datetime.timezone.utc), 'updated_at': datetime.datetime(2026, 5, 18, 13, 3, 48, tzinfo=datetime.timezone.utc), 'deleted_at': None, 'deleted': False} {{(pid=95346) _locked_update /opt/stack/nova/nova/scheduler/host_manager.py:174}}
May 18 13:04:02.922207 np0000000945 nova-scheduler[95346]: DEBUG nova.scheduler.host_manager [None req-f868fcac-d8b1-4cf2-9d52-f8cfe4e6f60b tempest-DeleteServersTestJSON-2126547435 tempest-DeleteServersTestJSON-2126547435-project-member] Update host state with instances: [] {{(pid=95346) _locked_update /opt/stack/nova/nova/scheduler/host_manager.py:177}}
May 18 13:04:02.922291 np0000000945 nova-scheduler[95346]: DEBUG oslo_concurrency.lockutils [None req-f868fcac-d8b1-4cf2-9d52-f8cfe4e6f60b tempest-DeleteServersTestJSON-2126547435 tempest-DeleteServersTestJSON-2126547435-project-member] Lock "('np0000000945', 'np0000000945')" "released" by "nova.scheduler.host_manager.HostState.update.._locked_update" :: held 0.003s {{(pid=95346) inner /opt/stack/data/venv/lib/python3.12/site-packages/oslo_concurrency/lockutils.py:538}}
May 18 13:04:02.922794 np0000000945 nova-scheduler[95346]: DEBUG nova.filters [None req-f868fcac-d8b1-4cf2-9d52-f8cfe4e6f60b tempest-DeleteServersTestJSON-2126547435 tempest-DeleteServersTestJSON-2126547435-project-member] Starting with 1 host(s) {{(pid=95346) get_filtered_objects /opt/stack/nova/nova/filters.py:70}}
May 18 13:04:02.923026 np0000000945 nova-scheduler[95346]: DEBUG nova.filters [None req-f868fcac-d8b1-4cf2-9d52-f8cfe4e6f60b tempest-DeleteServersTestJSON-2126547435 tempest-DeleteServersTestJSON-2126547435-project-member] Filter ComputeFilter returned 1 host(s) {{(pid=95346) get_filtered_objects /opt/stack/nova/nova/filters.py:102}}
May 18 13:04:02.923237 np0000000945 nova-scheduler[95346]: DEBUG nova.filters [None req-f868fcac-d8b1-4cf2-9d52-f8cfe4e6f60b tempest-DeleteServersTestJSON-2126547435 tempest-DeleteServersTestJSON-2126547435-project-member] Filter ComputeCapabilitiesFilter returned 1 host(s) {{(pid=95346) get_filtered_objects /opt/stack/nova/nova/filters.py:102}}
May 18 13:04:02.923600 np0000000945 nova-scheduler[95346]: DEBUG nova.filters [None req-f868fcac-d8b1-4cf2-9d52-f8cfe4e6f60b tempest-DeleteServersTestJSON-2126547435 tempest-DeleteServersTestJSON-2126547435-project-member] Filter ImagePropertiesFilter returned 1 host(s) {{(pid=95346) get_filtered_objects /opt/stack/nova/nova/filters.py:102}}
May 18 13:04:02.923600 np0000000945 nova-scheduler[95346]: DEBUG nova.filters [None req-f868fcac-d8b1-4cf2-9d52-f8cfe4e6f60b tempest-DeleteServersTestJSON-2126547435 tempest-DeleteServersTestJSON-2126547435-project-member] Filter ServerGroupAntiAffinityFilter returned 1 host(s) {{(pid=95346) get_filtered_objects /opt/stack/nova/nova/filters.py:102}}
May 18 13:04:02.923703 np0000000945 nova-scheduler[95346]: DEBUG nova.filters [None req-f868fcac-d8b1-4cf2-9d52-f8cfe4e6f60b tempest-DeleteServersTestJSON-2126547435 tempest-DeleteServersTestJSON-2126547435-project-member] Filter ServerGroupAffinityFilter returned 1 host(s) {{(pid=95346) get_filtered_objects /opt/stack/nova/nova/filters.py:102}}
May 18 13:04:02.923847 np0000000945 nova-scheduler[95346]: DEBUG nova.filters [None req-f868fcac-d8b1-4cf2-9d52-f8cfe4e6f60b tempest-DeleteServersTestJSON-2126547435 tempest-DeleteServersTestJSON-2126547435-project-member] Filter SameHostFilter returned 1 host(s) {{(pid=95346) get_filtered_objects /opt/stack/nova/nova/filters.py:102}}
May 18 13:04:02.923970 np0000000945 nova-scheduler[95346]: DEBUG nova.filters [None req-f868fcac-d8b1-4cf2-9d52-f8cfe4e6f60b tempest-DeleteServersTestJSON-2126547435 tempest-DeleteServersTestJSON-2126547435-project-member] Filter DifferentHostFilter returned 1 host(s) {{(pid=95346) get_filtered_objects /opt/stack/nova/nova/filters.py:102}}
May 18 13:04:02.924236 np0000000945 nova-scheduler[95346]: DEBUG nova.scheduler.manager [None req-f868fcac-d8b1-4cf2-9d52-f8cfe4e6f60b tempest-DeleteServersTestJSON-2126547435 tempest-DeleteServersTestJSON-2126547435-project-member] Filtered [(np0000000945, np0000000945) ram: 23518MB disk: 75776MB io_ops: 0 instances: 0, allocation_candidates: 1] {{(pid=95346) _get_sorted_hosts /opt/stack/nova/nova/scheduler/manager.py:743}}
May 18 13:04:02.924449 np0000000945 nova-scheduler[95346]: DEBUG nova.scheduler.manager [None req-f868fcac-d8b1-4cf2-9d52-f8cfe4e6f60b tempest-DeleteServersTestJSON-2126547435 tempest-DeleteServersTestJSON-2126547435-project-member] Weighed [WeighedHost [host: (np0000000945, np0000000945) ram: 23518MB disk: 75776MB io_ops: 0 instances: 0, allocation_candidates: 1, weight: 0.0]] {{(pid=95346) _get_sorted_hosts /opt/stack/nova/nova/scheduler/manager.py:765}}
May 18 13:04:02.924635 np0000000945 nova-scheduler[95346]: DEBUG nova.scheduler.utils [None req-f868fcac-d8b1-4cf2-9d52-f8cfe4e6f60b tempest-DeleteServersTestJSON-2126547435 tempest-DeleteServersTestJSON-2126547435-project-member] Attempting to claim resources in the placement API for instance 3bcd3b0e-e00b-40be-957f-e9fa5a47ac55 {{(pid=95346) claim_resources /opt/stack/nova/nova/scheduler/utils.py:1304}}
May 18 13:04:03.092050 np0000000945 nova-scheduler[95346]: DEBUG nova.scheduler.manager [None req-f868fcac-d8b1-4cf2-9d52-f8cfe4e6f60b tempest-DeleteServersTestJSON-2126547435 tempest-DeleteServersTestJSON-2126547435-project-member] [instance: 3bcd3b0e-e00b-40be-957f-e9fa5a47ac55] Selected host: (np0000000945, np0000000945) ram: 23518MB disk: 75776MB io_ops: 0 instances: 0, allocation_candidates: 1 {{(pid=95346) _consume_selected_host /opt/stack/nova/nova/scheduler/manager.py:625}}
May 18 13:04:03.092050 np0000000945 nova-scheduler[95346]: DEBUG oslo_concurrency.lockutils [None req-f868fcac-d8b1-4cf2-9d52-f8cfe4e6f60b tempest-DeleteServersTestJSON-2126547435 tempest-DeleteServersTestJSON-2126547435-project-member] Acquiring lock "('np0000000945', 'np0000000945')" by "nova.scheduler.host_manager.HostState.consume_from_request.._locked" {{(pid=95346) inner /opt/stack/data/venv/lib/python3.12/site-packages/oslo_concurrency/lockutils.py:506}}
May 18 13:04:03.092050 np0000000945 nova-scheduler[95346]: DEBUG oslo_concurrency.lockutils [None req-f868fcac-d8b1-4cf2-9d52-f8cfe4e6f60b tempest-DeleteServersTestJSON-2126547435 tempest-DeleteServersTestJSON-2126547435-project-member] Lock "('np0000000945', 'np0000000945')" acquired by "nova.scheduler.host_manager.HostState.consume_from_request.._locked" :: waited 0.000s {{(pid=95346) inner /opt/stack/data/venv/lib/python3.12/site-packages/oslo_concurrency/lockutils.py:519}}
May 18 13:04:03.092050 np0000000945 nova-scheduler[95346]: DEBUG oslo_concurrency.lockutils [None req-f868fcac-d8b1-4cf2-9d52-f8cfe4e6f60b tempest-DeleteServersTestJSON-2126547435 tempest-DeleteServersTestJSON-2126547435-project-member] Lock "('np0000000945', 'np0000000945')" "released" by "nova.scheduler.host_manager.HostState.consume_from_request.._locked" :: held 0.000s {{(pid=95346) inner /opt/stack/data/venv/lib/python3.12/site-packages/oslo_concurrency/lockutils.py:538}}
May 18 13:04:10.235812 np0000000945 nova-scheduler[95350]: DEBUG nova.scheduler.manager [None req-021f0836-4f1e-479a-a317-79410feb9208 tempest-AttachVolumeNegativeTest-2101510969 tempest-AttachVolumeNegativeTest-2101510969-project-member] Starting to schedule for instances: ['a1d3ebff-3e69-40d4-a90b-27d6190bc6ab'] {{(pid=95350) select_destinations /opt/stack/nova/nova/scheduler/manager.py:210}}
May 18 13:04:10.237296 np0000000945 nova-scheduler[95350]: DEBUG nova.scheduler.request_filter [None req-021f0836-4f1e-479a-a317-79410feb9208 tempest-AttachVolumeNegativeTest-2101510969 tempest-AttachVolumeNegativeTest-2101510969-project-member] compute_status_filter request filter added forbidden trait COMPUTE_STATUS_DISABLED {{(pid=95350) compute_status_filter /opt/stack/nova/nova/scheduler/request_filter.py:253}}
May 18 13:04:10.238245 np0000000945 nova-scheduler[95350]: DEBUG nova.scheduler.request_filter [None req-021f0836-4f1e-479a-a317-79410feb9208 tempest-AttachVolumeNegativeTest-2101510969 tempest-AttachVolumeNegativeTest-2101510969-project-member] Request filter 'compute_status_filter' took 0.0 seconds {{(pid=95350) wrapper /opt/stack/nova/nova/scheduler/request_filter.py:46}}
May 18 13:04:10.238492 np0000000945 nova-scheduler[95350]: DEBUG nova.scheduler.request_filter [None req-021f0836-4f1e-479a-a317-79410feb9208 tempest-AttachVolumeNegativeTest-2101510969 tempest-AttachVolumeNegativeTest-2101510969-project-member] Request filter 'accelerators_filter' took 0.0 seconds {{(pid=95350) wrapper /opt/stack/nova/nova/scheduler/request_filter.py:46}}
May 18 13:04:10.238711 np0000000945 nova-scheduler[95350]: DEBUG nova.scheduler.request_filter [None req-021f0836-4f1e-479a-a317-79410feb9208 tempest-AttachVolumeNegativeTest-2101510969 tempest-AttachVolumeNegativeTest-2101510969-project-member] Request filter 'packed_virtqueue_filter' took 0.0 seconds {{(pid=95350) wrapper /opt/stack/nova/nova/scheduler/request_filter.py:46}}
May 18 13:04:10.239059 np0000000945 nova-scheduler[95350]: DEBUG nova.scheduler.request_filter [None req-021f0836-4f1e-479a-a317-79410feb9208 tempest-AttachVolumeNegativeTest-2101510969 tempest-AttachVolumeNegativeTest-2101510969-project-member] Request filter 'remote_managed_ports_filter' took 0.0 seconds {{(pid=95350) wrapper /opt/stack/nova/nova/scheduler/request_filter.py:46}}
May 18 13:04:10.239258 np0000000945 nova-scheduler[95350]: DEBUG nova.scheduler.request_filter [None req-021f0836-4f1e-479a-a317-79410feb9208 tempest-AttachVolumeNegativeTest-2101510969 tempest-AttachVolumeNegativeTest-2101510969-project-member] ephemeral_encryption_filter skipped {{(pid=95350) ephemeral_encryption_filter /opt/stack/nova/nova/scheduler/request_filter.py:426}}
May 18 13:04:10.239432 np0000000945 nova-scheduler[95350]: DEBUG nova.scheduler.request_filter [None req-021f0836-4f1e-479a-a317-79410feb9208 tempest-AttachVolumeNegativeTest-2101510969 tempest-AttachVolumeNegativeTest-2101510969-project-member] virtio_sound_filter skipped {{(pid=95350) virtio_sound_filter /opt/stack/nova/nova/scheduler/request_filter.py:460}}
May 18 13:04:10.239583 np0000000945 nova-scheduler[95350]: DEBUG nova.scheduler.request_filter [None req-021f0836-4f1e-479a-a317-79410feb9208 tempest-AttachVolumeNegativeTest-2101510969 tempest-AttachVolumeNegativeTest-2101510969-project-member] tpm_secret_security_filter skipped {{(pid=95350) tpm_secret_security_filter /opt/stack/nova/nova/scheduler/request_filter.py:477}}
May 18 13:04:10.346120 np0000000945 nova-scheduler[95350]: INFO nova.utils [None req-021f0836-4f1e-479a-a317-79410feb9208 tempest-AttachVolumeNegativeTest-2101510969 tempest-AttachVolumeNegativeTest-2101510969-project-member] The cell worker thread pool ForkProcess-3.cell_worker is initialized
May 18 13:04:10.346506 np0000000945 nova-scheduler[95350]: DEBUG oslo_concurrency.lockutils [None req-021f0836-4f1e-479a-a317-79410feb9208 tempest-AttachVolumeNegativeTest-2101510969 tempest-AttachVolumeNegativeTest-2101510969-project-member] Acquiring lock "50178ef4-cfa1-418e-874d-f132cebba6be" by "nova.context.set_target_cell..get_or_set_cached_cell_and_set_connections" {{(pid=95350) inner /opt/stack/data/venv/lib/python3.12/site-packages/oslo_concurrency/lockutils.py:506}}
May 18 13:04:10.346714 np0000000945 nova-scheduler[95350]: DEBUG oslo_concurrency.lockutils [None req-021f0836-4f1e-479a-a317-79410feb9208 tempest-AttachVolumeNegativeTest-2101510969 tempest-AttachVolumeNegativeTest-2101510969-project-member] Lock "50178ef4-cfa1-418e-874d-f132cebba6be" acquired by "nova.context.set_target_cell..get_or_set_cached_cell_and_set_connections" :: waited 0.000s {{(pid=95350) inner /opt/stack/data/venv/lib/python3.12/site-packages/oslo_concurrency/lockutils.py:519}}
May 18 13:04:10.348081 np0000000945 nova-scheduler[95350]: DEBUG oslo_concurrency.lockutils [None req-021f0836-4f1e-479a-a317-79410feb9208 tempest-AttachVolumeNegativeTest-2101510969 tempest-AttachVolumeNegativeTest-2101510969-project-member] Lock "50178ef4-cfa1-418e-874d-f132cebba6be" "released" by "nova.context.set_target_cell..get_or_set_cached_cell_and_set_connections" :: held 0.001s {{(pid=95350) inner /opt/stack/data/venv/lib/python3.12/site-packages/oslo_concurrency/lockutils.py:538}}
May 18 13:04:10.350708 np0000000945 nova-scheduler[95350]: INFO dbcounter [None req-021f0836-4f1e-479a-a317-79410feb9208 tempest-AttachVolumeNegativeTest-2101510969 tempest-AttachVolumeNegativeTest-2101510969-project-member] Registered counter for database nova_cell1
May 18 13:04:10.359490 np0000000945 nova-scheduler[95350]: DEBUG oslo_db.sqlalchemy.engines [None req-021f0836-4f1e-479a-a317-79410feb9208 tempest-AttachVolumeNegativeTest-2101510969 tempest-AttachVolumeNegativeTest-2101510969-project-member] MySQL server mode set to STRICT_TRANS_TABLES,STRICT_ALL_TABLES,NO_ZERO_IN_DATE,NO_ZERO_DATE,ERROR_FOR_DIVISION_BY_ZERO,TRADITIONAL,NO_ENGINE_SUBSTITUTION {{(pid=95350) _check_effective_sql_mode /opt/stack/data/venv/lib/python3.12/site-packages/oslo_db/sqlalchemy/engines.py:325}}
May 18 13:04:10.365499 np0000000945 nova-scheduler[95350]: DEBUG dbcounter [-] [95350] Writer thread running {{(pid=95350) stat_writer /opt/stack/data/venv/lib/python3.12/site-packages/dbcounter.py:102}}
May 18 13:04:10.387794 np0000000945 nova-scheduler[95350]: DEBUG dbcounter [-] [95350] Writer thread running {{(pid=95350) stat_writer /opt/stack/data/venv/lib/python3.12/site-packages/dbcounter.py:102}}
May 18 13:04:10.390705 np0000000945 nova-scheduler[95350]: DEBUG oslo_concurrency.lockutils [None req-021f0836-4f1e-479a-a317-79410feb9208 tempest-AttachVolumeNegativeTest-2101510969 tempest-AttachVolumeNegativeTest-2101510969-project-member] Acquiring lock "50178ef4-cfa1-418e-874d-f132cebba6be" by "nova.context.set_target_cell..get_or_set_cached_cell_and_set_connections" {{(pid=95350) inner /opt/stack/data/venv/lib/python3.12/site-packages/oslo_concurrency/lockutils.py:506}}
May 18 13:04:10.390888 np0000000945 nova-scheduler[95350]: DEBUG oslo_concurrency.lockutils [None req-021f0836-4f1e-479a-a317-79410feb9208 tempest-AttachVolumeNegativeTest-2101510969 tempest-AttachVolumeNegativeTest-2101510969-project-member] Lock "50178ef4-cfa1-418e-874d-f132cebba6be" acquired by "nova.context.set_target_cell..get_or_set_cached_cell_and_set_connections" :: waited 0.000s {{(pid=95350) inner /opt/stack/data/venv/lib/python3.12/site-packages/oslo_concurrency/lockutils.py:519}}
