May 18 13:01:18.910281 np0000000945 nova-conductor[97832]: DEBUG cotyledon.oslo_config_glue [-] oslo_messaging_rabbit.ssl_key_file = {{(pid=97832) log_opt_values /opt/stack/data/venv/lib/python3.12/site-packages/oslo_config/cfg.py:3006}}
May 18 13:01:18.910281 np0000000945 nova-conductor[97832]: DEBUG cotyledon.oslo_config_glue [-] oslo_messaging_rabbit.ssl_version = {{(pid=97832) log_opt_values /opt/stack/data/venv/lib/python3.12/site-packages/oslo_config/cfg.py:3006}}
May 18 13:01:18.910281 np0000000945 nova-conductor[97832]: DEBUG cotyledon.oslo_config_glue [-] oslo_messaging_rabbit.use_queue_manager = False {{(pid=97832) log_opt_values /opt/stack/data/venv/lib/python3.12/site-packages/oslo_config/cfg.py:3006}}
May 18 13:01:18.910281 np0000000945 nova-conductor[97832]: DEBUG cotyledon.oslo_config_glue [-] oslo_messaging_notifications.driver = ['messagingv2'] {{(pid=97832) log_opt_values /opt/stack/data/venv/lib/python3.12/site-packages/oslo_config/cfg.py:3006}}
May 18 13:01:18.910923 np0000000945 nova-conductor[97832]: DEBUG cotyledon.oslo_config_glue [-] oslo_messaging_notifications.retry = -1 {{(pid=97832) log_opt_values /opt/stack/data/venv/lib/python3.12/site-packages/oslo_config/cfg.py:3006}}
May 18 13:01:18.910923 np0000000945 nova-conductor[97832]: DEBUG cotyledon.oslo_config_glue [-] oslo_messaging_notifications.topics = ['notifications'] {{(pid=97832) log_opt_values /opt/stack/data/venv/lib/python3.12/site-packages/oslo_config/cfg.py:3006}}
May 18 13:01:18.910923 np0000000945 nova-conductor[97832]: DEBUG cotyledon.oslo_config_glue [-] oslo_messaging_notifications.transport_url = **** {{(pid=97832) log_opt_values /opt/stack/data/venv/lib/python3.12/site-packages/oslo_config/cfg.py:3006}}
May 18 13:01:18.910923 np0000000945 nova-conductor[97832]: DEBUG cotyledon.oslo_config_glue [-] oslo_limit.auth_section = None {{(pid=97832) log_opt_values /opt/stack/data/venv/lib/python3.12/site-packages/oslo_config/cfg.py:3006}}
May 18 13:01:18.910923 np0000000945 nova-conductor[97832]: DEBUG cotyledon.oslo_config_glue [-] oslo_limit.auth_type = None {{(pid=97832) log_opt_values /opt/stack/data/venv/lib/python3.12/site-packages/oslo_config/cfg.py:3006}}
May 18 13:01:18.910923 np0000000945 nova-conductor[97832]: DEBUG cotyledon.oslo_config_glue [-] oslo_limit.cafile = None {{(pid=97832) log_opt_values /opt/stack/data/venv/lib/python3.12/site-packages/oslo_config/cfg.py:3006}}
May 18 13:01:18.910923 np0000000945 nova-conductor[97832]: DEBUG cotyledon.oslo_config_glue [-] oslo_limit.certfile = None {{(pid=97832) log_opt_values /opt/stack/data/venv/lib/python3.12/site-packages/oslo_config/cfg.py:3006}}
May 18 13:01:18.910923 np0000000945 nova-conductor[97832]: DEBUG cotyledon.oslo_config_glue [-] oslo_limit.collect_timing = False {{(pid=97832) log_opt_values /opt/stack/data/venv/lib/python3.12/site-packages/oslo_config/cfg.py:3006}}
May 18 13:01:18.910923 np0000000945 nova-conductor[97832]: DEBUG cotyledon.oslo_config_glue [-] oslo_limit.connect_retries = None {{(pid=97832) log_opt_values /opt/stack/data/venv/lib/python3.12/site-packages/oslo_config/cfg.py:3006}}
May 18 13:01:18.911180 np0000000945 nova-conductor[97832]: DEBUG cotyledon.oslo_config_glue [-] oslo_limit.connect_retry_delay = None {{(pid=97832) log_opt_values /opt/stack/data/venv/lib/python3.12/site-packages/oslo_config/cfg.py:3006}}
May 18 13:01:18.911180 np0000000945 nova-conductor[97832]: DEBUG cotyledon.oslo_config_glue [-] oslo_limit.endpoint_id = None {{(pid=97832) log_opt_values /opt/stack/data/venv/lib/python3.12/site-packages/oslo_config/cfg.py:3006}}
May 18 13:01:18.911180 np0000000945 nova-conductor[97832]: DEBUG cotyledon.oslo_config_glue [-] oslo_limit.endpoint_interface = public {{(pid=97832) log_opt_values /opt/stack/data/venv/lib/python3.12/site-packages/oslo_config/cfg.py:3006}}
May 18 13:01:18.911180 np0000000945 nova-conductor[97832]: DEBUG cotyledon.oslo_config_glue [-] oslo_limit.endpoint_override = None {{(pid=97832) log_opt_values /opt/stack/data/venv/lib/python3.12/site-packages/oslo_config/cfg.py:3006}}
May 18 13:01:18.911180 np0000000945 nova-conductor[97832]: DEBUG cotyledon.oslo_config_glue [-] oslo_limit.endpoint_region_name = None {{(pid=97832) log_opt_values /opt/stack/data/venv/lib/python3.12/site-packages/oslo_config/cfg.py:3006}}
May 18 13:01:18.911180 np0000000945 nova-conductor[97832]: DEBUG cotyledon.oslo_config_glue [-] oslo_limit.endpoint_service_name = None {{(pid=97832) log_opt_values /opt/stack/data/venv/lib/python3.12/site-packages/oslo_config/cfg.py:3006}}
May 18 13:01:18.911180 np0000000945 nova-conductor[97832]: DEBUG cotyledon.oslo_config_glue [-] oslo_limit.endpoint_service_type = None {{(pid=97832) log_opt_values /opt/stack/data/venv/lib/python3.12/site-packages/oslo_config/cfg.py:3006}}
May 18 13:01:18.911180 np0000000945 nova-conductor[97832]: DEBUG cotyledon.oslo_config_glue [-] oslo_limit.insecure = False {{(pid=97832) log_opt_values /opt/stack/data/venv/lib/python3.12/site-packages/oslo_config/cfg.py:3006}}
May 18 13:01:18.911180 np0000000945 nova-conductor[97832]: DEBUG cotyledon.oslo_config_glue [-] oslo_limit.keyfile = None {{(pid=97832) log_opt_values /opt/stack/data/venv/lib/python3.12/site-packages/oslo_config/cfg.py:3006}}
May 18 13:01:18.911454 np0000000945 nova-conductor[97832]: DEBUG cotyledon.oslo_config_glue [-] oslo_limit.max_version = None {{(pid=97832) log_opt_values /opt/stack/data/venv/lib/python3.12/site-packages/oslo_config/cfg.py:3006}}
May 18 13:01:18.911454 np0000000945 nova-conductor[97832]: DEBUG cotyledon.oslo_config_glue [-] oslo_limit.min_version = None {{(pid=97832) log_opt_values /opt/stack/data/venv/lib/python3.12/site-packages/oslo_config/cfg.py:3006}}
May 18 13:01:18.911454 np0000000945 nova-conductor[97832]: DEBUG cotyledon.oslo_config_glue [-] oslo_limit.region_name = None {{(pid=97832) log_opt_values /opt/stack/data/venv/lib/python3.12/site-packages/oslo_config/cfg.py:3006}}
May 18 13:01:18.911454 np0000000945 nova-conductor[97832]: DEBUG cotyledon.oslo_config_glue [-] oslo_limit.retriable_status_codes = None {{(pid=97832) log_opt_values /opt/stack/data/venv/lib/python3.12/site-packages/oslo_config/cfg.py:3006}}
May 18 13:01:18.911454 np0000000945 nova-conductor[97832]: DEBUG cotyledon.oslo_config_glue [-] oslo_limit.service_name = None {{(pid=97832) log_opt_values /opt/stack/data/venv/lib/python3.12/site-packages/oslo_config/cfg.py:3006}}
May 18 13:01:18.911454 np0000000945 nova-conductor[97832]: DEBUG cotyledon.oslo_config_glue [-] oslo_limit.service_type = None {{(pid=97832) log_opt_values /opt/stack/data/venv/lib/python3.12/site-packages/oslo_config/cfg.py:3006}}
May 18 13:01:18.911454 np0000000945 nova-conductor[97832]: DEBUG cotyledon.oslo_config_glue [-] oslo_limit.split_loggers = False {{(pid=97832) log_opt_values /opt/stack/data/venv/lib/python3.12/site-packages/oslo_config/cfg.py:3006}}
May 18 13:01:18.911454 np0000000945 nova-conductor[97832]: DEBUG cotyledon.oslo_config_glue [-] oslo_limit.status_code_retries = None {{(pid=97832) log_opt_values /opt/stack/data/venv/lib/python3.12/site-packages/oslo_config/cfg.py:3006}}
May 18 13:01:18.911454 np0000000945 nova-conductor[97832]: DEBUG cotyledon.oslo_config_glue [-] oslo_limit.status_code_retry_delay = None {{(pid=97832) log_opt_values /opt/stack/data/venv/lib/python3.12/site-packages/oslo_config/cfg.py:3006}}
May 18 13:01:18.911741 np0000000945 nova-conductor[97832]: DEBUG cotyledon.oslo_config_glue [-] oslo_limit.timeout = None {{(pid=97832) log_opt_values /opt/stack/data/venv/lib/python3.12/site-packages/oslo_config/cfg.py:3006}}
May 18 13:01:18.911741 np0000000945 nova-conductor[97832]: DEBUG cotyledon.oslo_config_glue [-] oslo_limit.valid_interfaces = None {{(pid=97832) log_opt_values /opt/stack/data/venv/lib/python3.12/site-packages/oslo_config/cfg.py:3006}}
May 18 13:01:18.911741 np0000000945 nova-conductor[97832]: DEBUG cotyledon.oslo_config_glue [-] oslo_limit.version = None {{(pid=97832) log_opt_values /opt/stack/data/venv/lib/python3.12/site-packages/oslo_config/cfg.py:3006}}
May 18 13:01:18.911741 np0000000945 nova-conductor[97832]: DEBUG cotyledon.oslo_config_glue [-] oslo_reports.file_event_handler = None {{(pid=97832) log_opt_values /opt/stack/data/venv/lib/python3.12/site-packages/oslo_config/cfg.py:3006}}
May 18 13:01:18.911741 np0000000945 nova-conductor[97832]: DEBUG cotyledon.oslo_config_glue [-] oslo_reports.file_event_handler_interval = 1 {{(pid=97832) log_opt_values /opt/stack/data/venv/lib/python3.12/site-packages/oslo_config/cfg.py:3006}}
May 18 13:01:18.911741 np0000000945 nova-conductor[97832]: DEBUG cotyledon.oslo_config_glue [-] oslo_reports.log_dir = None {{(pid=97832) log_opt_values /opt/stack/data/venv/lib/python3.12/site-packages/oslo_config/cfg.py:3006}}
May 18 13:01:18.911741 np0000000945 nova-conductor[97832]: DEBUG cotyledon.oslo_config_glue [-] ******************************************************************************** {{(pid=97832) log_opt_values /opt/stack/data/venv/lib/python3.12/site-packages/oslo_config/cfg.py:3013}}
May 18 13:01:18.911741 np0000000945 nova-conductor[97832]: DEBUG cotyledon._service_worker [-] Run service ServiceWrapper(2) [97832] {{(pid=97832) wait_forever /opt/stack/data/venv/lib/python3.12/site-packages/cotyledon/_service_worker.py:218}}
May 18 13:01:18.911741 np0000000945 nova-conductor[97832]: INFO nova.service [-] Starting conductor node (version 33.1.0)
May 18 13:01:18.912064 np0000000945 nova-conductor[97830]: DEBUG dbcounter [-] [97830] Writer thread running {{(pid=97830) stat_writer /opt/stack/data/venv/lib/python3.12/site-packages/dbcounter.py:102}}
May 18 13:01:18.913600 np0000000945 nova-conductor[97832]: INFO dbcounter [None req-196b478d-e257-40cf-8179-06f48faa7621 None None] Registered counter for database nova_cell0
May 18 13:01:18.920395 np0000000945 nova-conductor[97801]: DEBUG nova.service [None req-8d1bf43d-f3b1-4203-8a7e-c0663b20c90e None None] Creating RPC server for service: nova-conductor on topic: conductor {{(pid=97801) start /opt/stack/nova/nova/service.py:195}}
May 18 13:01:18.920619 np0000000945 nova-conductor[97832]: DEBUG oslo_db.sqlalchemy.engines [None req-196b478d-e257-40cf-8179-06f48faa7621 None None] MySQL server mode set to STRICT_TRANS_TABLES,STRICT_ALL_TABLES,NO_ZERO_IN_DATE,NO_ZERO_DATE,ERROR_FOR_DIVISION_BY_ZERO,TRADITIONAL,NO_ENGINE_SUBSTITUTION {{(pid=97832) _check_effective_sql_mode /opt/stack/data/venv/lib/python3.12/site-packages/oslo_db/sqlalchemy/engines.py:325}}
May 18 13:01:18.932033 np0000000945 nova-conductor[97830]: DEBUG nova.service [None req-9f259840-1de1-4340-b2a2-74c6a68db18f None None] Creating RPC server for service: nova-conductor on topic: conductor {{(pid=97830) start /opt/stack/nova/nova/service.py:195}}
May 18 13:01:18.934203 np0000000945 nova-conductor[97832]: DEBUG dbcounter [-] [97832] Writer thread running {{(pid=97832) stat_writer /opt/stack/data/venv/lib/python3.12/site-packages/dbcounter.py:102}}
May 18 13:01:18.937239 np0000000945 nova-conductor[97832]: DEBUG nova.service [None req-196b478d-e257-40cf-8179-06f48faa7621 None None] Creating RPC server for service: nova-conductor on topic: conductor {{(pid=97832) start /opt/stack/nova/nova/service.py:195}}
May 18 13:01:18.945497 np0000000945 nova-conductor[97801]: DEBUG nova.service [None req-8d1bf43d-f3b1-4203-8a7e-c0663b20c90e None None] Join ServiceGroup membership for this service conductor {{(pid=97801) start /opt/stack/nova/nova/service.py:221}}
May 18 13:01:18.945725 np0000000945 nova-conductor[97801]: DEBUG nova.servicegroup.drivers.db [None req-8d1bf43d-f3b1-4203-8a7e-c0663b20c90e None None] DB_Driver: join new ServiceGroup member np0000000945 to the conductor group, service = {{(pid=97801) join /opt/stack/nova/nova/servicegroup/drivers/db.py:44}}
May 18 13:01:18.950918 np0000000945 nova-conductor[97830]: DEBUG nova.service [None req-9f259840-1de1-4340-b2a2-74c6a68db18f None None] Join ServiceGroup membership for this service conductor {{(pid=97830) start /opt/stack/nova/nova/service.py:221}}
May 18 13:01:18.951161 np0000000945 nova-conductor[97830]: DEBUG nova.servicegroup.drivers.db [None req-9f259840-1de1-4340-b2a2-74c6a68db18f None None] DB_Driver: join new ServiceGroup member np0000000945 to the conductor group, service = {{(pid=97830) join /opt/stack/nova/nova/servicegroup/drivers/db.py:44}}
May 18 13:01:18.955786 np0000000945 nova-conductor[97832]: DEBUG nova.service [None req-196b478d-e257-40cf-8179-06f48faa7621 None None] Join ServiceGroup membership for this service conductor {{(pid=97832) start /opt/stack/nova/nova/service.py:221}}
May 18 13:01:18.955992 np0000000945 nova-conductor[97832]: DEBUG nova.servicegroup.drivers.db [None req-196b478d-e257-40cf-8179-06f48faa7621 None None] DB_Driver: join new ServiceGroup member np0000000945 to the conductor group, service = {{(pid=97832) join /opt/stack/nova/nova/servicegroup/drivers/db.py:44}}
May 18 13:01:23.972585 np0000000945 nova-conductor[97801]: DEBUG oslo.service.backend._threading.loopingcall [-] Fixed interval looping call 'nova.servicegroup.drivers.db.DbDriver._report_state' sleeping for 119.98 seconds {{(pid=97801) _run_loop /opt/stack/data/venv/lib/python3.12/site-packages/oslo_service/backend/_threading/loopingcall.py:125}}
May 18 13:01:23.973003 np0000000945 nova-conductor[97830]: DEBUG oslo.service.backend._threading.loopingcall [-] Fixed interval looping call 'nova.servicegroup.drivers.db.DbDriver._report_state' sleeping for 119.98 seconds {{(pid=97830) _run_loop /opt/stack/data/venv/lib/python3.12/site-packages/oslo_service/backend/_threading/loopingcall.py:125}}
May 18 13:01:23.974350 np0000000945 nova-conductor[97832]: DEBUG oslo.service.backend._threading.loopingcall [-] Fixed interval looping call 'nova.servicegroup.drivers.db.DbDriver._report_state' sleeping for 119.98 seconds {{(pid=97832) _run_loop /opt/stack/data/venv/lib/python3.12/site-packages/oslo_service/backend/_threading/loopingcall.py:125}}
May 18 13:01:27.585542 np0000000945 nova-conductor[96272]: DEBUG dbcounter [-] [96272] Writing DB stats nova_api:SELECT=1 {{(pid=96272) stat_writer /opt/stack/data/venv/lib/python3.12/site-packages/dbcounter.py:115}}
May 18 13:01:27.682457 np0000000945 nova-conductor[96272]: DEBUG dbcounter [-] [96272] Writing DB stats nova_cell0:SELECT=1 {{(pid=96272) stat_writer /opt/stack/data/venv/lib/python3.12/site-packages/dbcounter.py:115}}
May 18 13:01:27.685008 np0000000945 nova-conductor[96272]: DEBUG dbcounter [-] [96272] Writing DB stats nova_cell1:SELECT=1 {{(pid=96272) stat_writer /opt/stack/data/venv/lib/python3.12/site-packages/dbcounter.py:115}}
May 18 13:01:33.957444 np0000000945 nova-conductor[97801]: DEBUG dbcounter [-] [97801] Writing DB stats nova_cell0:SELECT=4,nova_cell0:INSERT=1,nova_cell0:UPDATE=1 {{(pid=97801) stat_writer /opt/stack/data/venv/lib/python3.12/site-packages/dbcounter.py:115}}
May 18 13:01:33.961531 np0000000945 nova-conductor[97830]: DEBUG dbcounter [-] [97830] Writing DB stats nova_cell0:SELECT=5,nova_cell0:INSERT=1,nova_cell0:UPDATE=1 {{(pid=97830) stat_writer /opt/stack/data/venv/lib/python3.12/site-packages/dbcounter.py:115}}
May 18 13:01:33.967426 np0000000945 nova-conductor[97832]: DEBUG dbcounter [-] [97832] Writing DB stats nova_cell0:SELECT=3,nova_cell0:UPDATE=1 {{(pid=97832) stat_writer /opt/stack/data/venv/lib/python3.12/site-packages/dbcounter.py:115}}
May 18 13:01:51.953724 np0000000945 nova-conductor[97830]: DEBUG oslo.service.backend._threading.loopingcall [None req-a3b12c32-a906-4492-814c-65ff0e802108 None None] Dynamic interval looping call 'nova.service.Service.periodic_tasks' sleeping for 60.00 seconds {{(pid=97830) _run_loop /opt/stack/data/venv/lib/python3.12/site-packages/oslo_service/backend/_threading/loopingcall.py:125}}
May 18 13:01:51.958345 np0000000945 nova-conductor[97832]: DEBUG oslo.service.backend._threading.loopingcall [None req-4a3accbe-9aa5-451f-a1a6-8f2a5f64eb4a None None] Dynamic interval looping call 'nova.service.Service.periodic_tasks' sleeping for 60.00 seconds {{(pid=97832) _run_loop /opt/stack/data/venv/lib/python3.12/site-packages/oslo_service/backend/_threading/loopingcall.py:125}}
May 18 13:02:01.948465 np0000000945 nova-conductor[97801]: DEBUG oslo.service.backend._threading.loopingcall [None req-5d3d6c44-45da-40fc-8877-d2cb108b2135 None None] Dynamic interval looping call 'nova.service.Service.periodic_tasks' sleeping for 60.00 seconds {{(pid=97801) _run_loop /opt/stack/data/venv/lib/python3.12/site-packages/oslo_service/backend/_threading/loopingcall.py:125}}
May 18 13:02:51.954270 np0000000945 nova-conductor[97830]: DEBUG oslo.service.backend._threading.loopingcall [None req-a3b12c32-a906-4492-814c-65ff0e802108 None None] Dynamic interval looping call 'nova.service.Service.periodic_tasks' sleeping for 60.00 seconds {{(pid=97830) _run_loop /opt/stack/data/venv/lib/python3.12/site-packages/oslo_service/backend/_threading/loopingcall.py:125}}
May 18 13:02:51.958823 np0000000945 nova-conductor[97832]: DEBUG oslo.service.backend._threading.loopingcall [None req-4a3accbe-9aa5-451f-a1a6-8f2a5f64eb4a None None] Dynamic interval looping call 'nova.service.Service.periodic_tasks' sleeping for 60.00 seconds {{(pid=97832) _run_loop /opt/stack/data/venv/lib/python3.12/site-packages/oslo_service/backend/_threading/loopingcall.py:125}}
May 18 13:03:01.948948 np0000000945 nova-conductor[97801]: DEBUG oslo.service.backend._threading.loopingcall [None req-5d3d6c44-45da-40fc-8877-d2cb108b2135 None None] Dynamic interval looping call 'nova.service.Service.periodic_tasks' sleeping for 60.00 seconds {{(pid=97801) _run_loop /opt/stack/data/venv/lib/python3.12/site-packages/oslo_service/backend/_threading/loopingcall.py:125}}
May 18 13:03:23.960823 np0000000945 nova-conductor[97830]: DEBUG oslo.service.backend._threading.loopingcall [-] Fixed interval looping call 'nova.servicegroup.drivers.db.DbDriver._report_state' sleeping for 119.99 seconds {{(pid=97830) _run_loop /opt/stack/data/venv/lib/python3.12/site-packages/oslo_service/backend/_threading/loopingcall.py:125}}
May 18 13:03:23.962166 np0000000945 nova-conductor[97832]: DEBUG oslo.service.backend._threading.loopingcall [-] Fixed interval looping call 'nova.servicegroup.drivers.db.DbDriver._report_state' sleeping for 119.99 seconds {{(pid=97832) _run_loop /opt/stack/data/venv/lib/python3.12/site-packages/oslo_service/backend/_threading/loopingcall.py:125}}
May 18 13:03:23.962589 np0000000945 nova-conductor[97801]: DEBUG oslo.service.backend._threading.loopingcall [-] Fixed interval looping call 'nova.servicegroup.drivers.db.DbDriver._report_state' sleeping for 119.99 seconds {{(pid=97801) _run_loop /opt/stack/data/venv/lib/python3.12/site-packages/oslo_service/backend/_threading/loopingcall.py:125}}
May 18 13:03:33.956518 np0000000945 nova-conductor[97830]: DEBUG dbcounter [-] [97830] Writing DB stats nova_cell0:SELECT=1,nova_cell0:UPDATE=1 {{(pid=97830) stat_writer /opt/stack/data/venv/lib/python3.12/site-packages/dbcounter.py:115}}
May 18 13:03:33.956980 np0000000945 nova-conductor[97801]: DEBUG dbcounter [-] [97801] Writing DB stats nova_cell0:SELECT=1,nova_cell0:UPDATE=1 {{(pid=97801) stat_writer /opt/stack/data/venv/lib/python3.12/site-packages/dbcounter.py:115}}
May 18 13:03:33.958128 np0000000945 nova-conductor[97832]: DEBUG dbcounter [-] [97832] Writing DB stats nova_cell0:SELECT=1,nova_cell0:UPDATE=1 {{(pid=97832) stat_writer /opt/stack/data/venv/lib/python3.12/site-packages/dbcounter.py:115}}
May 18 13:03:51.954686 np0000000945 nova-conductor[97830]: DEBUG oslo.service.backend._threading.loopingcall [None req-a3b12c32-a906-4492-814c-65ff0e802108 None None] Dynamic interval looping call 'nova.service.Service.periodic_tasks' sleeping for 60.00 seconds {{(pid=97830) _run_loop /opt/stack/data/venv/lib/python3.12/site-packages/oslo_service/backend/_threading/loopingcall.py:125}}
May 18 13:03:51.959614 np0000000945 nova-conductor[97832]: DEBUG oslo.service.backend._threading.loopingcall [None req-4a3accbe-9aa5-451f-a1a6-8f2a5f64eb4a None None] Dynamic interval looping call 'nova.service.Service.periodic_tasks' sleeping for 60.00 seconds {{(pid=97832) _run_loop /opt/stack/data/venv/lib/python3.12/site-packages/oslo_service/backend/_threading/loopingcall.py:125}}
May 18 13:04:01.949485 np0000000945 nova-conductor[97801]: DEBUG oslo.service.backend._threading.loopingcall [None req-5d3d6c44-45da-40fc-8877-d2cb108b2135 None None] Dynamic interval looping call 'nova.service.Service.periodic_tasks' sleeping for 60.00 seconds {{(pid=97801) _run_loop /opt/stack/data/venv/lib/python3.12/site-packages/oslo_service/backend/_threading/loopingcall.py:125}}
May 18 13:04:02.357442 np0000000945 nova-conductor[97801]: DEBUG oslo_db.sqlalchemy.engines [None req-f868fcac-d8b1-4cf2-9d52-f8cfe4e6f60b tempest-DeleteServersTestJSON-2126547435 tempest-DeleteServersTestJSON-2126547435-project-member] Parent process 96272 forked (97801) with an open database connection, which is being discarded and recreated. {{(pid=97801) checkout /opt/stack/data/venv/lib/python3.12/site-packages/oslo_db/sqlalchemy/engines.py:402}}
May 18 13:04:02.362091 np0000000945 nova-conductor[97801]: DEBUG dbcounter [-] [97801] Writer thread running {{(pid=97801) stat_writer /opt/stack/data/venv/lib/python3.12/site-packages/dbcounter.py:102}}
May 18 13:04:03.387151 np0000000945 nova-conductor[97801]: DEBUG nova.conductor.manager [None req-f868fcac-d8b1-4cf2-9d52-f8cfe4e6f60b tempest-DeleteServersTestJSON-2126547435 tempest-DeleteServersTestJSON-2126547435-project-member] Took 1.02 seconds to select destinations for 1 instance(s). {{(pid=97801) _schedule_instances /opt/stack/nova/nova/conductor/manager.py:968}}
May 18 13:04:03.414672 np0000000945 nova-conductor[97801]: DEBUG oslo_concurrency.lockutils [None req-f868fcac-d8b1-4cf2-9d52-f8cfe4e6f60b tempest-DeleteServersTestJSON-2126547435 tempest-DeleteServersTestJSON-2126547435-project-member] Acquiring lock "50178ef4-cfa1-418e-874d-f132cebba6be" by "nova.context.set_target_cell..get_or_set_cached_cell_and_set_connections" {{(pid=97801) inner /opt/stack/data/venv/lib/python3.12/site-packages/oslo_concurrency/lockutils.py:506}}
May 18 13:04:03.414898 np0000000945 nova-conductor[97801]: DEBUG oslo_concurrency.lockutils [None req-f868fcac-d8b1-4cf2-9d52-f8cfe4e6f60b tempest-DeleteServersTestJSON-2126547435 tempest-DeleteServersTestJSON-2126547435-project-member] Lock "50178ef4-cfa1-418e-874d-f132cebba6be" acquired by "nova.context.set_target_cell..get_or_set_cached_cell_and_set_connections" :: waited 0.000s {{(pid=97801) inner /opt/stack/data/venv/lib/python3.12/site-packages/oslo_concurrency/lockutils.py:519}}
May 18 13:04:03.416394 np0000000945 nova-conductor[97801]: DEBUG oslo_concurrency.lockutils [None req-f868fcac-d8b1-4cf2-9d52-f8cfe4e6f60b tempest-DeleteServersTestJSON-2126547435 tempest-DeleteServersTestJSON-2126547435-project-member] Lock "50178ef4-cfa1-418e-874d-f132cebba6be" "released" by "nova.context.set_target_cell..get_or_set_cached_cell_and_set_connections" :: held 0.001s {{(pid=97801) inner /opt/stack/data/venv/lib/python3.12/site-packages/oslo_concurrency/lockutils.py:538}}
May 18 13:04:03.418314 np0000000945 nova-conductor[97801]: INFO dbcounter [None req-f868fcac-d8b1-4cf2-9d52-f8cfe4e6f60b tempest-DeleteServersTestJSON-2126547435 tempest-DeleteServersTestJSON-2126547435-project-member] Registered counter for database nova_cell1
May 18 13:04:03.425026 np0000000945 nova-conductor[97801]: DEBUG oslo_db.sqlalchemy.engines [None req-f868fcac-d8b1-4cf2-9d52-f8cfe4e6f60b tempest-DeleteServersTestJSON-2126547435 tempest-DeleteServersTestJSON-2126547435-project-member] MySQL server mode set to STRICT_TRANS_TABLES,STRICT_ALL_TABLES,NO_ZERO_IN_DATE,NO_ZERO_DATE,ERROR_FOR_DIVISION_BY_ZERO,TRADITIONAL,NO_ENGINE_SUBSTITUTION {{(pid=97801) _check_effective_sql_mode /opt/stack/data/venv/lib/python3.12/site-packages/oslo_db/sqlalchemy/engines.py:325}}
May 18 13:04:03.430577 np0000000945 nova-conductor[97801]: DEBUG dbcounter [-] [97801] Writer thread running {{(pid=97801) stat_writer /opt/stack/data/venv/lib/python3.12/site-packages/dbcounter.py:102}}
May 18 13:04:03.508355 np0000000945 nova-conductor[97801]: INFO nova.utils [None req-f868fcac-d8b1-4cf2-9d52-f8cfe4e6f60b tempest-DeleteServersTestJSON-2126547435 tempest-DeleteServersTestJSON-2126547435-project-member] The cell worker thread pool ForkProcess-1.cell_worker is initialized
May 18 13:04:03.508737 np0000000945 nova-conductor[97801]: DEBUG oslo_concurrency.lockutils [None req-f868fcac-d8b1-4cf2-9d52-f8cfe4e6f60b tempest-DeleteServersTestJSON-2126547435 tempest-DeleteServersTestJSON-2126547435-project-member] Acquiring lock "00000000-0000-0000-0000-000000000000" by "nova.context.set_target_cell..get_or_set_cached_cell_and_set_connections" {{(pid=97801) inner /opt/stack/data/venv/lib/python3.12/site-packages/oslo_concurrency/lockutils.py:506}}
May 18 13:04:03.508973 np0000000945 nova-conductor[97801]: DEBUG oslo_concurrency.lockutils [None req-f868fcac-d8b1-4cf2-9d52-f8cfe4e6f60b tempest-DeleteServersTestJSON-2126547435 tempest-DeleteServersTestJSON-2126547435-project-member] Lock "00000000-0000-0000-0000-000000000000" acquired by "nova.context.set_target_cell..get_or_set_cached_cell_and_set_connections" :: waited 0.000s {{(pid=97801) inner /opt/stack/data/venv/lib/python3.12/site-packages/oslo_concurrency/lockutils.py:519}}
May 18 13:04:03.509412 np0000000945 nova-conductor[97801]: DEBUG oslo_concurrency.lockutils [None req-f868fcac-d8b1-4cf2-9d52-f8cfe4e6f60b tempest-DeleteServersTestJSON-2126547435 tempest-DeleteServersTestJSON-2126547435-project-member] Lock "00000000-0000-0000-0000-000000000000" "released" by "nova.context.set_target_cell..get_or_set_cached_cell_and_set_connections" :: held 0.000s {{(pid=97801) inner /opt/stack/data/venv/lib/python3.12/site-packages/oslo_concurrency/lockutils.py:538}}
May 18 13:04:03.510209 np0000000945 nova-conductor[97801]: DEBUG oslo_concurrency.lockutils [None req-f868fcac-d8b1-4cf2-9d52-f8cfe4e6f60b tempest-DeleteServersTestJSON-2126547435 tempest-DeleteServersTestJSON-2126547435-project-member] Acquiring lock "50178ef4-cfa1-418e-874d-f132cebba6be" by "nova.context.set_target_cell..get_or_set_cached_cell_and_set_connections" {{(pid=97801) inner /opt/stack/data/venv/lib/python3.12/site-packages/oslo_concurrency/lockutils.py:506}}
May 18 13:04:03.510308 np0000000945 nova-conductor[97801]: DEBUG oslo_concurrency.lockutils [None req-f868fcac-d8b1-4cf2-9d52-f8cfe4e6f60b tempest-DeleteServersTestJSON-2126547435 tempest-DeleteServersTestJSON-2126547435-project-member] Lock "50178ef4-cfa1-418e-874d-f132cebba6be" acquired by "nova.context.set_target_cell..get_or_set_cached_cell_and_set_connections" :: waited 0.000s {{(pid=97801) inner /opt/stack/data/venv/lib/python3.12/site-packages/oslo_concurrency/lockutils.py:519}}
May 18 13:04:03.510413 np0000000945 nova-conductor[97801]: DEBUG oslo_concurrency.lockutils [None req-f868fcac-d8b1-4cf2-9d52-f8cfe4e6f60b tempest-DeleteServersTestJSON-2126547435 tempest-DeleteServersTestJSON-2126547435-project-member] Lock "50178ef4-cfa1-418e-874d-f132cebba6be" "released" by "nova.context.set_target_cell..get_or_set_cached_cell_and_set_connections" :: held 0.000s {{(pid=97801) inner /opt/stack/data/venv/lib/python3.12/site-packages/oslo_concurrency/lockutils.py:538}}
May 18 13:04:03.512039 np0000000945 nova-conductor[97801]: INFO dbcounter [None req-f868fcac-d8b1-4cf2-9d52-f8cfe4e6f60b tempest-DeleteServersTestJSON-2126547435 tempest-DeleteServersTestJSON-2126547435-project-member] Registered counter for database nova_cell0
May 18 13:04:03.524452 np0000000945 nova-conductor[97801]: DEBUG oslo_db.sqlalchemy.engines [None req-f868fcac-d8b1-4cf2-9d52-f8cfe4e6f60b tempest-DeleteServersTestJSON-2126547435 tempest-DeleteServersTestJSON-2126547435-project-member] MySQL server mode set to STRICT_TRANS_TABLES,STRICT_ALL_TABLES,NO_ZERO_IN_DATE,NO_ZERO_DATE,ERROR_FOR_DIVISION_BY_ZERO,TRADITIONAL,NO_ENGINE_SUBSTITUTION {{(pid=97801) _check_effective_sql_mode /opt/stack/data/venv/lib/python3.12/site-packages/oslo_db/sqlalchemy/engines.py:325}}
May 18 13:04:03.530377 np0000000945 nova-conductor[97801]: DEBUG dbcounter [-] [97801] Writer thread running {{(pid=97801) stat_writer /opt/stack/data/venv/lib/python3.12/site-packages/dbcounter.py:102}}
May 18 13:04:03.540554 np0000000945 nova-conductor[97801]: DEBUG nova.quota [None req-f868fcac-d8b1-4cf2-9d52-f8cfe4e6f60b tempest-DeleteServersTestJSON-2126547435 tempest-DeleteServersTestJSON-2126547435-project-member] Getting quotas for project 30a0118855f8434a9a2e2419c0725645. Resources: {'instances', 'cores', 'ram'} {{(pid=97801) _get_quotas /opt/stack/nova/nova/quota.py:392}}
May 18 13:04:03.544201 np0000000945 nova-conductor[97801]: DEBUG nova.quota [None req-f868fcac-d8b1-4cf2-9d52-f8cfe4e6f60b tempest-DeleteServersTestJSON-2126547435 tempest-DeleteServersTestJSON-2126547435-project-member] Getting quotas for user ac49b3bedd8c4ff19db49e0897202788 and project 30a0118855f8434a9a2e2419c0725645. Resources: {'instances', 'cores', 'ram'} {{(pid=97801) _get_quotas /opt/stack/nova/nova/quota.py:382}}
May 18 13:04:03.557588 np0000000945 nova-conductor[97801]: DEBUG nova.conductor.manager [None req-f868fcac-d8b1-4cf2-9d52-f8cfe4e6f60b tempest-DeleteServersTestJSON-2126547435 tempest-DeleteServersTestJSON-2126547435-project-member] [instance: 3bcd3b0e-e00b-40be-957f-e9fa5a47ac55] Selected host: np0000000945; Selected node: np0000000945; Alternates: [] {{(pid=97801) schedule_and_build_instances /opt/stack/nova/nova/conductor/manager.py:1784}}
May 18 13:04:03.558206 np0000000945 nova-conductor[97801]: DEBUG oslo_concurrency.lockutils [None req-f868fcac-d8b1-4cf2-9d52-f8cfe4e6f60b tempest-DeleteServersTestJSON-2126547435 tempest-DeleteServersTestJSON-2126547435-project-member] Acquiring lock "50178ef4-cfa1-418e-874d-f132cebba6be" by "nova.context.set_target_cell..get_or_set_cached_cell_and_set_connections" {{(pid=97801) inner /opt/stack/data/venv/lib/python3.12/site-packages/oslo_concurrency/lockutils.py:506}}
May 18 13:04:03.558475 np0000000945 nova-conductor[97801]: DEBUG oslo_concurrency.lockutils [None req-f868fcac-d8b1-4cf2-9d52-f8cfe4e6f60b tempest-DeleteServersTestJSON-2126547435 tempest-DeleteServersTestJSON-2126547435-project-member] Lock "50178ef4-cfa1-418e-874d-f132cebba6be" acquired by "nova.context.set_target_cell..get_or_set_cached_cell_and_set_connections" :: waited 0.000s {{(pid=97801) inner /opt/stack/data/venv/lib/python3.12/site-packages/oslo_concurrency/lockutils.py:519}}
May 18 13:04:03.558475 np0000000945 nova-conductor[97801]: DEBUG oslo_concurrency.lockutils [None req-f868fcac-d8b1-4cf2-9d52-f8cfe4e6f60b tempest-DeleteServersTestJSON-2126547435 tempest-DeleteServersTestJSON-2126547435-project-member] Lock "50178ef4-cfa1-418e-874d-f132cebba6be" "released" by "nova.context.set_target_cell..get_or_set_cached_cell_and_set_connections" :: held 0.000s {{(pid=97801) inner /opt/stack/data/venv/lib/python3.12/site-packages/oslo_concurrency/lockutils.py:538}}
May 18 13:04:03.573556 np0000000945 nova-conductor[97801]: DEBUG nova.conductor.manager [None req-f868fcac-d8b1-4cf2-9d52-f8cfe4e6f60b tempest-DeleteServersTestJSON-2126547435 tempest-DeleteServersTestJSON-2126547435-project-member] [instance: 3bcd3b0e-e00b-40be-957f-e9fa5a47ac55] block_device_mapping [BlockDeviceMapping(attachment_id=,boot_index=0,connection_info=None,created_at=,delete_on_termination=True,deleted=,deleted_at=,destination_type='local',device_name=None,device_type='disk',disk_bus=None,encrypted=False,encryption_format=None,encryption_options=None,encryption_secret_uuid=None,guest_format=None,id=,image_id='246498c1-b5b8-4127-b467-1642403f74d5',instance=,instance_uuid=,no_device=False,snapshot_id=None,source_type='image',tag=None,updated_at=,uuid=,volume_id=None,volume_size=None,volume_type=None)] {{(pid=97801) _create_block_device_mapping /opt/stack/nova/nova/conductor/manager.py:1529}}
May 18 13:04:03.575455 np0000000945 nova-conductor[97801]: DEBUG oslo_concurrency.lockutils [None req-f868fcac-d8b1-4cf2-9d52-f8cfe4e6f60b tempest-DeleteServersTestJSON-2126547435 tempest-DeleteServersTestJSON-2126547435-project-member] Acquiring lock "50178ef4-cfa1-418e-874d-f132cebba6be" by "nova.context.set_target_cell..get_or_set_cached_cell_and_set_connections" {{(pid=97801) inner /opt/stack/data/venv/lib/python3.12/site-packages/oslo_concurrency/lockutils.py:506}}
May 18 13:04:03.575639 np0000000945 nova-conductor[97801]: DEBUG oslo_concurrency.lockutils [None req-f868fcac-d8b1-4cf2-9d52-f8cfe4e6f60b tempest-DeleteServersTestJSON-2126547435 tempest-DeleteServersTestJSON-2126547435-project-member] Lock "50178ef4-cfa1-418e-874d-f132cebba6be" acquired by "nova.context.set_target_cell..get_or_set_cached_cell_and_set_connections" :: waited 0.000s {{(pid=97801) inner /opt/stack/data/venv/lib/python3.12/site-packages/oslo_concurrency/lockutils.py:519}}
May 18 13:04:03.575761 np0000000945 nova-conductor[97801]: DEBUG oslo_concurrency.lockutils [None req-f868fcac-d8b1-4cf2-9d52-f8cfe4e6f60b tempest-DeleteServersTestJSON-2126547435 tempest-DeleteServersTestJSON-2126547435-project-member] Lock "50178ef4-cfa1-418e-874d-f132cebba6be" "released" by "nova.context.set_target_cell..get_or_set_cached_cell_and_set_connections" :: held 0.000s {{(pid=97801) inner /opt/stack/data/venv/lib/python3.12/site-packages/oslo_concurrency/lockutils.py:538}}
May 18 13:04:03.616702 np0000000945 nova-conductor[97801]: DEBUG oslo_concurrency.lockutils [None req-f868fcac-d8b1-4cf2-9d52-f8cfe4e6f60b tempest-DeleteServersTestJSON-2126547435 tempest-DeleteServersTestJSON-2126547435-project-member] Acquiring lock "50178ef4-cfa1-418e-874d-f132cebba6be" by "nova.context.set_target_cell..get_or_set_cached_cell_and_set_connections" {{(pid=97801) inner /opt/stack/data/venv/lib/python3.12/site-packages/oslo_concurrency/lockutils.py:506}}
May 18 13:04:03.616932 np0000000945 nova-conductor[97801]: DEBUG oslo_concurrency.lockutils [None req-f868fcac-d8b1-4cf2-9d52-f8cfe4e6f60b tempest-DeleteServersTestJSON-2126547435 tempest-DeleteServersTestJSON-2126547435-project-member] Lock "50178ef4-cfa1-418e-874d-f132cebba6be" acquired by "nova.context.set_target_cell..get_or_set_cached_cell_and_set_connections" :: waited 0.000s {{(pid=97801) inner /opt/stack/data/venv/lib/python3.12/site-packages/oslo_concurrency/lockutils.py:519}}
May 18 13:04:03.617049 np0000000945 nova-conductor[97801]: DEBUG oslo_concurrency.lockutils [None req-f868fcac-d8b1-4cf2-9d52-f8cfe4e6f60b tempest-DeleteServersTestJSON-2126547435 tempest-DeleteServersTestJSON-2126547435-project-member] Lock "50178ef4-cfa1-418e-874d-f132cebba6be" "released" by "nova.context.set_target_cell..get_or_set_cached_cell_and_set_connections" :: held 0.000s {{(pid=97801) inner /opt/stack/data/venv/lib/python3.12/site-packages/oslo_concurrency/lockutils.py:538}}
May 18 13:04:03.617329 np0000000945 nova-conductor[97801]: DEBUG oslo_concurrency.lockutils [None req-f868fcac-d8b1-4cf2-9d52-f8cfe4e6f60b tempest-DeleteServersTestJSON-2126547435 tempest-DeleteServersTestJSON-2126547435-project-member] Acquiring lock "compute-rpcapi-router" {{(pid=97801) lock /opt/stack/data/venv/lib/python3.12/site-packages/oslo_concurrency/lockutils.py:390}}
May 18 13:04:03.617444 np0000000945 nova-conductor[97801]: DEBUG oslo_concurrency.lockutils [None req-f868fcac-d8b1-4cf2-9d52-f8cfe4e6f60b tempest-DeleteServersTestJSON-2126547435 tempest-DeleteServersTestJSON-2126547435-project-member] Acquired lock "compute-rpcapi-router" {{(pid=97801) lock /opt/stack/data/venv/lib/python3.12/site-packages/oslo_concurrency/lockutils.py:393}}
May 18 13:04:03.617872 np0000000945 nova-conductor[97801]: DEBUG oslo_concurrency.lockutils [None req-37e5b836-337d-48f0-b98a-939fcbbd95ba None None] Acquiring lock "00000000-0000-0000-0000-000000000000" by "nova.context.set_target_cell..get_or_set_cached_cell_and_set_connections" {{(pid=97801) inner /opt/stack/data/venv/lib/python3.12/site-packages/oslo_concurrency/lockutils.py:506}}
May 18 13:04:03.618048 np0000000945 nova-conductor[97801]: DEBUG oslo_concurrency.lockutils [None req-37e5b836-337d-48f0-b98a-939fcbbd95ba None None] Lock "00000000-0000-0000-0000-000000000000" acquired by "nova.context.set_target_cell..get_or_set_cached_cell_and_set_connections" :: waited 0.000s {{(pid=97801) inner /opt/stack/data/venv/lib/python3.12/site-packages/oslo_concurrency/lockutils.py:519}}
May 18 13:04:03.618199 np0000000945 nova-conductor[97801]: DEBUG oslo_concurrency.lockutils [None req-37e5b836-337d-48f0-b98a-939fcbbd95ba None None] Lock "00000000-0000-0000-0000-000000000000" "released" by "nova.context.set_target_cell..get_or_set_cached_cell_and_set_connections" :: held 0.000s {{(pid=97801) inner /opt/stack/data/venv/lib/python3.12/site-packages/oslo_concurrency/lockutils.py:538}}
May 18 13:04:03.618804 np0000000945 nova-conductor[97801]: DEBUG oslo_concurrency.lockutils [None req-37e5b836-337d-48f0-b98a-939fcbbd95ba None None] Acquiring lock "50178ef4-cfa1-418e-874d-f132cebba6be" by "nova.context.set_target_cell..get_or_set_cached_cell_and_set_connections" {{(pid=97801) inner /opt/stack/data/venv/lib/python3.12/site-packages/oslo_concurrency/lockutils.py:506}}
May 18 13:04:03.618989 np0000000945 nova-conductor[97801]: DEBUG oslo_concurrency.lockutils [None req-37e5b836-337d-48f0-b98a-939fcbbd95ba None None] Lock "50178ef4-cfa1-418e-874d-f132cebba6be" acquired by "nova.context.set_target_cell..get_or_set_cached_cell_and_set_connections" :: waited 0.000s {{(pid=97801) inner /opt/stack/data/venv/lib/python3.12/site-packages/oslo_concurrency/lockutils.py:519}}
May 18 13:04:03.619110 np0000000945 nova-conductor[97801]: DEBUG oslo_concurrency.lockutils [None req-37e5b836-337d-48f0-b98a-939fcbbd95ba None None] Lock "50178ef4-cfa1-418e-874d-f132cebba6be" "released" by "nova.context.set_target_cell..get_or_set_cached_cell_and_set_connections" :: held 0.000s {{(pid=97801) inner /opt/stack/data/venv/lib/python3.12/site-packages/oslo_concurrency/lockutils.py:538}}
May 18 13:04:03.627328 np0000000945 nova-conductor[97801]: INFO nova.compute.rpcapi [None req-37e5b836-337d-48f0-b98a-939fcbbd95ba None None] Automatically selected compute RPC version 6.5 from minimum service version 72
May 18 13:04:03.627744 np0000000945 nova-conductor[97801]: DEBUG oslo_concurrency.lockutils [None req-37e5b836-337d-48f0-b98a-939fcbbd95ba None None] Releasing lock "compute-rpcapi-router" {{(pid=97801) lock /opt/stack/data/venv/lib/python3.12/site-packages/oslo_concurrency/lockutils.py:413}}
May 18 13:04:10.201264 np0000000945 nova-conductor[97830]: DEBUG dbcounter [-] [97830] Writer thread running {{(pid=97830) stat_writer /opt/stack/data/venv/lib/python3.12/site-packages/dbcounter.py:102}}
May 18 13:04:10.732312 np0000000945 nova-conductor[97830]: DEBUG nova.conductor.manager [None req-021f0836-4f1e-479a-a317-79410feb9208 tempest-AttachVolumeNegativeTest-2101510969 tempest-AttachVolumeNegativeTest-2101510969-project-member] Took 0.53 seconds to select destinations for 1 instance(s). {{(pid=97830) _schedule_instances /opt/stack/nova/nova/conductor/manager.py:968}}
May 18 13:04:10.765937 np0000000945 nova-conductor[97830]: DEBUG oslo_concurrency.lockutils [None req-021f0836-4f1e-479a-a317-79410feb9208 tempest-AttachVolumeNegativeTest-2101510969 tempest-AttachVolumeNegativeTest-2101510969-project-member] Acquiring lock "50178ef4-cfa1-418e-874d-f132cebba6be" by "nova.context.set_target_cell..get_or_set_cached_cell_and_set_connections" {{(pid=97830) inner /opt/stack/data/venv/lib/python3.12/site-packages/oslo_concurrency/lockutils.py:506}}
May 18 13:04:10.766262 np0000000945 nova-conductor[97830]: DEBUG oslo_concurrency.lockutils [None req-021f0836-4f1e-479a-a317-79410feb9208 tempest-AttachVolumeNegativeTest-2101510969 tempest-AttachVolumeNegativeTest-2101510969-project-member] Lock "50178ef4-cfa1-418e-874d-f132cebba6be" acquired by "nova.context.set_target_cell..get_or_set_cached_cell_and_set_connections" :: waited 0.000s {{(pid=97830) inner /opt/stack/data/venv/lib/python3.12/site-packages/oslo_concurrency/lockutils.py:519}}
May 18 13:04:10.767515 np0000000945 nova-conductor[97830]: DEBUG oslo_concurrency.lockutils [None req-021f0836-4f1e-479a-a317-79410feb9208 tempest-AttachVolumeNegativeTest-2101510969 tempest-AttachVolumeNegativeTest-2101510969-project-member] Lock "50178ef4-cfa1-418e-874d-f132cebba6be" "released" by "nova.context.set_target_cell..get_or_set_cached_cell_and_set_connections" :: held 0.001s {{(pid=97830) inner /opt/stack/data/venv/lib/python3.12/site-packages/oslo_concurrency/lockutils.py:538}}
May 18 13:04:10.769467 np0000000945 nova-conductor[97830]: INFO dbcounter [None req-021f0836-4f1e-479a-a317-79410feb9208 tempest-AttachVolumeNegativeTest-2101510969 tempest-AttachVolumeNegativeTest-2101510969-project-member] Registered counter for database nova_cell1
May 18 13:04:10.776164 np0000000945 nova-conductor[97830]: DEBUG oslo_db.sqlalchemy.engines [None req-021f0836-4f1e-479a-a317-79410feb9208 tempest-AttachVolumeNegativeTest-2101510969 tempest-AttachVolumeNegativeTest-2101510969-project-member] MySQL server mode set to STRICT_TRANS_TABLES,STRICT_ALL_TABLES,NO_ZERO_IN_DATE,NO_ZERO_DATE,ERROR_FOR_DIVISION_BY_ZERO,TRADITIONAL,NO_ENGINE_SUBSTITUTION {{(pid=97830) _check_effective_sql_mode /opt/stack/data/venv/lib/python3.12/site-packages/oslo_db/sqlalchemy/engines.py:325}}
May 18 13:04:10.782187 np0000000945 nova-conductor[97830]: DEBUG dbcounter [-] [97830] Writer thread running {{(pid=97830) stat_writer /opt/stack/data/venv/lib/python3.12/site-packages/dbcounter.py:102}}
May 18 13:04:10.825189 np0000000945 nova-conductor[97830]: INFO nova.utils [None req-021f0836-4f1e-479a-a317-79410feb9208 tempest-AttachVolumeNegativeTest-2101510969 tempest-AttachVolumeNegativeTest-2101510969-project-member] The cell worker thread pool ForkProcess-2.cell_worker is initialized
May 18 13:04:10.825535 np0000000945 nova-conductor[97830]: DEBUG oslo_concurrency.lockutils [None req-021f0836-4f1e-479a-a317-79410feb9208 tempest-AttachVolumeNegativeTest-2101510969 tempest-AttachVolumeNegativeTest-2101510969-project-member] Acquiring lock "00000000-0000-0000-0000-000000000000" by "nova.context.set_target_cell..get_or_set_cached_cell_and_set_connections" {{(pid=97830) inner /opt/stack/data/venv/lib/python3.12/site-packages/oslo_concurrency/lockutils.py:506}}
May 18 13:04:10.825792 np0000000945 nova-conductor[97830]: DEBUG oslo_concurrency.lockutils [None req-021f0836-4f1e-479a-a317-79410feb9208 tempest-AttachVolumeNegativeTest-2101510969 tempest-AttachVolumeNegativeTest-2101510969-project-member] Lock "00000000-0000-0000-0000-000000000000" acquired by "nova.context.set_target_cell..get_or_set_cached_cell_and_set_connections" :: waited 0.000s {{(pid=97830) inner /opt/stack/data/venv/lib/python3.12/site-packages/oslo_concurrency/lockutils.py:519}}
May 18 13:04:10.828935 np0000000945 nova-conductor[97830]: DEBUG oslo_concurrency.lockutils [None req-021f0836-4f1e-479a-a317-79410feb9208 tempest-AttachVolumeNegativeTest-2101510969 tempest-AttachVolumeNegativeTest-2101510969-project-member] Lock "00000000-0000-0000-0000-000000000000" "released" by "nova.context.set_target_cell..get_or_set_cached_cell_and_set_connections" :: held 0.000s {{(pid=97830) inner /opt/stack/data/venv/lib/python3.12/site-packages/oslo_concurrency/lockutils.py:538}}
May 18 13:04:10.829227 np0000000945 nova-conductor[97830]: DEBUG oslo_concurrency.lockutils [None req-021f0836-4f1e-479a-a317-79410feb9208 tempest-AttachVolumeNegativeTest-2101510969 tempest-AttachVolumeNegativeTest-2101510969-project-member] Acquiring lock "50178ef4-cfa1-418e-874d-f132cebba6be" by "nova.context.set_target_cell..get_or_set_cached_cell_and_set_connections" {{(pid=97830) inner /opt/stack/data/venv/lib/python3.12/site-packages/oslo_concurrency/lockutils.py:506}}
May 18 13:04:10.830545 np0000000945 nova-conductor[97830]: INFO dbcounter [None req-021f0836-4f1e-479a-a317-79410feb9208 tempest-AttachVolumeNegativeTest-2101510969 tempest-AttachVolumeNegativeTest-2101510969-project-member] Registered counter for database nova_cell0
May 18 13:04:10.831938 np0000000945 nova-conductor[97830]: DEBUG oslo_concurrency.lockutils [None req-021f0836-4f1e-479a-a317-79410feb9208 tempest-AttachVolumeNegativeTest-2101510969 tempest-AttachVolumeNegativeTest-2101510969-project-member] Lock "50178ef4-cfa1-418e-874d-f132cebba6be" acquired by "nova.context.set_target_cell..get_or_set_cached_cell_and_set_connections" :: waited 0.001s {{(pid=97830) inner /opt/stack/data/venv/lib/python3.12/site-packages/oslo_concurrency/lockutils.py:519}}
May 18 13:04:10.832184 np0000000945 nova-conductor[97830]: DEBUG oslo_concurrency.lockutils [None req-021f0836-4f1e-479a-a317-79410feb9208 tempest-AttachVolumeNegativeTest-2101510969 tempest-AttachVolumeNegativeTest-2101510969-project-member] Lock "50178ef4-cfa1-418e-874d-f132cebba6be" "released" by "nova.context.set_target_cell..get_or_set_cached_cell_and_set_connections" :: held 0.002s {{(pid=97830) inner /opt/stack/data/venv/lib/python3.12/site-packages/oslo_concurrency/lockutils.py:538}}
May 18 13:04:10.842251 np0000000945 nova-conductor[97830]: DEBUG oslo_db.sqlalchemy.engines [None req-021f0836-4f1e-479a-a317-79410feb9208 tempest-AttachVolumeNegativeTest-2101510969 tempest-AttachVolumeNegativeTest-2101510969-project-member] MySQL server mode set to STRICT_TRANS_TABLES,STRICT_ALL_TABLES,NO_ZERO_IN_DATE,NO_ZERO_DATE,ERROR_FOR_DIVISION_BY_ZERO,TRADITIONAL,NO_ENGINE_SUBSTITUTION {{(pid=97830) _check_effective_sql_mode /opt/stack/data/venv/lib/python3.12/site-packages/oslo_db/sqlalchemy/engines.py:325}}
May 18 13:04:10.847169 np0000000945 nova-conductor[97830]: DEBUG dbcounter [-] [97830] Writer thread running {{(pid=97830) stat_writer /opt/stack/data/venv/lib/python3.12/site-packages/dbcounter.py:102}}
May 18 13:04:10.862693 np0000000945 nova-conductor[97830]: DEBUG nova.quota [None req-021f0836-4f1e-479a-a317-79410feb9208 tempest-AttachVolumeNegativeTest-2101510969 tempest-AttachVolumeNegativeTest-2101510969-project-member] Getting quotas for project efbc54c74e4b44c79239be68b4e6caf8. Resources: {'instances', 'cores', 'ram'} {{(pid=97830) _get_quotas /opt/stack/nova/nova/quota.py:392}}
May 18 13:04:10.866539 np0000000945 nova-conductor[97830]: DEBUG nova.quota [None req-021f0836-4f1e-479a-a317-79410feb9208 tempest-AttachVolumeNegativeTest-2101510969 tempest-AttachVolumeNegativeTest-2101510969-project-member] Getting quotas for user f91d7c75791b4cc2a42453b367eab8d2 and project efbc54c74e4b44c79239be68b4e6caf8. Resources: {'instances', 'cores', 'ram'} {{(pid=97830) _get_quotas /opt/stack/nova/nova/quota.py:382}}
May 18 13:04:10.874825 np0000000945 nova-conductor[97830]: DEBUG nova.conductor.manager [None req-021f0836-4f1e-479a-a317-79410feb9208 tempest-AttachVolumeNegativeTest-2101510969 tempest-AttachVolumeNegativeTest-2101510969-project-member] [instance: a1d3ebff-3e69-40d4-a90b-27d6190bc6ab] Selected host: np0000000945; Selected node: np0000000945; Alternates: [] {{(pid=97830) schedule_and_build_instances /opt/stack/nova/nova/conductor/manager.py:1784}}
May 18 13:04:10.874825 np0000000945 nova-conductor[97830]: DEBUG oslo_concurrency.lockutils [None req-021f0836-4f1e-479a-a317-79410feb9208 tempest-AttachVolumeNegativeTest-2101510969 tempest-AttachVolumeNegativeTest-2101510969-project-member] Acquiring lock "50178ef4-cfa1-418e-874d-f132cebba6be" by "nova.context.set_target_cell..get_or_set_cached_cell_and_set_connections" {{(pid=97830) inner /opt/stack/data/venv/lib/python3.12/site-packages/oslo_concurrency/lockutils.py:506}}
May 18 13:04:10.874825 np0000000945 nova-conductor[97830]: DEBUG oslo_concurrency.lockutils [None req-021f0836-4f1e-479a-a317-79410feb9208 tempest-AttachVolumeNegativeTest-2101510969 tempest-AttachVolumeNegativeTest-2101510969-project-member] Lock "50178ef4-cfa1-418e-874d-f132cebba6be" acquired by "nova.context.set_target_cell..get_or_set_cached_cell_and_set_connections" :: waited 0.000s {{(pid=97830) inner /opt/stack/data/venv/lib/python3.12/site-packages/oslo_concurrency/lockutils.py:519}}
May 18 13:04:10.874825 np0000000945 nova-conductor[97830]: DEBUG oslo_concurrency.lockutils [None req-021f0836-4f1e-479a-a317-79410feb9208 tempest-AttachVolumeNegativeTest-2101510969 tempest-AttachVolumeNegativeTest-2101510969-project-member] Lock "50178ef4-cfa1-418e-874d-f132cebba6be" "released" by "nova.context.set_target_cell..get_or_set_cached_cell_and_set_connections" :: held 0.000s {{(pid=97830) inner /opt/stack/data/venv/lib/python3.12/site-packages/oslo_concurrency/lockutils.py:538}}
May 18 13:04:10.880218 np0000000945 nova-conductor[97830]: DEBUG nova.conductor.manager [None req-021f0836-4f1e-479a-a317-79410feb9208 tempest-AttachVolumeNegativeTest-2101510969 tempest-AttachVolumeNegativeTest-2101510969-project-member] [instance: a1d3ebff-3e69-40d4-a90b-27d6190bc6ab] block_device_mapping [BlockDeviceMapping(attachment_id=,boot_index=0,connection_info=None,created_at=,delete_on_termination=True,deleted=,deleted_at=,destination_type='local',device_name=None,device_type='disk',disk_bus=None,encrypted=False,encryption_format=None,encryption_options=None,encryption_secret_uuid=None,guest_format=None,id=,image_id='246498c1-b5b8-4127-b467-1642403f74d5',instance=,instance_uuid=,no_device=False,snapshot_id=None,source_type='image',tag=None,updated_at=,uuid=,volume_id=None,volume_size=None,volume_type=None)] {{(pid=97830) _create_block_device_mapping /opt/stack/nova/nova/conductor/manager.py:1529}}
May 18 13:04:10.882536 np0000000945 nova-conductor[97830]: DEBUG oslo_concurrency.lockutils [None req-021f0836-4f1e-479a-a317-79410feb9208 tempest-AttachVolumeNegativeTest-2101510969 tempest-AttachVolumeNegativeTest-2101510969-project-member] Acquiring lock "50178ef4-cfa1-418e-874d-f132cebba6be" by "nova.context.set_target_cell..get_or_set_cached_cell_and_set_connections" {{(pid=97830) inner /opt/stack/data/venv/lib/python3.12/site-packages/oslo_concurrency/lockutils.py:506}}
