Jun 25 12:54:21.829943 np0000003605 systemd[1]: Starting devstack@n-api-meta.service - Devstack devstack@n-api-meta.service...
Jun 25 12:54:21.835737 np0000003605 devstack@n-api-meta.service[95601]: [uWSGI] getting INI configuration from /etc/nova/nova-metadata-uwsgi.ini
Jun 25 12:54:21.838125 np0000003605 devstack@n-api-meta.service[95601]: *** Starting uWSGI 2.0.24-debian (64bit) on [Thu Jun 25 12:54:21 2026] ***
Jun 25 12:54:21.838125 np0000003605 devstack@n-api-meta.service[95601]: compiled with version: 13.2.0 on 17 April 2024 16:23:48
Jun 25 12:54:21.838125 np0000003605 devstack@n-api-meta.service[95601]: os: Linux-6.8.0-100-generic #100-Ubuntu SMP PREEMPT_DYNAMIC Tue Jan 13 16:40:06 UTC 2026
Jun 25 12:54:21.838125 np0000003605 devstack@n-api-meta.service[95601]: nodename: np0000003605
Jun 25 12:54:21.838125 np0000003605 devstack@n-api-meta.service[95601]: machine: x86_64
Jun 25 12:54:21.838125 np0000003605 devstack@n-api-meta.service[95601]: clock source: unix
Jun 25 12:54:21.838125 np0000003605 devstack@n-api-meta.service[95601]: pcre jit disabled
Jun 25 12:54:21.838125 np0000003605 devstack@n-api-meta.service[95601]: detected number of CPU cores: 16
Jun 25 12:54:21.838125 np0000003605 devstack@n-api-meta.service[95601]: current working directory: /
Jun 25 12:54:21.838125 np0000003605 devstack@n-api-meta.service[95601]: detected binary path: /usr/bin/uwsgi-core
Jun 25 12:54:21.838125 np0000003605 devstack@n-api-meta.service[95601]: your processes number limit is 257052
Jun 25 12:54:21.838125 np0000003605 devstack@n-api-meta.service[95601]: your memory page size is 4096 bytes
Jun 25 12:54:21.838125 np0000003605 devstack@n-api-meta.service[95601]: detected max file descriptor number: 2048
Jun 25 12:54:21.838125 np0000003605 devstack@n-api-meta.service[95601]: lock engine: pthread robust mutexes
Jun 25 12:54:21.838498 np0000003605 devstack@n-api-meta.service[95601]: thunder lock: enabled
Jun 25 12:54:21.838605 np0000003605 devstack@n-api-meta.service[95601]: uWSGI http bound on 0.0.0.0:8775 fd 5
Jun 25 12:54:21.838658 np0000003605 devstack@n-api-meta.service[95601]: uwsgi socket 0 bound to TCP address 127.0.0.1:44295 (port auto-assigned) fd 4
Jun 25 12:54:21.838686 np0000003605 devstack@n-api-meta.service[95601]: Python version: 3.12.3 (main, Mar 23 2026, 19:04:32) [GCC 13.3.0]
Jun 25 12:54:21.838710 np0000003605 devstack@n-api-meta.service[95601]: PEP 405 virtualenv detected: /opt/stack/data/venv
Jun 25 12:54:21.838710 np0000003605 devstack@n-api-meta.service[95601]: Set PythonHome to /opt/stack/data/venv
Jun 25 12:54:21.872092 np0000003605 devstack@n-api-meta.service[95601]: Python main interpreter initialized at 0x71ad31aa3668
Jun 25 12:54:21.872092 np0000003605 devstack@n-api-meta.service[95601]: python threads support enabled
Jun 25 12:54:21.872092 np0000003605 devstack@n-api-meta.service[95601]: your server socket listen backlog is limited to 100 connections
Jun 25 12:54:21.872092 np0000003605 devstack@n-api-meta.service[95601]: your mercy for graceful operations on workers is 80 seconds
Jun 25 12:54:21.872643 np0000003605 devstack@n-api-meta.service[95601]: mapped 671795 bytes (656 KB) for 4 cores
Jun 25 12:54:21.872781 np0000003605 devstack@n-api-meta.service[95601]: *** Operational MODE: preforking ***
Jun 25 12:54:21.872971 np0000003605 devstack@n-api-meta.service[95601]: *** uWSGI is running in multiple interpreter mode ***
Jun 25 12:54:21.872971 np0000003605 devstack@n-api-meta.service[95601]: spawned uWSGI master process (pid: 95601)
Jun 25 12:54:21.873158 np0000003605 systemd[1]: Started devstack@n-api-meta.service - Devstack devstack@n-api-meta.service.
Jun 25 12:54:21.873515 np0000003605 devstack@n-api-meta.service[95601]: spawned uWSGI worker 1 (pid: 95602, cores: 1)
Jun 25 12:54:21.874030 np0000003605 devstack@n-api-meta.service[95601]: spawned uWSGI worker 2 (pid: 95603, cores: 1)
Jun 25 12:54:21.874429 np0000003605 devstack@n-api-meta.service[95601]: spawned uWSGI worker 3 (pid: 95604, cores: 1)
Jun 25 12:54:21.874833 np0000003605 devstack@n-api-meta.service[95601]: spawned uWSGI worker 4 (pid: 95605, cores: 1)
Jun 25 12:54:21.875273 np0000003605 devstack@n-api-meta.service[95601]: spawned uWSGI http 1 (pid: 95606)
Jun 25 12:54:21.875273 np0000003605 devstack@n-api-meta.service[95601]: running "unix_signal:15 gracefully_kill_them_all" (master-start)...
Jun 25 12:54:23.632622 np0000003605 devstack@n-api-meta.service[95603]: INFO dbcounter [None req-4c1fb016-db6c-4551-9383-2cf59f393923 None None] Registered counter for database nova_api
Jun 25 12:54:23.651541 np0000003605 devstack@n-api-meta.service[95602]: INFO dbcounter [None req-23481cf2-aad7-454e-9f19-7b97c18be6d4 None None] Registered counter for database nova_api
Jun 25 12:54:23.664542 np0000003605 devstack@n-api-meta.service[95604]: INFO dbcounter [None req-10ebfe90-0d05-4861-a02f-01f527aea24b None None] Registered counter for database nova_api
Jun 25 12:54:23.684503 np0000003605 devstack@n-api-meta.service[95603]: DEBUG oslo_db.sqlalchemy.engines [None req-4c1fb016-db6c-4551-9383-2cf59f393923 None None] MySQL server mode set to STRICT_TRANS_TABLES,STRICT_ALL_TABLES,NO_ZERO_IN_DATE,NO_ZERO_DATE,ERROR_FOR_DIVISION_BY_ZERO,TRADITIONAL,NO_ENGINE_SUBSTITUTION {{(pid=95603) _check_effective_sql_mode /opt/stack/data/venv/lib/python3.12/site-packages/oslo_db/sqlalchemy/engines.py:325}}
Jun 25 12:54:23.703458 np0000003605 devstack@n-api-meta.service[95602]: DEBUG oslo_db.sqlalchemy.engines [None req-23481cf2-aad7-454e-9f19-7b97c18be6d4 None None] MySQL server mode set to STRICT_TRANS_TABLES,STRICT_ALL_TABLES,NO_ZERO_IN_DATE,NO_ZERO_DATE,ERROR_FOR_DIVISION_BY_ZERO,TRADITIONAL,NO_ENGINE_SUBSTITUTION {{(pid=95602) _check_effective_sql_mode /opt/stack/data/venv/lib/python3.12/site-packages/oslo_db/sqlalchemy/engines.py:325}}
Jun 25 12:54:23.708388 np0000003605 devstack@n-api-meta.service[95604]: DEBUG oslo_db.sqlalchemy.engines [None req-10ebfe90-0d05-4861-a02f-01f527aea24b None None] MySQL server mode set to STRICT_TRANS_TABLES,STRICT_ALL_TABLES,NO_ZERO_IN_DATE,NO_ZERO_DATE,ERROR_FOR_DIVISION_BY_ZERO,TRADITIONAL,NO_ENGINE_SUBSTITUTION {{(pid=95604) _check_effective_sql_mode /opt/stack/data/venv/lib/python3.12/site-packages/oslo_db/sqlalchemy/engines.py:325}}
Jun 25 12:54:23.714564 np0000003605 devstack@n-api-meta.service[95605]: INFO dbcounter [None req-bab253ff-67de-4a87-ac77-d4d284d9be24 None None] Registered counter for database nova_api
Jun 25 12:54:23.715281 np0000003605 devstack@n-api-meta.service[95603]: DEBUG dbcounter [-] [95603] Writer thread running {{(pid=95603) stat_writer /opt/stack/data/venv/lib/python3.12/site-packages/dbcounter.py:102}}
Jun 25 12:54:23.717854 np0000003605 devstack@n-api-meta.service[95603]: DEBUG nova.context [None req-4c1fb016-db6c-4551-9383-2cf59f393923 None None] Found 2 cells: 00000000-0000-0000-0000-000000000000(cell0),0f75fb91-d1ca-437c-9f45-a4e60eb01b0a(cell1) {{(pid=95603) load_cells /opt/stack/nova/nova/context.py:509}}
Jun 25 12:54:23.718065 np0000003605 devstack@n-api-meta.service[95603]: INFO nova.utils [None req-4c1fb016-db6c-4551-9383-2cf59f393923 None None] The cell worker thread pool MainProcess.cell_worker is initialized
Jun 25 12:54:23.719731 np0000003605 devstack@n-api-meta.service[95603]: DEBUG oslo_concurrency.lockutils [None req-4c1fb016-db6c-4551-9383-2cf59f393923 None None] Acquiring lock "00000000-0000-0000-0000-000000000000" by "nova.context.set_target_cell..get_or_set_cached_cell_and_set_connections" {{(pid=95603) inner /opt/stack/data/venv/lib/python3.12/site-packages/oslo_concurrency/lockutils.py:511}}
Jun 25 12:54:23.719887 np0000003605 devstack@n-api-meta.service[95603]: DEBUG oslo_concurrency.lockutils [None req-4c1fb016-db6c-4551-9383-2cf59f393923 None None] Lock "00000000-0000-0000-0000-000000000000" acquired by "nova.context.set_target_cell..get_or_set_cached_cell_and_set_connections" :: waited 0.000s {{(pid=95603) inner /opt/stack/data/venv/lib/python3.12/site-packages/oslo_concurrency/lockutils.py:524}}
Jun 25 12:54:23.720233 np0000003605 devstack@n-api-meta.service[95603]: DEBUG oslo_concurrency.lockutils [None req-4c1fb016-db6c-4551-9383-2cf59f393923 None None] Lock "00000000-0000-0000-0000-000000000000" "released" by "nova.context.set_target_cell..get_or_set_cached_cell_and_set_connections" :: held 0.000s {{(pid=95603) inner /opt/stack/data/venv/lib/python3.12/site-packages/oslo_concurrency/lockutils.py:543}}
Jun 25 12:54:23.720962 np0000003605 devstack@n-api-meta.service[95603]: DEBUG oslo_concurrency.lockutils [None req-4c1fb016-db6c-4551-9383-2cf59f393923 None None] Acquiring lock "0f75fb91-d1ca-437c-9f45-a4e60eb01b0a" by "nova.context.set_target_cell..get_or_set_cached_cell_and_set_connections" {{(pid=95603) inner /opt/stack/data/venv/lib/python3.12/site-packages/oslo_concurrency/lockutils.py:511}}
Jun 25 12:54:23.721106 np0000003605 devstack@n-api-meta.service[95603]: DEBUG oslo_concurrency.lockutils [None req-4c1fb016-db6c-4551-9383-2cf59f393923 None None] Lock "0f75fb91-d1ca-437c-9f45-a4e60eb01b0a" acquired by "nova.context.set_target_cell..get_or_set_cached_cell_and_set_connections" :: waited 0.000s {{(pid=95603) inner /opt/stack/data/venv/lib/python3.12/site-packages/oslo_concurrency/lockutils.py:524}}
Jun 25 12:54:23.721924 np0000003605 devstack@n-api-meta.service[95603]: DEBUG oslo_concurrency.lockutils [None req-4c1fb016-db6c-4551-9383-2cf59f393923 None None] Lock "0f75fb91-d1ca-437c-9f45-a4e60eb01b0a" "released" by "nova.context.set_target_cell..get_or_set_cached_cell_and_set_connections" :: held 0.001s {{(pid=95603) inner /opt/stack/data/venv/lib/python3.12/site-packages/oslo_concurrency/lockutils.py:543}}
Jun 25 12:54:23.724317 np0000003605 devstack@n-api-meta.service[95603]: INFO dbcounter [None req-4c1fb016-db6c-4551-9383-2cf59f393923 None None] Registered counter for database nova_cell0
Jun 25 12:54:23.727305 np0000003605 devstack@n-api-meta.service[95603]: INFO dbcounter [None req-4c1fb016-db6c-4551-9383-2cf59f393923 None None] Registered counter for database nova_cell1
Jun 25 12:54:23.734698 np0000003605 devstack@n-api-meta.service[95602]: DEBUG dbcounter [-] [95602] Writer thread running {{(pid=95602) stat_writer /opt/stack/data/venv/lib/python3.12/site-packages/dbcounter.py:102}}
Jun 25 12:54:23.737158 np0000003605 devstack@n-api-meta.service[95602]: DEBUG nova.context [None req-23481cf2-aad7-454e-9f19-7b97c18be6d4 None None] Found 2 cells: 00000000-0000-0000-0000-000000000000(cell0),0f75fb91-d1ca-437c-9f45-a4e60eb01b0a(cell1) {{(pid=95602) load_cells /opt/stack/nova/nova/context.py:509}}
Jun 25 12:54:23.737508 np0000003605 devstack@n-api-meta.service[95602]: INFO nova.utils [None req-23481cf2-aad7-454e-9f19-7b97c18be6d4 None None] The cell worker thread pool MainProcess.cell_worker is initialized
Jun 25 12:54:23.738409 np0000003605 devstack@n-api-meta.service[95604]: DEBUG dbcounter [-] [95604] Writer thread running {{(pid=95604) stat_writer /opt/stack/data/venv/lib/python3.12/site-packages/dbcounter.py:102}}
Jun 25 12:54:23.739483 np0000003605 devstack@n-api-meta.service[95602]: DEBUG oslo_concurrency.lockutils [None req-23481cf2-aad7-454e-9f19-7b97c18be6d4 None None] Acquiring lock "00000000-0000-0000-0000-000000000000" by "nova.context.set_target_cell..get_or_set_cached_cell_and_set_connections" {{(pid=95602) inner /opt/stack/data/venv/lib/python3.12/site-packages/oslo_concurrency/lockutils.py:511}}
Jun 25 12:54:23.739656 np0000003605 devstack@n-api-meta.service[95602]: DEBUG oslo_concurrency.lockutils [None req-23481cf2-aad7-454e-9f19-7b97c18be6d4 None None] Lock "00000000-0000-0000-0000-000000000000" acquired by "nova.context.set_target_cell..get_or_set_cached_cell_and_set_connections" :: waited 0.000s {{(pid=95602) inner /opt/stack/data/venv/lib/python3.12/site-packages/oslo_concurrency/lockutils.py:524}}
Jun 25 12:54:23.740026 np0000003605 devstack@n-api-meta.service[95602]: DEBUG oslo_concurrency.lockutils [None req-23481cf2-aad7-454e-9f19-7b97c18be6d4 None None] Lock "00000000-0000-0000-0000-000000000000" "released" by "nova.context.set_target_cell..get_or_set_cached_cell_and_set_connections" :: held 0.000s {{(pid=95602) inner /opt/stack/data/venv/lib/python3.12/site-packages/oslo_concurrency/lockutils.py:543}}
Jun 25 12:54:23.740757 np0000003605 devstack@n-api-meta.service[95602]: DEBUG oslo_concurrency.lockutils [None req-23481cf2-aad7-454e-9f19-7b97c18be6d4 None None] Acquiring lock "0f75fb91-d1ca-437c-9f45-a4e60eb01b0a" by "nova.context.set_target_cell..get_or_set_cached_cell_and_set_connections" {{(pid=95602) inner /opt/stack/data/venv/lib/python3.12/site-packages/oslo_concurrency/lockutils.py:511}}
Jun 25 12:54:23.740906 np0000003605 devstack@n-api-meta.service[95602]: DEBUG oslo_concurrency.lockutils [None req-23481cf2-aad7-454e-9f19-7b97c18be6d4 None None] Lock "0f75fb91-d1ca-437c-9f45-a4e60eb01b0a" acquired by "nova.context.set_target_cell..get_or_set_cached_cell_and_set_connections" :: waited 0.000s {{(pid=95602) inner /opt/stack/data/venv/lib/python3.12/site-packages/oslo_concurrency/lockutils.py:524}}
Jun 25 12:54:23.741159 np0000003605 devstack@n-api-meta.service[95604]: DEBUG nova.context [None req-10ebfe90-0d05-4861-a02f-01f527aea24b None None] Found 2 cells: 00000000-0000-0000-0000-000000000000(cell0),0f75fb91-d1ca-437c-9f45-a4e60eb01b0a(cell1) {{(pid=95604) load_cells /opt/stack/nova/nova/context.py:509}}
Jun 25 12:54:23.741399 np0000003605 devstack@n-api-meta.service[95604]: INFO nova.utils [None req-10ebfe90-0d05-4861-a02f-01f527aea24b None None] The cell worker thread pool MainProcess.cell_worker is initialized
Jun 25 12:54:23.741762 np0000003605 devstack@n-api-meta.service[95602]: DEBUG oslo_concurrency.lockutils [None req-23481cf2-aad7-454e-9f19-7b97c18be6d4 None None] Lock "0f75fb91-d1ca-437c-9f45-a4e60eb01b0a" "released" by "nova.context.set_target_cell..get_or_set_cached_cell_and_set_connections" :: held 0.001s {{(pid=95602) inner /opt/stack/data/venv/lib/python3.12/site-packages/oslo_concurrency/lockutils.py:543}}
Jun 25 12:54:23.743614 np0000003605 devstack@n-api-meta.service[95604]: DEBUG oslo_concurrency.lockutils [None req-10ebfe90-0d05-4861-a02f-01f527aea24b None None] Acquiring lock "00000000-0000-0000-0000-000000000000" by "nova.context.set_target_cell..get_or_set_cached_cell_and_set_connections" {{(pid=95604) inner /opt/stack/data/venv/lib/python3.12/site-packages/oslo_concurrency/lockutils.py:511}}
Jun 25 12:54:23.743806 np0000003605 devstack@n-api-meta.service[95604]: DEBUG oslo_concurrency.lockutils [None req-10ebfe90-0d05-4861-a02f-01f527aea24b None None] Lock "00000000-0000-0000-0000-000000000000" acquired by "nova.context.set_target_cell..get_or_set_cached_cell_and_set_connections" :: waited 0.000s {{(pid=95604) inner /opt/stack/data/venv/lib/python3.12/site-packages/oslo_concurrency/lockutils.py:524}}
Jun 25 12:54:23.743871 np0000003605 devstack@n-api-meta.service[95602]: INFO dbcounter [None req-23481cf2-aad7-454e-9f19-7b97c18be6d4 None None] Registered counter for database nova_cell0
Jun 25 12:54:23.744290 np0000003605 devstack@n-api-meta.service[95604]: DEBUG oslo_concurrency.lockutils [None req-10ebfe90-0d05-4861-a02f-01f527aea24b None None] Lock "00000000-0000-0000-0000-000000000000" "released" by "nova.context.set_target_cell..get_or_set_cached_cell_and_set_connections" :: held 0.000s {{(pid=95604) inner /opt/stack/data/venv/lib/python3.12/site-packages/oslo_concurrency/lockutils.py:543}}
Jun 25 12:54:23.745036 np0000003605 devstack@n-api-meta.service[95604]: DEBUG oslo_concurrency.lockutils [None req-10ebfe90-0d05-4861-a02f-01f527aea24b None None] Acquiring lock "0f75fb91-d1ca-437c-9f45-a4e60eb01b0a" by "nova.context.set_target_cell..get_or_set_cached_cell_and_set_connections" {{(pid=95604) inner /opt/stack/data/venv/lib/python3.12/site-packages/oslo_concurrency/lockutils.py:511}}
Jun 25 12:54:23.745258 np0000003605 devstack@n-api-meta.service[95604]: DEBUG oslo_concurrency.lockutils [None req-10ebfe90-0d05-4861-a02f-01f527aea24b None None] Lock "0f75fb91-d1ca-437c-9f45-a4e60eb01b0a" acquired by "nova.context.set_target_cell..get_or_set_cached_cell_and_set_connections" :: waited 0.000s {{(pid=95604) inner /opt/stack/data/venv/lib/python3.12/site-packages/oslo_concurrency/lockutils.py:524}}
Jun 25 12:54:23.748610 np0000003605 devstack@n-api-meta.service[95604]: DEBUG oslo_concurrency.lockutils [None req-10ebfe90-0d05-4861-a02f-01f527aea24b None None] Lock "0f75fb91-d1ca-437c-9f45-a4e60eb01b0a" "released" by "nova.context.set_target_cell..get_or_set_cached_cell_and_set_connections" :: held 0.001s {{(pid=95604) inner /opt/stack/data/venv/lib/python3.12/site-packages/oslo_concurrency/lockutils.py:543}}
Jun 25 12:54:23.748730 np0000003605 devstack@n-api-meta.service[95602]: INFO dbcounter [None req-23481cf2-aad7-454e-9f19-7b97c18be6d4 None None] Registered counter for database nova_cell1
Jun 25 12:54:23.748785 np0000003605 devstack@n-api-meta.service[95604]: INFO dbcounter [None req-10ebfe90-0d05-4861-a02f-01f527aea24b None None] Registered counter for database nova_cell0
Jun 25 12:54:23.751621 np0000003605 devstack@n-api-meta.service[95604]: INFO dbcounter [None req-10ebfe90-0d05-4861-a02f-01f527aea24b None None] Registered counter for database nova_cell1
Jun 25 12:54:23.763620 np0000003605 devstack@n-api-meta.service[95605]: DEBUG oslo_db.sqlalchemy.engines [None req-bab253ff-67de-4a87-ac77-d4d284d9be24 None None] MySQL server mode set to STRICT_TRANS_TABLES,STRICT_ALL_TABLES,NO_ZERO_IN_DATE,NO_ZERO_DATE,ERROR_FOR_DIVISION_BY_ZERO,TRADITIONAL,NO_ENGINE_SUBSTITUTION {{(pid=95605) _check_effective_sql_mode /opt/stack/data/venv/lib/python3.12/site-packages/oslo_db/sqlalchemy/engines.py:325}}
Jun 25 12:54:23.770015 np0000003605 devstack@n-api-meta.service[95603]: DEBUG oslo_db.sqlalchemy.engines [None req-4c1fb016-db6c-4551-9383-2cf59f393923 None None] MySQL server mode set to STRICT_TRANS_TABLES,STRICT_ALL_TABLES,NO_ZERO_IN_DATE,NO_ZERO_DATE,ERROR_FOR_DIVISION_BY_ZERO,TRADITIONAL,NO_ENGINE_SUBSTITUTION {{(pid=95603) _check_effective_sql_mode /opt/stack/data/venv/lib/python3.12/site-packages/oslo_db/sqlalchemy/engines.py:325}}
Jun 25 12:54:23.790803 np0000003605 devstack@n-api-meta.service[95602]: DEBUG oslo_db.sqlalchemy.engines [None req-23481cf2-aad7-454e-9f19-7b97c18be6d4 None None] MySQL server mode set to STRICT_TRANS_TABLES,STRICT_ALL_TABLES,NO_ZERO_IN_DATE,NO_ZERO_DATE,ERROR_FOR_DIVISION_BY_ZERO,TRADITIONAL,NO_ENGINE_SUBSTITUTION {{(pid=95602) _check_effective_sql_mode /opt/stack/data/venv/lib/python3.12/site-packages/oslo_db/sqlalchemy/engines.py:325}}
Jun 25 12:54:23.796141 np0000003605 devstack@n-api-meta.service[95605]: DEBUG dbcounter [-] [95605] Writer thread running {{(pid=95605) stat_writer /opt/stack/data/venv/lib/python3.12/site-packages/dbcounter.py:102}}
Jun 25 12:54:23.799548 np0000003605 devstack@n-api-meta.service[95605]: DEBUG nova.context [None req-bab253ff-67de-4a87-ac77-d4d284d9be24 None None] Found 2 cells: 00000000-0000-0000-0000-000000000000(cell0),0f75fb91-d1ca-437c-9f45-a4e60eb01b0a(cell1) {{(pid=95605) load_cells /opt/stack/nova/nova/context.py:509}}
Jun 25 12:54:23.799844 np0000003605 devstack@n-api-meta.service[95605]: INFO nova.utils [None req-bab253ff-67de-4a87-ac77-d4d284d9be24 None None] The cell worker thread pool MainProcess.cell_worker is initialized
Jun 25 12:54:23.802223 np0000003605 devstack@n-api-meta.service[95605]: DEBUG oslo_concurrency.lockutils [None req-bab253ff-67de-4a87-ac77-d4d284d9be24 None None] Acquiring lock "00000000-0000-0000-0000-000000000000" by "nova.context.set_target_cell..get_or_set_cached_cell_and_set_connections" {{(pid=95605) inner /opt/stack/data/venv/lib/python3.12/site-packages/oslo_concurrency/lockutils.py:511}}
Jun 25 12:54:23.802444 np0000003605 devstack@n-api-meta.service[95605]: DEBUG oslo_concurrency.lockutils [None req-bab253ff-67de-4a87-ac77-d4d284d9be24 None None] Lock "00000000-0000-0000-0000-000000000000" acquired by "nova.context.set_target_cell..get_or_set_cached_cell_and_set_connections" :: waited 0.000s {{(pid=95605) inner /opt/stack/data/venv/lib/python3.12/site-packages/oslo_concurrency/lockutils.py:524}}
Jun 25 12:54:23.802969 np0000003605 devstack@n-api-meta.service[95605]: DEBUG oslo_concurrency.lockutils [None req-bab253ff-67de-4a87-ac77-d4d284d9be24 None None] Lock "00000000-0000-0000-0000-000000000000" "released" by "nova.context.set_target_cell..get_or_set_cached_cell_and_set_connections" :: held 0.001s {{(pid=95605) inner /opt/stack/data/venv/lib/python3.12/site-packages/oslo_concurrency/lockutils.py:543}}
Jun 25 12:54:23.803243 np0000003605 devstack@n-api-meta.service[95604]: DEBUG oslo_db.sqlalchemy.engines [None req-10ebfe90-0d05-4861-a02f-01f527aea24b None None] MySQL server mode set to STRICT_TRANS_TABLES,STRICT_ALL_TABLES,NO_ZERO_IN_DATE,NO_ZERO_DATE,ERROR_FOR_DIVISION_BY_ZERO,TRADITIONAL,NO_ENGINE_SUBSTITUTION {{(pid=95604) _check_effective_sql_mode /opt/stack/data/venv/lib/python3.12/site-packages/oslo_db/sqlalchemy/engines.py:325}}
Jun 25 12:54:23.803824 np0000003605 devstack@n-api-meta.service[95605]: DEBUG oslo_concurrency.lockutils [None req-bab253ff-67de-4a87-ac77-d4d284d9be24 None None] Acquiring lock "0f75fb91-d1ca-437c-9f45-a4e60eb01b0a" by "nova.context.set_target_cell..get_or_set_cached_cell_and_set_connections" {{(pid=95605) inner /opt/stack/data/venv/lib/python3.12/site-packages/oslo_concurrency/lockutils.py:511}}
Jun 25 12:54:23.804004 np0000003605 devstack@n-api-meta.service[95605]: DEBUG oslo_concurrency.lockutils [None req-bab253ff-67de-4a87-ac77-d4d284d9be24 None None] Lock "0f75fb91-d1ca-437c-9f45-a4e60eb01b0a" acquired by "nova.context.set_target_cell..get_or_set_cached_cell_and_set_connections" :: waited 0.000s {{(pid=95605) inner /opt/stack/data/venv/lib/python3.12/site-packages/oslo_concurrency/lockutils.py:524}}
Jun 25 12:54:23.806801 np0000003605 devstack@n-api-meta.service[95605]: INFO dbcounter [None req-bab253ff-67de-4a87-ac77-d4d284d9be24 None None] Registered counter for database nova_cell0
Jun 25 12:54:23.808383 np0000003605 devstack@n-api-meta.service[95605]: DEBUG oslo_concurrency.lockutils [None req-bab253ff-67de-4a87-ac77-d4d284d9be24 None None] Lock "0f75fb91-d1ca-437c-9f45-a4e60eb01b0a" "released" by "nova.context.set_target_cell..get_or_set_cached_cell_and_set_connections" :: held 0.003s {{(pid=95605) inner /opt/stack/data/venv/lib/python3.12/site-packages/oslo_concurrency/lockutils.py:543}}
Jun 25 12:54:23.810730 np0000003605 devstack@n-api-meta.service[95605]: INFO dbcounter [None req-bab253ff-67de-4a87-ac77-d4d284d9be24 None None] Registered counter for database nova_cell1
Jun 25 12:54:23.860563 np0000003605 devstack@n-api-meta.service[95605]: DEBUG oslo_db.sqlalchemy.engines [None req-bab253ff-67de-4a87-ac77-d4d284d9be24 None None] MySQL server mode set to STRICT_TRANS_TABLES,STRICT_ALL_TABLES,NO_ZERO_IN_DATE,NO_ZERO_DATE,ERROR_FOR_DIVISION_BY_ZERO,TRADITIONAL,NO_ENGINE_SUBSTITUTION {{(pid=95605) _check_effective_sql_mode /opt/stack/data/venv/lib/python3.12/site-packages/oslo_db/sqlalchemy/engines.py:325}}
Jun 25 12:54:23.860913 np0000003605 devstack@n-api-meta.service[95603]: DEBUG dbcounter [-] [95603] Writer thread running {{(pid=95603) stat_writer /opt/stack/data/venv/lib/python3.12/site-packages/dbcounter.py:102}}
Jun 25 12:54:23.865240 np0000003605 devstack@n-api-meta.service[95603]: DEBUG oslo_db.sqlalchemy.engines [None req-4c1fb016-db6c-4551-9383-2cf59f393923 None None] MySQL server mode set to STRICT_TRANS_TABLES,STRICT_ALL_TABLES,NO_ZERO_IN_DATE,NO_ZERO_DATE,ERROR_FOR_DIVISION_BY_ZERO,TRADITIONAL,NO_ENGINE_SUBSTITUTION {{(pid=95603) _check_effective_sql_mode /opt/stack/data/venv/lib/python3.12/site-packages/oslo_db/sqlalchemy/engines.py:325}}
Jun 25 12:54:23.871423 np0000003605 devstack@n-api-meta.service[95603]: DEBUG dbcounter [-] [95603] Writer thread running {{(pid=95603) stat_writer /opt/stack/data/venv/lib/python3.12/site-packages/dbcounter.py:102}}
Jun 25 12:54:23.875727 np0000003605 devstack@n-api-meta.service[95603]: INFO dbcounter [None req-4c1fb016-db6c-4551-9383-2cf59f393923 None None] Registered counter for database nova_cell0
Jun 25 12:54:23.880098 np0000003605 devstack@n-api-meta.service[95604]: DEBUG oslo_db.sqlalchemy.engines [None req-10ebfe90-0d05-4861-a02f-01f527aea24b None None] MySQL server mode set to STRICT_TRANS_TABLES,STRICT_ALL_TABLES,NO_ZERO_IN_DATE,NO_ZERO_DATE,ERROR_FOR_DIVISION_BY_ZERO,TRADITIONAL,NO_ENGINE_SUBSTITUTION {{(pid=95604) _check_effective_sql_mode /opt/stack/data/venv/lib/python3.12/site-packages/oslo_db/sqlalchemy/engines.py:325}}
Jun 25 12:54:23.884279 np0000003605 devstack@n-api-meta.service[95602]: DEBUG dbcounter [-] [95602] Writer thread running {{(pid=95602) stat_writer /opt/stack/data/venv/lib/python3.12/site-packages/dbcounter.py:102}}
Jun 25 12:54:23.889885 np0000003605 devstack@n-api-meta.service[95602]: DEBUG oslo_db.sqlalchemy.engines [None req-23481cf2-aad7-454e-9f19-7b97c18be6d4 None None] MySQL server mode set to STRICT_TRANS_TABLES,STRICT_ALL_TABLES,NO_ZERO_IN_DATE,NO_ZERO_DATE,ERROR_FOR_DIVISION_BY_ZERO,TRADITIONAL,NO_ENGINE_SUBSTITUTION {{(pid=95602) _check_effective_sql_mode /opt/stack/data/venv/lib/python3.12/site-packages/oslo_db/sqlalchemy/engines.py:325}}
Jun 25 12:54:23.895899 np0000003605 devstack@n-api-meta.service[95602]: DEBUG dbcounter [-] [95602] Writer thread running {{(pid=95602) stat_writer /opt/stack/data/venv/lib/python3.12/site-packages/dbcounter.py:102}}
Jun 25 12:54:23.899608 np0000003605 devstack@n-api-meta.service[95602]: INFO dbcounter [None req-23481cf2-aad7-454e-9f19-7b97c18be6d4 None None] Registered counter for database nova_cell0
Jun 25 12:54:23.901012 np0000003605 devstack@n-api-meta.service[95604]: DEBUG dbcounter [-] [95604] Writer thread running {{(pid=95604) stat_writer /opt/stack/data/venv/lib/python3.12/site-packages/dbcounter.py:102}}
Jun 25 12:54:23.909246 np0000003605 devstack@n-api-meta.service[95604]: DEBUG dbcounter [-] [95604] Writer thread running {{(pid=95604) stat_writer /opt/stack/data/venv/lib/python3.12/site-packages/dbcounter.py:102}}
Jun 25 12:54:23.910045 np0000003605 devstack@n-api-meta.service[95605]: DEBUG oslo_db.sqlalchemy.engines [None req-bab253ff-67de-4a87-ac77-d4d284d9be24 None None] MySQL server mode set to STRICT_TRANS_TABLES,STRICT_ALL_TABLES,NO_ZERO_IN_DATE,NO_ZERO_DATE,ERROR_FOR_DIVISION_BY_ZERO,TRADITIONAL,NO_ENGINE_SUBSTITUTION {{(pid=95605) _check_effective_sql_mode /opt/stack/data/venv/lib/python3.12/site-packages/oslo_db/sqlalchemy/engines.py:325}}
Jun 25 12:54:23.912039 np0000003605 devstack@n-api-meta.service[95603]: DEBUG oslo_db.sqlalchemy.engines [None req-4c1fb016-db6c-4551-9383-2cf59f393923 None None] MySQL server mode set to STRICT_TRANS_TABLES,STRICT_ALL_TABLES,NO_ZERO_IN_DATE,NO_ZERO_DATE,ERROR_FOR_DIVISION_BY_ZERO,TRADITIONAL,NO_ENGINE_SUBSTITUTION {{(pid=95603) _check_effective_sql_mode /opt/stack/data/venv/lib/python3.12/site-packages/oslo_db/sqlalchemy/engines.py:325}}
Jun 25 12:54:23.912578 np0000003605 devstack@n-api-meta.service[95604]: INFO dbcounter [None req-10ebfe90-0d05-4861-a02f-01f527aea24b None None] Registered counter for database nova_cell0
Jun 25 12:54:23.917539 np0000003605 devstack@n-api-meta.service[95603]: DEBUG dbcounter [-] [95603] Writer thread running {{(pid=95603) stat_writer /opt/stack/data/venv/lib/python3.12/site-packages/dbcounter.py:102}}
Jun 25 12:54:23.936964 np0000003605 devstack@n-api-meta.service[95602]: DEBUG oslo_db.sqlalchemy.engines [None req-23481cf2-aad7-454e-9f19-7b97c18be6d4 None None] MySQL server mode set to STRICT_TRANS_TABLES,STRICT_ALL_TABLES,NO_ZERO_IN_DATE,NO_ZERO_DATE,ERROR_FOR_DIVISION_BY_ZERO,TRADITIONAL,NO_ENGINE_SUBSTITUTION {{(pid=95602) _check_effective_sql_mode /opt/stack/data/venv/lib/python3.12/site-packages/oslo_db/sqlalchemy/engines.py:325}}
Jun 25 12:54:23.943501 np0000003605 devstack@n-api-meta.service[95602]: DEBUG dbcounter [-] [95602] Writer thread running {{(pid=95602) stat_writer /opt/stack/data/venv/lib/python3.12/site-packages/dbcounter.py:102}}
Jun 25 12:54:23.952880 np0000003605 devstack@n-api-meta.service[95604]: DEBUG oslo_db.sqlalchemy.engines [None req-10ebfe90-0d05-4861-a02f-01f527aea24b None None] MySQL server mode set to STRICT_TRANS_TABLES,STRICT_ALL_TABLES,NO_ZERO_IN_DATE,NO_ZERO_DATE,ERROR_FOR_DIVISION_BY_ZERO,TRADITIONAL,NO_ENGINE_SUBSTITUTION {{(pid=95604) _check_effective_sql_mode /opt/stack/data/venv/lib/python3.12/site-packages/oslo_db/sqlalchemy/engines.py:325}}
Jun 25 12:54:23.957774 np0000003605 devstack@n-api-meta.service[95605]: DEBUG dbcounter [-] [95605] Writer thread running {{(pid=95605) stat_writer /opt/stack/data/venv/lib/python3.12/site-packages/dbcounter.py:102}}
Jun 25 12:54:23.958922 np0000003605 devstack@n-api-meta.service[95603]: WARNING nova.api.metadata.handler [None req-4c1fb016-db6c-4551-9383-2cf59f393923 None None] metadata_proxy_shared_secret is not configured, the metadata information returned by the proxy cannot be trusted
Jun 25 12:54:23.960910 np0000003605 devstack@n-api-meta.service[95604]: DEBUG dbcounter [-] [95604] Writer thread running {{(pid=95604) stat_writer /opt/stack/data/venv/lib/python3.12/site-packages/dbcounter.py:102}}
Jun 25 12:54:23.960979 np0000003605 devstack@n-api-meta.service[95603]: DEBUG nova.api.openstack.wsgi_app [None req-4c1fb016-db6c-4551-9383-2cf59f393923 None None] ******************************************************************************** {{(pid=95603) log_opt_values /opt/stack/data/venv/lib/python3.12/site-packages/oslo_config/cfg.py:3226}}
Jun 25 12:54:23.960979 np0000003605 devstack@n-api-meta.service[95603]: DEBUG nova.api.openstack.wsgi_app [None req-4c1fb016-db6c-4551-9383-2cf59f393923 None None] Configuration options gathered from: {{(pid=95603) log_opt_values /opt/stack/data/venv/lib/python3.12/site-packages/oslo_config/cfg.py:3227}}
Jun 25 12:54:23.960979 np0000003605 devstack@n-api-meta.service[95603]: DEBUG nova.api.openstack.wsgi_app [None req-4c1fb016-db6c-4551-9383-2cf59f393923 None None] command line args: [] {{(pid=95603) log_opt_values /opt/stack/data/venv/lib/python3.12/site-packages/oslo_config/cfg.py:3228}}
Jun 25 12:54:23.960979 np0000003605 devstack@n-api-meta.service[95603]: DEBUG nova.api.openstack.wsgi_app [None req-4c1fb016-db6c-4551-9383-2cf59f393923 None None] config files: ['/etc/nova/api-paste.ini', '/etc/nova/nova.conf'] {{(pid=95603) log_opt_values /opt/stack/data/venv/lib/python3.12/site-packages/oslo_config/cfg.py:3229}}
Jun 25 12:54:23.960979 np0000003605 devstack@n-api-meta.service[95603]: DEBUG nova.api.openstack.wsgi_app [None req-4c1fb016-db6c-4551-9383-2cf59f393923 None None] ================================================================================ {{(pid=95603) log_opt_values /opt/stack/data/venv/lib/python3.12/site-packages/oslo_config/cfg.py:3234}}
Jun 25 12:54:23.961121 np0000003605 devstack@n-api-meta.service[95603]: DEBUG nova.api.openstack.wsgi_app [None req-4c1fb016-db6c-4551-9383-2cf59f393923 None None] allow_resize_to_same_host = True {{(pid=95603) log_opt_values /opt/stack/data/venv/lib/python3.12/site-packages/oslo_config/cfg.py:3242}}
Jun 25 12:54:23.961260 np0000003605 devstack@n-api-meta.service[95603]: DEBUG nova.api.openstack.wsgi_app [None req-4c1fb016-db6c-4551-9383-2cf59f393923 None None] arq_binding_timeout = 300 {{(pid=95603) log_opt_values /opt/stack/data/venv/lib/python3.12/site-packages/oslo_config/cfg.py:3242}}
Jun 25 12:54:23.961384 np0000003605 devstack@n-api-meta.service[95603]: DEBUG nova.api.openstack.wsgi_app [None req-4c1fb016-db6c-4551-9383-2cf59f393923 None None] block_device_allocate_retries = 60 {{(pid=95603) log_opt_values /opt/stack/data/venv/lib/python3.12/site-packages/oslo_config/cfg.py:3242}}
Jun 25 12:54:23.961504 np0000003605 devstack@n-api-meta.service[95603]: DEBUG nova.api.openstack.wsgi_app [None req-4c1fb016-db6c-4551-9383-2cf59f393923 None None] block_device_allocate_retries_interval = 3 {{(pid=95603) log_opt_values /opt/stack/data/venv/lib/python3.12/site-packages/oslo_config/cfg.py:3242}}
Jun 25 12:54:23.961724 np0000003605 devstack@n-api-meta.service[95603]: DEBUG nova.api.openstack.wsgi_app [None req-4c1fb016-db6c-4551-9383-2cf59f393923 None None] cell_worker_thread_pool_size = 5 {{(pid=95603) log_opt_values /opt/stack/data/venv/lib/python3.12/site-packages/oslo_config/cfg.py:3242}}
Jun 25 12:54:23.961855 np0000003605 devstack@n-api-meta.service[95603]: DEBUG nova.api.openstack.wsgi_app [None req-4c1fb016-db6c-4551-9383-2cf59f393923 None None] cert = self.pem {{(pid=95603) log_opt_values /opt/stack/data/venv/lib/python3.12/site-packages/oslo_config/cfg.py:3242}}
Jun 25 12:54:23.961991 np0000003605 devstack@n-api-meta.service[95603]: DEBUG nova.api.openstack.wsgi_app [None req-4c1fb016-db6c-4551-9383-2cf59f393923 None None] compute_driver = libvirt.LibvirtDriver {{(pid=95603) log_opt_values /opt/stack/data/venv/lib/python3.12/site-packages/oslo_config/cfg.py:3242}}
Jun 25 12:54:23.962124 np0000003605 devstack@n-api-meta.service[95603]: DEBUG nova.api.openstack.wsgi_app [None req-4c1fb016-db6c-4551-9383-2cf59f393923 None None] compute_monitors = [] {{(pid=95603) log_opt_values /opt/stack/data/venv/lib/python3.12/site-packages/oslo_config/cfg.py:3242}}
Jun 25 12:54:23.962246 np0000003605 devstack@n-api-meta.service[95603]: DEBUG nova.api.openstack.wsgi_app [None req-4c1fb016-db6c-4551-9383-2cf59f393923 None None] config_dir = [] {{(pid=95603) log_opt_values /opt/stack/data/venv/lib/python3.12/site-packages/oslo_config/cfg.py:3242}}
Jun 25 12:54:23.962403 np0000003605 devstack@n-api-meta.service[95603]: DEBUG nova.api.openstack.wsgi_app [None req-4c1fb016-db6c-4551-9383-2cf59f393923 None None] config_drive_format = iso9660 {{(pid=95603) log_opt_values /opt/stack/data/venv/lib/python3.12/site-packages/oslo_config/cfg.py:3242}}
Jun 25 12:54:23.962491 np0000003605 devstack@n-api-meta.service[95603]: DEBUG nova.api.openstack.wsgi_app [None req-4c1fb016-db6c-4551-9383-2cf59f393923 None None] config_file = ['/etc/nova/api-paste.ini', '/etc/nova/nova.conf'] {{(pid=95603) log_opt_values /opt/stack/data/venv/lib/python3.12/site-packages/oslo_config/cfg.py:3242}}
Jun 25 12:54:23.962631 np0000003605 devstack@n-api-meta.service[95603]: DEBUG nova.api.openstack.wsgi_app [None req-4c1fb016-db6c-4551-9383-2cf59f393923 None None] config_source = [] {{(pid=95603) log_opt_values /opt/stack/data/venv/lib/python3.12/site-packages/oslo_config/cfg.py:3242}}
Jun 25 12:54:23.962754 np0000003605 devstack@n-api-meta.service[95603]: DEBUG nova.api.openstack.wsgi_app [None req-4c1fb016-db6c-4551-9383-2cf59f393923 None None] console_host = np0000003605 {{(pid=95603) log_opt_values /opt/stack/data/venv/lib/python3.12/site-packages/oslo_config/cfg.py:3242}}
Jun 25 12:54:23.962875 np0000003605 devstack@n-api-meta.service[95603]: DEBUG nova.api.openstack.wsgi_app [None req-4c1fb016-db6c-4551-9383-2cf59f393923 None None] control_exchange = nova {{(pid=95603) log_opt_values /opt/stack/data/venv/lib/python3.12/site-packages/oslo_config/cfg.py:3242}}
Jun 25 12:54:23.962990 np0000003605 devstack@n-api-meta.service[95603]: DEBUG nova.api.openstack.wsgi_app [None req-4c1fb016-db6c-4551-9383-2cf59f393923 None None] cpu_allocation_ratio = None {{(pid=95603) log_opt_values /opt/stack/data/venv/lib/python3.12/site-packages/oslo_config/cfg.py:3242}}
Jun 25 12:54:23.963117 np0000003605 devstack@n-api-meta.service[95603]: DEBUG nova.api.openstack.wsgi_app [None req-4c1fb016-db6c-4551-9383-2cf59f393923 None None] daemon = False {{(pid=95603) log_opt_values /opt/stack/data/venv/lib/python3.12/site-packages/oslo_config/cfg.py:3242}}
Jun 25 12:54:23.963239 np0000003605 devstack@n-api-meta.service[95603]: DEBUG nova.api.openstack.wsgi_app [None req-4c1fb016-db6c-4551-9383-2cf59f393923 None None] debug = True {{(pid=95603) log_opt_values /opt/stack/data/venv/lib/python3.12/site-packages/oslo_config/cfg.py:3242}}
Jun 25 12:54:23.963356 np0000003605 devstack@n-api-meta.service[95603]: DEBUG nova.api.openstack.wsgi_app [None req-4c1fb016-db6c-4551-9383-2cf59f393923 None None] default_access_ip_network_name = None {{(pid=95603) log_opt_values /opt/stack/data/venv/lib/python3.12/site-packages/oslo_config/cfg.py:3242}}
Jun 25 12:54:23.963475 np0000003605 devstack@n-api-meta.service[95603]: DEBUG nova.api.openstack.wsgi_app [None req-4c1fb016-db6c-4551-9383-2cf59f393923 None None] default_availability_zone = nova {{(pid=95603) log_opt_values /opt/stack/data/venv/lib/python3.12/site-packages/oslo_config/cfg.py:3242}}
Jun 25 12:54:23.963615 np0000003605 devstack@n-api-meta.service[95603]: DEBUG nova.api.openstack.wsgi_app [None req-4c1fb016-db6c-4551-9383-2cf59f393923 None None] default_ephemeral_format = ext4 {{(pid=95603) log_opt_values /opt/stack/data/venv/lib/python3.12/site-packages/oslo_config/cfg.py:3242}}
Jun 25 12:54:23.963739 np0000003605 devstack@n-api-meta.service[95603]: DEBUG nova.api.openstack.wsgi_app [None req-4c1fb016-db6c-4551-9383-2cf59f393923 None None] default_green_pool_size = 1000 {{(pid=95603) log_opt_values /opt/stack/data/venv/lib/python3.12/site-packages/oslo_config/cfg.py:3242}}
Jun 25 12:54:23.964300 np0000003605 devstack@n-api-meta.service[95603]: DEBUG nova.api.openstack.wsgi_app [None req-4c1fb016-db6c-4551-9383-2cf59f393923 None None] default_log_levels = ['amqp=WARN', 'boto=WARN', 'sqlalchemy=WARN', 'suds=INFO', 'oslo.messaging=INFO', 'oslo_messaging=INFO', 'iso8601=WARN', 'requests.packages.urllib3.connectionpool=WARN', 'urllib3.connectionpool=WARN', 'websocket=WARN', 'requests.packages.urllib3.util.retry=WARN', 'urllib3.util.retry=WARN', 'keystonemiddleware=WARN', 'routes.middleware=WARN', 'stevedore=WARN', 'taskflow=WARN', 'keystoneauth=WARN', 'oslo.cache=INFO', 'oslo_policy=INFO', 'dogpile.core.dogpile=INFO', 'glanceclient=WARN', 'oslo.privsep.daemon=INFO'] {{(pid=95603) log_opt_values /opt/stack/data/venv/lib/python3.12/site-packages/oslo_config/cfg.py:3242}}
Jun 25 12:54:23.964300 np0000003605 devstack@n-api-meta.service[95603]: DEBUG nova.api.openstack.wsgi_app [None req-4c1fb016-db6c-4551-9383-2cf59f393923 None None] default_schedule_zone = None {{(pid=95603) log_opt_values /opt/stack/data/venv/lib/python3.12/site-packages/oslo_config/cfg.py:3242}}
Jun 25 12:54:23.964300 np0000003605 devstack@n-api-meta.service[95603]: DEBUG nova.api.openstack.wsgi_app [None req-4c1fb016-db6c-4551-9383-2cf59f393923 None None] default_thread_pool_size = 10 {{(pid=95603) log_opt_values /opt/stack/data/venv/lib/python3.12/site-packages/oslo_config/cfg.py:3242}}
Jun 25 12:54:23.964448 np0000003605 devstack@n-api-meta.service[95605]: DEBUG dbcounter [-] [95605] Writer thread running {{(pid=95605) stat_writer /opt/stack/data/venv/lib/python3.12/site-packages/dbcounter.py:102}}
Jun 25 12:54:23.964474 np0000003605 devstack@n-api-meta.service[95603]: DEBUG nova.api.openstack.wsgi_app [None req-4c1fb016-db6c-4551-9383-2cf59f393923 None None] disk_allocation_ratio = None {{(pid=95603) log_opt_values /opt/stack/data/venv/lib/python3.12/site-packages/oslo_config/cfg.py:3242}}
Jun 25 12:54:23.964474 np0000003605 devstack@n-api-meta.service[95603]: DEBUG nova.api.openstack.wsgi_app [None req-4c1fb016-db6c-4551-9383-2cf59f393923 None None] enable_new_services = True {{(pid=95603) log_opt_values /opt/stack/data/venv/lib/python3.12/site-packages/oslo_config/cfg.py:3242}}
Jun 25 12:54:23.964520 np0000003605 devstack@n-api-meta.service[95603]: DEBUG nova.api.openstack.wsgi_app [None req-4c1fb016-db6c-4551-9383-2cf59f393923 None None] flat_injected = False {{(pid=95603) log_opt_values /opt/stack/data/venv/lib/python3.12/site-packages/oslo_config/cfg.py:3242}}
Jun 25 12:54:23.964658 np0000003605 devstack@n-api-meta.service[95603]: DEBUG nova.api.openstack.wsgi_app [None req-4c1fb016-db6c-4551-9383-2cf59f393923 None None] force_config_drive = True {{(pid=95603) log_opt_values /opt/stack/data/venv/lib/python3.12/site-packages/oslo_config/cfg.py:3242}}
Jun 25 12:54:23.964773 np0000003605 devstack@n-api-meta.service[95603]: DEBUG nova.api.openstack.wsgi_app [None req-4c1fb016-db6c-4551-9383-2cf59f393923 None None] force_raw_images = True {{(pid=95603) log_opt_values /opt/stack/data/venv/lib/python3.12/site-packages/oslo_config/cfg.py:3242}}
Jun 25 12:54:23.964894 np0000003605 devstack@n-api-meta.service[95603]: DEBUG nova.api.openstack.wsgi_app [None req-4c1fb016-db6c-4551-9383-2cf59f393923 None None] graceful_shutdown_timeout = 5 {{(pid=95603) log_opt_values /opt/stack/data/venv/lib/python3.12/site-packages/oslo_config/cfg.py:3242}}
Jun 25 12:54:23.965007 np0000003605 devstack@n-api-meta.service[95603]: DEBUG nova.api.openstack.wsgi_app [None req-4c1fb016-db6c-4551-9383-2cf59f393923 None None] heal_instance_info_cache_interval = -1 {{(pid=95603) log_opt_values /opt/stack/data/venv/lib/python3.12/site-packages/oslo_config/cfg.py:3242}}
Jun 25 12:54:23.965185 np0000003605 devstack@n-api-meta.service[95603]: DEBUG nova.api.openstack.wsgi_app [None req-4c1fb016-db6c-4551-9383-2cf59f393923 None None] host = np0000003605 {{(pid=95603) log_opt_values /opt/stack/data/venv/lib/python3.12/site-packages/oslo_config/cfg.py:3242}}
Jun 25 12:54:23.965313 np0000003605 devstack@n-api-meta.service[95603]: DEBUG nova.api.openstack.wsgi_app [None req-4c1fb016-db6c-4551-9383-2cf59f393923 None None] initial_cpu_allocation_ratio = 4.0 {{(pid=95603) log_opt_values /opt/stack/data/venv/lib/python3.12/site-packages/oslo_config/cfg.py:3242}}
Jun 25 12:54:23.965430 np0000003605 devstack@n-api-meta.service[95603]: DEBUG nova.api.openstack.wsgi_app [None req-4c1fb016-db6c-4551-9383-2cf59f393923 None None] initial_disk_allocation_ratio = 1.0 {{(pid=95603) log_opt_values /opt/stack/data/venv/lib/python3.12/site-packages/oslo_config/cfg.py:3242}}
Jun 25 12:54:23.965544 np0000003605 devstack@n-api-meta.service[95603]: DEBUG nova.api.openstack.wsgi_app [None req-4c1fb016-db6c-4551-9383-2cf59f393923 None None] initial_ram_allocation_ratio = 1.0 {{(pid=95603) log_opt_values /opt/stack/data/venv/lib/python3.12/site-packages/oslo_config/cfg.py:3242}}
Jun 25 12:54:23.965737 np0000003605 devstack@n-api-meta.service[95603]: DEBUG nova.api.openstack.wsgi_app [None req-4c1fb016-db6c-4551-9383-2cf59f393923 None None] injected_network_template = /opt/stack/nova/nova/virt/interfaces.template {{(pid=95603) log_opt_values /opt/stack/data/venv/lib/python3.12/site-packages/oslo_config/cfg.py:3242}}
Jun 25 12:54:23.965855 np0000003605 devstack@n-api-meta.service[95603]: DEBUG nova.api.openstack.wsgi_app [None req-4c1fb016-db6c-4551-9383-2cf59f393923 None None] instance_build_timeout = 0 {{(pid=95603) log_opt_values /opt/stack/data/venv/lib/python3.12/site-packages/oslo_config/cfg.py:3242}}
Jun 25 12:54:23.965972 np0000003605 devstack@n-api-meta.service[95603]: DEBUG nova.api.openstack.wsgi_app [None req-4c1fb016-db6c-4551-9383-2cf59f393923 None None] instance_delete_interval = 300 {{(pid=95603) log_opt_values /opt/stack/data/venv/lib/python3.12/site-packages/oslo_config/cfg.py:3242}}
Jun 25 12:54:23.966099 np0000003605 devstack@n-api-meta.service[95603]: DEBUG nova.api.openstack.wsgi_app [None req-4c1fb016-db6c-4551-9383-2cf59f393923 None None] instance_format = [instance: %(uuid)s] {{(pid=95603) log_opt_values /opt/stack/data/venv/lib/python3.12/site-packages/oslo_config/cfg.py:3242}}
Jun 25 12:54:23.966220 np0000003605 devstack@n-api-meta.service[95603]: DEBUG nova.api.openstack.wsgi_app [None req-4c1fb016-db6c-4551-9383-2cf59f393923 None None] instance_name_template = instance-%08x {{(pid=95603) log_opt_values /opt/stack/data/venv/lib/python3.12/site-packages/oslo_config/cfg.py:3242}}
Jun 25 12:54:23.966335 np0000003605 devstack@n-api-meta.service[95603]: DEBUG nova.api.openstack.wsgi_app [None req-4c1fb016-db6c-4551-9383-2cf59f393923 None None] instance_usage_audit = False {{(pid=95603) log_opt_values /opt/stack/data/venv/lib/python3.12/site-packages/oslo_config/cfg.py:3242}}
Jun 25 12:54:23.966455 np0000003605 devstack@n-api-meta.service[95603]: DEBUG nova.api.openstack.wsgi_app [None req-4c1fb016-db6c-4551-9383-2cf59f393923 None None] instance_usage_audit_period = month {{(pid=95603) log_opt_values /opt/stack/data/venv/lib/python3.12/site-packages/oslo_config/cfg.py:3242}}
Jun 25 12:54:23.966573 np0000003605 devstack@n-api-meta.service[95603]: DEBUG nova.api.openstack.wsgi_app [None req-4c1fb016-db6c-4551-9383-2cf59f393923 None None] instance_uuid_format = [instance: %(uuid)s] {{(pid=95603) log_opt_values /opt/stack/data/venv/lib/python3.12/site-packages/oslo_config/cfg.py:3242}}
Jun 25 12:54:23.966712 np0000003605 devstack@n-api-meta.service[95603]: DEBUG nova.api.openstack.wsgi_app [None req-4c1fb016-db6c-4551-9383-2cf59f393923 None None] instances_path = /opt/stack/data/nova/instances {{(pid=95603) log_opt_values /opt/stack/data/venv/lib/python3.12/site-packages/oslo_config/cfg.py:3242}}
Jun 25 12:54:23.966831 np0000003605 devstack@n-api-meta.service[95603]: DEBUG nova.api.openstack.wsgi_app [None req-4c1fb016-db6c-4551-9383-2cf59f393923 None None] internal_service_availability_zone = internal {{(pid=95603) log_opt_values /opt/stack/data/venv/lib/python3.12/site-packages/oslo_config/cfg.py:3242}}
Jun 25 12:54:23.966942 np0000003605 devstack@n-api-meta.service[95603]: DEBUG nova.api.openstack.wsgi_app [None req-4c1fb016-db6c-4551-9383-2cf59f393923 None None] key = None {{(pid=95603) log_opt_values /opt/stack/data/venv/lib/python3.12/site-packages/oslo_config/cfg.py:3242}}
Jun 25 12:54:23.967051 np0000003605 devstack@n-api-meta.service[95603]: DEBUG nova.api.openstack.wsgi_app [None req-4c1fb016-db6c-4551-9383-2cf59f393923 None None] live_migration_retry_count = 30 {{(pid=95603) log_opt_values /opt/stack/data/venv/lib/python3.12/site-packages/oslo_config/cfg.py:3242}}
Jun 25 12:54:23.967183 np0000003605 devstack@n-api-meta.service[95603]: DEBUG nova.api.openstack.wsgi_app [None req-4c1fb016-db6c-4551-9383-2cf59f393923 None None] log_color = False {{(pid=95603) log_opt_values /opt/stack/data/venv/lib/python3.12/site-packages/oslo_config/cfg.py:3242}}
Jun 25 12:54:23.967301 np0000003605 devstack@n-api-meta.service[95603]: DEBUG nova.api.openstack.wsgi_app [None req-4c1fb016-db6c-4551-9383-2cf59f393923 None None] log_config_append = None {{(pid=95603) log_opt_values /opt/stack/data/venv/lib/python3.12/site-packages/oslo_config/cfg.py:3242}}
Jun 25 12:54:23.967427 np0000003605 devstack@n-api-meta.service[95603]: DEBUG nova.api.openstack.wsgi_app [None req-4c1fb016-db6c-4551-9383-2cf59f393923 None None] log_date_format = %Y-%m-%d %H:%M:%S {{(pid=95603) log_opt_values /opt/stack/data/venv/lib/python3.12/site-packages/oslo_config/cfg.py:3242}}
Jun 25 12:54:23.967543 np0000003605 devstack@n-api-meta.service[95603]: DEBUG nova.api.openstack.wsgi_app [None req-4c1fb016-db6c-4551-9383-2cf59f393923 None None] log_dir = None {{(pid=95603) log_opt_values /opt/stack/data/venv/lib/python3.12/site-packages/oslo_config/cfg.py:3242}}
Jun 25 12:54:23.967676 np0000003605 devstack@n-api-meta.service[95603]: DEBUG nova.api.openstack.wsgi_app [None req-4c1fb016-db6c-4551-9383-2cf59f393923 None None] log_file = None {{(pid=95603) log_opt_values /opt/stack/data/venv/lib/python3.12/site-packages/oslo_config/cfg.py:3242}}
Jun 25 12:54:23.967768 np0000003605 devstack@n-api-meta.service[95603]: DEBUG nova.api.openstack.wsgi_app [None req-4c1fb016-db6c-4551-9383-2cf59f393923 None None] log_options = True {{(pid=95603) log_opt_values /opt/stack/data/venv/lib/python3.12/site-packages/oslo_config/cfg.py:3242}}
Jun 25 12:54:23.967882 np0000003605 devstack@n-api-meta.service[95603]: DEBUG nova.api.openstack.wsgi_app [None req-4c1fb016-db6c-4551-9383-2cf59f393923 None None] log_rotate_interval = 1 {{(pid=95603) log_opt_values /opt/stack/data/venv/lib/python3.12/site-packages/oslo_config/cfg.py:3242}}
Jun 25 12:54:23.967963 np0000003605 devstack@n-api-meta.service[95605]: INFO dbcounter [None req-bab253ff-67de-4a87-ac77-d4d284d9be24 None None] Registered counter for database nova_cell0
Jun 25 12:54:23.968020 np0000003605 devstack@n-api-meta.service[95603]: DEBUG nova.api.openstack.wsgi_app [None req-4c1fb016-db6c-4551-9383-2cf59f393923 None None] log_rotate_interval_type = days {{(pid=95603) log_opt_values /opt/stack/data/venv/lib/python3.12/site-packages/oslo_config/cfg.py:3242}}
Jun 25 12:54:23.968157 np0000003605 devstack@n-api-meta.service[95603]: DEBUG nova.api.openstack.wsgi_app [None req-4c1fb016-db6c-4551-9383-2cf59f393923 None None] log_rotation_type = none {{(pid=95603) log_opt_values /opt/stack/data/venv/lib/python3.12/site-packages/oslo_config/cfg.py:3242}}
Jun 25 12:54:23.968248 np0000003605 devstack@n-api-meta.service[95603]: DEBUG nova.api.openstack.wsgi_app [None req-4c1fb016-db6c-4551-9383-2cf59f393923 None None] logging_context_format_string = %(color)s%(levelname)s %(name)s [%(global_request_id)s %(request_id)s %(project_name)s %(user_name)s%(color)s] %(instance)s%(color)s%(message)s {{(pid=95603) log_opt_values /opt/stack/data/venv/lib/python3.12/site-packages/oslo_config/cfg.py:3242}}
Jun 25 12:54:23.968336 np0000003605 devstack@n-api-meta.service[95603]: DEBUG nova.api.openstack.wsgi_app [None req-4c1fb016-db6c-4551-9383-2cf59f393923 None None] logging_debug_format_suffix = {{(pid=%(process)d) %(funcName)s %(pathname)s:%(lineno)d}} {{(pid=95603) log_opt_values /opt/stack/data/venv/lib/python3.12/site-packages/oslo_config/cfg.py:3242}}
Jun 25 12:54:23.968463 np0000003605 devstack@n-api-meta.service[95603]: DEBUG nova.api.openstack.wsgi_app [None req-4c1fb016-db6c-4551-9383-2cf59f393923 None None] logging_default_format_string = %(color)s%(levelname)s %(name)s [-%(color)s] %(instance)s%(color)s%(message)s {{(pid=95603) log_opt_values /opt/stack/data/venv/lib/python3.12/site-packages/oslo_config/cfg.py:3242}}
Jun 25 12:54:23.968592 np0000003605 devstack@n-api-meta.service[95603]: DEBUG nova.api.openstack.wsgi_app [None req-4c1fb016-db6c-4551-9383-2cf59f393923 None None] logging_exception_prefix = ERROR %(name)s %(instance)s {{(pid=95603) log_opt_values /opt/stack/data/venv/lib/python3.12/site-packages/oslo_config/cfg.py:3242}}
