Jun 25 12:54:12.233303 np0000003605 devstack@neutron-api.service[90351]: DEBUG ovsdbapp.backend.ovs_idl.event [None req-bc8c93d8-8541-49f1-92b7-8bf57598aa3d None None] Matched UPDATE: LogicalSwitchPortUpdateLogicalRouterPortEvent(events=('update',), table='Logical_Switch_Port', conditions=None, old_conditions=None), priority=20 to row=Logical_Switch_Port(uuid=dcf34080-cf99-414e-829b-3df6ebdea65f, addresses=['router'], dhcpv4_options=[], dhcpv6_options=[], dynamic_addresses=[], enabled=True, external_ids={'neutron:cidrs': '10.1.0.1/26', 'neutron:device_id': '9b469acd-1fd1-42dd-867c-445396a9733e', 'neutron:device_owner': 'network:router_interface', 'neutron:mtu': '', 'neutron:network_name': 'neutron-694d6e08-8024-4637-b61b-ba896cdcf058', 'neutron:port_capabilities': '', 'neutron:port_name': '', 'neutron:project_id': 'b089ce726f5243f18879f31368c6d2d2', 'neutron:revision_number': '2', 'neutron:security_group_ids': '', 'neutron:subnet_pool_addr_scope4': '', 'neutron:subnet_pool_addr_scope6': '', 'neutron:vnic_type': 'normal'}, ha_chassis_group=[], mirror_rules=[], name='02802460-1e3d-44f9-968d-cdb7cd0d26d9', options={'router-port': 'lrp-02802460-1e3d-44f9-968d-cdb7cd0d26d9'}, parent_name=[], port_security=[], tag=[], tag_request=[], type='router', up=True) old=Logical_Switch_Port(uuid=dcf34080-cf99-414e-829b-3df6ebdea65f, external_ids={'neutron:cidrs': '10.1.0.1/26', 'neutron:device_id': '9b469acd-1fd1-42dd-867c-445396a9733e', 'neutron:device_owner': 'network:router_interface', 'neutron:mtu': '', 'neutron:network_name': 'neutron-694d6e08-8024-4637-b61b-ba896cdcf058', 'neutron:port_capabilities': '', 'neutron:port_name': '', 'neutron:project_id': 'b089ce726f5243f18879f31368c6d2d2', 'neutron:revision_number': '1', 'neutron:security_group_ids': '', 'neutron:subnet_pool_addr_scope4': '', 'neutron:subnet_pool_addr_scope6': '', 'neutron:vnic_type': 'normal'}) {{(pid=90351) matches /opt/stack/data/venv/lib/python3.12/site-packages/ovsdbapp/backend/ovs_idl/event.py:55}}
Jun 25 12:54:12.303080 np0000003605 devstack@neutron-api.service[90350]: DEBUG neutron.db.ovn_revision_numbers_db [None req-41699616-bfbe-4084-9f50-f769b8a9d050 admin admin] create_initial_revision uuid=4f5ce893-5bee-4edd-a1c3-75e2c6a0397d, type=subnets, rev=-1 {{(pid=90350) create_initial_revision /opt/stack/neutron/neutron/db/ovn_revision_numbers_db.py:98}}
Jun 25 12:54:12.314465 np0000003605 devstack@neutron-api.service[90351]: DEBUG futurist.periodics [-] Submitting periodic callback 'neutron.plugins.ml2.drivers.ovn.mech_driver.ovsdb.maintenance.HashRingHealthCheckPeriodics.touch_hash_ring_node' {{(pid=90351) _process_scheduled /opt/stack/data/venv/lib/python3.12/site-packages/futurist/periodics.py:784}}
Jun 25 12:54:12.315413 np0000003605 devstack@neutron-api.service[90351]: DEBUG neutron.plugins.ml2.drivers.ovn.mech_driver.ovsdb.maintenance [-] Touching Hash Ring node "8a54acec208c56018f3446df75973b7d" from periodic health check thread {{(pid=90351) touch_hash_ring_node /opt/stack/neutron/neutron/plugins/ml2/drivers/ovn/mech_driver/ovsdb/maintenance.py:1419}}
Jun 25 12:54:12.359514 np0000003605 devstack@neutron-api.service[90350]: DEBUG neutron.objects.ports [None req-41699616-bfbe-4084-9f50-f769b8a9d050 admin admin] Time-cost: Fetching 0 ports in 0 security groups {{(pid=90350) get_objects /opt/stack/neutron/neutron/objects/ports.py:506}}
Jun 25 12:54:12.359751 np0000003605 devstack@neutron-api.service[90350]: DEBUG neutron_lib.callbacks.manager [None req-41699616-bfbe-4084-9f50-f769b8a9d050 admin admin] Publish callbacks ['neutron.plugins.ml2.ovo_rpc._ObjectChangeHandler.handle_event-1704846'] for subnet (4f5ce893-5bee-4edd-a1c3-75e2c6a0397d), after_create {{(pid=90350) _notify_loop /opt/stack/data/venv/lib/python3.12/site-packages/neutron_lib/callbacks/manager.py:184}}
Jun 25 12:54:12.370079 np0000003605 devstack@neutron-api.service[90350]: DEBUG neutron.api.rpc.handlers.resources_rpc [None req-41699616-bfbe-4084-9f50-f769b8a9d050 admin admin] Pushing event updated for resources: {'Subnet': ['ID=4f5ce893-5bee-4edd-a1c3-75e2c6a0397d,revision_number=0']} {{(pid=90350) push /opt/stack/neutron/neutron/api/rpc/handlers/resources_rpc.py:237}}
Jun 25 12:54:12.394141 np0000003605 devstack@neutron-api.service[90350]: INFO neutron.db.ovn_revision_numbers_db [None req-41699616-bfbe-4084-9f50-f769b8a9d050 admin admin] Successfully bumped revision number for resource 4f5ce893-5bee-4edd-a1c3-75e2c6a0397d (type: subnets) to 0
Jun 25 12:54:12.395203 np0000003605 devstack@neutron-api.service[90350]: DEBUG neutron.pecan_wsgi.hooks.policy_enforcement [None req-41699616-bfbe-4084-9f50-f769b8a9d050 admin admin] Attributes excluded by policy engine: ['standard_attr_id', 'shared', 'network'] {{(pid=90350) _exclude_attributes_by_policy /opt/stack/neutron/neutron/pecan_wsgi/hooks/policy_enforcement.py:259}}
Jun 25 12:54:12.395506 np0000003605 devstack@neutron-api.service[90350]: DEBUG neutron_lib.callbacks.manager [None req-41699616-bfbe-4084-9f50-f769b8a9d050 admin admin] Publish callbacks [] for subnet (None), before_response {{(pid=90350) _notify_loop /opt/stack/data/venv/lib/python3.12/site-packages/neutron_lib/callbacks/manager.py:184}}
Jun 25 12:54:12.404102 np0000003605 devstack@neutron-api.service[90350]: [pid: 90350|app: 0|req: 5/21] 10.4.3.42 () {68 vars in 1317 bytes} [Thu Jun 25 12:54:12 2026] POST /networking/v2.0/subnets => generated 640 bytes in 190 msecs (HTTP/1.1 201) 4 headers in 162 bytes (1 switches on core 0)
Jun 25 12:54:12.702709 np0000003605 devstack@neutron-api.service[90351]: DEBUG neutron.plugins.ml2.plugin [None req-a879b188-572b-42fc-bdb4-39c9cf31f8ee None None] Current status of the port 02802460-1e3d-44f9-968d-cdb7cd0d26d9 is: ACTIVE; New status is: ACTIVE {{(pid=90351) _update_individual_port_db_status /opt/stack/neutron/neutron/plugins/ml2/plugin.py:2473}}
Jun 25 12:54:12.724872 np0000003605 devstack@neutron-api.service[90351]: DEBUG neutron.api.wsgi [None req-1daa1faf-b2d9-4549-84af-df797db47668 admin admin] Missing Content-Type {{(pid=90351) get_content_type /opt/stack/neutron/neutron/api/wsgi.py:80}}
Jun 25 12:54:12.769162 np0000003605 devstack@neutron-api.service[90351]: [pid: 90351|app: 0|req: 7/22] 10.4.3.42 () {64 vars in 1374 bytes} [Thu Jun 25 12:54:12 2026] GET /networking/v2.0/routers/9b469acd-1fd1-42dd-867c-445396a9733e => generated 599 bytes in 46 msecs (HTTP/1.1 200) 4 headers in 157 bytes (1 switches on core 0)
Jun 25 12:54:12.805840 np0000003605 devstack@neutron-api.service[90349]: DEBUG neutron.pecan_wsgi.hooks.policy_enforcement [None req-b9629285-e189-4d26-b6e9-68bbf479b047 admin admin] Attributes excluded by policy engine: ['standard_attr_id'] {{(pid=90349) _exclude_attributes_by_policy /opt/stack/neutron/neutron/pecan_wsgi/hooks/policy_enforcement.py:259}}
Jun 25 12:54:12.806855 np0000003605 devstack@neutron-api.service[90349]: [pid: 90349|app: 0|req: 6/23] 10.4.3.42 () {64 vars in 1377 bytes} [Thu Jun 25 12:54:12 2026] GET /networking/v2.0/networks/190a07db-50ae-43f3-9f5f-173230a450ce => generated 717 bytes in 28 msecs (HTTP/1.1 200) 4 headers in 157 bytes (1 switches on core 0)
Jun 25 12:54:12.816919 np0000003605 devstack@neutron-api.service[90352]: DEBUG neutron.api.wsgi [None req-83621bad-b452-4ccb-a7dc-4134ca8afa14 admin admin] Missing Content-Type {{(pid=90352) get_content_type /opt/stack/neutron/neutron/api/wsgi.py:80}}
Jun 25 12:54:12.817182 np0000003605 devstack@neutron-api.service[90352]: DEBUG neutron.api.wsgi [None req-83621bad-b452-4ccb-a7dc-4134ca8afa14 admin admin] https://10.4.3.42/networking/v2.0/extensions/external-gateway-multihoming returned with HTTP 200 {{(pid=90352) __call__ /opt/stack/neutron/neutron/api/wsgi.py:540}}
Jun 25 12:54:12.817534 np0000003605 devstack@neutron-api.service[90352]: [pid: 90352|app: 0|req: 6/24] 10.4.3.42 () {64 vars in 1359 bytes} [Thu Jun 25 12:54:12 2026] GET /networking/v2.0/extensions/external-gateway-multihoming => generated 227 bytes in 3 msecs (HTTP/1.1 200) 4 headers in 157 bytes (1 switches on core 0)
Jun 25 12:54:13.045614 np0000003605 devstack@neutron-api.service[90350]: DEBUG neutron_lib.callbacks.manager [None req-3eaedd02-b784-47eb-9e77-72b3c3692936 admin admin] Publish callbacks [] for router_gateway (9b469acd-1fd1-42dd-867c-445396a9733e), precommit_update {{(pid=90350) _notify_loop /opt/stack/data/venv/lib/python3.12/site-packages/neutron_lib/callbacks/manager.py:184}}
Jun 25 12:54:13.114899 np0000003605 devstack@neutron-api.service[90350]: DEBUG neutron_lib.callbacks.manager [None req-3eaedd02-b784-47eb-9e77-72b3c3692936 admin admin] Publish callbacks [] for router_gateway (9b469acd-1fd1-42dd-867c-445396a9733e), before_create {{(pid=90350) _notify_loop /opt/stack/data/venv/lib/python3.12/site-packages/neutron_lib/callbacks/manager.py:184}}
Jun 25 12:54:13.145425 np0000003605 devstack@neutron-api.service[90350]: DEBUG neutron_lib.callbacks.manager [None req-3eaedd02-b784-47eb-9e77-72b3c3692936 admin admin] Publish callbacks ['neutron.plugins.ml2.plugin.SecurityGroupDbMixin._ensure_default_security_group_handler-18534'] for port (None), before_create {{(pid=90350) _notify_loop /opt/stack/data/venv/lib/python3.12/site-packages/neutron_lib/callbacks/manager.py:184}}
Jun 25 12:54:13.205686 np0000003605 devstack@neutron-api.service[90350]: DEBUG neutron.db.db_base_plugin_common [None req-3eaedd02-b784-47eb-9e77-72b3c3692936 admin admin] Allocated IP 172.24.5.194 (190a07db-50ae-43f3-9f5f-173230a450ce/4f5ce893-5bee-4edd-a1c3-75e2c6a0397d/863e5e34-fc33-41b9-9d35-d5726ad290f1) {{(pid=90350) _store_ip_allocation /opt/stack/neutron/neutron/db/db_base_plugin_common.py:131}}
Jun 25 12:54:13.243609 np0000003605 devstack@neutron-api.service[90352]: DEBUG futurist.periodics [-] Submitting periodic callback 'neutron.plugins.ml2.drivers.ovn.mech_driver.ovsdb.maintenance.HashRingHealthCheckPeriodics.touch_hash_ring_node' {{(pid=90352) _process_scheduled /opt/stack/data/venv/lib/python3.12/site-packages/futurist/periodics.py:784}}
Jun 25 12:54:13.244416 np0000003605 devstack@neutron-api.service[90352]: DEBUG neutron.plugins.ml2.drivers.ovn.mech_driver.ovsdb.maintenance [-] Touching Hash Ring node "7976462c61ec5af280a6b89cb13abe27" from periodic health check thread {{(pid=90352) touch_hash_ring_node /opt/stack/neutron/neutron/plugins/ml2/drivers/ovn/mech_driver/ovsdb/maintenance.py:1419}}
Jun 25 12:54:13.259365 np0000003605 devstack@neutron-api.service[90350]: DEBUG neutron_lib.callbacks.manager [None req-3eaedd02-b784-47eb-9e77-72b3c3692936 admin admin] Publish callbacks ['neutron.plugins.ml2.drivers.ovn.mech_driver.mech_driver.OVNMechanismDriver._validate_allowed_address_pairs-907491'] for allowed_address_pair (863e5e34-fc33-41b9-9d35-d5726ad290f1), before_create {{(pid=90350) _notify_loop /opt/stack/data/venv/lib/python3.12/site-packages/neutron_lib/callbacks/manager.py:184}}
Jun 25 12:54:13.260200 np0000003605 devstack@neutron-api.service[90350]: DEBUG neutron_lib.callbacks.manager [None req-3eaedd02-b784-47eb-9e77-72b3c3692936 admin admin] Publish callbacks [] for port (863e5e34-fc33-41b9-9d35-d5726ad290f1), precommit_create {{(pid=90350) _notify_loop /opt/stack/data/venv/lib/python3.12/site-packages/neutron_lib/callbacks/manager.py:184}}
Jun 25 12:54:13.260440 np0000003605 devstack@neutron-api.service[90350]: DEBUG neutron.plugins.ml2.drivers.ovn.mech_driver.mech_driver [None req-3eaedd02-b784-47eb-9e77-72b3c3692936 admin admin] No provisioning block for port 863e5e34-fc33-41b9-9d35-d5726ad290f1 since it does not have a host {{(pid=90350) _is_port_provisioning_required /opt/stack/neutron/neutron/plugins/ml2/drivers/ovn/mech_driver/mech_driver.py:899}}
Jun 25 12:54:13.260641 np0000003605 devstack@neutron-api.service[90350]: DEBUG neutron.db.ovn_revision_numbers_db [None req-3eaedd02-b784-47eb-9e77-72b3c3692936 admin admin] create_initial_revision uuid=863e5e34-fc33-41b9-9d35-d5726ad290f1, type=ports, rev=-1 {{(pid=90350) create_initial_revision /opt/stack/neutron/neutron/db/ovn_revision_numbers_db.py:98}}
Jun 25 12:54:13.285128 np0000003605 devstack@neutron-api.service[90349]: DEBUG futurist.periodics [-] Submitting periodic callback 'neutron.plugins.ml2.drivers.ovn.mech_driver.ovsdb.maintenance.HashRingHealthCheckPeriodics.touch_hash_ring_node' {{(pid=90349) _process_scheduled /opt/stack/data/venv/lib/python3.12/site-packages/futurist/periodics.py:784}}
Jun 25 12:54:13.285995 np0000003605 devstack@neutron-api.service[90349]: DEBUG neutron.plugins.ml2.drivers.ovn.mech_driver.ovsdb.maintenance [-] Touching Hash Ring node "4c8feaa80386568ca4f12ae3f8c2b835" from periodic health check thread {{(pid=90349) touch_hash_ring_node /opt/stack/neutron/neutron/plugins/ml2/drivers/ovn/mech_driver/ovsdb/maintenance.py:1419}}
Jun 25 12:54:13.362203 np0000003605 devstack@neutron-api.service[90350]: DEBUG neutron.db.ovn_revision_numbers_db [None req-3eaedd02-b784-47eb-9e77-72b3c3692936 admin admin] create_initial_revision uuid=863e5e34-fc33-41b9-9d35-d5726ad290f1, type=router_ports, rev=-1 {{(pid=90350) create_initial_revision /opt/stack/neutron/neutron/db/ovn_revision_numbers_db.py:98}}
Jun 25 12:54:13.386896 np0000003605 devstack@neutron-api.service[90350]: DEBUG neutron_lib.callbacks.manager [None req-3eaedd02-b784-47eb-9e77-72b3c3692936 admin admin] Publish callbacks ['neutron.plugins.ml2.ovo_rpc._ObjectChangeHandler.handle_event-1704841'] for port (863e5e34-fc33-41b9-9d35-d5726ad290f1), after_create {{(pid=90350) _notify_loop /opt/stack/data/venv/lib/python3.12/site-packages/neutron_lib/callbacks/manager.py:184}}
Jun 25 12:54:13.411970 np0000003605 devstack@neutron-api.service[90350]: DEBUG neutron.api.rpc.handlers.resources_rpc [None req-3eaedd02-b784-47eb-9e77-72b3c3692936 admin admin] Pushing event updated for resources: {'Port': ['ID=863e5e34-fc33-41b9-9d35-d5726ad290f1,revision_number=1']} {{(pid=90350) push /opt/stack/neutron/neutron/api/rpc/handlers/resources_rpc.py:237}}
Jun 25 12:54:13.451076 np0000003605 devstack@neutron-api.service[90350]: DEBUG neutron.plugins.ml2.drivers.ovn.mech_driver.ovsdb.commands [None req-3eaedd02-b784-47eb-9e77-72b3c3692936 admin admin] Converting tag [] to a tag_request {{(pid=90350) _tag_column_to_tag_request /opt/stack/neutron/neutron/plugins/ml2/drivers/ovn/mech_driver/ovsdb/commands.py:205}}
Jun 25 12:54:13.451647 np0000003605 devstack@neutron-api.service[90350]: DEBUG ovsdbapp.backend.ovs_idl.transaction [-] Running txn n=1 command(idx=0): AddLSwitchPortCommand(_result=None, lport=863e5e34-fc33-41b9-9d35-d5726ad290f1, lswitch=neutron-190a07db-50ae-43f3-9f5f-173230a450ce, may_exist=True, network_uuid=190a07db-50ae-43f3-9f5f-173230a450ce, columns={'addresses': ['unknown'], 'external_ids': {'neutron:port_name': '', 'neutron:device_id': '9b469acd-1fd1-42dd-867c-445396a9733e', 'neutron:project_id': '', 'neutron:cidrs': '172.24.5.194/24', 'neutron:device_owner': 'network:router_gateway', 'neutron:subnet_pool_addr_scope4': '', 'neutron:subnet_pool_addr_scope6': '', 'neutron:network_name': 'neutron-190a07db-50ae-43f3-9f5f-173230a450ce', 'neutron:security_group_ids': '', 'neutron:revision_number': '1', 'neutron:vnic_type': 'normal', 'neutron:port_capabilities': '', 'neutron:mtu': ''}, 'parent_name': [], 'enabled': True, 'options': {}, 'type': '', 'port_security': [], 'dhcpv4_options': [], 'dhcpv6_options': [], 'tag_request': []}) {{(pid=90350) do_commit /opt/stack/data/venv/lib/python3.12/site-packages/ovsdbapp/backend/ovs_idl/transaction.py:89}}
Jun 25 12:54:13.452105 np0000003605 devstack@neutron-api.service[90350]: DEBUG ovsdbapp.backend.ovs_idl.transaction [-] Running txn n=1 command(idx=1): QoSDelCommand(_result=None, switch=neutron-190a07db-50ae-43f3-9f5f-173230a450ce, conditions=[('direction', '=', 'to-lport'), ('priority', '=', 2002), ('match', '=', 'outport == "863e5e34-fc33-41b9-9d35-d5726ad290f1"')], if_exists=True) {{(pid=90350) do_commit /opt/stack/data/venv/lib/python3.12/site-packages/ovsdbapp/backend/ovs_idl/transaction.py:89}}
Jun 25 12:54:13.452284 np0000003605 devstack@neutron-api.service[90350]: DEBUG ovsdbapp.backend.ovs_idl.transaction [-] Running txn n=1 command(idx=2): QoSDelCommand(_result=None, switch=neutron-190a07db-50ae-43f3-9f5f-173230a450ce, conditions=[('direction', '=', 'from-lport'), ('priority', '=', 2002), ('match', '=', 'inport == "863e5e34-fc33-41b9-9d35-d5726ad290f1"')], if_exists=True) {{(pid=90350) do_commit /opt/stack/data/venv/lib/python3.12/site-packages/ovsdbapp/backend/ovs_idl/transaction.py:89}}
Jun 25 12:54:13.452430 np0000003605 devstack@neutron-api.service[90350]: DEBUG ovsdbapp.backend.ovs_idl.transaction [-] Running txn n=1 command(idx=3): UpdateLSwitchPortQosOptionsCommand(_result=None, lport=AddLSwitchPortCommand(_result=fb6add1b-0cc7-49d6-80c5-ba8f7d95f92b, lport=863e5e34-fc33-41b9-9d35-d5726ad290f1, lswitch=neutron-190a07db-50ae-43f3-9f5f-173230a450ce, may_exist=True, network_uuid=190a07db-50ae-43f3-9f5f-173230a450ce, columns={'addresses': ['unknown'], 'external_ids': {'neutron:port_name': '', 'neutron:device_id': '9b469acd-1fd1-42dd-867c-445396a9733e', 'neutron:project_id': '', 'neutron:cidrs': '172.24.5.194/24', 'neutron:device_owner': 'network:router_gateway', 'neutron:subnet_pool_addr_scope4': '', 'neutron:subnet_pool_addr_scope6': '', 'neutron:network_name': 'neutron-190a07db-50ae-43f3-9f5f-173230a450ce', 'neutron:security_group_ids': '', 'neutron:revision_number': '1', 'neutron:vnic_type': 'normal', 'neutron:port_capabilities': '', 'neutron:mtu': ''}, 'parent_name': [], 'enabled': True, 'options': {}, 'type': '', 'port_security': [], 'tag_request': []}), if_exists=True, qos={'qos_max_rate': None, 'qos_burst': None, 'qos_min_rate': None}) {{(pid=90350) do_commit /opt/stack/data/venv/lib/python3.12/site-packages/ovsdbapp/backend/ovs_idl/transaction.py:89}}
Jun 25 12:54:13.456287 np0000003605 devstack@neutron-api.service[90350]: DEBUG neutron.plugins.ml2.drivers.ovn.mech_driver.ovsdb.ovsdb_monitor [-] Hash Ring: Node ab1017211e245740955d59a9090cb3ab (host: np0000003605) handling event "update" for row 190a07db-50ae-43f3-9f5f-173230a450ce (table: Logical_Switch) {{(pid=90350) notify /opt/stack/neutron/neutron/plugins/ml2/drivers/ovn/mech_driver/ovsdb/ovsdb_monitor.py:1015}}
Jun 25 12:54:13.458437 np0000003605 devstack@neutron-api.service[90351]: DEBUG neutron.plugins.ml2.drivers.ovn.mech_driver.ovsdb.ovsdb_monitor [None req-7868cdad-257c-47ff-8ee0-897c5940aa8f None None] Touching Hash Ring node "8a54acec208c56018f3446df75973b7d" from IDL notify handler {{(pid=90351) notify /opt/stack/neutron/neutron/plugins/ml2/drivers/ovn/mech_driver/ovsdb/ovsdb_monitor.py:1007}}
Jun 25 12:54:13.460463 np0000003605 devstack@neutron-api.service[90351]: DEBUG neutron.plugins.ml2.drivers.ovn.mech_driver.ovsdb.ovsdb_monitor [None req-bc8c93d8-8541-49f1-92b7-8bf57598aa3d None None] Touching Hash Ring node "8a54acec208c56018f3446df75973b7d" from IDL notify handler {{(pid=90351) notify /opt/stack/neutron/neutron/plugins/ml2/drivers/ovn/mech_driver/ovsdb/ovsdb_monitor.py:1007}}
Jun 25 12:54:13.467099 np0000003605 devstack@neutron-api.service[90351]: DEBUG neutron.plugins.ml2.drivers.ovn.mech_driver.ovsdb.ovsdb_monitor [None req-7868cdad-257c-47ff-8ee0-897c5940aa8f None None] Hash Ring: Node 8a54acec208c56018f3446df75973b7d (host: np0000003605) handling event "create" for row 1c6e06c2-1f7b-4c3a-83b1-6a128a01432d (table: Port_Binding) {{(pid=90351) notify /opt/stack/neutron/neutron/plugins/ml2/drivers/ovn/mech_driver/ovsdb/ovsdb_monitor.py:1015}}
Jun 25 12:54:13.467773 np0000003605 devstack@neutron-api.service[90351]: DEBUG neutron.plugins.ml2.drivers.ovn.mech_driver.ovsdb.ovsdb_monitor [None req-bc8c93d8-8541-49f1-92b7-8bf57598aa3d None None] Hash Ring: Node 8a54acec208c56018f3446df75973b7d (host: np0000003605) handling event "update" for row 190a07db-50ae-43f3-9f5f-173230a450ce (table: Logical_Switch) {{(pid=90351) notify /opt/stack/neutron/neutron/plugins/ml2/drivers/ovn/mech_driver/ovsdb/ovsdb_monitor.py:1015}}
Jun 25 12:54:13.468905 np0000003605 devstack@neutron-api.service[90351]: DEBUG neutron.plugins.ml2.drivers.ovn.mech_driver.ovsdb.ovsdb_monitor [None req-bc8c93d8-8541-49f1-92b7-8bf57598aa3d None None] Touching Hash Ring node "8a54acec208c56018f3446df75973b7d" from IDL notify handler {{(pid=90351) notify /opt/stack/neutron/neutron/plugins/ml2/drivers/ovn/mech_driver/ovsdb/ovsdb_monitor.py:1007}}
Jun 25 12:54:13.470911 np0000003605 devstack@neutron-api.service[90351]: DEBUG neutron.plugins.ml2.drivers.ovn.mech_driver.ovsdb.ovsdb_monitor [None req-bc8c93d8-8541-49f1-92b7-8bf57598aa3d None None] Hash Ring: Node 8a54acec208c56018f3446df75973b7d (host: np0000003605) handling event "create" for row 904e7304-878b-4ee2-a809-583546d3361c (table: Logical_Switch_Port) {{(pid=90351) notify /opt/stack/neutron/neutron/plugins/ml2/drivers/ovn/mech_driver/ovsdb/ovsdb_monitor.py:1015}}
Jun 25 12:54:13.471777 np0000003605 devstack@neutron-api.service[90351]: DEBUG ovsdbapp.backend.ovs_idl.event [None req-bc8c93d8-8541-49f1-92b7-8bf57598aa3d None None] Matched CREATE: LogicalSwitchPortCreateEvent(events=('create',), table='Logical_Switch_Port', conditions=[], old_conditions=None), priority=20 to row=Logical_Switch_Port(uuid=904e7304-878b-4ee2-a809-583546d3361c, addresses=['unknown'], dhcpv4_options=[], dhcpv6_options=[], dynamic_addresses=[], enabled=True, external_ids={'neutron:cidrs': '172.24.5.194/24', 'neutron:device_id': '9b469acd-1fd1-42dd-867c-445396a9733e', 'neutron:device_owner': 'network:router_gateway', 'neutron:mtu': '', 'neutron:network_name': 'neutron-190a07db-50ae-43f3-9f5f-173230a450ce', 'neutron:port_capabilities': '', 'neutron:port_name': '', 'neutron:project_id': '', 'neutron:revision_number': '1', 'neutron:security_group_ids': '', 'neutron:subnet_pool_addr_scope4': '', 'neutron:subnet_pool_addr_scope6': '', 'neutron:vnic_type': 'normal'}, ha_chassis_group=[], mirror_rules=[], name='863e5e34-fc33-41b9-9d35-d5726ad290f1', options={}, parent_name=[], port_security=[], tag=[], tag_request=[], type='', up=[]) old= {{(pid=90351) matches /opt/stack/data/venv/lib/python3.12/site-packages/ovsdbapp/backend/ovs_idl/event.py:55}}
Jun 25 12:54:13.473019 np0000003605 devstack@neutron-api.service[90351]: DEBUG neutron.plugins.ml2.drivers.ovn.mech_driver.ovsdb.ovsdb_monitor [None req-bc8c93d8-8541-49f1-92b7-8bf57598aa3d None None] Touching Hash Ring node "8a54acec208c56018f3446df75973b7d" from IDL notify handler {{(pid=90351) notify /opt/stack/neutron/neutron/plugins/ml2/drivers/ovn/mech_driver/ovsdb/ovsdb_monitor.py:1007}}
Jun 25 12:54:13.474858 np0000003605 devstack@neutron-api.service[90351]: DEBUG neutron.plugins.ml2.drivers.ovn.mech_driver.ovsdb.ovsdb_monitor [None req-bc8c93d8-8541-49f1-92b7-8bf57598aa3d None None] Hash Ring: Node 8a54acec208c56018f3446df75973b7d (host: np0000003605) handling event "update" for row 904e7304-878b-4ee2-a809-583546d3361c (table: Logical_Switch_Port) {{(pid=90351) notify /opt/stack/neutron/neutron/plugins/ml2/drivers/ovn/mech_driver/ovsdb/ovsdb_monitor.py:1015}}
Jun 25 12:54:13.483559 np0000003605 devstack@neutron-api.service[90350]: INFO neutron.db.ovn_revision_numbers_db [None req-3eaedd02-b784-47eb-9e77-72b3c3692936 admin admin] Successfully bumped revision number for resource 863e5e34-fc33-41b9-9d35-d5726ad290f1 (type: ports) to 1
Jun 25 12:54:13.802010 np0000003605 devstack@neutron-api.service[90350]: DEBUG futurist.periodics [-] Submitting periodic callback 'neutron.plugins.ml2.drivers.ovn.mech_driver.ovsdb.maintenance.HashRingHealthCheckPeriodics.touch_hash_ring_node' {{(pid=90350) _process_scheduled /opt/stack/data/venv/lib/python3.12/site-packages/futurist/periodics.py:784}}
Jun 25 12:54:13.803491 np0000003605 devstack@neutron-api.service[90350]: DEBUG neutron.plugins.ml2.drivers.ovn.mech_driver.ovsdb.maintenance [-] Touching Hash Ring node "ab1017211e245740955d59a9090cb3ab" from periodic health check thread {{(pid=90350) touch_hash_ring_node /opt/stack/neutron/neutron/plugins/ml2/drivers/ovn/mech_driver/ovsdb/maintenance.py:1419}}
Jun 25 12:54:13.809139 np0000003605 devstack@neutron-api.service[90350]: DEBUG neutron_lib.callbacks.manager [None req-3eaedd02-b784-47eb-9e77-72b3c3692936 admin admin] Publish callbacks [] for router_gateway (9b469acd-1fd1-42dd-867c-445396a9733e), after_create {{(pid=90350) _notify_loop /opt/stack/data/venv/lib/python3.12/site-packages/neutron_lib/callbacks/manager.py:184}}
Jun 25 12:54:13.997195 np0000003605 devstack@neutron-api.service[90350]: DEBUG neutron_lib.callbacks.manager [None req-3eaedd02-b784-47eb-9e77-72b3c3692936 admin admin] Publish callbacks ['neutron.services.ovn_l3.plugin.ExtraGatewaysDbOnlyMixin._process_bfd_ecmp_update-673988', 'neutron.services.ovn_l3.service_providers.driver_controller.DriverController._update_router_provider-667156'] for router (9b469acd-1fd1-42dd-867c-445396a9733e), precommit_update {{(pid=90350) _notify_loop /opt/stack/data/venv/lib/python3.12/site-packages/neutron_lib/callbacks/manager.py:184}}
Jun 25 12:54:13.999602 np0000003605 devstack@neutron-api.service[90350]: DEBUG neutron_lib.callbacks.manager [None req-3eaedd02-b784-47eb-9e77-72b3c3692936 admin admin] Publish callbacks ['neutron.services.ovn_l3.service_providers.ovn.OvnDriver._process_router_update-909167'] for router (9b469acd-1fd1-42dd-867c-445396a9733e), after_update {{(pid=90350) _notify_loop /opt/stack/data/venv/lib/python3.12/site-packages/neutron_lib/callbacks/manager.py:184}}
Jun 25 12:54:14.097821 np0000003605 devstack@neutron-api.service[90350]: ERROR ovsdbapp.backend.ovs_idl.command [None req-3eaedd02-b784-47eb-9e77-72b3c3692936 admin admin] Error executing command (DbGetCommand): ovsdbapp.backend.ovs_idl.idlutils.RowNotFound: Cannot find Logical_Router_Port with name=lrp-863e5e34-fc33-41b9-9d35-d5726ad290f1
Jun 25 12:54:14.097821 np0000003605 devstack@neutron-api.service[90350]: ERROR ovsdbapp.backend.ovs_idl.command
Traceback (most recent call last):
Jun 25 12:54:14.097821 np0000003605 devstack@neutron-api.service[90350]: ERROR ovsdbapp.backend.ovs_idl.command
File "/opt/stack/data/venv/lib/python3.12/site-packages/ovsdbapp/backend/ovs_idl/command.py", line 47, in execute
Jun 25 12:54:14.097821 np0000003605 devstack@neutron-api.service[90350]: ERROR ovsdbapp.backend.ovs_idl.command self.run_idl(None)
Jun 25 12:54:14.097821 np0000003605 devstack@neutron-api.service[90350]: ERROR ovsdbapp.backend.ovs_idl.command
File "/opt/stack/data/venv/lib/python3.12/site-packages/ovsdbapp/backend/ovs_idl/command.py", line 235, in run_idl
Jun 25 12:54:14.097821 np0000003605 devstack@neutron-api.service[90350]: ERROR ovsdbapp.backend.ovs_idl.command record = self.api.lookup(self.table, self.record)
Jun 25 12:54:14.097821 np0000003605 devstack@neutron-api.service[90350]: ERROR ovsdbapp.backend.ovs_idl.command ^^^^^^^^^^^^^^^^^^^^^^^^^^^^^^^^^^^^^^^^
Jun 25 12:54:14.097821 np0000003605 devstack@neutron-api.service[90350]: ERROR ovsdbapp.backend.ovs_idl.command
File "/opt/stack/data/venv/lib/python3.12/site-packages/ovsdbapp/backend/ovs_idl/__init__.py", line 184, in lookup
Jun 25 12:54:14.097821 np0000003605 devstack@neutron-api.service[90350]: ERROR ovsdbapp.backend.ovs_idl.command return self._lookup(table, record)
Jun 25 12:54:14.097821 np0000003605 devstack@neutron-api.service[90350]: ERROR ovsdbapp.backend.ovs_idl.command ^^^^^^^^^^^^^^^^^^^^^^^^^^^
Jun 25 12:54:14.097821 np0000003605 devstack@neutron-api.service[90350]: ERROR ovsdbapp.backend.ovs_idl.command
File "/opt/stack/data/venv/lib/python3.12/site-packages/ovsdbapp/backend/ovs_idl/__init__.py", line 235, in _lookup
Jun 25 12:54:14.097821 np0000003605 devstack@neutron-api.service[90350]: ERROR ovsdbapp.backend.ovs_idl.command row = idlutils.row_by_value(self, rl.table, rl.column, record)
Jun 25 12:54:14.097821 np0000003605 devstack@neutron-api.service[90350]: ERROR ovsdbapp.backend.ovs_idl.command ^^^^^^^^^^^^^^^^^^^^^^^^^^^^^^^^^^^^^^^^^^^^^^^^^^^^^^^^
Jun 25 12:54:14.097821 np0000003605 devstack@neutron-api.service[90350]: ERROR ovsdbapp.backend.ovs_idl.command
File "/opt/stack/data/venv/lib/python3.12/site-packages/ovsdbapp/backend/ovs_idl/idlutils.py", line 116, in row_by_value
Jun 25 12:54:14.097821 np0000003605 devstack@neutron-api.service[90350]: ERROR ovsdbapp.backend.ovs_idl.command raise RowNotFound(table=table, col=column, match=match)
Jun 25 12:54:14.097821 np0000003605 devstack@neutron-api.service[90350]: ERROR ovsdbapp.backend.ovs_idl.command ovsdbapp.backend.ovs_idl.idlutils.RowNotFound: Cannot find Logical_Router_Port with name=lrp-863e5e34-fc33-41b9-9d35-d5726ad290f1
Jun 25 12:54:14.097821 np0000003605 devstack@neutron-api.service[90350]: ERROR ovsdbapp.backend.ovs_idl.command
Jun 25 12:54:14.267905 np0000003605 devstack@neutron-api.service[90350]: DEBUG ovsdbapp.backend.ovs_idl.transaction [-] Running txn n=1 command(idx=0): CheckRevisionNumberCommand(_result=None, name=neutron-9b469acd-1fd1-42dd-867c-445396a9733e, resource={'id': '9b469acd-1fd1-42dd-867c-445396a9733e', 'name': 'router1', 'project_id': 'b089ce726f5243f18879f31368c6d2d2', 'admin_state_up': True, 'status': 'ACTIVE', 'enable_snat': True, 'external_gateway_info': {'network_id': '190a07db-50ae-43f3-9f5f-173230a450ce', 'external_fixed_ips': [{'subnet_id': '4f5ce893-5bee-4edd-a1c3-75e2c6a0397d', 'ip_address': '172.24.5.194'}], 'enable_snat': True}, 'gw_port_id': '863e5e34-fc33-41b9-9d35-d5726ad290f1', 'description': '', 'availability_zones': [], 'distributed': False, 'ha': True, 'ha_vr_id': 0, 'availability_zone_hints': [], 'enable_default_route_ecmp': False, 'enable_default_route_bfd': False, 'external_gateways': [{'network_id': '190a07db-50ae-43f3-9f5f-173230a450ce', 'external_fixed_ips': [{'ip_address': '172.24.5.194', 'subnet_id': '4f5ce893-5bee-4edd-a1c3-75e2c6a0397d'}]}], 'routes': [], 'flavor_id': None, 'tags': [], 'created_at': '2026-06-25T12:54:09Z', 'updated_at': '2026-06-25T12:54:13Z', 'revision_number': 3, 'tenant_id': 'b089ce726f5243f18879f31368c6d2d2'}, resource_type=routers, if_exists=True) {{(pid=90350) do_commit /opt/stack/data/venv/lib/python3.12/site-packages/ovsdbapp/backend/ovs_idl/transaction.py:89}}
Jun 25 12:54:14.268405 np0000003605 devstack@neutron-api.service[90350]: DEBUG ovsdbapp.backend.ovs_idl.transaction [-] Running txn n=1 command(idx=1): DeleteLRouterExtGwCommand(_result=None, lrouter=neutron-9b469acd-1fd1-42dd-867c-445396a9733e, if_exists=True, maintain_bfd=True) {{(pid=90350) do_commit /opt/stack/data/venv/lib/python3.12/site-packages/ovsdbapp/backend/ovs_idl/transaction.py:89}}
Jun 25 12:54:14.268620 np0000003605 devstack@neutron-api.service[90350]: DEBUG ovsdbapp.backend.ovs_idl.transaction [-] Running txn n=1 command(idx=2): DeleteNATRuleInLRouterCommand(_result=None, lrouter=neutron-9b469acd-1fd1-42dd-867c-445396a9733e, type=snat, logical_ip=0.0.0.0/0, external_ip=172.24.5.194, if_exists=True) {{(pid=90350) do_commit /opt/stack/data/venv/lib/python3.12/site-packages/ovsdbapp/backend/ovs_idl/transaction.py:89}}
Jun 25 12:54:14.268978 np0000003605 devstack@neutron-api.service[90350]: DEBUG ovsdbapp.backend.ovs_idl.transaction [-] Running txn n=1 command(idx=3): DelStaticRoutesCommand(_result=None, lrouter=neutron-9b469acd-1fd1-42dd-867c-445396a9733e, routes=[('0.0.0.0/0', '172.24.5.1')], if_exists=True) {{(pid=90350) do_commit /opt/stack/data/venv/lib/python3.12/site-packages/ovsdbapp/backend/ovs_idl/transaction.py:89}}
Jun 25 12:54:14.269148 np0000003605 devstack@neutron-api.service[90350]: DEBUG ovsdbapp.backend.ovs_idl.transaction [-] Running txn n=1 command(idx=4): DelLRouterPortCommand(_result=None, name=lrp-863e5e34-fc33-41b9-9d35-d5726ad290f1, lrouter=neutron-9b469acd-1fd1-42dd-867c-445396a9733e, if_exists=True) {{(pid=90350) do_commit /opt/stack/data/venv/lib/python3.12/site-packages/ovsdbapp/backend/ovs_idl/transaction.py:89}}
Jun 25 12:54:14.269286 np0000003605 devstack@neutron-api.service[90350]: DEBUG ovsdbapp.backend.ovs_idl.transaction [-] Running txn n=1 command(idx=5): AddLRouterPortCommand(_result=None, name=lrp-863e5e34-fc33-41b9-9d35-d5726ad290f1, lrouter=neutron-9b469acd-1fd1-42dd-867c-445396a9733e, may_exist=True, columns={'mac': 'fa:16:3e:ef:d5:20', 'networks': ['172.24.5.194/24'], 'external_ids': {'neutron:revision_number': '1', 'neutron:subnet_ids': '4f5ce893-5bee-4edd-a1c3-75e2c6a0397d', 'neutron:network_name': 'neutron-190a07db-50ae-43f3-9f5f-173230a450ce', 'neutron:is_ext_gw': 'True', 'neutron:router_name': 'neutron-9b469acd-1fd1-42dd-867c-445396a9733e'}, 'options': {'reside-on-redirect-chassis': 'true', 'gateway_mtu': '1372'}}) {{(pid=90350) do_commit /opt/stack/data/venv/lib/python3.12/site-packages/ovsdbapp/backend/ovs_idl/transaction.py:89}}
Jun 25 12:54:14.269695 np0000003605 devstack@neutron-api.service[90350]: DEBUG ovsdbapp.backend.ovs_idl.transaction [-] Running txn n=1 command(idx=6): ScheduleNewGatewayCommand(_result=None, g_name=lrp-863e5e34-fc33-41b9-9d35-d5726ad290f1, sb_api=, lrouter_name=neutron-9b469acd-1fd1-42dd-867c-445396a9733e, ovn_client=, scheduler=, physnet=public, az_hints=[]) {{(pid=90350) do_commit /opt/stack/data/venv/lib/python3.12/site-packages/ovsdbapp/backend/ovs_idl/transaction.py:89}}
Jun 25 12:54:14.270131 np0000003605 devstack@neutron-api.service[90350]: DEBUG neutron.plugins.ml2.drivers.ovn.mech_driver.ovsdb.ovn_client [-] Chassis candidates for scheduling gateway router ports for "public" physical network: ['777940b2-f212-417b-8194-d2dab7b8bd76'] {{(pid=90350) get_candidates_for_scheduling /opt/stack/neutron/neutron/plugins/ml2/drivers/ovn/mech_driver/ovsdb/ovn_client.py:1759}}
Jun 25 12:54:14.270467 np0000003605 devstack@neutron-api.service[90350]: DEBUG neutron.scheduler.l3_ovn_scheduler [-] Gateway lrp-863e5e34-fc33-41b9-9d35-d5726ad290f1 scheduled on chassis ['777940b2-f212-417b-8194-d2dab7b8bd76'] {{(pid=90350) _schedule_gateway /opt/stack/neutron/neutron/scheduler/l3_ovn_scheduler.py:88}}
Jun 25 12:54:14.270851 np0000003605 devstack@neutron-api.service[90350]: DEBUG ovsdbapp.backend.ovs_idl.transaction [-] Running txn n=1 command(idx=7): SetLRouterPortInLSwitchPortCommand(_result=None, lswitch_port=863e5e34-fc33-41b9-9d35-d5726ad290f1, lrouter_port=lrp-863e5e34-fc33-41b9-9d35-d5726ad290f1, is_gw_port=True, if_exists=True, lsp_address=router) {{(pid=90350) do_commit /opt/stack/data/venv/lib/python3.12/site-packages/ovsdbapp/backend/ovs_idl/transaction.py:89}}
Jun 25 12:54:14.271035 np0000003605 devstack@neutron-api.service[90350]: DEBUG ovsdbapp.backend.ovs_idl.transaction [-] Running txn n=1 command(idx=8): AddStaticRouteCommand(_result=None, lrouter=neutron-9b469acd-1fd1-42dd-867c-445396a9733e, maintain_bfd=False, columns={'ip_prefix': '0.0.0.0/0', 'nexthop': '172.24.5.1', 'external_ids': {'neutron:is_ext_gw': 'true', 'neutron:subnet_id': '4f5ce893-5bee-4edd-a1c3-75e2c6a0397d', 'neutron:is_static_route': 'true'}}) {{(pid=90350) do_commit /opt/stack/data/venv/lib/python3.12/site-packages/ovsdbapp/backend/ovs_idl/transaction.py:89}}
Jun 25 12:54:14.271196 np0000003605 devstack@neutron-api.service[90350]: DEBUG ovsdbapp.backend.ovs_idl.transaction [-] Running txn n=1 command(idx=9): AddNATRuleInLRouterCommand(_result=None, lrouter=neutron-9b469acd-1fd1-42dd-867c-445396a9733e, nat_uuid=None, columns={'type': 'snat', 'logical_ip': '0.0.0.0/0', 'external_ip': '172.24.5.194'}) {{(pid=90350) do_commit /opt/stack/data/venv/lib/python3.12/site-packages/ovsdbapp/backend/ovs_idl/transaction.py:89}}
Jun 25 12:54:14.271348 np0000003605 devstack@neutron-api.service[90350]: DEBUG ovsdbapp.backend.ovs_idl.transaction [-] Running txn n=1 command(idx=10): UpdateLRouterCommand(_result=None, name=neutron-9b469acd-1fd1-42dd-867c-445396a9733e, columns={'external_ids': {'neutron:router_name': 'router1', 'neutron:revision_number': '3', 'neutron:availability_zone_hints': ''}, 'enabled': True}, if_exists=True) {{(pid=90350) do_commit /opt/stack/data/venv/lib/python3.12/site-packages/ovsdbapp/backend/ovs_idl/transaction.py:89}}
Jun 25 12:54:14.271502 np0000003605 devstack@neutron-api.service[90350]: DEBUG ovsdbapp.backend.ovs_idl.transaction [-] Running txn n=1 command(idx=11): QoSDelCommand(_result=None, switch=neutron-190a07db-50ae-43f3-9f5f-173230a450ce, conditions=[('direction', '=', 'from-lport'), ('priority', '=', 2002), ('match', '=', 'inport == "863e5e34-fc33-41b9-9d35-d5726ad290f1"')], if_exists=True) {{(pid=90350) do_commit /opt/stack/data/venv/lib/python3.12/site-packages/ovsdbapp/backend/ovs_idl/transaction.py:89}}
Jun 25 12:54:14.271648 np0000003605 devstack@neutron-api.service[90350]: DEBUG ovsdbapp.backend.ovs_idl.transaction [-] Running txn n=1 command(idx=12): QoSDelCommand(_result=None, switch=neutron-190a07db-50ae-43f3-9f5f-173230a450ce, conditions=[('direction', '=', 'to-lport'), ('priority', '=', 2002), ('match', '=', 'outport == "863e5e34-fc33-41b9-9d35-d5726ad290f1"')], if_exists=True) {{(pid=90350) do_commit /opt/stack/data/venv/lib/python3.12/site-packages/ovsdbapp/backend/ovs_idl/transaction.py:89}}
Jun 25 12:54:14.279572 np0000003605 devstack@neutron-api.service[90352]: DEBUG neutron.plugins.ml2.drivers.ovn.mech_driver.ovsdb.ovsdb_monitor [None req-7b0c85dd-965c-4426-a3f9-06a8f5dc84fb None None] Touching Hash Ring node "7976462c61ec5af280a6b89cb13abe27" from IDL notify handler {{(pid=90352) notify /opt/stack/neutron/neutron/plugins/ml2/drivers/ovn/mech_driver/ovsdb/ovsdb_monitor.py:1007}}
Jun 25 12:54:14.280280 np0000003605 devstack@neutron-api.service[90350]: DEBUG neutron.plugins.ml2.drivers.ovn.mech_driver.ovsdb.ovsdb_monitor [None req-bd3b4a23-dbbb-47a3-b2a4-fde55812b30f None None] Touching Hash Ring node "ab1017211e245740955d59a9090cb3ab" from IDL notify handler {{(pid=90350) notify /opt/stack/neutron/neutron/plugins/ml2/drivers/ovn/mech_driver/ovsdb/ovsdb_monitor.py:1007}}
Jun 25 12:54:14.282536 np0000003605 devstack@neutron-api.service[90351]: DEBUG neutron.plugins.ml2.drivers.ovn.mech_driver.ovsdb.ovsdb_monitor [None req-bc8c93d8-8541-49f1-92b7-8bf57598aa3d None None] Touching Hash Ring node "8a54acec208c56018f3446df75973b7d" from IDL notify handler {{(pid=90351) notify /opt/stack/neutron/neutron/plugins/ml2/drivers/ovn/mech_driver/ovsdb/ovsdb_monitor.py:1007}}
Jun 25 12:54:14.285062 np0000003605 devstack@neutron-api.service[90350]: DEBUG neutron.plugins.ml2.drivers.ovn.mech_driver.ovsdb.ovsdb_monitor [None req-22d696ed-7f49-4565-8373-b7adb39eca2e None None] Touching Hash Ring node "ab1017211e245740955d59a9090cb3ab" from IDL notify handler {{(pid=90350) notify /opt/stack/neutron/neutron/plugins/ml2/drivers/ovn/mech_driver/ovsdb/ovsdb_monitor.py:1007}}
Jun 25 12:54:14.285210 np0000003605 devstack@neutron-api.service[90351]: DEBUG neutron.plugins.ml2.drivers.ovn.mech_driver.ovsdb.ovsdb_monitor [None req-7868cdad-257c-47ff-8ee0-897c5940aa8f None None] Touching Hash Ring node "8a54acec208c56018f3446df75973b7d" from IDL notify handler {{(pid=90351) notify /opt/stack/neutron/neutron/plugins/ml2/drivers/ovn/mech_driver/ovsdb/ovsdb_monitor.py:1007}}
Jun 25 12:54:14.286867 np0000003605 devstack@neutron-api.service[90352]: DEBUG neutron.plugins.ml2.drivers.ovn.mech_driver.ovsdb.ovsdb_monitor [None req-638628bc-49f2-43e9-8907-92da6bba85dd None None] Touching Hash Ring node "7976462c61ec5af280a6b89cb13abe27" from IDL notify handler {{(pid=90352) notify /opt/stack/neutron/neutron/plugins/ml2/drivers/ovn/mech_driver/ovsdb/ovsdb_monitor.py:1007}}
Jun 25 12:54:14.290456 np0000003605 devstack@neutron-api.service[90350]: DEBUG neutron.plugins.ml2.drivers.ovn.mech_driver.ovsdb.ovsdb_monitor [None req-bd3b4a23-dbbb-47a3-b2a4-fde55812b30f None None] Hash Ring: Node ab1017211e245740955d59a9090cb3ab (host: np0000003605) handling event "create" for row 3745037e-3cfa-4bb3-b028-ea95ec5ccbdd (table: HA_Chassis_Group) {{(pid=90350) notify /opt/stack/neutron/neutron/plugins/ml2/drivers/ovn/mech_driver/ovsdb/ovsdb_monitor.py:1015}}
Jun 25 12:54:14.291534 np0000003605 devstack@neutron-api.service[90350]: DEBUG neutron.plugins.ml2.drivers.ovn.mech_driver.ovsdb.ovsdb_monitor [None req-bd3b4a23-dbbb-47a3-b2a4-fde55812b30f None None] Touching Hash Ring node "ab1017211e245740955d59a9090cb3ab" from IDL notify handler {{(pid=90350) notify /opt/stack/neutron/neutron/plugins/ml2/drivers/ovn/mech_driver/ovsdb/ovsdb_monitor.py:1007}}
Jun 25 12:54:14.292834 np0000003605 devstack@neutron-api.service[90352]: DEBUG neutron.plugins.ml2.drivers.ovn.mech_driver.ovsdb.ovsdb_monitor [None req-638628bc-49f2-43e9-8907-92da6bba85dd None None] Hash Ring: Node 7976462c61ec5af280a6b89cb13abe27 (host: np0000003605) handling event "create" for row 0affea6a-b5e2-45ea-b18b-0f85a1a270b8 (table: Port_Binding) {{(pid=90352) notify /opt/stack/neutron/neutron/plugins/ml2/drivers/ovn/mech_driver/ovsdb/ovsdb_monitor.py:1015}}
Jun 25 12:54:14.293976 np0000003605 devstack@neutron-api.service[90352]: DEBUG neutron.plugins.ml2.drivers.ovn.mech_driver.ovsdb.ovsdb_monitor [None req-7b0c85dd-965c-4426-a3f9-06a8f5dc84fb None None] Hash Ring: Node 7976462c61ec5af280a6b89cb13abe27 (host: np0000003605) handling event "create" for row a4c63de9-5d2e-4487-91e0-f18869a4a195 (table: HA_Chassis) {{(pid=90352) notify /opt/stack/neutron/neutron/plugins/ml2/drivers/ovn/mech_driver/ovsdb/ovsdb_monitor.py:1015}}
Jun 25 12:54:14.294628 np0000003605 devstack@neutron-api.service[90350]: DEBUG neutron.plugins.ml2.drivers.ovn.mech_driver.ovsdb.ovsdb_monitor [None req-bd3b4a23-dbbb-47a3-b2a4-fde55812b30f None None] Hash Ring: Node ab1017211e245740955d59a9090cb3ab (host: np0000003605) handling event "create" for row 8f0d11a8-bde2-4ecf-99b4-48954da63df0 (table: Logical_Router_Port) {{(pid=90350) notify /opt/stack/neutron/neutron/plugins/ml2/drivers/ovn/mech_driver/ovsdb/ovsdb_monitor.py:1015}}
Jun 25 12:54:14.294747 np0000003605 devstack@neutron-api.service[90351]: DEBUG neutron.plugins.ml2.drivers.ovn.mech_driver.ovsdb.ovsdb_monitor [None req-bc8c93d8-8541-49f1-92b7-8bf57598aa3d None None] Hash Ring: Node 8a54acec208c56018f3446df75973b7d (host: np0000003605) handling event "create" for row a4c63de9-5d2e-4487-91e0-f18869a4a195 (table: HA_Chassis) {{(pid=90351) notify /opt/stack/neutron/neutron/plugins/ml2/drivers/ovn/mech_driver/ovsdb/ovsdb_monitor.py:1015}}
Jun 25 12:54:14.294858 np0000003605 devstack@neutron-api.service[90352]: DEBUG neutron.plugins.ml2.drivers.ovn.mech_driver.ovsdb.ovsdb_monitor [None req-7b0c85dd-965c-4426-a3f9-06a8f5dc84fb None None] Touching Hash Ring node "7976462c61ec5af280a6b89cb13abe27" from IDL notify handler {{(pid=90352) notify /opt/stack/neutron/neutron/plugins/ml2/drivers/ovn/mech_driver/ovsdb/ovsdb_monitor.py:1007}}
Jun 25 12:54:14.295685 np0000003605 devstack@neutron-api.service[90350]: DEBUG ovsdbapp.backend.ovs_idl.event [None req-bd3b4a23-dbbb-47a3-b2a4-fde55812b30f None None] Matched CREATE: LogicalRouterPortEvent(events=('create', 'delete'), table='Logical_Router_Port', conditions=None, old_conditions=None), priority=20 to row=Logical_Router_Port(uuid=8f0d11a8-bde2-4ecf-99b4-48954da63df0, enabled=[], external_ids={'neutron:is_ext_gw': 'True', 'neutron:network_name': 'neutron-190a07db-50ae-43f3-9f5f-173230a450ce', 'neutron:revision_number': '1', 'neutron:router_name': 'neutron-9b469acd-1fd1-42dd-867c-445396a9733e', 'neutron:subnet_ids': '4f5ce893-5bee-4edd-a1c3-75e2c6a0397d'}, gateway_chassis=[], ha_chassis_group=3745037e-3cfa-4bb3-b028-ea95ec5ccbdd, ipv6_prefix=[], ipv6_ra_configs={}, mac='fa:16:3e:ef:d5:20', name='lrp-863e5e34-fc33-41b9-9d35-d5726ad290f1', networks=['172.24.5.194/24'], options={'gateway_mtu': '1372', 'reside-on-redirect-chassis': 'true'}, peer=[], status={}) old= {{(pid=90350) matches /opt/stack/data/venv/lib/python3.12/site-packages/ovsdbapp/backend/ovs_idl/event.py:55}}
Jun 25 12:54:14.296424 np0000003605 devstack@neutron-api.service[90351]: DEBUG neutron.plugins.ml2.drivers.ovn.mech_driver.ovsdb.ovsdb_monitor [None req-bc8c93d8-8541-49f1-92b7-8bf57598aa3d None None] Touching Hash Ring node "8a54acec208c56018f3446df75973b7d" from IDL notify handler {{(pid=90351) notify /opt/stack/neutron/neutron/plugins/ml2/drivers/ovn/mech_driver/ovsdb/ovsdb_monitor.py:1007}}
Jun 25 12:54:14.296961 np0000003605 devstack@neutron-api.service[90352]: DEBUG neutron.plugins.ml2.drivers.ovn.mech_driver.ovsdb.ovsdb_monitor [None req-7b0c85dd-965c-4426-a3f9-06a8f5dc84fb None None] Hash Ring: Node 7976462c61ec5af280a6b89cb13abe27 (host: np0000003605) handling event "create" for row 3745037e-3cfa-4bb3-b028-ea95ec5ccbdd (table: HA_Chassis_Group) {{(pid=90352) notify /opt/stack/neutron/neutron/plugins/ml2/drivers/ovn/mech_driver/ovsdb/ovsdb_monitor.py:1015}}
Jun 25 12:54:14.297090 np0000003605 devstack@neutron-api.service[90350]: DEBUG neutron.plugins.ml2.drivers.ovn.mech_driver.ovsdb.ovsdb_monitor [None req-bd3b4a23-dbbb-47a3-b2a4-fde55812b30f None None] Touching Hash Ring node "ab1017211e245740955d59a9090cb3ab" from IDL notify handler {{(pid=90350) notify /opt/stack/neutron/neutron/plugins/ml2/drivers/ovn/mech_driver/ovsdb/ovsdb_monitor.py:1007}}
Jun 25 12:54:14.297511 np0000003605 devstack@neutron-api.service[90352]: DEBUG neutron.plugins.ml2.drivers.ovn.mech_driver.ovsdb.ovsdb_monitor [None req-7b0c85dd-965c-4426-a3f9-06a8f5dc84fb None None] Touching Hash Ring node "7976462c61ec5af280a6b89cb13abe27" from IDL notify handler {{(pid=90352) notify /opt/stack/neutron/neutron/plugins/ml2/drivers/ovn/mech_driver/ovsdb/ovsdb_monitor.py:1007}}
Jun 25 12:54:14.298651 np0000003605 devstack@neutron-api.service[90351]: DEBUG neutron.plugins.ml2.drivers.ovn.mech_driver.ovsdb.ovsdb_monitor [None req-7868cdad-257c-47ff-8ee0-897c5940aa8f None None] Hash Ring: Node 8a54acec208c56018f3446df75973b7d (host: np0000003605) handling event "create" for row 0affea6a-b5e2-45ea-b18b-0f85a1a270b8 (table: Port_Binding) {{(pid=90351) notify /opt/stack/neutron/neutron/plugins/ml2/drivers/ovn/mech_driver/ovsdb/ovsdb_monitor.py:1015}}
Jun 25 12:54:14.299747 np0000003605 devstack@neutron-api.service[90352]: DEBUG neutron.plugins.ml2.drivers.ovn.mech_driver.ovsdb.ovsdb_monitor [None req-7b0c85dd-965c-4426-a3f9-06a8f5dc84fb None None] Hash Ring: Node 7976462c61ec5af280a6b89cb13abe27 (host: np0000003605) handling event "update" for row 467e3e28-e22b-4fe3-b3a1-df62b669d588 (table: Logical_Router) {{(pid=90352) notify /opt/stack/neutron/neutron/plugins/ml2/drivers/ovn/mech_driver/ovsdb/ovsdb_monitor.py:1015}}
Jun 25 12:54:14.300385 np0000003605 devstack@neutron-api.service[90350]: DEBUG neutron.plugins.ml2.drivers.ovn.mech_driver.ovsdb.ovsdb_monitor [None req-bd3b4a23-dbbb-47a3-b2a4-fde55812b30f None None] Hash Ring: Node ab1017211e245740955d59a9090cb3ab (host: np0000003605) handling event "create" for row 0c141c22-5286-4eb4-8898-a5fb8ad40575 (table: NAT) {{(pid=90350) notify /opt/stack/neutron/neutron/plugins/ml2/drivers/ovn/mech_driver/ovsdb/ovsdb_monitor.py:1015}}
Jun 25 12:54:14.300609 np0000003605 devstack@neutron-api.service[90352]: DEBUG neutron.plugins.ml2.drivers.ovn.mech_driver.ovsdb.ovsdb_monitor [None req-7b0c85dd-965c-4426-a3f9-06a8f5dc84fb None None] Touching Hash Ring node "7976462c61ec5af280a6b89cb13abe27" from IDL notify handler {{(pid=90352) notify /opt/stack/neutron/neutron/plugins/ml2/drivers/ovn/mech_driver/ovsdb/ovsdb_monitor.py:1007}}
Jun 25 12:54:14.300718 np0000003605 devstack@neutron-api.service[90351]: DEBUG neutron.plugins.ml2.drivers.ovn.mech_driver.ovsdb.ovsdb_monitor [None req-7868cdad-257c-47ff-8ee0-897c5940aa8f None None] Touching Hash Ring node "8a54acec208c56018f3446df75973b7d" from IDL notify handler {{(pid=90351) notify /opt/stack/neutron/neutron/plugins/ml2/drivers/ovn/mech_driver/ovsdb/ovsdb_monitor.py:1007}}
Jun 25 12:54:14.301874 np0000003605 devstack@neutron-api.service[90352]: DEBUG neutron.plugins.ml2.drivers.ovn.mech_driver.ovsdb.ovsdb_monitor [None req-7b0c85dd-965c-4426-a3f9-06a8f5dc84fb None None] Hash Ring: Node 7976462c61ec5af280a6b89cb13abe27 (host: np0000003605) handling event "create" for row 8f0d11a8-bde2-4ecf-99b4-48954da63df0 (table: Logical_Router_Port) {{(pid=90352) notify /opt/stack/neutron/neutron/plugins/ml2/drivers/ovn/mech_driver/ovsdb/ovsdb_monitor.py:1015}}
Jun 25 12:54:14.301965 np0000003605 devstack@neutron-api.service[90350]: DEBUG neutron.plugins.ml2.drivers.ovn.mech_driver.ovsdb.ovsdb_monitor [None req-bd3b4a23-dbbb-47a3-b2a4-fde55812b30f None None] Touching Hash Ring node "ab1017211e245740955d59a9090cb3ab" from IDL notify handler {{(pid=90350) notify /opt/stack/neutron/neutron/plugins/ml2/drivers/ovn/mech_driver/ovsdb/ovsdb_monitor.py:1007}}
Jun 25 12:54:14.302054 np0000003605 devstack@neutron-api.service[90351]: DEBUG neutron.plugins.ml2.drivers.ovn.mech_driver.ovsdb.ovsdb_monitor [None req-bc8c93d8-8541-49f1-92b7-8bf57598aa3d None None] Hash Ring: Node 8a54acec208c56018f3446df75973b7d (host: np0000003605) handling event "create" for row 3745037e-3cfa-4bb3-b028-ea95ec5ccbdd (table: HA_Chassis_Group) {{(pid=90351) notify /opt/stack/neutron/neutron/plugins/ml2/drivers/ovn/mech_driver/ovsdb/ovsdb_monitor.py:1015}}
Jun 25 12:54:14.302388 np0000003605 devstack@neutron-api.service[90352]: DEBUG ovsdbapp.backend.ovs_idl.event [None req-7b0c85dd-965c-4426-a3f9-06a8f5dc84fb None None] Matched CREATE: LogicalRouterPortEvent(events=('create', 'delete'), table='Logical_Router_Port', conditions=None, old_conditions=None), priority=20 to row=Logical_Router_Port(uuid=8f0d11a8-bde2-4ecf-99b4-48954da63df0, enabled=[], external_ids={'neutron:is_ext_gw': 'True', 'neutron:network_name': 'neutron-190a07db-50ae-43f3-9f5f-173230a450ce', 'neutron:revision_number': '1', 'neutron:router_name': 'neutron-9b469acd-1fd1-42dd-867c-445396a9733e', 'neutron:subnet_ids': '4f5ce893-5bee-4edd-a1c3-75e2c6a0397d'}, gateway_chassis=[], ha_chassis_group=3745037e-3cfa-4bb3-b028-ea95ec5ccbdd, ipv6_prefix=[], ipv6_ra_configs={}, mac='fa:16:3e:ef:d5:20', name='lrp-863e5e34-fc33-41b9-9d35-d5726ad290f1', networks=['172.24.5.194/24'], options={'gateway_mtu': '1372', 'reside-on-redirect-chassis': 'true'}, peer=[], status={}) old= {{(pid=90352) matches /opt/stack/data/venv/lib/python3.12/site-packages/ovsdbapp/backend/ovs_idl/event.py:55}}
