Jul 04 20:10:00.113319 np0000004520 systemd[1]: Starting devstack@n-api-meta.service - Devstack devstack@n-api-meta.service...
Jul 04 20:10:00.125494 np0000004520 devstack@n-api-meta.service[95764]: [uWSGI] getting INI configuration from /etc/nova/nova-metadata-uwsgi.ini
Jul 04 20:10:00.128219 np0000004520 devstack@n-api-meta.service[95764]: *** Starting uWSGI 2.0.24-debian (64bit) on [Sat Jul 4 20:10:00 2026] ***
Jul 04 20:10:00.128219 np0000004520 devstack@n-api-meta.service[95764]: compiled with version: 13.2.0 on 17 April 2024 16:23:48
Jul 04 20:10:00.128219 np0000004520 devstack@n-api-meta.service[95764]: os: Linux-6.8.0-100-generic #100-Ubuntu SMP PREEMPT_DYNAMIC Tue Jan 13 16:40:06 UTC 2026
Jul 04 20:10:00.128219 np0000004520 devstack@n-api-meta.service[95764]: nodename: np0000004520
Jul 04 20:10:00.128219 np0000004520 devstack@n-api-meta.service[95764]: machine: x86_64
Jul 04 20:10:00.128219 np0000004520 devstack@n-api-meta.service[95764]: clock source: unix
Jul 04 20:10:00.128219 np0000004520 devstack@n-api-meta.service[95764]: pcre jit disabled
Jul 04 20:10:00.128219 np0000004520 devstack@n-api-meta.service[95764]: detected number of CPU cores: 16
Jul 04 20:10:00.128219 np0000004520 devstack@n-api-meta.service[95764]: current working directory: /
Jul 04 20:10:00.128219 np0000004520 devstack@n-api-meta.service[95764]: detected binary path: /usr/bin/uwsgi-core
Jul 04 20:10:00.128468 np0000004520 devstack@n-api-meta.service[95764]: your processes number limit is 257052
Jul 04 20:10:00.128468 np0000004520 devstack@n-api-meta.service[95764]: your memory page size is 4096 bytes
Jul 04 20:10:00.128468 np0000004520 devstack@n-api-meta.service[95764]: detected max file descriptor number: 2048
Jul 04 20:10:00.128468 np0000004520 devstack@n-api-meta.service[95764]: lock engine: pthread robust mutexes
Jul 04 20:10:00.128468 np0000004520 devstack@n-api-meta.service[95764]: thunder lock: enabled
Jul 04 20:10:00.128892 np0000004520 devstack@n-api-meta.service[95764]: uWSGI http bound on 0.0.0.0:8775 fd 5
Jul 04 20:10:00.128934 np0000004520 devstack@n-api-meta.service[95764]: uwsgi socket 0 bound to TCP address 127.0.0.1:44087 (port auto-assigned) fd 4
Jul 04 20:10:00.128961 np0000004520 devstack@n-api-meta.service[95764]: Python version: 3.12.3 (main, Mar 23 2026, 19:04:32) [GCC 13.3.0]
Jul 04 20:10:00.128961 np0000004520 devstack@n-api-meta.service[95764]: PEP 405 virtualenv detected: /opt/stack/data/venv
Jul 04 20:10:00.129008 np0000004520 devstack@n-api-meta.service[95764]: Set PythonHome to /opt/stack/data/venv
Jul 04 20:10:00.167202 np0000004520 devstack@n-api-meta.service[95764]: Python main interpreter initialized at 0x782fcdca3668
Jul 04 20:10:00.167202 np0000004520 devstack@n-api-meta.service[95764]: python threads support enabled
Jul 04 20:10:00.167202 np0000004520 devstack@n-api-meta.service[95764]: your server socket listen backlog is limited to 100 connections
Jul 04 20:10:00.167202 np0000004520 devstack@n-api-meta.service[95764]: your mercy for graceful operations on workers is 80 seconds
Jul 04 20:10:00.167697 np0000004520 devstack@n-api-meta.service[95764]: mapped 671795 bytes (656 KB) for 4 cores
Jul 04 20:10:00.167866 np0000004520 devstack@n-api-meta.service[95764]: *** Operational MODE: preforking ***
Jul 04 20:10:00.168038 np0000004520 devstack@n-api-meta.service[95764]: *** uWSGI is running in multiple interpreter mode ***
Jul 04 20:10:00.168038 np0000004520 devstack@n-api-meta.service[95764]: spawned uWSGI master process (pid: 95764)
Jul 04 20:10:00.168220 np0000004520 systemd[1]: Started devstack@n-api-meta.service - Devstack devstack@n-api-meta.service.
Jul 04 20:10:00.168625 np0000004520 devstack@n-api-meta.service[95764]: spawned uWSGI worker 1 (pid: 95768, cores: 1)
Jul 04 20:10:00.169184 np0000004520 devstack@n-api-meta.service[95764]: spawned uWSGI worker 2 (pid: 95769, cores: 1)
Jul 04 20:10:00.169640 np0000004520 devstack@n-api-meta.service[95764]: spawned uWSGI worker 3 (pid: 95770, cores: 1)
Jul 04 20:10:00.170098 np0000004520 devstack@n-api-meta.service[95764]: spawned uWSGI worker 4 (pid: 95771, cores: 1)
Jul 04 20:10:00.170613 np0000004520 devstack@n-api-meta.service[95764]: spawned uWSGI http 1 (pid: 95772)
Jul 04 20:10:00.170613 np0000004520 devstack@n-api-meta.service[95764]: running "unix_signal:15 gracefully_kill_them_all" (master-start)...
Jul 04 20:10:01.964727 np0000004520 devstack@n-api-meta.service[95769]: INFO dbcounter [None req-bcc510a7-6023-4f22-bfd2-4c172179d0f8 None None] Registered counter for database nova_api
Jul 04 20:10:01.973654 np0000004520 devstack@n-api-meta.service[95768]: INFO dbcounter [None req-d4338993-8324-4481-9010-b06c51ead224 None None] Registered counter for database nova_api
Jul 04 20:10:01.990776 np0000004520 devstack@n-api-meta.service[95770]: INFO dbcounter [None req-3556f153-e2de-488e-b7dd-208ed1ddbae5 None None] Registered counter for database nova_api
Jul 04 20:10:02.007673 np0000004520 devstack@n-api-meta.service[95769]: DEBUG oslo_db.sqlalchemy.engines [None req-bcc510a7-6023-4f22-bfd2-4c172179d0f8 None None] MySQL server mode set to STRICT_TRANS_TABLES,STRICT_ALL_TABLES,NO_ZERO_IN_DATE,NO_ZERO_DATE,ERROR_FOR_DIVISION_BY_ZERO,TRADITIONAL,NO_ENGINE_SUBSTITUTION {{(pid=95769) _check_effective_sql_mode /opt/stack/data/venv/lib/python3.12/site-packages/oslo_db/sqlalchemy/engines.py:325}}
Jul 04 20:10:02.017095 np0000004520 devstack@n-api-meta.service[95768]: DEBUG oslo_db.sqlalchemy.engines [None req-d4338993-8324-4481-9010-b06c51ead224 None None] MySQL server mode set to STRICT_TRANS_TABLES,STRICT_ALL_TABLES,NO_ZERO_IN_DATE,NO_ZERO_DATE,ERROR_FOR_DIVISION_BY_ZERO,TRADITIONAL,NO_ENGINE_SUBSTITUTION {{(pid=95768) _check_effective_sql_mode /opt/stack/data/venv/lib/python3.12/site-packages/oslo_db/sqlalchemy/engines.py:325}}
Jul 04 20:10:02.034654 np0000004520 devstack@n-api-meta.service[95770]: DEBUG oslo_db.sqlalchemy.engines [None req-3556f153-e2de-488e-b7dd-208ed1ddbae5 None None] MySQL server mode set to STRICT_TRANS_TABLES,STRICT_ALL_TABLES,NO_ZERO_IN_DATE,NO_ZERO_DATE,ERROR_FOR_DIVISION_BY_ZERO,TRADITIONAL,NO_ENGINE_SUBSTITUTION {{(pid=95770) _check_effective_sql_mode /opt/stack/data/venv/lib/python3.12/site-packages/oslo_db/sqlalchemy/engines.py:325}}
Jul 04 20:10:02.038963 np0000004520 devstack@n-api-meta.service[95769]: DEBUG dbcounter [-] [95769] Writer thread running {{(pid=95769) stat_writer /opt/stack/data/venv/lib/python3.12/site-packages/dbcounter.py:102}}
Jul 04 20:10:02.041393 np0000004520 devstack@n-api-meta.service[95769]: DEBUG nova.context [None req-bcc510a7-6023-4f22-bfd2-4c172179d0f8 None None] Found 2 cells: 00000000-0000-0000-0000-000000000000(cell0),d78dc3ee-a79c-4de1-a623-1a61121c8595(cell1) {{(pid=95769) load_cells /opt/stack/nova/nova/context.py:509}}
Jul 04 20:10:02.041735 np0000004520 devstack@n-api-meta.service[95769]: INFO nova.utils [None req-bcc510a7-6023-4f22-bfd2-4c172179d0f8 None None] The cell worker thread pool MainProcess.cell_worker is initialized
Jul 04 20:10:02.044093 np0000004520 devstack@n-api-meta.service[95769]: DEBUG oslo_concurrency.lockutils [None req-bcc510a7-6023-4f22-bfd2-4c172179d0f8 None None] Acquiring lock "00000000-0000-0000-0000-000000000000" by "nova.context.set_target_cell..get_or_set_cached_cell_and_set_connections" {{(pid=95769) inner /opt/stack/data/venv/lib/python3.12/site-packages/oslo_concurrency/lockutils.py:511}}
Jul 04 20:10:02.044340 np0000004520 devstack@n-api-meta.service[95769]: DEBUG oslo_concurrency.lockutils [None req-bcc510a7-6023-4f22-bfd2-4c172179d0f8 None None] Lock "00000000-0000-0000-0000-000000000000" acquired by "nova.context.set_target_cell..get_or_set_cached_cell_and_set_connections" :: waited 0.000s {{(pid=95769) inner /opt/stack/data/venv/lib/python3.12/site-packages/oslo_concurrency/lockutils.py:524}}
Jul 04 20:10:02.044784 np0000004520 devstack@n-api-meta.service[95769]: DEBUG oslo_concurrency.lockutils [None req-bcc510a7-6023-4f22-bfd2-4c172179d0f8 None None] Lock "00000000-0000-0000-0000-000000000000" "released" by "nova.context.set_target_cell..get_or_set_cached_cell_and_set_connections" :: held 0.000s {{(pid=95769) inner /opt/stack/data/venv/lib/python3.12/site-packages/oslo_concurrency/lockutils.py:543}}
Jul 04 20:10:02.045585 np0000004520 devstack@n-api-meta.service[95769]: DEBUG oslo_concurrency.lockutils [None req-bcc510a7-6023-4f22-bfd2-4c172179d0f8 None None] Acquiring lock "d78dc3ee-a79c-4de1-a623-1a61121c8595" by "nova.context.set_target_cell..get_or_set_cached_cell_and_set_connections" {{(pid=95769) inner /opt/stack/data/venv/lib/python3.12/site-packages/oslo_concurrency/lockutils.py:511}}
Jul 04 20:10:02.045772 np0000004520 devstack@n-api-meta.service[95769]: DEBUG oslo_concurrency.lockutils [None req-bcc510a7-6023-4f22-bfd2-4c172179d0f8 None None] Lock "d78dc3ee-a79c-4de1-a623-1a61121c8595" acquired by "nova.context.set_target_cell..get_or_set_cached_cell_and_set_connections" :: waited 0.000s {{(pid=95769) inner /opt/stack/data/venv/lib/python3.12/site-packages/oslo_concurrency/lockutils.py:524}}
Jul 04 20:10:02.046559 np0000004520 devstack@n-api-meta.service[95769]: DEBUG oslo_concurrency.lockutils [None req-bcc510a7-6023-4f22-bfd2-4c172179d0f8 None None] Lock "d78dc3ee-a79c-4de1-a623-1a61121c8595" "released" by "nova.context.set_target_cell..get_or_set_cached_cell_and_set_connections" :: held 0.001s {{(pid=95769) inner /opt/stack/data/venv/lib/python3.12/site-packages/oslo_concurrency/lockutils.py:543}}
Jul 04 20:10:02.048828 np0000004520 devstack@n-api-meta.service[95769]: INFO dbcounter [None req-bcc510a7-6023-4f22-bfd2-4c172179d0f8 None None] Registered counter for database nova_cell0
Jul 04 20:10:02.049638 np0000004520 devstack@n-api-meta.service[95768]: DEBUG dbcounter [-] [95768] Writer thread running {{(pid=95768) stat_writer /opt/stack/data/venv/lib/python3.12/site-packages/dbcounter.py:102}}
Jul 04 20:10:02.052040 np0000004520 devstack@n-api-meta.service[95768]: DEBUG nova.context [None req-d4338993-8324-4481-9010-b06c51ead224 None None] Found 2 cells: 00000000-0000-0000-0000-000000000000(cell0),d78dc3ee-a79c-4de1-a623-1a61121c8595(cell1) {{(pid=95768) load_cells /opt/stack/nova/nova/context.py:509}}
Jul 04 20:10:02.052284 np0000004520 devstack@n-api-meta.service[95768]: INFO nova.utils [None req-d4338993-8324-4481-9010-b06c51ead224 None None] The cell worker thread pool MainProcess.cell_worker is initialized
Jul 04 20:10:02.052394 np0000004520 devstack@n-api-meta.service[95769]: INFO dbcounter [None req-bcc510a7-6023-4f22-bfd2-4c172179d0f8 None None] Registered counter for database nova_cell1
Jul 04 20:10:02.054018 np0000004520 devstack@n-api-meta.service[95768]: DEBUG oslo_concurrency.lockutils [None req-d4338993-8324-4481-9010-b06c51ead224 None None] Acquiring lock "00000000-0000-0000-0000-000000000000" by "nova.context.set_target_cell..get_or_set_cached_cell_and_set_connections" {{(pid=95768) inner /opt/stack/data/venv/lib/python3.12/site-packages/oslo_concurrency/lockutils.py:511}}
Jul 04 20:10:02.054183 np0000004520 devstack@n-api-meta.service[95768]: DEBUG oslo_concurrency.lockutils [None req-d4338993-8324-4481-9010-b06c51ead224 None None] Lock "00000000-0000-0000-0000-000000000000" acquired by "nova.context.set_target_cell..get_or_set_cached_cell_and_set_connections" :: waited 0.000s {{(pid=95768) inner /opt/stack/data/venv/lib/python3.12/site-packages/oslo_concurrency/lockutils.py:524}}
Jul 04 20:10:02.054404 np0000004520 devstack@n-api-meta.service[95771]: INFO dbcounter [None req-176d5265-d322-41de-b2a2-547858ebcf1d None None] Registered counter for database nova_api
Jul 04 20:10:02.054692 np0000004520 devstack@n-api-meta.service[95768]: DEBUG oslo_concurrency.lockutils [None req-d4338993-8324-4481-9010-b06c51ead224 None None] Lock "00000000-0000-0000-0000-000000000000" "released" by "nova.context.set_target_cell..get_or_set_cached_cell_and_set_connections" :: held 0.000s {{(pid=95768) inner /opt/stack/data/venv/lib/python3.12/site-packages/oslo_concurrency/lockutils.py:543}}
Jul 04 20:10:02.055156 np0000004520 devstack@n-api-meta.service[95768]: DEBUG oslo_concurrency.lockutils [None req-d4338993-8324-4481-9010-b06c51ead224 None None] Acquiring lock "d78dc3ee-a79c-4de1-a623-1a61121c8595" by "nova.context.set_target_cell..get_or_set_cached_cell_and_set_connections" {{(pid=95768) inner /opt/stack/data/venv/lib/python3.12/site-packages/oslo_concurrency/lockutils.py:511}}
Jul 04 20:10:02.055326 np0000004520 devstack@n-api-meta.service[95768]: DEBUG oslo_concurrency.lockutils [None req-d4338993-8324-4481-9010-b06c51ead224 None None] Lock "d78dc3ee-a79c-4de1-a623-1a61121c8595" acquired by "nova.context.set_target_cell..get_or_set_cached_cell_and_set_connections" :: waited 0.000s {{(pid=95768) inner /opt/stack/data/venv/lib/python3.12/site-packages/oslo_concurrency/lockutils.py:524}}
Jul 04 20:10:02.056173 np0000004520 devstack@n-api-meta.service[95768]: DEBUG oslo_concurrency.lockutils [None req-d4338993-8324-4481-9010-b06c51ead224 None None] Lock "d78dc3ee-a79c-4de1-a623-1a61121c8595" "released" by "nova.context.set_target_cell..get_or_set_cached_cell_and_set_connections" :: held 0.001s {{(pid=95768) inner /opt/stack/data/venv/lib/python3.12/site-packages/oslo_concurrency/lockutils.py:543}}
Jul 04 20:10:02.057502 np0000004520 devstack@n-api-meta.service[95768]: INFO dbcounter [None req-d4338993-8324-4481-9010-b06c51ead224 None None] Registered counter for database nova_cell0
Jul 04 20:10:02.059691 np0000004520 devstack@n-api-meta.service[95768]: INFO dbcounter [None req-d4338993-8324-4481-9010-b06c51ead224 None None] Registered counter for database nova_cell1
Jul 04 20:10:02.069218 np0000004520 devstack@n-api-meta.service[95770]: DEBUG dbcounter [-] [95770] Writer thread running {{(pid=95770) stat_writer /opt/stack/data/venv/lib/python3.12/site-packages/dbcounter.py:102}}
Jul 04 20:10:02.071664 np0000004520 devstack@n-api-meta.service[95770]: DEBUG nova.context [None req-3556f153-e2de-488e-b7dd-208ed1ddbae5 None None] Found 2 cells: 00000000-0000-0000-0000-000000000000(cell0),d78dc3ee-a79c-4de1-a623-1a61121c8595(cell1) {{(pid=95770) load_cells /opt/stack/nova/nova/context.py:509}}
Jul 04 20:10:02.072009 np0000004520 devstack@n-api-meta.service[95770]: INFO nova.utils [None req-3556f153-e2de-488e-b7dd-208ed1ddbae5 None None] The cell worker thread pool MainProcess.cell_worker is initialized
Jul 04 20:10:02.073781 np0000004520 devstack@n-api-meta.service[95770]: DEBUG oslo_concurrency.lockutils [None req-3556f153-e2de-488e-b7dd-208ed1ddbae5 None None] Acquiring lock "00000000-0000-0000-0000-000000000000" by "nova.context.set_target_cell..get_or_set_cached_cell_and_set_connections" {{(pid=95770) inner /opt/stack/data/venv/lib/python3.12/site-packages/oslo_concurrency/lockutils.py:511}}
Jul 04 20:10:02.073941 np0000004520 devstack@n-api-meta.service[95770]: DEBUG oslo_concurrency.lockutils [None req-3556f153-e2de-488e-b7dd-208ed1ddbae5 None None] Lock "00000000-0000-0000-0000-000000000000" acquired by "nova.context.set_target_cell..get_or_set_cached_cell_and_set_connections" :: waited 0.000s {{(pid=95770) inner /opt/stack/data/venv/lib/python3.12/site-packages/oslo_concurrency/lockutils.py:524}}
Jul 04 20:10:02.074321 np0000004520 devstack@n-api-meta.service[95770]: DEBUG oslo_concurrency.lockutils [None req-3556f153-e2de-488e-b7dd-208ed1ddbae5 None None] Lock "00000000-0000-0000-0000-000000000000" "released" by "nova.context.set_target_cell..get_or_set_cached_cell_and_set_connections" :: held 0.000s {{(pid=95770) inner /opt/stack/data/venv/lib/python3.12/site-packages/oslo_concurrency/lockutils.py:543}}
Jul 04 20:10:02.075037 np0000004520 devstack@n-api-meta.service[95770]: DEBUG oslo_concurrency.lockutils [None req-3556f153-e2de-488e-b7dd-208ed1ddbae5 None None] Acquiring lock "d78dc3ee-a79c-4de1-a623-1a61121c8595" by "nova.context.set_target_cell..get_or_set_cached_cell_and_set_connections" {{(pid=95770) inner /opt/stack/data/venv/lib/python3.12/site-packages/oslo_concurrency/lockutils.py:511}}
Jul 04 20:10:02.076486 np0000004520 devstack@n-api-meta.service[95770]: INFO dbcounter [None req-3556f153-e2de-488e-b7dd-208ed1ddbae5 None None] Registered counter for database nova_cell0
Jul 04 20:10:02.077653 np0000004520 devstack@n-api-meta.service[95770]: DEBUG oslo_concurrency.lockutils [None req-3556f153-e2de-488e-b7dd-208ed1ddbae5 None None] Lock "d78dc3ee-a79c-4de1-a623-1a61121c8595" acquired by "nova.context.set_target_cell..get_or_set_cached_cell_and_set_connections" :: waited 0.001s {{(pid=95770) inner /opt/stack/data/venv/lib/python3.12/site-packages/oslo_concurrency/lockutils.py:524}}
Jul 04 20:10:02.078983 np0000004520 devstack@n-api-meta.service[95770]: DEBUG oslo_concurrency.lockutils [None req-3556f153-e2de-488e-b7dd-208ed1ddbae5 None None] Lock "d78dc3ee-a79c-4de1-a623-1a61121c8595" "released" by "nova.context.set_target_cell..get_or_set_cached_cell_and_set_connections" :: held 0.002s {{(pid=95770) inner /opt/stack/data/venv/lib/python3.12/site-packages/oslo_concurrency/lockutils.py:543}}
Jul 04 20:10:02.080553 np0000004520 devstack@n-api-meta.service[95770]: INFO dbcounter [None req-3556f153-e2de-488e-b7dd-208ed1ddbae5 None None] Registered counter for database nova_cell1
Jul 04 20:10:02.102187 np0000004520 devstack@n-api-meta.service[95769]: DEBUG oslo_db.sqlalchemy.engines [None req-bcc510a7-6023-4f22-bfd2-4c172179d0f8 None None] MySQL server mode set to STRICT_TRANS_TABLES,STRICT_ALL_TABLES,NO_ZERO_IN_DATE,NO_ZERO_DATE,ERROR_FOR_DIVISION_BY_ZERO,TRADITIONAL,NO_ENGINE_SUBSTITUTION {{(pid=95769) _check_effective_sql_mode /opt/stack/data/venv/lib/python3.12/site-packages/oslo_db/sqlalchemy/engines.py:325}}
Jul 04 20:10:02.105175 np0000004520 devstack@n-api-meta.service[95771]: DEBUG oslo_db.sqlalchemy.engines [None req-176d5265-d322-41de-b2a2-547858ebcf1d None None] MySQL server mode set to STRICT_TRANS_TABLES,STRICT_ALL_TABLES,NO_ZERO_IN_DATE,NO_ZERO_DATE,ERROR_FOR_DIVISION_BY_ZERO,TRADITIONAL,NO_ENGINE_SUBSTITUTION {{(pid=95771) _check_effective_sql_mode /opt/stack/data/venv/lib/python3.12/site-packages/oslo_db/sqlalchemy/engines.py:325}}
Jul 04 20:10:02.110778 np0000004520 devstack@n-api-meta.service[95768]: DEBUG oslo_db.sqlalchemy.engines [None req-d4338993-8324-4481-9010-b06c51ead224 None None] MySQL server mode set to STRICT_TRANS_TABLES,STRICT_ALL_TABLES,NO_ZERO_IN_DATE,NO_ZERO_DATE,ERROR_FOR_DIVISION_BY_ZERO,TRADITIONAL,NO_ENGINE_SUBSTITUTION {{(pid=95768) _check_effective_sql_mode /opt/stack/data/venv/lib/python3.12/site-packages/oslo_db/sqlalchemy/engines.py:325}}
Jul 04 20:10:02.118535 np0000004520 devstack@n-api-meta.service[95768]: DEBUG oslo_db.sqlalchemy.engines [None req-d4338993-8324-4481-9010-b06c51ead224 None None] MySQL server mode set to STRICT_TRANS_TABLES,STRICT_ALL_TABLES,NO_ZERO_IN_DATE,NO_ZERO_DATE,ERROR_FOR_DIVISION_BY_ZERO,TRADITIONAL,NO_ENGINE_SUBSTITUTION {{(pid=95768) _check_effective_sql_mode /opt/stack/data/venv/lib/python3.12/site-packages/oslo_db/sqlalchemy/engines.py:325}}
Jul 04 20:10:02.131786 np0000004520 devstack@n-api-meta.service[95770]: DEBUG oslo_db.sqlalchemy.engines [None req-3556f153-e2de-488e-b7dd-208ed1ddbae5 None None] MySQL server mode set to STRICT_TRANS_TABLES,STRICT_ALL_TABLES,NO_ZERO_IN_DATE,NO_ZERO_DATE,ERROR_FOR_DIVISION_BY_ZERO,TRADITIONAL,NO_ENGINE_SUBSTITUTION {{(pid=95770) _check_effective_sql_mode /opt/stack/data/venv/lib/python3.12/site-packages/oslo_db/sqlalchemy/engines.py:325}}
Jul 04 20:10:02.134537 np0000004520 devstack@n-api-meta.service[95770]: DEBUG oslo_db.sqlalchemy.engines [None req-3556f153-e2de-488e-b7dd-208ed1ddbae5 None None] MySQL server mode set to STRICT_TRANS_TABLES,STRICT_ALL_TABLES,NO_ZERO_IN_DATE,NO_ZERO_DATE,ERROR_FOR_DIVISION_BY_ZERO,TRADITIONAL,NO_ENGINE_SUBSTITUTION {{(pid=95770) _check_effective_sql_mode /opt/stack/data/venv/lib/python3.12/site-packages/oslo_db/sqlalchemy/engines.py:325}}
Jul 04 20:10:02.138457 np0000004520 devstack@n-api-meta.service[95771]: DEBUG dbcounter [-] [95771] Writer thread running {{(pid=95771) stat_writer /opt/stack/data/venv/lib/python3.12/site-packages/dbcounter.py:102}}
Jul 04 20:10:02.141135 np0000004520 devstack@n-api-meta.service[95771]: DEBUG nova.context [None req-176d5265-d322-41de-b2a2-547858ebcf1d None None] Found 2 cells: 00000000-0000-0000-0000-000000000000(cell0),d78dc3ee-a79c-4de1-a623-1a61121c8595(cell1) {{(pid=95771) load_cells /opt/stack/nova/nova/context.py:509}}
Jul 04 20:10:02.141403 np0000004520 devstack@n-api-meta.service[95771]: INFO nova.utils [None req-176d5265-d322-41de-b2a2-547858ebcf1d None None] The cell worker thread pool MainProcess.cell_worker is initialized
Jul 04 20:10:02.143112 np0000004520 devstack@n-api-meta.service[95771]: DEBUG oslo_concurrency.lockutils [None req-176d5265-d322-41de-b2a2-547858ebcf1d None None] Acquiring lock "00000000-0000-0000-0000-000000000000" by "nova.context.set_target_cell..get_or_set_cached_cell_and_set_connections" {{(pid=95771) inner /opt/stack/data/venv/lib/python3.12/site-packages/oslo_concurrency/lockutils.py:511}}
Jul 04 20:10:02.143301 np0000004520 devstack@n-api-meta.service[95771]: DEBUG oslo_concurrency.lockutils [None req-176d5265-d322-41de-b2a2-547858ebcf1d None None] Lock "00000000-0000-0000-0000-000000000000" acquired by "nova.context.set_target_cell..get_or_set_cached_cell_and_set_connections" :: waited 0.000s {{(pid=95771) inner /opt/stack/data/venv/lib/python3.12/site-packages/oslo_concurrency/lockutils.py:524}}
Jul 04 20:10:02.143681 np0000004520 devstack@n-api-meta.service[95771]: DEBUG oslo_concurrency.lockutils [None req-176d5265-d322-41de-b2a2-547858ebcf1d None None] Lock "00000000-0000-0000-0000-000000000000" "released" by "nova.context.set_target_cell..get_or_set_cached_cell_and_set_connections" :: held 0.000s {{(pid=95771) inner /opt/stack/data/venv/lib/python3.12/site-packages/oslo_concurrency/lockutils.py:543}}
Jul 04 20:10:02.144309 np0000004520 devstack@n-api-meta.service[95771]: DEBUG oslo_concurrency.lockutils [None req-176d5265-d322-41de-b2a2-547858ebcf1d None None] Acquiring lock "d78dc3ee-a79c-4de1-a623-1a61121c8595" by "nova.context.set_target_cell..get_or_set_cached_cell_and_set_connections" {{(pid=95771) inner /opt/stack/data/venv/lib/python3.12/site-packages/oslo_concurrency/lockutils.py:511}}
Jul 04 20:10:02.144451 np0000004520 devstack@n-api-meta.service[95771]: DEBUG oslo_concurrency.lockutils [None req-176d5265-d322-41de-b2a2-547858ebcf1d None None] Lock "d78dc3ee-a79c-4de1-a623-1a61121c8595" acquired by "nova.context.set_target_cell..get_or_set_cached_cell_and_set_connections" :: waited 0.000s {{(pid=95771) inner /opt/stack/data/venv/lib/python3.12/site-packages/oslo_concurrency/lockutils.py:524}}
Jul 04 20:10:02.146505 np0000004520 devstack@n-api-meta.service[95771]: INFO dbcounter [None req-176d5265-d322-41de-b2a2-547858ebcf1d None None] Registered counter for database nova_cell0
Jul 04 20:10:02.147872 np0000004520 devstack@n-api-meta.service[95771]: DEBUG oslo_concurrency.lockutils [None req-176d5265-d322-41de-b2a2-547858ebcf1d None None] Lock "d78dc3ee-a79c-4de1-a623-1a61121c8595" "released" by "nova.context.set_target_cell..get_or_set_cached_cell_and_set_connections" :: held 0.002s {{(pid=95771) inner /opt/stack/data/venv/lib/python3.12/site-packages/oslo_concurrency/lockutils.py:543}}
Jul 04 20:10:02.150010 np0000004520 devstack@n-api-meta.service[95771]: INFO dbcounter [None req-176d5265-d322-41de-b2a2-547858ebcf1d None None] Registered counter for database nova_cell1
Jul 04 20:10:02.177167 np0000004520 devstack@n-api-meta.service[95769]: DEBUG oslo_db.sqlalchemy.engines [None req-bcc510a7-6023-4f22-bfd2-4c172179d0f8 None None] MySQL server mode set to STRICT_TRANS_TABLES,STRICT_ALL_TABLES,NO_ZERO_IN_DATE,NO_ZERO_DATE,ERROR_FOR_DIVISION_BY_ZERO,TRADITIONAL,NO_ENGINE_SUBSTITUTION {{(pid=95769) _check_effective_sql_mode /opt/stack/data/venv/lib/python3.12/site-packages/oslo_db/sqlalchemy/engines.py:325}}
Jul 04 20:10:02.191540 np0000004520 devstack@n-api-meta.service[95771]: DEBUG oslo_db.sqlalchemy.engines [None req-176d5265-d322-41de-b2a2-547858ebcf1d None None] MySQL server mode set to STRICT_TRANS_TABLES,STRICT_ALL_TABLES,NO_ZERO_IN_DATE,NO_ZERO_DATE,ERROR_FOR_DIVISION_BY_ZERO,TRADITIONAL,NO_ENGINE_SUBSTITUTION {{(pid=95771) _check_effective_sql_mode /opt/stack/data/venv/lib/python3.12/site-packages/oslo_db/sqlalchemy/engines.py:325}}
Jul 04 20:10:02.194979 np0000004520 devstack@n-api-meta.service[95769]: DEBUG dbcounter [-] [95769] Writer thread running {{(pid=95769) stat_writer /opt/stack/data/venv/lib/python3.12/site-packages/dbcounter.py:102}}
Jul 04 20:10:02.202053 np0000004520 devstack@n-api-meta.service[95769]: DEBUG dbcounter [-] [95769] Writer thread running {{(pid=95769) stat_writer /opt/stack/data/venv/lib/python3.12/site-packages/dbcounter.py:102}}
Jul 04 20:10:02.204749 np0000004520 devstack@n-api-meta.service[95769]: INFO dbcounter [None req-bcc510a7-6023-4f22-bfd2-4c172179d0f8 None None] Registered counter for database nova_cell0
Jul 04 20:10:02.224178 np0000004520 devstack@n-api-meta.service[95768]: DEBUG dbcounter [-] [95768] Writer thread running {{(pid=95768) stat_writer /opt/stack/data/venv/lib/python3.12/site-packages/dbcounter.py:102}}
Jul 04 20:10:02.230926 np0000004520 devstack@n-api-meta.service[95768]: DEBUG dbcounter [-] [95768] Writer thread running {{(pid=95768) stat_writer /opt/stack/data/venv/lib/python3.12/site-packages/dbcounter.py:102}}
Jul 04 20:10:02.235187 np0000004520 devstack@n-api-meta.service[95768]: INFO dbcounter [None req-d4338993-8324-4481-9010-b06c51ead224 None None] Registered counter for database nova_cell0
Jul 04 20:10:02.242538 np0000004520 devstack@n-api-meta.service[95770]: DEBUG dbcounter [-] [95770] Writer thread running {{(pid=95770) stat_writer /opt/stack/data/venv/lib/python3.12/site-packages/dbcounter.py:102}}
Jul 04 20:10:02.243193 np0000004520 devstack@n-api-meta.service[95769]: DEBUG oslo_db.sqlalchemy.engines [None req-bcc510a7-6023-4f22-bfd2-4c172179d0f8 None None] MySQL server mode set to STRICT_TRANS_TABLES,STRICT_ALL_TABLES,NO_ZERO_IN_DATE,NO_ZERO_DATE,ERROR_FOR_DIVISION_BY_ZERO,TRADITIONAL,NO_ENGINE_SUBSTITUTION {{(pid=95769) _check_effective_sql_mode /opt/stack/data/venv/lib/python3.12/site-packages/oslo_db/sqlalchemy/engines.py:325}}
Jul 04 20:10:02.244588 np0000004520 devstack@n-api-meta.service[95770]: DEBUG dbcounter [-] [95770] Writer thread running {{(pid=95770) stat_writer /opt/stack/data/venv/lib/python3.12/site-packages/dbcounter.py:102}}
Jul 04 20:10:02.248382 np0000004520 devstack@n-api-meta.service[95770]: INFO dbcounter [None req-3556f153-e2de-488e-b7dd-208ed1ddbae5 None None] Registered counter for database nova_cell0
Jul 04 20:10:02.250455 np0000004520 devstack@n-api-meta.service[95769]: DEBUG dbcounter [-] [95769] Writer thread running {{(pid=95769) stat_writer /opt/stack/data/venv/lib/python3.12/site-packages/dbcounter.py:102}}
Jul 04 20:10:02.274095 np0000004520 devstack@n-api-meta.service[95768]: DEBUG oslo_db.sqlalchemy.engines [None req-d4338993-8324-4481-9010-b06c51ead224 None None] MySQL server mode set to STRICT_TRANS_TABLES,STRICT_ALL_TABLES,NO_ZERO_IN_DATE,NO_ZERO_DATE,ERROR_FOR_DIVISION_BY_ZERO,TRADITIONAL,NO_ENGINE_SUBSTITUTION {{(pid=95768) _check_effective_sql_mode /opt/stack/data/venv/lib/python3.12/site-packages/oslo_db/sqlalchemy/engines.py:325}}
Jul 04 20:10:02.281692 np0000004520 devstack@n-api-meta.service[95768]: DEBUG dbcounter [-] [95768] Writer thread running {{(pid=95768) stat_writer /opt/stack/data/venv/lib/python3.12/site-packages/dbcounter.py:102}}
Jul 04 20:10:02.286994 np0000004520 devstack@n-api-meta.service[95770]: DEBUG oslo_db.sqlalchemy.engines [None req-3556f153-e2de-488e-b7dd-208ed1ddbae5 None None] MySQL server mode set to STRICT_TRANS_TABLES,STRICT_ALL_TABLES,NO_ZERO_IN_DATE,NO_ZERO_DATE,ERROR_FOR_DIVISION_BY_ZERO,TRADITIONAL,NO_ENGINE_SUBSTITUTION {{(pid=95770) _check_effective_sql_mode /opt/stack/data/venv/lib/python3.12/site-packages/oslo_db/sqlalchemy/engines.py:325}}
Jul 04 20:10:02.297692 np0000004520 devstack@n-api-meta.service[95770]: DEBUG dbcounter [-] [95770] Writer thread running {{(pid=95770) stat_writer /opt/stack/data/venv/lib/python3.12/site-packages/dbcounter.py:102}}
Jul 04 20:10:02.297881 np0000004520 devstack@n-api-meta.service[95771]: DEBUG dbcounter [-] [95771] Writer thread running {{(pid=95771) stat_writer /opt/stack/data/venv/lib/python3.12/site-packages/dbcounter.py:102}}
Jul 04 20:10:02.299346 np0000004520 devstack@n-api-meta.service[95771]: DEBUG oslo_db.sqlalchemy.engines [None req-176d5265-d322-41de-b2a2-547858ebcf1d None None] MySQL server mode set to STRICT_TRANS_TABLES,STRICT_ALL_TABLES,NO_ZERO_IN_DATE,NO_ZERO_DATE,ERROR_FOR_DIVISION_BY_ZERO,TRADITIONAL,NO_ENGINE_SUBSTITUTION {{(pid=95771) _check_effective_sql_mode /opt/stack/data/venv/lib/python3.12/site-packages/oslo_db/sqlalchemy/engines.py:325}}
Jul 04 20:10:02.306002 np0000004520 devstack@n-api-meta.service[95769]: WARNING nova.api.metadata.handler [None req-bcc510a7-6023-4f22-bfd2-4c172179d0f8 None None] metadata_proxy_shared_secret is not configured, the metadata information returned by the proxy cannot be trusted
Jul 04 20:10:02.306121 np0000004520 devstack@n-api-meta.service[95771]: DEBUG dbcounter [-] [95771] Writer thread running {{(pid=95771) stat_writer /opt/stack/data/venv/lib/python3.12/site-packages/dbcounter.py:102}}
Jul 04 20:10:02.308807 np0000004520 devstack@n-api-meta.service[95769]: DEBUG nova.api.openstack.wsgi_app [None req-bcc510a7-6023-4f22-bfd2-4c172179d0f8 None None] ******************************************************************************** {{(pid=95769) log_opt_values /opt/stack/data/venv/lib/python3.12/site-packages/oslo_config/cfg.py:3226}}
Jul 04 20:10:02.308964 np0000004520 devstack@n-api-meta.service[95769]: DEBUG nova.api.openstack.wsgi_app [None req-bcc510a7-6023-4f22-bfd2-4c172179d0f8 None None] Configuration options gathered from: {{(pid=95769) log_opt_values /opt/stack/data/venv/lib/python3.12/site-packages/oslo_config/cfg.py:3227}}
Jul 04 20:10:02.309134 np0000004520 devstack@n-api-meta.service[95769]: DEBUG nova.api.openstack.wsgi_app [None req-bcc510a7-6023-4f22-bfd2-4c172179d0f8 None None] command line args: [] {{(pid=95769) log_opt_values /opt/stack/data/venv/lib/python3.12/site-packages/oslo_config/cfg.py:3228}}
Jul 04 20:10:02.310869 np0000004520 devstack@n-api-meta.service[95771]: INFO dbcounter [None req-176d5265-d322-41de-b2a2-547858ebcf1d None None] Registered counter for database nova_cell0
Jul 04 20:10:02.310930 np0000004520 devstack@n-api-meta.service[95769]: DEBUG nova.api.openstack.wsgi_app [None req-bcc510a7-6023-4f22-bfd2-4c172179d0f8 None None] config files: ['/etc/nova/api-paste.ini', '/etc/nova/nova.conf'] {{(pid=95769) log_opt_values /opt/stack/data/venv/lib/python3.12/site-packages/oslo_config/cfg.py:3229}}
Jul 04 20:10:02.310930 np0000004520 devstack@n-api-meta.service[95769]: DEBUG nova.api.openstack.wsgi_app [None req-bcc510a7-6023-4f22-bfd2-4c172179d0f8 None None] ================================================================================ {{(pid=95769) log_opt_values /opt/stack/data/venv/lib/python3.12/site-packages/oslo_config/cfg.py:3234}}
Jul 04 20:10:02.310930 np0000004520 devstack@n-api-meta.service[95769]: DEBUG nova.api.openstack.wsgi_app [None req-bcc510a7-6023-4f22-bfd2-4c172179d0f8 None None] allow_resize_to_same_host = True {{(pid=95769) log_opt_values /opt/stack/data/venv/lib/python3.12/site-packages/oslo_config/cfg.py:3242}}
Jul 04 20:10:02.310930 np0000004520 devstack@n-api-meta.service[95769]: DEBUG nova.api.openstack.wsgi_app [None req-bcc510a7-6023-4f22-bfd2-4c172179d0f8 None None] arq_binding_timeout = 300 {{(pid=95769) log_opt_values /opt/stack/data/venv/lib/python3.12/site-packages/oslo_config/cfg.py:3242}}
Jul 04 20:10:02.310930 np0000004520 devstack@n-api-meta.service[95769]: DEBUG nova.api.openstack.wsgi_app [None req-bcc510a7-6023-4f22-bfd2-4c172179d0f8 None None] block_device_allocate_retries = 60 {{(pid=95769) log_opt_values /opt/stack/data/venv/lib/python3.12/site-packages/oslo_config/cfg.py:3242}}
Jul 04 20:10:02.310930 np0000004520 devstack@n-api-meta.service[95769]: DEBUG nova.api.openstack.wsgi_app [None req-bcc510a7-6023-4f22-bfd2-4c172179d0f8 None None] block_device_allocate_retries_interval = 3 {{(pid=95769) log_opt_values /opt/stack/data/venv/lib/python3.12/site-packages/oslo_config/cfg.py:3242}}
Jul 04 20:10:02.310930 np0000004520 devstack@n-api-meta.service[95769]: DEBUG nova.api.openstack.wsgi_app [None req-bcc510a7-6023-4f22-bfd2-4c172179d0f8 None None] cell_worker_thread_pool_size = 5 {{(pid=95769) log_opt_values /opt/stack/data/venv/lib/python3.12/site-packages/oslo_config/cfg.py:3242}}
Jul 04 20:10:02.311126 np0000004520 devstack@n-api-meta.service[95769]: DEBUG nova.api.openstack.wsgi_app [None req-bcc510a7-6023-4f22-bfd2-4c172179d0f8 None None] cert = self.pem {{(pid=95769) log_opt_values /opt/stack/data/venv/lib/python3.12/site-packages/oslo_config/cfg.py:3242}}
Jul 04 20:10:02.311126 np0000004520 devstack@n-api-meta.service[95769]: DEBUG nova.api.openstack.wsgi_app [None req-bcc510a7-6023-4f22-bfd2-4c172179d0f8 None None] compute_driver = libvirt.LibvirtDriver {{(pid=95769) log_opt_values /opt/stack/data/venv/lib/python3.12/site-packages/oslo_config/cfg.py:3242}}
Jul 04 20:10:02.311213 np0000004520 devstack@n-api-meta.service[95769]: DEBUG nova.api.openstack.wsgi_app [None req-bcc510a7-6023-4f22-bfd2-4c172179d0f8 None None] compute_monitors = [] {{(pid=95769) log_opt_values /opt/stack/data/venv/lib/python3.12/site-packages/oslo_config/cfg.py:3242}}
Jul 04 20:10:02.311378 np0000004520 devstack@n-api-meta.service[95769]: DEBUG nova.api.openstack.wsgi_app [None req-bcc510a7-6023-4f22-bfd2-4c172179d0f8 None None] config_dir = [] {{(pid=95769) log_opt_values /opt/stack/data/venv/lib/python3.12/site-packages/oslo_config/cfg.py:3242}}
Jul 04 20:10:02.311547 np0000004520 devstack@n-api-meta.service[95769]: DEBUG nova.api.openstack.wsgi_app [None req-bcc510a7-6023-4f22-bfd2-4c172179d0f8 None None] config_drive_format = iso9660 {{(pid=95769) log_opt_values /opt/stack/data/venv/lib/python3.12/site-packages/oslo_config/cfg.py:3242}}
Jul 04 20:10:02.311686 np0000004520 devstack@n-api-meta.service[95769]: DEBUG nova.api.openstack.wsgi_app [None req-bcc510a7-6023-4f22-bfd2-4c172179d0f8 None None] config_file = ['/etc/nova/api-paste.ini', '/etc/nova/nova.conf'] {{(pid=95769) log_opt_values /opt/stack/data/venv/lib/python3.12/site-packages/oslo_config/cfg.py:3242}}
Jul 04 20:10:02.311872 np0000004520 devstack@n-api-meta.service[95769]: DEBUG nova.api.openstack.wsgi_app [None req-bcc510a7-6023-4f22-bfd2-4c172179d0f8 None None] config_source = [] {{(pid=95769) log_opt_values /opt/stack/data/venv/lib/python3.12/site-packages/oslo_config/cfg.py:3242}}
Jul 04 20:10:02.312243 np0000004520 devstack@n-api-meta.service[95769]: DEBUG nova.api.openstack.wsgi_app [None req-bcc510a7-6023-4f22-bfd2-4c172179d0f8 None None] console_host = np0000004520 {{(pid=95769) log_opt_values /opt/stack/data/venv/lib/python3.12/site-packages/oslo_config/cfg.py:3242}}
Jul 04 20:10:02.312243 np0000004520 devstack@n-api-meta.service[95769]: DEBUG nova.api.openstack.wsgi_app [None req-bcc510a7-6023-4f22-bfd2-4c172179d0f8 None None] control_exchange = nova {{(pid=95769) log_opt_values /opt/stack/data/venv/lib/python3.12/site-packages/oslo_config/cfg.py:3242}}
Jul 04 20:10:02.312314 np0000004520 devstack@n-api-meta.service[95769]: DEBUG nova.api.openstack.wsgi_app [None req-bcc510a7-6023-4f22-bfd2-4c172179d0f8 None None] cpu_allocation_ratio = None {{(pid=95769) log_opt_values /opt/stack/data/venv/lib/python3.12/site-packages/oslo_config/cfg.py:3242}}
Jul 04 20:10:02.313019 np0000004520 devstack@n-api-meta.service[95769]: DEBUG nova.api.openstack.wsgi_app [None req-bcc510a7-6023-4f22-bfd2-4c172179d0f8 None None] daemon = False {{(pid=95769) log_opt_values /opt/stack/data/venv/lib/python3.12/site-packages/oslo_config/cfg.py:3242}}
Jul 04 20:10:02.313019 np0000004520 devstack@n-api-meta.service[95769]: DEBUG nova.api.openstack.wsgi_app [None req-bcc510a7-6023-4f22-bfd2-4c172179d0f8 None None] debug = True {{(pid=95769) log_opt_values /opt/stack/data/venv/lib/python3.12/site-packages/oslo_config/cfg.py:3242}}
Jul 04 20:10:02.313019 np0000004520 devstack@n-api-meta.service[95769]: DEBUG nova.api.openstack.wsgi_app [None req-bcc510a7-6023-4f22-bfd2-4c172179d0f8 None None] default_access_ip_network_name = None {{(pid=95769) log_opt_values /opt/stack/data/venv/lib/python3.12/site-packages/oslo_config/cfg.py:3242}}
Jul 04 20:10:02.313019 np0000004520 devstack@n-api-meta.service[95769]: DEBUG nova.api.openstack.wsgi_app [None req-bcc510a7-6023-4f22-bfd2-4c172179d0f8 None None] default_availability_zone = nova {{(pid=95769) log_opt_values /opt/stack/data/venv/lib/python3.12/site-packages/oslo_config/cfg.py:3242}}
Jul 04 20:10:02.313568 np0000004520 devstack@n-api-meta.service[95769]: DEBUG nova.api.openstack.wsgi_app [None req-bcc510a7-6023-4f22-bfd2-4c172179d0f8 None None] default_ephemeral_format = ext4 {{(pid=95769) log_opt_values /opt/stack/data/venv/lib/python3.12/site-packages/oslo_config/cfg.py:3242}}
Jul 04 20:10:02.313745 np0000004520 devstack@n-api-meta.service[95769]: DEBUG nova.api.openstack.wsgi_app [None req-bcc510a7-6023-4f22-bfd2-4c172179d0f8 None None] default_green_pool_size = 1000 {{(pid=95769) log_opt_values /opt/stack/data/venv/lib/python3.12/site-packages/oslo_config/cfg.py:3242}}
Jul 04 20:10:02.313995 np0000004520 devstack@n-api-meta.service[95769]: DEBUG nova.api.openstack.wsgi_app [None req-bcc510a7-6023-4f22-bfd2-4c172179d0f8 None None] default_log_levels = ['amqp=WARN', 'boto=WARN', 'sqlalchemy=WARN', 'suds=INFO', 'oslo.messaging=INFO', 'oslo_messaging=INFO', 'iso8601=WARN', 'requests.packages.urllib3.connectionpool=WARN', 'urllib3.connectionpool=WARN', 'websocket=WARN', 'requests.packages.urllib3.util.retry=WARN', 'urllib3.util.retry=WARN', 'keystonemiddleware=WARN', 'routes.middleware=WARN', 'stevedore=WARN', 'taskflow=WARN', 'keystoneauth=WARN', 'oslo.cache=INFO', 'oslo_policy=INFO', 'dogpile.core.dogpile=INFO', 'glanceclient=WARN', 'oslo.privsep.daemon=INFO'] {{(pid=95769) log_opt_values /opt/stack/data/venv/lib/python3.12/site-packages/oslo_config/cfg.py:3242}}
Jul 04 20:10:02.314150 np0000004520 devstack@n-api-meta.service[95769]: DEBUG nova.api.openstack.wsgi_app [None req-bcc510a7-6023-4f22-bfd2-4c172179d0f8 None None] default_schedule_zone = None {{(pid=95769) log_opt_values /opt/stack/data/venv/lib/python3.12/site-packages/oslo_config/cfg.py:3242}}
Jul 04 20:10:02.314318 np0000004520 devstack@n-api-meta.service[95769]: DEBUG nova.api.openstack.wsgi_app [None req-bcc510a7-6023-4f22-bfd2-4c172179d0f8 None None] default_thread_pool_size = 10 {{(pid=95769) log_opt_values /opt/stack/data/venv/lib/python3.12/site-packages/oslo_config/cfg.py:3242}}
Jul 04 20:10:02.314466 np0000004520 devstack@n-api-meta.service[95769]: DEBUG nova.api.openstack.wsgi_app [None req-bcc510a7-6023-4f22-bfd2-4c172179d0f8 None None] disk_allocation_ratio = None {{(pid=95769) log_opt_values /opt/stack/data/venv/lib/python3.12/site-packages/oslo_config/cfg.py:3242}}
Jul 04 20:10:02.314627 np0000004520 devstack@n-api-meta.service[95769]: DEBUG nova.api.openstack.wsgi_app [None req-bcc510a7-6023-4f22-bfd2-4c172179d0f8 None None] enable_new_services = True {{(pid=95769) log_opt_values /opt/stack/data/venv/lib/python3.12/site-packages/oslo_config/cfg.py:3242}}
Jul 04 20:10:02.314818 np0000004520 devstack@n-api-meta.service[95769]: DEBUG nova.api.openstack.wsgi_app [None req-bcc510a7-6023-4f22-bfd2-4c172179d0f8 None None] flat_injected = False {{(pid=95769) log_opt_values /opt/stack/data/venv/lib/python3.12/site-packages/oslo_config/cfg.py:3242}}
Jul 04 20:10:02.314993 np0000004520 devstack@n-api-meta.service[95769]: DEBUG nova.api.openstack.wsgi_app [None req-bcc510a7-6023-4f22-bfd2-4c172179d0f8 None None] force_config_drive = True {{(pid=95769) log_opt_values /opt/stack/data/venv/lib/python3.12/site-packages/oslo_config/cfg.py:3242}}
Jul 04 20:10:02.315149 np0000004520 devstack@n-api-meta.service[95769]: DEBUG nova.api.openstack.wsgi_app [None req-bcc510a7-6023-4f22-bfd2-4c172179d0f8 None None] force_raw_images = True {{(pid=95769) log_opt_values /opt/stack/data/venv/lib/python3.12/site-packages/oslo_config/cfg.py:3242}}
Jul 04 20:10:02.315343 np0000004520 devstack@n-api-meta.service[95769]: DEBUG nova.api.openstack.wsgi_app [None req-bcc510a7-6023-4f22-bfd2-4c172179d0f8 None None] graceful_shutdown_timeout = 5 {{(pid=95769) log_opt_values /opt/stack/data/venv/lib/python3.12/site-packages/oslo_config/cfg.py:3242}}
Jul 04 20:10:02.315501 np0000004520 devstack@n-api-meta.service[95769]: DEBUG nova.api.openstack.wsgi_app [None req-bcc510a7-6023-4f22-bfd2-4c172179d0f8 None None] heal_instance_info_cache_interval = -1 {{(pid=95769) log_opt_values /opt/stack/data/venv/lib/python3.12/site-packages/oslo_config/cfg.py:3242}}
Jul 04 20:10:02.315738 np0000004520 devstack@n-api-meta.service[95769]: DEBUG nova.api.openstack.wsgi_app [None req-bcc510a7-6023-4f22-bfd2-4c172179d0f8 None None] host = np0000004520 {{(pid=95769) log_opt_values /opt/stack/data/venv/lib/python3.12/site-packages/oslo_config/cfg.py:3242}}
Jul 04 20:10:02.315937 np0000004520 devstack@n-api-meta.service[95769]: DEBUG nova.api.openstack.wsgi_app [None req-bcc510a7-6023-4f22-bfd2-4c172179d0f8 None None] initial_cpu_allocation_ratio = 4.0 {{(pid=95769) log_opt_values /opt/stack/data/venv/lib/python3.12/site-packages/oslo_config/cfg.py:3242}}
Jul 04 20:10:02.316104 np0000004520 devstack@n-api-meta.service[95769]: DEBUG nova.api.openstack.wsgi_app [None req-bcc510a7-6023-4f22-bfd2-4c172179d0f8 None None] initial_disk_allocation_ratio = 1.0 {{(pid=95769) log_opt_values /opt/stack/data/venv/lib/python3.12/site-packages/oslo_config/cfg.py:3242}}
Jul 04 20:10:02.316266 np0000004520 devstack@n-api-meta.service[95769]: DEBUG nova.api.openstack.wsgi_app [None req-bcc510a7-6023-4f22-bfd2-4c172179d0f8 None None] initial_ram_allocation_ratio = 1.0 {{(pid=95769) log_opt_values /opt/stack/data/venv/lib/python3.12/site-packages/oslo_config/cfg.py:3242}}
Jul 04 20:10:02.316481 np0000004520 devstack@n-api-meta.service[95769]: DEBUG nova.api.openstack.wsgi_app [None req-bcc510a7-6023-4f22-bfd2-4c172179d0f8 None None] injected_network_template = /opt/stack/nova/nova/virt/interfaces.template {{(pid=95769) log_opt_values /opt/stack/data/venv/lib/python3.12/site-packages/oslo_config/cfg.py:3242}}
Jul 04 20:10:02.316808 np0000004520 devstack@n-api-meta.service[95769]: DEBUG nova.api.openstack.wsgi_app [None req-bcc510a7-6023-4f22-bfd2-4c172179d0f8 None None] instance_build_timeout = 0 {{(pid=95769) log_opt_values /opt/stack/data/venv/lib/python3.12/site-packages/oslo_config/cfg.py:3242}}
Jul 04 20:10:02.316808 np0000004520 devstack@n-api-meta.service[95769]: DEBUG nova.api.openstack.wsgi_app [None req-bcc510a7-6023-4f22-bfd2-4c172179d0f8 None None] instance_delete_interval = 300 {{(pid=95769) log_opt_values /opt/stack/data/venv/lib/python3.12/site-packages/oslo_config/cfg.py:3242}}
Jul 04 20:10:02.316936 np0000004520 devstack@n-api-meta.service[95769]: DEBUG nova.api.openstack.wsgi_app [None req-bcc510a7-6023-4f22-bfd2-4c172179d0f8 None None] instance_format = [instance: %(uuid)s] {{(pid=95769) log_opt_values /opt/stack/data/venv/lib/python3.12/site-packages/oslo_config/cfg.py:3242}}
Jul 04 20:10:02.317034 np0000004520 devstack@n-api-meta.service[95769]: DEBUG nova.api.openstack.wsgi_app [None req-bcc510a7-6023-4f22-bfd2-4c172179d0f8 None None] instance_name_template = instance-%08x {{(pid=95769) log_opt_values /opt/stack/data/venv/lib/python3.12/site-packages/oslo_config/cfg.py:3242}}
Jul 04 20:10:02.317155 np0000004520 devstack@n-api-meta.service[95769]: DEBUG nova.api.openstack.wsgi_app [None req-bcc510a7-6023-4f22-bfd2-4c172179d0f8 None None] instance_usage_audit = False {{(pid=95769) log_opt_values /opt/stack/data/venv/lib/python3.12/site-packages/oslo_config/cfg.py:3242}}
Jul 04 20:10:02.317300 np0000004520 devstack@n-api-meta.service[95769]: DEBUG nova.api.openstack.wsgi_app [None req-bcc510a7-6023-4f22-bfd2-4c172179d0f8 None None] instance_usage_audit_period = month {{(pid=95769) log_opt_values /opt/stack/data/venv/lib/python3.12/site-packages/oslo_config/cfg.py:3242}}
Jul 04 20:10:02.317435 np0000004520 devstack@n-api-meta.service[95769]: DEBUG nova.api.openstack.wsgi_app [None req-bcc510a7-6023-4f22-bfd2-4c172179d0f8 None None] instance_uuid_format = [instance: %(uuid)s] {{(pid=95769) log_opt_values /opt/stack/data/venv/lib/python3.12/site-packages/oslo_config/cfg.py:3242}}
Jul 04 20:10:02.318190 np0000004520 devstack@n-api-meta.service[95769]: DEBUG nova.api.openstack.wsgi_app [None req-bcc510a7-6023-4f22-bfd2-4c172179d0f8 None None] instances_path = /opt/stack/data/nova/instances {{(pid=95769) log_opt_values /opt/stack/data/venv/lib/python3.12/site-packages/oslo_config/cfg.py:3242}}
Jul 04 20:10:02.318268 np0000004520 devstack@n-api-meta.service[95768]: WARNING nova.api.metadata.handler [None req-d4338993-8324-4481-9010-b06c51ead224 None None] metadata_proxy_shared_secret is not configured, the metadata information returned by the proxy cannot be trusted
Jul 04 20:10:02.318319 np0000004520 devstack@n-api-meta.service[95769]: DEBUG nova.api.openstack.wsgi_app [None req-bcc510a7-6023-4f22-bfd2-4c172179d0f8 None None] internal_service_availability_zone = internal {{(pid=95769) log_opt_values /opt/stack/data/venv/lib/python3.12/site-packages/oslo_config/cfg.py:3242}}
Jul 04 20:10:02.318319 np0000004520 devstack@n-api-meta.service[95769]: DEBUG nova.api.openstack.wsgi_app [None req-bcc510a7-6023-4f22-bfd2-4c172179d0f8 None None] key = None {{(pid=95769) log_opt_values /opt/stack/data/venv/lib/python3.12/site-packages/oslo_config/cfg.py:3242}}
Jul 04 20:10:02.318319 np0000004520 devstack@n-api-meta.service[95769]: DEBUG nova.api.openstack.wsgi_app [None req-bcc510a7-6023-4f22-bfd2-4c172179d0f8 None None] live_migration_retry_count = 30 {{(pid=95769) log_opt_values /opt/stack/data/venv/lib/python3.12/site-packages/oslo_config/cfg.py:3242}}
Jul 04 20:10:02.318319 np0000004520 devstack@n-api-meta.service[95769]: DEBUG nova.api.openstack.wsgi_app [None req-bcc510a7-6023-4f22-bfd2-4c172179d0f8 None None] log_color = False {{(pid=95769) log_opt_values /opt/stack/data/venv/lib/python3.12/site-packages/oslo_config/cfg.py:3242}}
Jul 04 20:10:02.318319 np0000004520 devstack@n-api-meta.service[95769]: DEBUG nova.api.openstack.wsgi_app [None req-bcc510a7-6023-4f22-bfd2-4c172179d0f8 None None] log_config_append = None {{(pid=95769) log_opt_values /opt/stack/data/venv/lib/python3.12/site-packages/oslo_config/cfg.py:3242}}
Jul 04 20:10:02.318319 np0000004520 devstack@n-api-meta.service[95769]: DEBUG nova.api.openstack.wsgi_app [None req-bcc510a7-6023-4f22-bfd2-4c172179d0f8 None None] log_date_format = %Y-%m-%d %H:%M:%S {{(pid=95769) log_opt_values /opt/stack/data/venv/lib/python3.12/site-packages/oslo_config/cfg.py:3242}}
Jul 04 20:10:02.318527 np0000004520 devstack@n-api-meta.service[95769]: DEBUG nova.api.openstack.wsgi_app [None req-bcc510a7-6023-4f22-bfd2-4c172179d0f8 None None] log_dir = None {{(pid=95769) log_opt_values /opt/stack/data/venv/lib/python3.12/site-packages/oslo_config/cfg.py:3242}}
Jul 04 20:10:02.318595 np0000004520 devstack@n-api-meta.service[95769]: DEBUG nova.api.openstack.wsgi_app [None req-bcc510a7-6023-4f22-bfd2-4c172179d0f8 None None] log_file = None {{(pid=95769) log_opt_values /opt/stack/data/venv/lib/python3.12/site-packages/oslo_config/cfg.py:3242}}
Jul 04 20:10:02.318695 np0000004520 devstack@n-api-meta.service[95769]: DEBUG nova.api.openstack.wsgi_app [None req-bcc510a7-6023-4f22-bfd2-4c172179d0f8 None None] log_options = True {{(pid=95769) log_opt_values /opt/stack/data/venv/lib/python3.12/site-packages/oslo_config/cfg.py:3242}}
Jul 04 20:10:02.318842 np0000004520 devstack@n-api-meta.service[95769]: DEBUG nova.api.openstack.wsgi_app [None req-bcc510a7-6023-4f22-bfd2-4c172179d0f8 None None] log_rotate_interval = 1 {{(pid=95769) log_opt_values /opt/stack/data/venv/lib/python3.12/site-packages/oslo_config/cfg.py:3242}}
Jul 04 20:10:02.318971 np0000004520 devstack@n-api-meta.service[95769]: DEBUG nova.api.openstack.wsgi_app [None req-bcc510a7-6023-4f22-bfd2-4c172179d0f8 None None] log_rotate_interval_type = days {{(pid=95769) log_opt_values /opt/stack/data/venv/lib/python3.12/site-packages/oslo_config/cfg.py:3242}}
Jul 04 20:10:02.319090 np0000004520 devstack@n-api-meta.service[95769]: DEBUG nova.api.openstack.wsgi_app [None req-bcc510a7-6023-4f22-bfd2-4c172179d0f8 None None] log_rotation_type = none {{(pid=95769) log_opt_values /opt/stack/data/venv/lib/python3.12/site-packages/oslo_config/cfg.py:3242}}
Jul 04 20:10:02.319229 np0000004520 devstack@n-api-meta.service[95769]: DEBUG nova.api.openstack.wsgi_app [None req-bcc510a7-6023-4f22-bfd2-4c172179d0f8 None None] logging_context_format_string = %(color)s%(levelname)s %(name)s [%(global_request_id)s %(request_id)s %(project_name)s %(user_name)s%(color)s] %(instance)s%(color)s%(message)s {{(pid=95769) log_opt_values /opt/stack/data/venv/lib/python3.12/site-packages/oslo_config/cfg.py:3242}}
Jul 04 20:10:02.319392 np0000004520 devstack@n-api-meta.service[95769]: DEBUG nova.api.openstack.wsgi_app [None req-bcc510a7-6023-4f22-bfd2-4c172179d0f8 None None] logging_debug_format_suffix = {{(pid=%(process)d) %(funcName)s %(pathname)s:%(lineno)d}} {{(pid=95769) log_opt_values /opt/stack/data/venv/lib/python3.12/site-packages/oslo_config/cfg.py:3242}}
Jul 04 20:10:02.319565 np0000004520 devstack@n-api-meta.service[95769]: DEBUG nova.api.openstack.wsgi_app [None req-bcc510a7-6023-4f22-bfd2-4c172179d0f8 None None] logging_default_format_string = %(color)s%(levelname)s %(name)s [-%(color)s] %(instance)s%(color)s%(message)s {{(pid=95769) log_opt_values /opt/stack/data/venv/lib/python3.12/site-packages/oslo_config/cfg.py:3242}}
