Aug 17 00:32:22.812628 np0000007436 devstack@c-api.service[97026]: INFO cinder.api.openstack.wsgi [None req-3a721813-0aa9-4817-a30d-e0f79d439f11 tempest-SnapshotMetadataTestJSON-2140932420 tempest-SnapshotMetadataTestJSON-2140932420-project-member] GET https://10.4.3.44/volume/v3/volumes/facfd730-5824-4497-9399-0f4544621542
Aug 17 00:32:22.813091 np0000007436 devstack@c-api.service[97026]: DEBUG cinder.api.openstack.wsgi [None req-3a721813-0aa9-4817-a30d-e0f79d439f11 tempest-SnapshotMetadataTestJSON-2140932420 tempest-SnapshotMetadataTestJSON-2140932420-project-member] Empty body provided in request {{(pid=97026) get_body /opt/stack/cinder/cinder/api/openstack/wsgi.py:725}}
Aug 17 00:32:22.813809 np0000007436 devstack@c-api.service[97026]: DEBUG cinder.api.openstack.wsgi [None req-3a721813-0aa9-4817-a30d-e0f79d439f11 tempest-SnapshotMetadataTestJSON-2140932420 tempest-SnapshotMetadataTestJSON-2140932420-project-member] Calling method 'show' {{(pid=97026) _process_stack /opt/stack/cinder/cinder/api/openstack/wsgi.py:878}}
Aug 17 00:32:22.826092 np0000007436 devstack@c-api.service[97026]: /opt/stack/data/venv/lib/python3.12/site-packages/oslo_context/context.py:102: DeprecationWarning: Policy enforcement is depending on the value of is_admin. This key is deprecated. Please update your policy file to use the standard policy values.
Aug 17 00:32:22.826092 np0000007436 devstack@c-api.service[97026]: warnings.warn(
Aug 17 00:32:22.827693 np0000007436 devstack@c-api.service[97028]: INFO cinder.api.openstack.wsgi [req-f149f3cf-9ef9-438e-8380-cb4a1b10b7c8 req-2b4f007b-c259-447a-9922-9580c0698354 tempest-TaggedBootDevicesTest_v242-600192852 tempest-TaggedBootDevicesTest_v242-600192852-project-member] https://10.4.3.44/volume/v3/attachments/cfe732ea-3865-4f8e-a5a0-5542744ddcaf returned with HTTP 200
Aug 17 00:32:22.829524 np0000007436 devstack@c-api.service[97028]: [pid: 97028|app: 0|req: 155/469] 10.4.3.44 () {72 vars in 1666 bytes} [Mon Aug 17 00:32:22 2026] DELETE /volume/v3/attachments/cfe732ea-3865-4f8e-a5a0-5542744ddcaf => generated 19 bytes in 113 msecs (HTTP/1.1 200) 7 headers in 285 bytes (1 switches on core 0)
Aug 17 00:32:22.834559 np0000007436 devstack@c-api.service[97026]: INFO cinder.volume.api [None req-3a721813-0aa9-4817-a30d-e0f79d439f11 tempest-SnapshotMetadataTestJSON-2140932420 tempest-SnapshotMetadataTestJSON-2140932420-project-member] Volume info retrieved successfully.
Aug 17 00:32:22.839224 np0000007436 devstack@c-api.service[97025]: DEBUG cinder.volume.api [None req-d9158536-96be-47a4-bb85-f84661b404f1 tempest-VolumesDeleteCascade-1530504781 tempest-VolumesDeleteCascade-1530504781-project-member] Task 'cinder.volume.flows.api.create_volume.ExtractVolumeRequestTask;volume:create' (6653ea64-b7eb-42c6-bb6d-fa00b4a263ec) transitioned into state 'SUCCESS' from state 'RUNNING' with result '{'size': 1, 'snapshot_id': None, 'source_volid': None, 'volume_type': VolumeType(created_at=2026-08-17T00:27:50Z,deleted=False,deleted_at=None,description=None,extra_specs={volume_backend_name='storpool'},id=297f9958-0516-48b0-970a-65d4131f01ba,is_public=True,name='storpool',projects=[],qos_specs=,qos_specs_id=None,updated_at=None), 'volume_type_id': '297f9958-0516-48b0-970a-65d4131f01ba', 'encryption_key_id': None, 'qos_specs': None, 'consistencygroup_id': None, 'cgsnapshot_id': None, 'group_id': None, 'replication_status': 'disabled', 'refresh_az': False, 'backup_id': None, 'multiattach': False, 'availability_zones': ['nova']}' {{(pid=97025) _task_receiver /opt/stack/data/venv/lib/python3.12/site-packages/taskflow/listeners/logging.py:218}}
Aug 17 00:32:22.840078 np0000007436 devstack@c-api.service[97025]: DEBUG cinder.volume.api [None req-d9158536-96be-47a4-bb85-f84661b404f1 tempest-VolumesDeleteCascade-1530504781 tempest-VolumesDeleteCascade-1530504781-project-member] Task 'cinder.volume.flows.api.create_volume.QuotaReserveTask;volume:create' (571d799f-eb78-4fc0-9606-fcb32e83898b) transitioned into state 'RUNNING' from state 'PENDING' {{(pid=97025) _task_receiver /opt/stack/data/venv/lib/python3.12/site-packages/taskflow/listeners/logging.py:242}}
Aug 17 00:32:22.841730 np0000007436 devstack@c-api.service[97028]: DEBUG cinder.api.middleware.request_id [req-f149f3cf-9ef9-438e-8380-cb4a1b10b7c8 req-0aec1dcd-c99b-40aa-b14d-e135e6adbc74 None None] RequestId filter calling following filter/app {{(pid=97028) _context_setter /opt/stack/cinder/cinder/api/middleware/request_id.py:62}}
Aug 17 00:32:22.844754 np0000007436 devstack@c-api.service[97026]: INFO cinder.api.openstack.wsgi [None req-3a721813-0aa9-4817-a30d-e0f79d439f11 tempest-SnapshotMetadataTestJSON-2140932420 tempest-SnapshotMetadataTestJSON-2140932420-project-member] https://10.4.3.44/volume/v3/volumes/facfd730-5824-4497-9399-0f4544621542 returned with HTTP 200
Aug 17 00:32:22.844855 np0000007436 devstack@c-api.service[97028]: INFO cinder.api.openstack.wsgi [req-f149f3cf-9ef9-438e-8380-cb4a1b10b7c8 req-0aec1dcd-c99b-40aa-b14d-e135e6adbc74 tempest-TaggedBootDevicesTest_v242-600192852 tempest-TaggedBootDevicesTest_v242-600192852-project-member] DELETE https://10.4.3.44/volume/v3/attachments/8691356b-a91b-41a1-90ad-dc69d5674bd5
Aug 17 00:32:22.844855 np0000007436 devstack@c-api.service[97028]: DEBUG cinder.api.openstack.wsgi [req-f149f3cf-9ef9-438e-8380-cb4a1b10b7c8 req-0aec1dcd-c99b-40aa-b14d-e135e6adbc74 tempest-TaggedBootDevicesTest_v242-600192852 tempest-TaggedBootDevicesTest_v242-600192852-project-member] Empty body provided in request {{(pid=97028) get_body /opt/stack/cinder/cinder/api/openstack/wsgi.py:725}}
Aug 17 00:32:22.844951 np0000007436 devstack@c-api.service[97026]: [pid: 97026|app: 0|req: 157/470] 10.4.3.44 () {66 vars in 1341 bytes} [Mon Aug 17 00:32:22 2026] GET /volume/v3/volumes/facfd730-5824-4497-9399-0f4544621542 => generated 846 bytes in 37 msecs (HTTP/1.1 200) 7 headers in 285 bytes (1 switches on core 0)
Aug 17 00:32:22.845340 np0000007436 devstack@c-api.service[97028]: DEBUG cinder.api.openstack.wsgi [req-f149f3cf-9ef9-438e-8380-cb4a1b10b7c8 req-0aec1dcd-c99b-40aa-b14d-e135e6adbc74 tempest-TaggedBootDevicesTest_v242-600192852 tempest-TaggedBootDevicesTest_v242-600192852-project-member] Calling method 'version_select' {{(pid=97028) _process_stack /opt/stack/cinder/cinder/api/openstack/wsgi.py:878}}
Aug 17 00:32:22.857341 np0000007436 devstack@c-api.service[97028]: /opt/stack/data/venv/lib/python3.12/site-packages/oslo_context/context.py:102: DeprecationWarning: Policy enforcement is depending on the value of is_admin. This key is deprecated. Please update your policy file to use the standard policy values.
Aug 17 00:32:22.857341 np0000007436 devstack@c-api.service[97028]: warnings.warn(
Aug 17 00:32:22.865839 np0000007436 devstack@c-api.service[97026]: DEBUG cinder.api.middleware.request_id [None req-8206973a-26a7-419b-a5e0-8e8938845b37 None None] RequestId filter calling following filter/app {{(pid=97026) _context_setter /opt/stack/cinder/cinder/api/middleware/request_id.py:62}}
Aug 17 00:32:22.866580 np0000007436 devstack@c-api.service[97026]: INFO cinder.api.openstack.wsgi [None req-8206973a-26a7-419b-a5e0-8e8938845b37 tempest-SnapshotMetadataTestJSON-2140932420 tempest-SnapshotMetadataTestJSON-2140932420-project-member] POST https://10.4.3.44/volume/v3/snapshots
Aug 17 00:32:22.867018 np0000007436 devstack@c-api.service[97026]: DEBUG cinder.api.openstack.wsgi [None req-8206973a-26a7-419b-a5e0-8e8938845b37 tempest-SnapshotMetadataTestJSON-2140932420 tempest-SnapshotMetadataTestJSON-2140932420-project-member] Action: 'create', calling method: create, body: {"snapshot": {"volume_id": "facfd730-5824-4497-9399-0f4544621542", "name": "tempest-SnapshotMetadataTestJSON-Snapshot-1986735187"}} {{(pid=97026) _process_stack /opt/stack/cinder/cinder/api/openstack/wsgi.py:876}}
Aug 17 00:32:22.876746 np0000007436 devstack@c-api.service[97026]: /opt/stack/data/venv/lib/python3.12/site-packages/oslo_context/context.py:102: DeprecationWarning: Policy enforcement is depending on the value of is_admin. This key is deprecated. Please update your policy file to use the standard policy values.
Aug 17 00:32:22.876746 np0000007436 devstack@c-api.service[97026]: warnings.warn(
Aug 17 00:32:22.877436 np0000007436 devstack@c-api.service[97026]: INFO cinder.volume.api [None req-8206973a-26a7-419b-a5e0-8e8938845b37 tempest-SnapshotMetadataTestJSON-2140932420 tempest-SnapshotMetadataTestJSON-2140932420-project-member] Volume info retrieved successfully.
Aug 17 00:32:22.877564 np0000007436 devstack@c-api.service[97026]: INFO cinder.api.v3.snapshots [None req-8206973a-26a7-419b-a5e0-8e8938845b37 tempest-SnapshotMetadataTestJSON-2140932420 tempest-SnapshotMetadataTestJSON-2140932420-project-member] Create snapshot from volume facfd730-5824-4497-9399-0f4544621542
Aug 17 00:32:22.913960 np0000007436 devstack@c-api.service[97028]: INFO cinder.api.openstack.wsgi [req-f149f3cf-9ef9-438e-8380-cb4a1b10b7c8 req-0aec1dcd-c99b-40aa-b14d-e135e6adbc74 tempest-TaggedBootDevicesTest_v242-600192852 tempest-TaggedBootDevicesTest_v242-600192852-project-member] https://10.4.3.44/volume/v3/attachments/8691356b-a91b-41a1-90ad-dc69d5674bd5 returned with HTTP 200
Aug 17 00:32:22.914633 np0000007436 devstack@c-api.service[97028]: [pid: 97028|app: 0|req: 156/471] 10.4.3.44 () {72 vars in 1666 bytes} [Mon Aug 17 00:32:22 2026] DELETE /volume/v3/attachments/8691356b-a91b-41a1-90ad-dc69d5674bd5 => generated 19 bytes in 73 msecs (HTTP/1.1 200) 7 headers in 285 bytes (1 switches on core 0)
Aug 17 00:32:22.915395 np0000007436 devstack@c-api.service[97025]: DEBUG cinder.quota [None req-d9158536-96be-47a4-bb85-f84661b404f1 tempest-VolumesDeleteCascade-1530504781 tempest-VolumesDeleteCascade-1530504781-project-member] Created reservations ['4e126124-2317-4b1e-ab12-2d952d1e9e77', '965b4212-11c8-4a47-8d26-8d560af35644', '3e4f11ab-4bab-4f67-b81d-2c4d9bcd801d', 'f93f21e2-44da-4a30-b2d9-6bcdbb177573'] {{(pid=97025) reserve /opt/stack/cinder/cinder/quota.py:752}}
Aug 17 00:32:22.916227 np0000007436 devstack@c-api.service[97025]: DEBUG cinder.volume.api [None req-d9158536-96be-47a4-bb85-f84661b404f1 tempest-VolumesDeleteCascade-1530504781 tempest-VolumesDeleteCascade-1530504781-project-member] Task 'cinder.volume.flows.api.create_volume.QuotaReserveTask;volume:create' (571d799f-eb78-4fc0-9606-fcb32e83898b) transitioned into state 'SUCCESS' from state 'RUNNING' with result '{'reservations': ['4e126124-2317-4b1e-ab12-2d952d1e9e77', '965b4212-11c8-4a47-8d26-8d560af35644', '3e4f11ab-4bab-4f67-b81d-2c4d9bcd801d', 'f93f21e2-44da-4a30-b2d9-6bcdbb177573']}' {{(pid=97025) _task_receiver /opt/stack/data/venv/lib/python3.12/site-packages/taskflow/listeners/logging.py:218}}
Aug 17 00:32:22.916957 np0000007436 devstack@c-api.service[97025]: DEBUG cinder.volume.api [None req-d9158536-96be-47a4-bb85-f84661b404f1 tempest-VolumesDeleteCascade-1530504781 tempest-VolumesDeleteCascade-1530504781-project-member] Task 'cinder.volume.flows.api.create_volume.EntryCreateTask;volume:create' (782f7fc4-bc28-433d-a0b9-c64f3a83bf7e) transitioned into state 'RUNNING' from state 'PENDING' {{(pid=97025) _task_receiver /opt/stack/data/venv/lib/python3.12/site-packages/taskflow/listeners/logging.py:242}}
Aug 17 00:32:22.932434 np0000007436 devstack@c-api.service[97026]: DEBUG cinder.quota [None req-8206973a-26a7-419b-a5e0-8e8938845b37 tempest-SnapshotMetadataTestJSON-2140932420 tempest-SnapshotMetadataTestJSON-2140932420-project-member] Created reservations ['5420df2b-572c-4cae-9ff6-1f92f028db52', 'b3b06ff9-93c2-42f6-8ce3-54cfbfb422ce', '69d0ebd3-2607-4afd-b3f2-2e031b040c25', '9b55aab5-0fbc-42d0-818c-e58c868b9599'] {{(pid=97026) reserve /opt/stack/cinder/cinder/quota.py:752}}
Aug 17 00:32:22.940461 np0000007436 devstack@c-api.service[97025]: DEBUG cinder.volume.api [None req-d9158536-96be-47a4-bb85-f84661b404f1 tempest-VolumesDeleteCascade-1530504781 tempest-VolumesDeleteCascade-1530504781-project-member] Task 'cinder.volume.flows.api.create_volume.EntryCreateTask;volume:create' (782f7fc4-bc28-433d-a0b9-c64f3a83bf7e) transitioned into state 'SUCCESS' from state 'RUNNING' with result '{'volume_id': '0191c13f-2ea4-433b-af78-d49c15ca904c', 'volume_properties': VolumeProperties(attach_status='detached',availability_zone='nova',cgsnapshot_id=None,consistencygroup_id=None,display_description=None,display_name='tempest-VolumesDeleteCascade-Volume-41343548',encryption_key_id=None,group_id=None,group_type_id=,metadata={},multiattach=False,project_id='1399317d238447b4bf947f2dd7848469',qos_specs=None,replication_status=,reservations=['4e126124-2317-4b1e-ab12-2d952d1e9e77','965b4212-11c8-4a47-8d26-8d560af35644','3e4f11ab-4bab-4f67-b81d-2c4d9bcd801d','f93f21e2-44da-4a30-b2d9-6bcdbb177573'],size=1,snapshot_id=None,source_replicaid=,source_volid=None,status='creating',user_id='c60c591d6e274a729ae0832a8d519222',volume_type_id=297f9958-0516-48b0-970a-65d4131f01ba), 'volume': Volume(_name_id=None,admin_metadata=,attach_status='detached',availability_zone='nova',bootable=False,cluster=,cluster_name=None,consistencygroup=,consistencygroup_id=None,created_at=2026-08-17T00:32:22Z,deleted=False,deleted_at=None,display_description=None,display_name='tempest-VolumesDeleteCascade-Volume-41343548',ec2_id=None,encryption_key_id=None,glance_metadata=,group=,group_id=None,host=None,id=0191c13f-2ea4-433b-af78-d49c15ca904c,launched_at=None,metadata={},migration_status=None,multiattach=False,previous_status=None,project_id='1399317d238447b4bf947f2dd7848469',provider_auth=None,provider_geometry=None,provider_id=None,provider_location=None,replication_driver_data=None,replication_extended_status=None,replication_status=None,scheduled_at=None,service_uuid=None,shared_targets=True,size=1,snapshot_id=None,snapshots=,source_volid=None,status='creating',terminated_at=None,updated_at=None,use_quota=True,user_id='c60c591d6e274a729ae0832a8d519222',volume_attachment=VolumeAttachmentList,volume_type=VolumeType(297f9958-0516-48b0-970a-65d4131f01ba),volume_type_id=297f9958-0516-48b0-970a-65d4131f01ba)}' {{(pid=97025) _task_receiver /opt/stack/data/venv/lib/python3.12/site-packages/taskflow/listeners/logging.py:218}}
Aug 17 00:32:22.942325 np0000007436 devstack@c-api.service[97025]: DEBUG cinder.volume.api [None req-d9158536-96be-47a4-bb85-f84661b404f1 tempest-VolumesDeleteCascade-1530504781 tempest-VolumesDeleteCascade-1530504781-project-member] Task 'cinder.volume.flows.api.create_volume.QuotaCommitTask;volume:create' (5bdc511a-b733-47f7-8d34-f1b2baa9a539) transitioned into state 'RUNNING' from state 'PENDING' {{(pid=97025) _task_receiver /opt/stack/data/venv/lib/python3.12/site-packages/taskflow/listeners/logging.py:242}}
Aug 17 00:32:22.968273 np0000007436 devstack@c-api.service[97025]: DEBUG cinder.volume.api [None req-d9158536-96be-47a4-bb85-f84661b404f1 tempest-VolumesDeleteCascade-1530504781 tempest-VolumesDeleteCascade-1530504781-project-member] Task 'cinder.volume.flows.api.create_volume.QuotaCommitTask;volume:create' (5bdc511a-b733-47f7-8d34-f1b2baa9a539) transitioned into state 'SUCCESS' from state 'RUNNING' with result '{'volume_properties': VolumeProperties(attach_status='detached',availability_zone='nova',cgsnapshot_id=None,consistencygroup_id=None,display_description=None,display_name='tempest-VolumesDeleteCascade-Volume-41343548',encryption_key_id=None,group_id=None,group_type_id=,metadata={},multiattach=False,project_id='1399317d238447b4bf947f2dd7848469',qos_specs=None,replication_status=,reservations=['4e126124-2317-4b1e-ab12-2d952d1e9e77','965b4212-11c8-4a47-8d26-8d560af35644','3e4f11ab-4bab-4f67-b81d-2c4d9bcd801d','f93f21e2-44da-4a30-b2d9-6bcdbb177573'],size=1,snapshot_id=None,source_replicaid=,source_volid=None,status='creating',user_id='c60c591d6e274a729ae0832a8d519222',volume_type_id=297f9958-0516-48b0-970a-65d4131f01ba)}' {{(pid=97025) _task_receiver /opt/stack/data/venv/lib/python3.12/site-packages/taskflow/listeners/logging.py:218}}
Aug 17 00:32:22.968889 np0000007436 devstack@c-api.service[97025]: DEBUG cinder.volume.api [None req-d9158536-96be-47a4-bb85-f84661b404f1 tempest-VolumesDeleteCascade-1530504781 tempest-VolumesDeleteCascade-1530504781-project-member] Task 'cinder.volume.flows.api.create_volume.VolumeCastTask;volume:create' (9e23c7af-2f56-4f06-badd-b6d547d772f2) transitioned into state 'RUNNING' from state 'PENDING' {{(pid=97025) _task_receiver /opt/stack/data/venv/lib/python3.12/site-packages/taskflow/listeners/logging.py:242}}
Aug 17 00:32:22.983053 np0000007436 devstack@c-api.service[97025]: DEBUG cinder.volume.api [None req-d9158536-96be-47a4-bb85-f84661b404f1 tempest-VolumesDeleteCascade-1530504781 tempest-VolumesDeleteCascade-1530504781-project-member] Task 'cinder.volume.flows.api.create_volume.VolumeCastTask;volume:create' (9e23c7af-2f56-4f06-badd-b6d547d772f2) transitioned into state 'SUCCESS' from state 'RUNNING' with result 'None' {{(pid=97025) _task_receiver /opt/stack/data/venv/lib/python3.12/site-packages/taskflow/listeners/logging.py:218}}
Aug 17 00:32:22.983927 np0000007436 devstack@c-api.service[97025]: DEBUG cinder.volume.api [None req-d9158536-96be-47a4-bb85-f84661b404f1 tempest-VolumesDeleteCascade-1530504781 tempest-VolumesDeleteCascade-1530504781-project-member] Flow 'volume_create_api' (e2d3efa1-3e00-472e-9056-0d654fe720b0) transitioned into state 'SUCCESS' from state 'RUNNING' {{(pid=97025) _flow_receiver /opt/stack/data/venv/lib/python3.12/site-packages/taskflow/listeners/logging.py:160}}
Aug 17 00:32:22.984258 np0000007436 devstack@c-api.service[97025]: INFO cinder.volume.api [None req-d9158536-96be-47a4-bb85-f84661b404f1 tempest-VolumesDeleteCascade-1530504781 tempest-VolumesDeleteCascade-1530504781-project-member] Create volume request issued successfully.
Aug 17 00:32:22.984587 np0000007436 devstack@c-api.service[97026]: INFO cinder.volume.api [None req-8206973a-26a7-419b-a5e0-8e8938845b37 tempest-SnapshotMetadataTestJSON-2140932420 tempest-SnapshotMetadataTestJSON-2140932420-project-member] Snapshot create request issued successfully.
Aug 17 00:32:22.985425 np0000007436 devstack@c-api.service[97025]: INFO cinder.api.openstack.wsgi [None req-d9158536-96be-47a4-bb85-f84661b404f1 tempest-VolumesDeleteCascade-1530504781 tempest-VolumesDeleteCascade-1530504781-project-member] https://10.4.3.44/volume/v3/volumes returned with HTTP 202
Aug 17 00:32:22.985572 np0000007436 devstack@c-api.service[97026]: INFO cinder.api.openstack.wsgi [None req-8206973a-26a7-419b-a5e0-8e8938845b37 tempest-SnapshotMetadataTestJSON-2140932420 tempest-SnapshotMetadataTestJSON-2140932420-project-member] https://10.4.3.44/volume/v3/snapshots returned with HTTP 202
Aug 17 00:32:22.985911 np0000007436 devstack@c-api.service[97026]: [pid: 97026|app: 0|req: 158/472] 10.4.3.44 () {68 vars in 1258 bytes} [Mon Aug 17 00:32:22 2026] POST /volume/v3/snapshots => generated 311 bytes in 122 msecs (HTTP/1.1 202) 7 headers in 291 bytes (1 switches on core 0)
Aug 17 00:32:22.986309 np0000007436 devstack@c-api.service[97025]: [pid: 97025|app: 0|req: 159/473] 10.4.3.44 () {68 vars in 1251 bytes} [Mon Aug 17 00:32:22 2026] POST /volume/v3/volumes => generated 747 bytes in 371 msecs (HTTP/1.1 202) 7 headers in 291 bytes (1 switches on core 0)
Aug 17 00:32:23.001917 np0000007436 devstack@c-api.service[97028]: DEBUG cinder.api.middleware.request_id [None req-7cfed73c-32f3-461b-97ae-fb31237d2c95 None None] RequestId filter calling following filter/app {{(pid=97028) _context_setter /opt/stack/cinder/cinder/api/middleware/request_id.py:62}}
Aug 17 00:32:23.004009 np0000007436 devstack@c-api.service[97026]: DEBUG cinder.api.middleware.request_id [None req-8413a7d7-9a76-4285-9340-61a4cd44f3f3 None None] RequestId filter calling following filter/app {{(pid=97026) _context_setter /opt/stack/cinder/cinder/api/middleware/request_id.py:62}}
Aug 17 00:32:23.006266 np0000007436 devstack@c-api.service[97028]: INFO cinder.api.openstack.wsgi [None req-7cfed73c-32f3-461b-97ae-fb31237d2c95 tempest-SnapshotMetadataTestJSON-2140932420 tempest-SnapshotMetadataTestJSON-2140932420-project-member] GET https://10.4.3.44/volume/v3/snapshots/e5619f9f-d704-4eb0-966d-5ae0eefd05fe
Aug 17 00:32:23.006452 np0000007436 devstack@c-api.service[97028]: DEBUG cinder.api.openstack.wsgi [None req-7cfed73c-32f3-461b-97ae-fb31237d2c95 tempest-SnapshotMetadataTestJSON-2140932420 tempest-SnapshotMetadataTestJSON-2140932420-project-member] Empty body provided in request {{(pid=97028) get_body /opt/stack/cinder/cinder/api/openstack/wsgi.py:725}}
Aug 17 00:32:23.006633 np0000007436 devstack@c-api.service[97028]: DEBUG cinder.api.openstack.wsgi [None req-7cfed73c-32f3-461b-97ae-fb31237d2c95 tempest-SnapshotMetadataTestJSON-2140932420 tempest-SnapshotMetadataTestJSON-2140932420-project-member] Calling method 'show' {{(pid=97028) _process_stack /opt/stack/cinder/cinder/api/openstack/wsgi.py:878}}
Aug 17 00:32:23.012291 np0000007436 devstack@c-api.service[97026]: INFO cinder.api.openstack.wsgi [None req-8413a7d7-9a76-4285-9340-61a4cd44f3f3 tempest-VolumesDeleteCascade-1530504781 tempest-VolumesDeleteCascade-1530504781-project-member] GET https://10.4.3.44/volume/v3/volumes/0191c13f-2ea4-433b-af78-d49c15ca904c
Aug 17 00:32:23.012291 np0000007436 devstack@c-api.service[97026]: DEBUG cinder.api.openstack.wsgi [None req-8413a7d7-9a76-4285-9340-61a4cd44f3f3 tempest-VolumesDeleteCascade-1530504781 tempest-VolumesDeleteCascade-1530504781-project-member] Empty body provided in request {{(pid=97026) get_body /opt/stack/cinder/cinder/api/openstack/wsgi.py:725}}
Aug 17 00:32:23.012291 np0000007436 devstack@c-api.service[97026]: DEBUG cinder.api.openstack.wsgi [None req-8413a7d7-9a76-4285-9340-61a4cd44f3f3 tempest-VolumesDeleteCascade-1530504781 tempest-VolumesDeleteCascade-1530504781-project-member] Calling method 'show' {{(pid=97026) _process_stack /opt/stack/cinder/cinder/api/openstack/wsgi.py:878}}
Aug 17 00:32:23.013648 np0000007436 devstack@c-api.service[97028]: /opt/stack/data/venv/lib/python3.12/site-packages/oslo_context/context.py:102: DeprecationWarning: Policy enforcement is depending on the value of is_admin. This key is deprecated. Please update your policy file to use the standard policy values.
Aug 17 00:32:23.013648 np0000007436 devstack@c-api.service[97028]: warnings.warn(
Aug 17 00:32:23.014265 np0000007436 devstack@c-api.service[97028]: INFO cinder.volume.api [None req-7cfed73c-32f3-461b-97ae-fb31237d2c95 tempest-SnapshotMetadataTestJSON-2140932420 tempest-SnapshotMetadataTestJSON-2140932420-project-member] Snapshot retrieved successfully.
Aug 17 00:32:23.015299 np0000007436 devstack@c-api.service[97028]: INFO cinder.api.openstack.wsgi [None req-7cfed73c-32f3-461b-97ae-fb31237d2c95 tempest-SnapshotMetadataTestJSON-2140932420 tempest-SnapshotMetadataTestJSON-2140932420-project-member] https://10.4.3.44/volume/v3/snapshots/e5619f9f-d704-4eb0-966d-5ae0eefd05fe returned with HTTP 200
Aug 17 00:32:23.015769 np0000007436 devstack@c-api.service[97028]: [pid: 97028|app: 0|req: 157/474] 10.4.3.44 () {66 vars in 1347 bytes} [Mon Aug 17 00:32:23 2026] GET /volume/v3/snapshots/e5619f9f-d704-4eb0-966d-5ae0eefd05fe => generated 443 bytes in 14 msecs (HTTP/1.1 200) 7 headers in 285 bytes (1 switches on core 0)
Aug 17 00:32:23.028831 np0000007436 devstack@c-api.service[97026]: /opt/stack/data/venv/lib/python3.12/site-packages/oslo_context/context.py:102: DeprecationWarning: Policy enforcement is depending on the value of is_admin. This key is deprecated. Please update your policy file to use the standard policy values.
Aug 17 00:32:23.028831 np0000007436 devstack@c-api.service[97026]: warnings.warn(
Aug 17 00:32:23.034947 np0000007436 devstack@c-api.service[97026]: INFO cinder.volume.api [None req-8413a7d7-9a76-4285-9340-61a4cd44f3f3 tempest-VolumesDeleteCascade-1530504781 tempest-VolumesDeleteCascade-1530504781-project-member] Volume info retrieved successfully.
Aug 17 00:32:23.042579 np0000007436 devstack@c-api.service[97026]: INFO cinder.api.openstack.wsgi [None req-8413a7d7-9a76-4285-9340-61a4cd44f3f3 tempest-VolumesDeleteCascade-1530504781 tempest-VolumesDeleteCascade-1530504781-project-member] https://10.4.3.44/volume/v3/volumes/0191c13f-2ea4-433b-af78-d49c15ca904c returned with HTTP 200
Aug 17 00:32:23.044162 np0000007436 devstack@c-api.service[97026]: [pid: 97026|app: 0|req: 159/475] 10.4.3.44 () {66 vars in 1341 bytes} [Mon Aug 17 00:32:23 2026] GET /volume/v3/volumes/0191c13f-2ea4-433b-af78-d49c15ca904c => generated 815 bytes in 41 msecs (HTTP/1.1 200) 7 headers in 285 bytes (1 switches on core 0)
Aug 17 00:32:24.027440 np0000007436 devstack@c-api.service[97025]: DEBUG cinder.api.middleware.request_id [None req-2ca1e04a-5ffa-4102-80fd-89440223aa47 None None] RequestId filter calling following filter/app {{(pid=97025) _context_setter /opt/stack/cinder/cinder/api/middleware/request_id.py:62}}
Aug 17 00:32:24.029314 np0000007436 devstack@c-api.service[97025]: INFO cinder.api.openstack.wsgi [None req-2ca1e04a-5ffa-4102-80fd-89440223aa47 tempest-SnapshotMetadataTestJSON-2140932420 tempest-SnapshotMetadataTestJSON-2140932420-project-member] GET https://10.4.3.44/volume/v3/snapshots/e5619f9f-d704-4eb0-966d-5ae0eefd05fe
Aug 17 00:32:24.029525 np0000007436 devstack@c-api.service[97025]: DEBUG cinder.api.openstack.wsgi [None req-2ca1e04a-5ffa-4102-80fd-89440223aa47 tempest-SnapshotMetadataTestJSON-2140932420 tempest-SnapshotMetadataTestJSON-2140932420-project-member] Empty body provided in request {{(pid=97025) get_body /opt/stack/cinder/cinder/api/openstack/wsgi.py:725}}
Aug 17 00:32:24.029698 np0000007436 devstack@c-api.service[97025]: DEBUG cinder.api.openstack.wsgi [None req-2ca1e04a-5ffa-4102-80fd-89440223aa47 tempest-SnapshotMetadataTestJSON-2140932420 tempest-SnapshotMetadataTestJSON-2140932420-project-member] Calling method 'show' {{(pid=97025) _process_stack /opt/stack/cinder/cinder/api/openstack/wsgi.py:878}}
Aug 17 00:32:24.035865 np0000007436 devstack@c-api.service[97025]: /opt/stack/data/venv/lib/python3.12/site-packages/oslo_context/context.py:102: DeprecationWarning: Policy enforcement is depending on the value of is_admin. This key is deprecated. Please update your policy file to use the standard policy values.
Aug 17 00:32:24.035865 np0000007436 devstack@c-api.service[97025]: warnings.warn(
Aug 17 00:32:24.036521 np0000007436 devstack@c-api.service[97025]: INFO cinder.volume.api [None req-2ca1e04a-5ffa-4102-80fd-89440223aa47 tempest-SnapshotMetadataTestJSON-2140932420 tempest-SnapshotMetadataTestJSON-2140932420-project-member] Snapshot retrieved successfully.
Aug 17 00:32:24.037598 np0000007436 devstack@c-api.service[97025]: INFO cinder.api.openstack.wsgi [None req-2ca1e04a-5ffa-4102-80fd-89440223aa47 tempest-SnapshotMetadataTestJSON-2140932420 tempest-SnapshotMetadataTestJSON-2140932420-project-member] https://10.4.3.44/volume/v3/snapshots/e5619f9f-d704-4eb0-966d-5ae0eefd05fe returned with HTTP 200
Aug 17 00:32:24.038110 np0000007436 devstack@c-api.service[97025]: [pid: 97025|app: 0|req: 160/476] 10.4.3.44 () {66 vars in 1347 bytes} [Mon Aug 17 00:32:24 2026] GET /volume/v3/snapshots/e5619f9f-d704-4eb0-966d-5ae0eefd05fe => generated 470 bytes in 11 msecs (HTTP/1.1 200) 7 headers in 285 bytes (1 switches on core 0)
Aug 17 00:32:24.051895 np0000007436 devstack@c-api.service[97028]: DEBUG cinder.api.middleware.request_id [None req-dd2697f9-99b6-4280-9ad7-629b0fc99048 None None] RequestId filter calling following filter/app {{(pid=97028) _context_setter /opt/stack/cinder/cinder/api/middleware/request_id.py:62}}
Aug 17 00:32:24.053125 np0000007436 devstack@c-api.service[97028]: INFO cinder.api.openstack.wsgi [None req-dd2697f9-99b6-4280-9ad7-629b0fc99048 tempest-SnapshotMetadataTestJSON-2140932420 tempest-SnapshotMetadataTestJSON-2140932420-project-member] POST https://10.4.3.44/volume/v3/snapshots/e5619f9f-d704-4eb0-966d-5ae0eefd05fe/metadata
Aug 17 00:32:24.054240 np0000007436 devstack@c-api.service[97028]: DEBUG cinder.api.openstack.wsgi [None req-dd2697f9-99b6-4280-9ad7-629b0fc99048 tempest-SnapshotMetadataTestJSON-2140932420 tempest-SnapshotMetadataTestJSON-2140932420-project-member] Action: 'create', calling method: create, body: {"metadata": {"key1": "value1", "key2": "value2", "key3": "value3"}} {{(pid=97028) _process_stack /opt/stack/cinder/cinder/api/openstack/wsgi.py:876}}
Aug 17 00:32:24.060354 np0000007436 devstack@c-api.service[97026]: DEBUG cinder.api.middleware.request_id [None req-8c66170b-9e2b-4cdc-9a41-8703d78b925e None None] RequestId filter calling following filter/app {{(pid=97026) _context_setter /opt/stack/cinder/cinder/api/middleware/request_id.py:62}}
Aug 17 00:32:24.064393 np0000007436 devstack@c-api.service[97026]: INFO cinder.api.openstack.wsgi [None req-8c66170b-9e2b-4cdc-9a41-8703d78b925e tempest-VolumesDeleteCascade-1530504781 tempest-VolumesDeleteCascade-1530504781-project-member] GET https://10.4.3.44/volume/v3/volumes/0191c13f-2ea4-433b-af78-d49c15ca904c
Aug 17 00:32:24.064775 np0000007436 devstack@c-api.service[97026]: DEBUG cinder.api.openstack.wsgi [None req-8c66170b-9e2b-4cdc-9a41-8703d78b925e tempest-VolumesDeleteCascade-1530504781 tempest-VolumesDeleteCascade-1530504781-project-member] Empty body provided in request {{(pid=97026) get_body /opt/stack/cinder/cinder/api/openstack/wsgi.py:725}}
Aug 17 00:32:24.065011 np0000007436 devstack@c-api.service[97026]: DEBUG cinder.api.openstack.wsgi [None req-8c66170b-9e2b-4cdc-9a41-8703d78b925e tempest-VolumesDeleteCascade-1530504781 tempest-VolumesDeleteCascade-1530504781-project-member] Calling method 'show' {{(pid=97026) _process_stack /opt/stack/cinder/cinder/api/openstack/wsgi.py:878}}
Aug 17 00:32:24.069954 np0000007436 devstack@c-api.service[97028]: /opt/stack/data/venv/lib/python3.12/site-packages/oslo_context/context.py:102: DeprecationWarning: Policy enforcement is depending on the value of is_admin. This key is deprecated. Please update your policy file to use the standard policy values.
Aug 17 00:32:24.069954 np0000007436 devstack@c-api.service[97028]: warnings.warn(
Aug 17 00:32:24.070475 np0000007436 devstack@c-api.service[97028]: INFO cinder.volume.api [None req-dd2697f9-99b6-4280-9ad7-629b0fc99048 tempest-SnapshotMetadataTestJSON-2140932420 tempest-SnapshotMetadataTestJSON-2140932420-project-member] Snapshot retrieved successfully.
Aug 17 00:32:24.084475 np0000007436 devstack@c-api.service[97026]: /opt/stack/data/venv/lib/python3.12/site-packages/oslo_context/context.py:102: DeprecationWarning: Policy enforcement is depending on the value of is_admin. This key is deprecated. Please update your policy file to use the standard policy values.
Aug 17 00:32:24.084475 np0000007436 devstack@c-api.service[97026]: warnings.warn(
Aug 17 00:32:24.093204 np0000007436 devstack@c-api.service[97026]: INFO cinder.volume.api [None req-8c66170b-9e2b-4cdc-9a41-8703d78b925e tempest-VolumesDeleteCascade-1530504781 tempest-VolumesDeleteCascade-1530504781-project-member] Volume info retrieved successfully.
Aug 17 00:32:24.103636 np0000007436 devstack@c-api.service[97026]: INFO cinder.api.openstack.wsgi [None req-8c66170b-9e2b-4cdc-9a41-8703d78b925e tempest-VolumesDeleteCascade-1530504781 tempest-VolumesDeleteCascade-1530504781-project-member] https://10.4.3.44/volume/v3/volumes/0191c13f-2ea4-433b-af78-d49c15ca904c returned with HTTP 200
Aug 17 00:32:24.104226 np0000007436 devstack@c-api.service[97026]: [pid: 97026|app: 0|req: 160/477] 10.4.3.44 () {66 vars in 1341 bytes} [Mon Aug 17 00:32:24 2026] GET /volume/v3/volumes/0191c13f-2ea4-433b-af78-d49c15ca904c => generated 840 bytes in 44 msecs (HTTP/1.1 200) 7 headers in 285 bytes (1 switches on core 0)
Aug 17 00:32:24.123692 np0000007436 devstack@c-api.service[97025]: DEBUG cinder.api.middleware.request_id [None req-e7bbfc99-aa5e-4adb-b8ce-0878fb26391f None None] RequestId filter calling following filter/app {{(pid=97025) _context_setter /opt/stack/cinder/cinder/api/middleware/request_id.py:62}}
Aug 17 00:32:24.126821 np0000007436 devstack@c-api.service[97025]: INFO cinder.api.openstack.wsgi [None req-e7bbfc99-aa5e-4adb-b8ce-0878fb26391f tempest-VolumesDeleteCascade-1530504781 tempest-VolumesDeleteCascade-1530504781-project-member] POST https://10.4.3.44/volume/v3/snapshots
Aug 17 00:32:24.128014 np0000007436 devstack@c-api.service[97025]: DEBUG cinder.api.openstack.wsgi [None req-e7bbfc99-aa5e-4adb-b8ce-0878fb26391f tempest-VolumesDeleteCascade-1530504781 tempest-VolumesDeleteCascade-1530504781-project-member] Action: 'create', calling method: create, body: {"snapshot": {"volume_id": "0191c13f-2ea4-433b-af78-d49c15ca904c", "name": "tempest-VolumesDeleteCascade-Snapshot-577791213"}} {{(pid=97025) _process_stack /opt/stack/cinder/cinder/api/openstack/wsgi.py:876}}
Aug 17 00:32:24.132509 np0000007436 devstack@c-api.service[97028]: INFO cinder.volume.api [None req-dd2697f9-99b6-4280-9ad7-629b0fc99048 tempest-SnapshotMetadataTestJSON-2140932420 tempest-SnapshotMetadataTestJSON-2140932420-project-member] Update snapshot metadata completed successfully.
Aug 17 00:32:24.133241 np0000007436 devstack@c-api.service[97028]: INFO cinder.api.openstack.wsgi [None req-dd2697f9-99b6-4280-9ad7-629b0fc99048 tempest-SnapshotMetadataTestJSON-2140932420 tempest-SnapshotMetadataTestJSON-2140932420-project-member] https://10.4.3.44/volume/v3/snapshots/e5619f9f-d704-4eb0-966d-5ae0eefd05fe/metadata returned with HTTP 200
Aug 17 00:32:24.133547 np0000007436 devstack@c-api.service[97028]: [pid: 97028|app: 0|req: 158/478] 10.4.3.44 () {68 vars in 1395 bytes} [Mon Aug 17 00:32:24 2026] POST /volume/v3/snapshots/e5619f9f-d704-4eb0-966d-5ae0eefd05fe/metadata => generated 68 bytes in 83 msecs (HTTP/1.1 200) 7 headers in 284 bytes (1 switches on core 0)
Aug 17 00:32:24.142654 np0000007436 devstack@c-api.service[97025]: /opt/stack/data/venv/lib/python3.12/site-packages/oslo_context/context.py:102: DeprecationWarning: Policy enforcement is depending on the value of is_admin. This key is deprecated. Please update your policy file to use the standard policy values.
Aug 17 00:32:24.142654 np0000007436 devstack@c-api.service[97025]: warnings.warn(
Aug 17 00:32:24.143456 np0000007436 devstack@c-api.service[97025]: INFO cinder.volume.api [None req-e7bbfc99-aa5e-4adb-b8ce-0878fb26391f tempest-VolumesDeleteCascade-1530504781 tempest-VolumesDeleteCascade-1530504781-project-member] Volume info retrieved successfully.
Aug 17 00:32:24.143649 np0000007436 devstack@c-api.service[97025]: INFO cinder.api.v3.snapshots [None req-e7bbfc99-aa5e-4adb-b8ce-0878fb26391f tempest-VolumesDeleteCascade-1530504781 tempest-VolumesDeleteCascade-1530504781-project-member] Create snapshot from volume 0191c13f-2ea4-433b-af78-d49c15ca904c
Aug 17 00:32:24.145356 np0000007436 devstack@c-api.service[97026]: DEBUG cinder.api.middleware.request_id [None req-50eb068e-7e64-4c74-b9ff-89295eb60a14 None None] RequestId filter calling following filter/app {{(pid=97026) _context_setter /opt/stack/cinder/cinder/api/middleware/request_id.py:62}}
Aug 17 00:32:24.150924 np0000007436 devstack@c-api.service[97026]: INFO cinder.api.openstack.wsgi [None req-50eb068e-7e64-4c74-b9ff-89295eb60a14 tempest-SnapshotMetadataTestJSON-2140932420 tempest-SnapshotMetadataTestJSON-2140932420-project-member] GET https://10.4.3.44/volume/v3/snapshots/e5619f9f-d704-4eb0-966d-5ae0eefd05fe/metadata
Aug 17 00:32:24.151999 np0000007436 devstack@c-api.service[97026]: DEBUG cinder.api.openstack.wsgi [None req-50eb068e-7e64-4c74-b9ff-89295eb60a14 tempest-SnapshotMetadataTestJSON-2140932420 tempest-SnapshotMetadataTestJSON-2140932420-project-member] Empty body provided in request {{(pid=97026) get_body /opt/stack/cinder/cinder/api/openstack/wsgi.py:725}}
Aug 17 00:32:24.151999 np0000007436 devstack@c-api.service[97026]: DEBUG cinder.api.openstack.wsgi [None req-50eb068e-7e64-4c74-b9ff-89295eb60a14 tempest-SnapshotMetadataTestJSON-2140932420 tempest-SnapshotMetadataTestJSON-2140932420-project-member] Calling method 'index' {{(pid=97026) _process_stack /opt/stack/cinder/cinder/api/openstack/wsgi.py:878}}
Aug 17 00:32:24.158745 np0000007436 devstack@c-api.service[97026]: /opt/stack/data/venv/lib/python3.12/site-packages/oslo_context/context.py:102: DeprecationWarning: Policy enforcement is depending on the value of is_admin. This key is deprecated. Please update your policy file to use the standard policy values.
Aug 17 00:32:24.158745 np0000007436 devstack@c-api.service[97026]: warnings.warn(
Aug 17 00:32:24.159457 np0000007436 devstack@c-api.service[97026]: INFO cinder.volume.api [None req-50eb068e-7e64-4c74-b9ff-89295eb60a14 tempest-SnapshotMetadataTestJSON-2140932420 tempest-SnapshotMetadataTestJSON-2140932420-project-member] Snapshot retrieved successfully.
Aug 17 00:32:24.160776 np0000007436 devstack@c-api.service[97026]: INFO cinder.volume.api [None req-50eb068e-7e64-4c74-b9ff-89295eb60a14 tempest-SnapshotMetadataTestJSON-2140932420 tempest-SnapshotMetadataTestJSON-2140932420-project-member] Get snapshot metadata completed successfully.
Aug 17 00:32:24.161679 np0000007436 devstack@c-api.service[97026]: INFO cinder.api.openstack.wsgi [None req-50eb068e-7e64-4c74-b9ff-89295eb60a14 tempest-SnapshotMetadataTestJSON-2140932420 tempest-SnapshotMetadataTestJSON-2140932420-project-member] https://10.4.3.44/volume/v3/snapshots/e5619f9f-d704-4eb0-966d-5ae0eefd05fe/metadata returned with HTTP 200
Aug 17 00:32:24.162513 np0000007436 devstack@c-api.service[97026]: [pid: 97026|app: 0|req: 161/479] 10.4.3.44 () {66 vars in 1374 bytes} [Mon Aug 17 00:32:24 2026] GET /volume/v3/snapshots/e5619f9f-d704-4eb0-966d-5ae0eefd05fe/metadata => generated 68 bytes in 18 msecs (HTTP/1.1 200) 7 headers in 284 bytes (1 switches on core 0)
Aug 17 00:32:24.173950 np0000007436 devstack@c-api.service[97028]: DEBUG cinder.api.middleware.request_id [None req-ad18ade2-0b29-4c3a-823e-0294732ebadc None None] RequestId filter calling following filter/app {{(pid=97028) _context_setter /opt/stack/cinder/cinder/api/middleware/request_id.py:62}}
Aug 17 00:32:24.178552 np0000007436 devstack@c-api.service[97028]: INFO cinder.api.openstack.wsgi [None req-ad18ade2-0b29-4c3a-823e-0294732ebadc tempest-SnapshotMetadataTestJSON-2140932420 tempest-SnapshotMetadataTestJSON-2140932420-project-member] PUT https://10.4.3.44/volume/v3/snapshots/e5619f9f-d704-4eb0-966d-5ae0eefd05fe/metadata
Aug 17 00:32:24.179514 np0000007436 devstack@c-api.service[97028]: DEBUG cinder.api.openstack.wsgi [None req-ad18ade2-0b29-4c3a-823e-0294732ebadc tempest-SnapshotMetadataTestJSON-2140932420 tempest-SnapshotMetadataTestJSON-2140932420-project-member] Action: 'update_all', calling method: update_all, body: {"metadata": {"key3": "value3_update", "key4": "value4"}} {{(pid=97028) _process_stack /opt/stack/cinder/cinder/api/openstack/wsgi.py:876}}
Aug 17 00:32:24.188885 np0000007436 devstack@c-api.service[97028]: /opt/stack/data/venv/lib/python3.12/site-packages/oslo_context/context.py:102: DeprecationWarning: Policy enforcement is depending on the value of is_admin. This key is deprecated. Please update your policy file to use the standard policy values.
Aug 17 00:32:24.188885 np0000007436 devstack@c-api.service[97028]: warnings.warn(
Aug 17 00:32:24.189813 np0000007436 devstack@c-api.service[97028]: INFO cinder.volume.api [None req-ad18ade2-0b29-4c3a-823e-0294732ebadc tempest-SnapshotMetadataTestJSON-2140932420 tempest-SnapshotMetadataTestJSON-2140932420-project-member] Snapshot retrieved successfully.
Aug 17 00:32:24.193667 np0000007436 devstack@c-api.service[97025]: DEBUG cinder.quota [None req-e7bbfc99-aa5e-4adb-b8ce-0878fb26391f tempest-VolumesDeleteCascade-1530504781 tempest-VolumesDeleteCascade-1530504781-project-member] Created reservations ['0eea8f4d-ff3d-452e-8358-61f28d53f1e9', 'a22da25c-1f5c-4c49-b79e-7b12d8592f9d', 'dadc0902-ee88-4f05-933a-5abc981f2adc', 'c043f61f-9155-4d54-9712-bb9dedcfb2cc'] {{(pid=97025) reserve /opt/stack/cinder/cinder/quota.py:752}}
Aug 17 00:32:24.226990 np0000007436 devstack@c-api.service[97028]: INFO cinder.volume.api [None req-ad18ade2-0b29-4c3a-823e-0294732ebadc tempest-SnapshotMetadataTestJSON-2140932420 tempest-SnapshotMetadataTestJSON-2140932420-project-member] Update snapshot metadata completed successfully.
Aug 17 00:32:24.228226 np0000007436 devstack@c-api.service[97028]: INFO cinder.api.openstack.wsgi [None req-ad18ade2-0b29-4c3a-823e-0294732ebadc tempest-SnapshotMetadataTestJSON-2140932420 tempest-SnapshotMetadataTestJSON-2140932420-project-member] https://10.4.3.44/volume/v3/snapshots/e5619f9f-d704-4eb0-966d-5ae0eefd05fe/metadata returned with HTTP 200
Aug 17 00:32:24.228226 np0000007436 devstack@c-api.service[97028]: [pid: 97028|app: 0|req: 159/480] 10.4.3.44 () {68 vars in 1394 bytes} [Mon Aug 17 00:32:24 2026] PUT /volume/v3/snapshots/e5619f9f-d704-4eb0-966d-5ae0eefd05fe/metadata => generated 57 bytes in 56 msecs (HTTP/1.1 200) 7 headers in 284 bytes (1 switches on core 0)
Aug 17 00:32:24.239043 np0000007436 devstack@c-api.service[97025]: INFO cinder.volume.api [None req-e7bbfc99-aa5e-4adb-b8ce-0878fb26391f tempest-VolumesDeleteCascade-1530504781 tempest-VolumesDeleteCascade-1530504781-project-member] Snapshot create request issued successfully.
Aug 17 00:32:24.239470 np0000007436 devstack@c-api.service[97025]: INFO cinder.api.openstack.wsgi [None req-e7bbfc99-aa5e-4adb-b8ce-0878fb26391f tempest-VolumesDeleteCascade-1530504781 tempest-VolumesDeleteCascade-1530504781-project-member] https://10.4.3.44/volume/v3/snapshots returned with HTTP 202
Aug 17 00:32:24.240053 np0000007436 devstack@c-api.service[97025]: [pid: 97025|app: 0|req: 161/481] 10.4.3.44 () {68 vars in 1258 bytes} [Mon Aug 17 00:32:24 2026] POST /volume/v3/snapshots => generated 306 bytes in 117 msecs (HTTP/1.1 202) 7 headers in 291 bytes (1 switches on core 0)
Aug 17 00:32:24.240325 np0000007436 devstack@c-api.service[97026]: DEBUG cinder.api.middleware.request_id [None req-6d7dd8a9-eca7-49cf-a7a9-34b09b4fbf75 None None] RequestId filter calling following filter/app {{(pid=97026) _context_setter /opt/stack/cinder/cinder/api/middleware/request_id.py:62}}
Aug 17 00:32:24.242977 np0000007436 devstack@c-api.service[97026]: INFO cinder.api.openstack.wsgi [None req-6d7dd8a9-eca7-49cf-a7a9-34b09b4fbf75 tempest-SnapshotMetadataTestJSON-2140932420 tempest-SnapshotMetadataTestJSON-2140932420-project-member] GET https://10.4.3.44/volume/v3/snapshots/e5619f9f-d704-4eb0-966d-5ae0eefd05fe/metadata
Aug 17 00:32:24.244096 np0000007436 devstack@c-api.service[97026]: DEBUG cinder.api.openstack.wsgi [None req-6d7dd8a9-eca7-49cf-a7a9-34b09b4fbf75 tempest-SnapshotMetadataTestJSON-2140932420 tempest-SnapshotMetadataTestJSON-2140932420-project-member] Empty body provided in request {{(pid=97026) get_body /opt/stack/cinder/cinder/api/openstack/wsgi.py:725}}
Aug 17 00:32:24.244096 np0000007436 devstack@c-api.service[97026]: DEBUG cinder.api.openstack.wsgi [None req-6d7dd8a9-eca7-49cf-a7a9-34b09b4fbf75 tempest-SnapshotMetadataTestJSON-2140932420 tempest-SnapshotMetadataTestJSON-2140932420-project-member] Calling method 'index' {{(pid=97026) _process_stack /opt/stack/cinder/cinder/api/openstack/wsgi.py:878}}
Aug 17 00:32:24.250541 np0000007436 devstack@c-api.service[97026]: /opt/stack/data/venv/lib/python3.12/site-packages/oslo_context/context.py:102: DeprecationWarning: Policy enforcement is depending on the value of is_admin. This key is deprecated. Please update your policy file to use the standard policy values.
Aug 17 00:32:24.250541 np0000007436 devstack@c-api.service[97026]: warnings.warn(
Aug 17 00:32:24.251200 np0000007436 devstack@c-api.service[97026]: INFO cinder.volume.api [None req-6d7dd8a9-eca7-49cf-a7a9-34b09b4fbf75 tempest-SnapshotMetadataTestJSON-2140932420 tempest-SnapshotMetadataTestJSON-2140932420-project-member] Snapshot retrieved successfully.
Aug 17 00:32:24.251709 np0000007436 devstack@c-api.service[97028]: DEBUG cinder.api.middleware.request_id [None req-2d7fa898-cdf2-42cd-9e14-dec683421950 None None] RequestId filter calling following filter/app {{(pid=97028) _context_setter /opt/stack/cinder/cinder/api/middleware/request_id.py:62}}
Aug 17 00:32:24.252920 np0000007436 devstack@c-api.service[97026]: INFO cinder.volume.api [None req-6d7dd8a9-eca7-49cf-a7a9-34b09b4fbf75 tempest-SnapshotMetadataTestJSON-2140932420 tempest-SnapshotMetadataTestJSON-2140932420-project-member] Get snapshot metadata completed successfully.
Aug 17 00:32:24.253463 np0000007436 devstack@c-api.service[97026]: INFO cinder.api.openstack.wsgi [None req-6d7dd8a9-eca7-49cf-a7a9-34b09b4fbf75 tempest-SnapshotMetadataTestJSON-2140932420 tempest-SnapshotMetadataTestJSON-2140932420-project-member] https://10.4.3.44/volume/v3/snapshots/e5619f9f-d704-4eb0-966d-5ae0eefd05fe/metadata returned with HTTP 200
Aug 17 00:32:24.255054 np0000007436 devstack@c-api.service[97028]: INFO cinder.api.openstack.wsgi [None req-2d7fa898-cdf2-42cd-9e14-dec683421950 tempest-VolumesDeleteCascade-1530504781 tempest-VolumesDeleteCascade-1530504781-project-member] GET https://10.4.3.44/volume/v3/snapshots/768b6e22-fe73-4eca-bbc2-1f1e0defde0c
Aug 17 00:32:24.255368 np0000007436 devstack@c-api.service[97028]: DEBUG cinder.api.openstack.wsgi [None req-2d7fa898-cdf2-42cd-9e14-dec683421950 tempest-VolumesDeleteCascade-1530504781 tempest-VolumesDeleteCascade-1530504781-project-member] Empty body provided in request {{(pid=97028) get_body /opt/stack/cinder/cinder/api/openstack/wsgi.py:725}}
Aug 17 00:32:24.255657 np0000007436 devstack@c-api.service[97028]: DEBUG cinder.api.openstack.wsgi [None req-2d7fa898-cdf2-42cd-9e14-dec683421950 tempest-VolumesDeleteCascade-1530504781 tempest-VolumesDeleteCascade-1530504781-project-member] Calling method 'show' {{(pid=97028) _process_stack /opt/stack/cinder/cinder/api/openstack/wsgi.py:878}}
Aug 17 00:32:24.256041 np0000007436 devstack@c-api.service[97026]: [pid: 97026|app: 0|req: 162/482] 10.4.3.44 () {66 vars in 1374 bytes} [Mon Aug 17 00:32:24 2026] GET /volume/v3/snapshots/e5619f9f-d704-4eb0-966d-5ae0eefd05fe/metadata => generated 57 bytes in 17 msecs (HTTP/1.1 200) 7 headers in 284 bytes (2 switches on core 0)
Aug 17 00:32:24.266631 np0000007436 devstack@c-api.service[97028]: /opt/stack/data/venv/lib/python3.12/site-packages/oslo_context/context.py:102: DeprecationWarning: Policy enforcement is depending on the value of is_admin. This key is deprecated. Please update your policy file to use the standard policy values.
Aug 17 00:32:24.266631 np0000007436 devstack@c-api.service[97028]: warnings.warn(
Aug 17 00:32:24.267290 np0000007436 devstack@c-api.service[97028]: INFO cinder.volume.api [None req-2d7fa898-cdf2-42cd-9e14-dec683421950 tempest-VolumesDeleteCascade-1530504781 tempest-VolumesDeleteCascade-1530504781-project-member] Snapshot retrieved successfully.
Aug 17 00:32:24.270908 np0000007436 devstack@c-api.service[97028]: INFO cinder.api.openstack.wsgi [None req-2d7fa898-cdf2-42cd-9e14-dec683421950 tempest-VolumesDeleteCascade-1530504781 tempest-VolumesDeleteCascade-1530504781-project-member] https://10.4.3.44/volume/v3/snapshots/768b6e22-fe73-4eca-bbc2-1f1e0defde0c returned with HTTP 200
Aug 17 00:32:24.270908 np0000007436 devstack@c-api.service[97028]: [pid: 97028|app: 0|req: 160/483] 10.4.3.44 () {66 vars in 1347 bytes} [Mon Aug 17 00:32:24 2026] GET /volume/v3/snapshots/768b6e22-fe73-4eca-bbc2-1f1e0defde0c => generated 438 bytes in 19 msecs (HTTP/1.1 200) 7 headers in 285 bytes (1 switches on core 0)
Aug 17 00:32:24.271069 np0000007436 devstack@c-api.service[97025]: DEBUG cinder.api.middleware.request_id [None req-439c5241-cd4c-4973-ab0c-cbbc50d13aea None None] RequestId filter calling following filter/app {{(pid=97025) _context_setter /opt/stack/cinder/cinder/api/middleware/request_id.py:62}}
Aug 17 00:32:24.272597 np0000007436 devstack@c-api.service[97025]: INFO cinder.api.openstack.wsgi [None req-439c5241-cd4c-4973-ab0c-cbbc50d13aea tempest-SnapshotMetadataTestJSON-2140932420 tempest-SnapshotMetadataTestJSON-2140932420-project-member] DELETE https://10.4.3.44/volume/v3/snapshots/e5619f9f-d704-4eb0-966d-5ae0eefd05fe/metadata/key3
Aug 17 00:32:24.272845 np0000007436 devstack@c-api.service[97025]: DEBUG cinder.api.openstack.wsgi [None req-439c5241-cd4c-4973-ab0c-cbbc50d13aea tempest-SnapshotMetadataTestJSON-2140932420 tempest-SnapshotMetadataTestJSON-2140932420-project-member] Empty body provided in request {{(pid=97025) get_body /opt/stack/cinder/cinder/api/openstack/wsgi.py:725}}
Aug 17 00:32:24.272996 np0000007436 devstack@c-api.service[97025]: DEBUG cinder.api.openstack.wsgi [None req-439c5241-cd4c-4973-ab0c-cbbc50d13aea tempest-SnapshotMetadataTestJSON-2140932420 tempest-SnapshotMetadataTestJSON-2140932420-project-member] Calling method 'delete' {{(pid=97025) _process_stack /opt/stack/cinder/cinder/api/openstack/wsgi.py:878}}
Aug 17 00:32:24.282887 np0000007436 devstack@c-api.service[97025]: /opt/stack/data/venv/lib/python3.12/site-packages/oslo_context/context.py:102: DeprecationWarning: Policy enforcement is depending on the value of is_admin. This key is deprecated. Please update your policy file to use the standard policy values.
Aug 17 00:32:24.282887 np0000007436 devstack@c-api.service[97025]: warnings.warn(
Aug 17 00:32:24.283595 np0000007436 devstack@c-api.service[97025]: INFO cinder.volume.api [None req-439c5241-cd4c-4973-ab0c-cbbc50d13aea tempest-SnapshotMetadataTestJSON-2140932420 tempest-SnapshotMetadataTestJSON-2140932420-project-member] Snapshot retrieved successfully.
Aug 17 00:32:24.284674 np0000007436 devstack@c-api.service[97025]: INFO cinder.volume.api [None req-439c5241-cd4c-4973-ab0c-cbbc50d13aea tempest-SnapshotMetadataTestJSON-2140932420 tempest-SnapshotMetadataTestJSON-2140932420-project-member] Get snapshot metadata completed successfully.
Aug 17 00:32:24.298906 np0000007436 devstack@c-api.service[97025]: INFO cinder.volume.api [None req-439c5241-cd4c-4973-ab0c-cbbc50d13aea tempest-SnapshotMetadataTestJSON-2140932420 tempest-SnapshotMetadataTestJSON-2140932420-project-member] Delete snapshot metadata completed successfully.
