Aug 17 00:27:53.864655 np0000007436 devstack@g-api.service[99765]: DEBUG glance_store.backend [-] Attempting to import store http {{(pid=99765) _load_store /opt/stack/data/venv/lib/python3.12/site-packages/glance_store/backend.py:215}}
Aug 17 00:27:53.864976 np0000007436 devstack@g-api.service[99765]: DEBUG glance_store.capabilities [-] Store glance_store._drivers.http.Store doesn't support updating dynamic storage capabilities. Please overwrite 'update_capabilities' method of the store to implement updating logics if needed. {{(pid=99765) update_capabilities /opt/stack/data/venv/lib/python3.12/site-packages/glance_store/capabilities.py:91}}
Aug 17 00:27:53.865067 np0000007436 devstack@g-api.service[99765]: DEBUG glance_store.backend [-] Registering store http with schemes ('http', 'https') {{(pid=99765) create_stores /opt/stack/data/venv/lib/python3.12/site-packages/glance_store/backend.py:261}}
Aug 17 00:27:53.865158 np0000007436 devstack@g-api.service[99765]: DEBUG glance_store.driver [-] Late loading location class glance_store._drivers.http.StoreLocation {{(pid=99765) get_store_location_class /opt/stack/data/venv/lib/python3.12/site-packages/glance_store/driver.py:134}}
Aug 17 00:27:53.865280 np0000007436 devstack@g-api.service[99765]: DEBUG glance_store.location [-] Registering scheme http with {'store': , 'location_class': , 'store_entry': 'http'} {{(pid=99765) register_scheme_map /opt/stack/data/venv/lib/python3.12/site-packages/glance_store/location.py:146}}
Aug 17 00:27:53.865369 np0000007436 devstack@g-api.service[99765]: DEBUG glance_store.location [-] Registering scheme https with {'store': , 'location_class': , 'store_entry': 'http'} {{(pid=99765) register_scheme_map /opt/stack/data/venv/lib/python3.12/site-packages/glance_store/location.py:146}}
Aug 17 00:27:53.865452 np0000007436 devstack@g-api.service[99765]: DEBUG glance_store.backend [-] Attempting to import store file {{(pid=99765) _load_store /opt/stack/data/venv/lib/python3.12/site-packages/glance_store/backend.py:215}}
Aug 17 00:27:53.866181 np0000007436 devstack@g-api.service[99765]: DEBUG glance_store.capabilities [-] Store glance_store._drivers.filesystem.Store doesn't support updating dynamic storage capabilities. Please overwrite 'update_capabilities' method of the store to implement updating logics if needed. {{(pid=99765) update_capabilities /opt/stack/data/venv/lib/python3.12/site-packages/glance_store/capabilities.py:91}}
Aug 17 00:27:53.866287 np0000007436 devstack@g-api.service[99765]: DEBUG glance_store.backend [-] Registering store file with schemes ('file', 'filesystem') {{(pid=99765) create_stores /opt/stack/data/venv/lib/python3.12/site-packages/glance_store/backend.py:261}}
Aug 17 00:27:53.866378 np0000007436 devstack@g-api.service[99765]: DEBUG glance_store.driver [-] Late loading location class glance_store._drivers.filesystem.StoreLocation {{(pid=99765) get_store_location_class /opt/stack/data/venv/lib/python3.12/site-packages/glance_store/driver.py:134}}
Aug 17 00:27:53.866482 np0000007436 devstack@g-api.service[99765]: DEBUG glance_store.location [-] Registering scheme file with {'store': , 'location_class': , 'store_entry': 'file'} {{(pid=99765) register_scheme_map /opt/stack/data/venv/lib/python3.12/site-packages/glance_store/location.py:146}}
Aug 17 00:27:53.866567 np0000007436 devstack@g-api.service[99765]: DEBUG glance_store.location [-] Registering scheme filesystem with {'store': , 'location_class': , 'store_entry': 'file'} {{(pid=99765) register_scheme_map /opt/stack/data/venv/lib/python3.12/site-packages/glance_store/location.py:146}}
Aug 17 00:27:53.866726 np0000007436 devstack@g-api.service[99765]: DEBUG glance_store.backend [-] Attempting to import store swift {{(pid=99765) _load_store /opt/stack/data/venv/lib/python3.12/site-packages/glance_store/backend.py:215}}
Aug 17 00:27:53.868555 np0000007436 devstack@g-api.service[99765]: DEBUG glance_store.capabilities [-] Store glance_store._drivers.swift.store.SingleTenantStore doesn't support updating dynamic storage capabilities. Please overwrite 'update_capabilities' method of the store to implement updating logics if needed. {{(pid=99765) update_capabilities /opt/stack/data/venv/lib/python3.12/site-packages/glance_store/capabilities.py:91}}
Aug 17 00:27:53.868654 np0000007436 devstack@g-api.service[99765]: DEBUG glance_store.driver [-] Late loading location class glance_store._drivers.swift.store.StoreLocation {{(pid=99765) get_store_location_class /opt/stack/data/venv/lib/python3.12/site-packages/glance_store/driver.py:134}}
Aug 17 00:27:53.868762 np0000007436 devstack@g-api.service[99765]: DEBUG glance_store.location [-] Registering scheme swift+https with {'store': , 'location_class': , 'store_entry': 'swift'} {{(pid=99765) register_scheme_map /opt/stack/data/venv/lib/python3.12/site-packages/glance_store/location.py:146}}
Aug 17 00:27:53.868839 np0000007436 devstack@g-api.service[99765]: DEBUG glance_store.location [-] Registering scheme swift+https with {'store': , 'location_class': , 'store_entry': 'swift'} {{(pid=99765) register_scheme_map /opt/stack/data/venv/lib/python3.12/site-packages/glance_store/location.py:146}}
Aug 17 00:27:53.868951 np0000007436 devstack@g-api.service[99765]: DEBUG glance_store.location [-] Registering scheme swift with {'store': , 'location_class': , 'store_entry': 'swift'} {{(pid=99765) register_scheme_map /opt/stack/data/venv/lib/python3.12/site-packages/glance_store/location.py:146}}
Aug 17 00:27:53.869035 np0000007436 devstack@g-api.service[99765]: DEBUG glance_store.location [-] Registering scheme swift+https with {'store': , 'location_class': , 'store_entry': 'swift'} {{(pid=99765) register_scheme_map /opt/stack/data/venv/lib/python3.12/site-packages/glance_store/location.py:146}}
Aug 17 00:27:53.869166 np0000007436 devstack@g-api.service[99765]: DEBUG glance_store.location [-] Registering scheme swift with {'store': , 'location_class': , 'store_entry': 'swift'} {{(pid=99765) register_scheme_map /opt/stack/data/venv/lib/python3.12/site-packages/glance_store/location.py:146}}
Aug 17 00:27:53.869264 np0000007436 devstack@g-api.service[99765]: DEBUG glance_store.location [-] Registering scheme swift+http with {'store': , 'location_class': , 'store_entry': 'swift'} {{(pid=99765) register_scheme_map /opt/stack/data/venv/lib/python3.12/site-packages/glance_store/location.py:146}}
Aug 17 00:27:53.869344 np0000007436 devstack@g-api.service[99765]: DEBUG glance_store.location [-] Registering scheme swift+https with {'store': , 'location_class': , 'store_entry': 'swift'} {{(pid=99765) register_scheme_map /opt/stack/data/venv/lib/python3.12/site-packages/glance_store/location.py:146}}
Aug 17 00:27:53.869425 np0000007436 devstack@g-api.service[99765]: DEBUG glance_store.location [-] Registering scheme swift with {'store': , 'location_class': , 'store_entry': 'swift'} {{(pid=99765) register_scheme_map /opt/stack/data/venv/lib/python3.12/site-packages/glance_store/location.py:146}}
Aug 17 00:27:53.869511 np0000007436 devstack@g-api.service[99765]: DEBUG glance_store.location [-] Registering scheme swift+http with {'store': , 'location_class': , 'store_entry': 'swift'} {{(pid=99765) register_scheme_map /opt/stack/data/venv/lib/python3.12/site-packages/glance_store/location.py:146}}
Aug 17 00:27:53.869592 np0000007436 devstack@g-api.service[99765]: DEBUG glance_store.location [-] Registering scheme swift+config with {'store': , 'location_class': , 'store_entry': 'swift'} {{(pid=99765) register_scheme_map /opt/stack/data/venv/lib/python3.12/site-packages/glance_store/location.py:146}}
Aug 17 00:27:53.870036 np0000007436 devstack@g-api.service[99765]: DEBUG glance.sqlite_migration [-] SQLite caching database not located, skipping migration {{(pid=99765) get_db_path /opt/stack/glance/glance/sqlite_migration.py:68}}
Aug 17 00:27:53.870357 np0000007436 devstack@g-api.service[99765]: WARNING glance.common.wsgi_app [-] Import methods are enabled but staging directory /tmp/staging/ does not exist; Imports will fail!
Aug 17 00:27:53.904526 np0000007436 devstack@g-api.service[99764]: DEBUG glance.common.config [None req-ded60f80-b0be-407d-bc35-5c42f72312dc None None] Loading glance-api-keystone+cachemanagement from /etc/glance/glance-api-paste.ini {{(pid=99764) load_paste_app /opt/stack/glance/glance/common/config.py:772}}
Aug 17 00:27:53.951446 np0000007436 devstack@g-api.service[99763]: DEBUG glance.common.config [None req-eeb192d4-f749-4f60-9e7c-64f2b97882b1 None None] Loading glance-api-keystone+cachemanagement from /etc/glance/glance-api-paste.ini {{(pid=99763) load_paste_app /opt/stack/glance/glance/common/config.py:772}}
Aug 17 00:27:54.083173 np0000007436 devstack@g-api.service[99765]: DEBUG glance.common.config [None req-aa413ed1-cb2d-43af-8bad-de2a3facf11a None None] Loading glance-api-keystone+cachemanagement from /etc/glance/glance-api-paste.ini {{(pid=99765) load_paste_app /opt/stack/glance/glance/common/config.py:772}}
Aug 17 00:27:54.626846 np0000007436 devstack@g-api.service[99764]: INFO glance.image_cache [None req-ded60f80-b0be-407d-bc35-5c42f72312dc None None] Image cache loaded driver 'centralized_db'.
Aug 17 00:27:54.630721 np0000007436 devstack@g-api.service[99763]: INFO glance.image_cache [None req-eeb192d4-f749-4f60-9e7c-64f2b97882b1 None None] Image cache loaded driver 'centralized_db'.
Aug 17 00:27:54.683219 np0000007436 devstack@g-api.service[99764]: INFO dbcounter [None req-ded60f80-b0be-407d-bc35-5c42f72312dc None None] Registered counter for database glance
Aug 17 00:27:54.689363 np0000007436 devstack@g-api.service[99763]: INFO dbcounter [None req-eeb192d4-f749-4f60-9e7c-64f2b97882b1 None None] Registered counter for database glance
Aug 17 00:27:54.722883 np0000007436 devstack@g-api.service[99765]: INFO glance.image_cache [None req-aa413ed1-cb2d-43af-8bad-de2a3facf11a None None] Image cache loaded driver 'centralized_db'.
Aug 17 00:27:54.728493 np0000007436 devstack@g-api.service[99764]: DEBUG oslo_db.sqlalchemy.engines [None req-ded60f80-b0be-407d-bc35-5c42f72312dc None None] MySQL server mode set to STRICT_TRANS_TABLES,STRICT_ALL_TABLES,NO_ZERO_IN_DATE,NO_ZERO_DATE,ERROR_FOR_DIVISION_BY_ZERO,TRADITIONAL,NO_ENGINE_SUBSTITUTION {{(pid=99764) _check_effective_sql_mode /opt/stack/data/venv/lib/python3.12/site-packages/oslo_db/sqlalchemy/engines.py:325}}
Aug 17 00:27:54.735570 np0000007436 devstack@g-api.service[99763]: DEBUG oslo_db.sqlalchemy.engines [None req-eeb192d4-f749-4f60-9e7c-64f2b97882b1 None None] MySQL server mode set to STRICT_TRANS_TABLES,STRICT_ALL_TABLES,NO_ZERO_IN_DATE,NO_ZERO_DATE,ERROR_FOR_DIVISION_BY_ZERO,TRADITIONAL,NO_ENGINE_SUBSTITUTION {{(pid=99763) _check_effective_sql_mode /opt/stack/data/venv/lib/python3.12/site-packages/oslo_db/sqlalchemy/engines.py:325}}
Aug 17 00:27:54.782333 np0000007436 devstack@g-api.service[99765]: INFO dbcounter [None req-aa413ed1-cb2d-43af-8bad-de2a3facf11a None None] Registered counter for database glance
Aug 17 00:27:54.834317 np0000007436 devstack@g-api.service[99765]: DEBUG oslo_db.sqlalchemy.engines [None req-aa413ed1-cb2d-43af-8bad-de2a3facf11a None None] MySQL server mode set to STRICT_TRANS_TABLES,STRICT_ALL_TABLES,NO_ZERO_IN_DATE,NO_ZERO_DATE,ERROR_FOR_DIVISION_BY_ZERO,TRADITIONAL,NO_ENGINE_SUBSTITUTION {{(pid=99765) _check_effective_sql_mode /opt/stack/data/venv/lib/python3.12/site-packages/oslo_db/sqlalchemy/engines.py:325}}
Aug 17 00:27:54.850952 np0000007436 devstack@g-api.service[99764]: DEBUG dbcounter [-] [99764] Writer thread running {{(pid=99764) stat_writer /opt/stack/data/venv/lib/python3.12/site-packages/dbcounter.py:102}}
Aug 17 00:27:54.861411 np0000007436 devstack@g-api.service[99763]: DEBUG dbcounter [-] [99763] Writer thread running {{(pid=99763) stat_writer /opt/stack/data/venv/lib/python3.12/site-packages/dbcounter.py:102}}
Aug 17 00:27:54.862533 np0000007436 devstack@g-api.service[99764]: INFO glance.image_cache [None req-ded60f80-b0be-407d-bc35-5c42f72312dc None None] Image cache loaded driver 'centralized_db'.
Aug 17 00:27:54.864832 np0000007436 devstack@g-api.service[99763]: DEBUG glance.image_cache.drivers.centralized_db [None req-eeb192d4-f749-4f60-9e7c-64f2b97882b1 None None] Node reference is already recorded, ignoring it {{(pid=99763) configure /opt/stack/glance/glance/image_cache/drivers/centralized_db.py:71}}
Aug 17 00:27:54.870276 np0000007436 devstack@g-api.service[99764]: DEBUG glance.image_cache.drivers.centralized_db [None req-ded60f80-b0be-407d-bc35-5c42f72312dc None None] Node reference is already recorded, ignoring it {{(pid=99764) configure /opt/stack/glance/glance/image_cache/drivers/centralized_db.py:71}}
Aug 17 00:27:54.870523 np0000007436 devstack@g-api.service[99763]: INFO glance.image_cache [None req-eeb192d4-f749-4f60-9e7c-64f2b97882b1 None None] Image cache loaded driver 'centralized_db'.
Aug 17 00:27:54.875740 np0000007436 devstack@g-api.service[99764]: DEBUG glance.api.v2.cached_images [None req-ded60f80-b0be-407d-bc35-5c42f72312dc None None] Started cache worker thread {{(pid=99764) __init__ /opt/stack/glance/glance/api/v2/cached_images.py:71}}
Aug 17 00:27:54.876550 np0000007436 devstack@g-api.service[99764]: INFO glance.image_cache [None req-ded60f80-b0be-407d-bc35-5c42f72312dc None None] Image cache loaded driver 'centralized_db'.
Aug 17 00:27:54.878671 np0000007436 devstack@g-api.service[99763]: DEBUG glance.image_cache.drivers.centralized_db [None req-eeb192d4-f749-4f60-9e7c-64f2b97882b1 None None] Node reference is already recorded, ignoring it {{(pid=99763) configure /opt/stack/glance/glance/image_cache/drivers/centralized_db.py:71}}
Aug 17 00:27:54.883701 np0000007436 devstack@g-api.service[99763]: DEBUG glance.api.v2.cached_images [None req-eeb192d4-f749-4f60-9e7c-64f2b97882b1 None None] Started cache worker thread {{(pid=99763) __init__ /opt/stack/glance/glance/api/v2/cached_images.py:71}}
Aug 17 00:27:54.884505 np0000007436 devstack@g-api.service[99763]: INFO glance.image_cache [None req-eeb192d4-f749-4f60-9e7c-64f2b97882b1 None None] Image cache loaded driver 'centralized_db'.
Aug 17 00:27:54.884822 np0000007436 devstack@g-api.service[99764]: DEBUG glance.image_cache.drivers.centralized_db [None req-ded60f80-b0be-407d-bc35-5c42f72312dc None None] Node reference is already recorded, ignoring it {{(pid=99764) configure /opt/stack/glance/glance/image_cache/drivers/centralized_db.py:71}}
Aug 17 00:27:54.892183 np0000007436 devstack@g-api.service[99764]: INFO glance.api.middleware.cache_manage [None req-ded60f80-b0be-407d-bc35-5c42f72312dc None None] Initialized image cache management middleware
Aug 17 00:27:54.892386 np0000007436 devstack@g-api.service[99764]: INFO glance.image_cache [None req-ded60f80-b0be-407d-bc35-5c42f72312dc None None] Image cache loaded driver 'centralized_db'.
Aug 17 00:27:54.894577 np0000007436 devstack@g-api.service[99763]: DEBUG glance.image_cache.drivers.centralized_db [None req-eeb192d4-f749-4f60-9e7c-64f2b97882b1 None None] Node reference is already recorded, ignoring it {{(pid=99763) configure /opt/stack/glance/glance/image_cache/drivers/centralized_db.py:71}}
Aug 17 00:27:54.901781 np0000007436 devstack@g-api.service[99764]: DEBUG glance.image_cache.drivers.centralized_db [None req-ded60f80-b0be-407d-bc35-5c42f72312dc None None] Node reference is already recorded, ignoring it {{(pid=99764) configure /opt/stack/glance/glance/image_cache/drivers/centralized_db.py:71}}
Aug 17 00:27:54.904603 np0000007436 devstack@g-api.service[99763]: INFO glance.api.middleware.cache_manage [None req-eeb192d4-f749-4f60-9e7c-64f2b97882b1 None None] Initialized image cache management middleware
Aug 17 00:27:54.904834 np0000007436 devstack@g-api.service[99763]: INFO glance.image_cache [None req-eeb192d4-f749-4f60-9e7c-64f2b97882b1 None None] Image cache loaded driver 'centralized_db'.
Aug 17 00:27:54.905941 np0000007436 devstack@g-api.service[99764]: INFO glance.api.middleware.cache [None req-ded60f80-b0be-407d-bc35-5c42f72312dc None None] Initialized image cache middleware
Aug 17 00:27:54.915344 np0000007436 devstack@g-api.service[99763]: DEBUG glance.image_cache.drivers.centralized_db [None req-eeb192d4-f749-4f60-9e7c-64f2b97882b1 None None] Node reference is already recorded, ignoring it {{(pid=99763) configure /opt/stack/glance/glance/image_cache/drivers/centralized_db.py:71}}
Aug 17 00:27:54.917033 np0000007436 devstack@g-api.service[99764]: DEBUG glance.common.config [None req-ded60f80-b0be-407d-bc35-5c42f72312dc None None] ******************************************************************************** {{(pid=99764) log_opt_values /opt/stack/data/venv/lib/python3.12/site-packages/oslo_config/cfg.py:3533}}
Aug 17 00:27:54.917212 np0000007436 devstack@g-api.service[99764]: DEBUG glance.common.config [None req-ded60f80-b0be-407d-bc35-5c42f72312dc None None] Configuration options gathered from: {{(pid=99764) log_opt_values /opt/stack/data/venv/lib/python3.12/site-packages/oslo_config/cfg.py:3534}}
Aug 17 00:27:54.917511 np0000007436 devstack@g-api.service[99764]: DEBUG glance.common.config [None req-ded60f80-b0be-407d-bc35-5c42f72312dc None None] command line args: [] {{(pid=99764) log_opt_values /opt/stack/data/venv/lib/python3.12/site-packages/oslo_config/cfg.py:3535}}
Aug 17 00:27:54.917668 np0000007436 devstack@g-api.service[99764]: DEBUG glance.common.config [None req-ded60f80-b0be-407d-bc35-5c42f72312dc None None] config files: ['/etc/glance/glance-image-import.conf', '/etc/glance/glance-api.conf'] {{(pid=99764) log_opt_values /opt/stack/data/venv/lib/python3.12/site-packages/oslo_config/cfg.py:3536}}
Aug 17 00:27:54.917739 np0000007436 devstack@g-api.service[99764]: DEBUG glance.common.config [None req-ded60f80-b0be-407d-bc35-5c42f72312dc None None] ================================================================================ {{(pid=99764) log_opt_values /opt/stack/data/venv/lib/python3.12/site-packages/oslo_config/cfg.py:3541}}
Aug 17 00:27:54.917892 np0000007436 devstack@g-api.service[99764]: DEBUG glance.common.config [None req-ded60f80-b0be-407d-bc35-5c42f72312dc None None] allow_anonymous_access = False {{(pid=99764) log_opt_values /opt/stack/data/venv/lib/python3.12/site-packages/oslo_config/cfg.py:3549}}
Aug 17 00:27:54.918016 np0000007436 devstack@g-api.service[99764]: DEBUG glance.common.config [None req-ded60f80-b0be-407d-bc35-5c42f72312dc None None] api_limit_max = 1000 {{(pid=99764) log_opt_values /opt/stack/data/venv/lib/python3.12/site-packages/oslo_config/cfg.py:3549}}
Aug 17 00:27:54.918148 np0000007436 devstack@g-api.service[99764]: DEBUG glance.common.config [None req-ded60f80-b0be-407d-bc35-5c42f72312dc None None] config_dir = [] {{(pid=99764) log_opt_values /opt/stack/data/venv/lib/python3.12/site-packages/oslo_config/cfg.py:3549}}
Aug 17 00:27:54.918272 np0000007436 devstack@g-api.service[99764]: DEBUG glance.common.config [None req-ded60f80-b0be-407d-bc35-5c42f72312dc None None] config_file = ['/etc/glance/glance-image-import.conf', '/etc/glance/glance-api.conf'] {{(pid=99764) log_opt_values /opt/stack/data/venv/lib/python3.12/site-packages/oslo_config/cfg.py:3549}}
Aug 17 00:27:54.918419 np0000007436 devstack@g-api.service[99764]: DEBUG glance.common.config [None req-ded60f80-b0be-407d-bc35-5c42f72312dc None None] config_source = [] {{(pid=99764) log_opt_values /opt/stack/data/venv/lib/python3.12/site-packages/oslo_config/cfg.py:3549}}
Aug 17 00:27:54.918547 np0000007436 devstack@g-api.service[99764]: DEBUG glance.common.config [None req-ded60f80-b0be-407d-bc35-5c42f72312dc None None] control_exchange = glance {{(pid=99764) log_opt_values /opt/stack/data/venv/lib/python3.12/site-packages/oslo_config/cfg.py:3549}}
Aug 17 00:27:54.918647 np0000007436 devstack@g-api.service[99764]: DEBUG glance.common.config [None req-ded60f80-b0be-407d-bc35-5c42f72312dc None None] debug = True {{(pid=99764) log_opt_values /opt/stack/data/venv/lib/python3.12/site-packages/oslo_config/cfg.py:3549}}
Aug 17 00:27:54.918912 np0000007436 devstack@g-api.service[99764]: DEBUG glance.common.config [None req-ded60f80-b0be-407d-bc35-5c42f72312dc None None] default_log_levels = ['amqp=WARN', 'boto=WARN', 'sqlalchemy=WARN', 'suds=INFO', 'oslo.messaging=INFO', 'oslo_messaging=INFO', 'iso8601=WARN', 'requests.packages.urllib3.connectionpool=WARN', 'urllib3.connectionpool=WARN', 'websocket=WARN', 'requests.packages.urllib3.util.retry=WARN', 'urllib3.util.retry=WARN', 'keystonemiddleware=WARN', 'routes.middleware=WARN', 'stevedore=WARN', 'taskflow=WARN', 'keystoneauth=WARN', 'oslo.cache=INFO', 'oslo_policy=INFO', 'dogpile.core.dogpile=INFO'] {{(pid=99764) log_opt_values /opt/stack/data/venv/lib/python3.12/site-packages/oslo_config/cfg.py:3549}}
Aug 17 00:27:54.918987 np0000007436 devstack@g-api.service[99764]: DEBUG glance.common.config [None req-ded60f80-b0be-407d-bc35-5c42f72312dc None None] default_publisher_id = image.localhost {{(pid=99764) log_opt_values /opt/stack/data/venv/lib/python3.12/site-packages/oslo_config/cfg.py:3549}}
Aug 17 00:27:54.919117 np0000007436 devstack@g-api.service[99764]: DEBUG glance.common.config [None req-ded60f80-b0be-407d-bc35-5c42f72312dc None None] delayed_delete = False {{(pid=99764) log_opt_values /opt/stack/data/venv/lib/python3.12/site-packages/oslo_config/cfg.py:3549}}
Aug 17 00:27:54.919287 np0000007436 devstack@g-api.service[99764]: DEBUG glance.common.config [None req-ded60f80-b0be-407d-bc35-5c42f72312dc None None] digest_algorithm = sha256 {{(pid=99764) log_opt_values /opt/stack/data/venv/lib/python3.12/site-packages/oslo_config/cfg.py:3549}}
Aug 17 00:27:54.919405 np0000007436 devstack@g-api.service[99764]: DEBUG glance.common.config [None req-ded60f80-b0be-407d-bc35-5c42f72312dc None None] disabled_notifications = [] {{(pid=99764) log_opt_values /opt/stack/data/venv/lib/python3.12/site-packages/oslo_config/cfg.py:3549}}
Aug 17 00:27:54.919548 np0000007436 devstack@g-api.service[99764]: DEBUG glance.common.config [None req-ded60f80-b0be-407d-bc35-5c42f72312dc None None] do_secure_hash = True {{(pid=99764) log_opt_values /opt/stack/data/venv/lib/python3.12/site-packages/oslo_config/cfg.py:3549}}
Aug 17 00:27:54.919649 np0000007436 devstack@g-api.service[99764]: DEBUG glance.common.config [None req-ded60f80-b0be-407d-bc35-5c42f72312dc None None] enabled_backends = None {{(pid=99764) log_opt_values /opt/stack/data/venv/lib/python3.12/site-packages/oslo_config/cfg.py:3549}}
Aug 17 00:27:54.919806 np0000007436 devstack@g-api.service[99764]: DEBUG glance.common.config [None req-ded60f80-b0be-407d-bc35-5c42f72312dc None None] enabled_import_methods = ['glance-direct', 'web-download', 'copy-image'] {{(pid=99764) log_opt_values /opt/stack/data/venv/lib/python3.12/site-packages/oslo_config/cfg.py:3549}}
Aug 17 00:27:54.919939 np0000007436 devstack@g-api.service[99764]: DEBUG glance.common.config [None req-ded60f80-b0be-407d-bc35-5c42f72312dc None None] fatal_deprecations = False {{(pid=99764) log_opt_values /opt/stack/data/venv/lib/python3.12/site-packages/oslo_config/cfg.py:3549}}
Aug 17 00:27:54.920072 np0000007436 devstack@g-api.service[99764]: DEBUG glance.common.config [None req-ded60f80-b0be-407d-bc35-5c42f72312dc None None] hashing_algorithm = sha512 {{(pid=99764) log_opt_values /opt/stack/data/venv/lib/python3.12/site-packages/oslo_config/cfg.py:3549}}
Aug 17 00:27:54.920209 np0000007436 devstack@g-api.service[99764]: DEBUG glance.common.config [None req-ded60f80-b0be-407d-bc35-5c42f72312dc None None] http_retries = 3 {{(pid=99764) log_opt_values /opt/stack/data/venv/lib/python3.12/site-packages/oslo_config/cfg.py:3549}}
Aug 17 00:27:54.920357 np0000007436 devstack@g-api.service[99764]: DEBUG glance.common.config [None req-ded60f80-b0be-407d-bc35-5c42f72312dc None None] image_cache_dir = /opt/stack/data/glance/cache/ {{(pid=99764) log_opt_values /opt/stack/data/venv/lib/python3.12/site-packages/oslo_config/cfg.py:3549}}
Aug 17 00:27:54.920489 np0000007436 devstack@g-api.service[99764]: DEBUG glance.common.config [None req-ded60f80-b0be-407d-bc35-5c42f72312dc None None] image_cache_driver = centralized_db {{(pid=99764) log_opt_values /opt/stack/data/venv/lib/python3.12/site-packages/oslo_config/cfg.py:3549}}
Aug 17 00:27:54.920620 np0000007436 devstack@g-api.service[99764]: DEBUG glance.common.config [None req-ded60f80-b0be-407d-bc35-5c42f72312dc None None] image_cache_max_size = 10737418240 {{(pid=99764) log_opt_values /opt/stack/data/venv/lib/python3.12/site-packages/oslo_config/cfg.py:3549}}
Aug 17 00:27:54.920777 np0000007436 devstack@g-api.service[99764]: DEBUG glance.common.config [None req-ded60f80-b0be-407d-bc35-5c42f72312dc None None] image_cache_sqlite_db = cache.db {{(pid=99764) log_opt_values /opt/stack/data/venv/lib/python3.12/site-packages/oslo_config/cfg.py:3549}}
Aug 17 00:27:54.920926 np0000007436 devstack@g-api.service[99764]: DEBUG glance.common.config [None req-ded60f80-b0be-407d-bc35-5c42f72312dc None None] image_cache_stall_time = 86400 {{(pid=99764) log_opt_values /opt/stack/data/venv/lib/python3.12/site-packages/oslo_config/cfg.py:3549}}
Aug 17 00:27:54.921058 np0000007436 devstack@g-api.service[99764]: DEBUG glance.common.config [None req-ded60f80-b0be-407d-bc35-5c42f72312dc None None] image_location_quota = 10 {{(pid=99764) log_opt_values /opt/stack/data/venv/lib/python3.12/site-packages/oslo_config/cfg.py:3549}}
Aug 17 00:27:54.921181 np0000007436 devstack@g-api.service[99764]: DEBUG glance.common.config [None req-ded60f80-b0be-407d-bc35-5c42f72312dc None None] image_member_quota = 128 {{(pid=99764) log_opt_values /opt/stack/data/venv/lib/python3.12/site-packages/oslo_config/cfg.py:3549}}
Aug 17 00:27:54.921326 np0000007436 devstack@g-api.service[99764]: DEBUG glance.common.config [None req-ded60f80-b0be-407d-bc35-5c42f72312dc None None] image_property_quota = 128 {{(pid=99764) log_opt_values /opt/stack/data/venv/lib/python3.12/site-packages/oslo_config/cfg.py:3549}}
Aug 17 00:27:54.921439 np0000007436 devstack@g-api.service[99763]: INFO glance.api.middleware.cache [None req-eeb192d4-f749-4f60-9e7c-64f2b97882b1 None None] Initialized image cache middleware
Aug 17 00:27:54.921474 np0000007436 devstack@g-api.service[99764]: DEBUG glance.common.config [None req-ded60f80-b0be-407d-bc35-5c42f72312dc None None] image_size_cap = 1099511627776 {{(pid=99764) log_opt_values /opt/stack/data/venv/lib/python3.12/site-packages/oslo_config/cfg.py:3549}}
Aug 17 00:27:54.921571 np0000007436 devstack@g-api.service[99764]: DEBUG glance.common.config [None req-ded60f80-b0be-407d-bc35-5c42f72312dc None None] image_tag_quota = 128 {{(pid=99764) log_opt_values /opt/stack/data/venv/lib/python3.12/site-packages/oslo_config/cfg.py:3549}}
Aug 17 00:27:54.921707 np0000007436 devstack@g-api.service[99764]: DEBUG glance.common.config [None req-ded60f80-b0be-407d-bc35-5c42f72312dc None None] instance_format = [instance: %(uuid)s] {{(pid=99764) log_opt_values /opt/stack/data/venv/lib/python3.12/site-packages/oslo_config/cfg.py:3549}}
Aug 17 00:27:54.921836 np0000007436 devstack@g-api.service[99764]: DEBUG glance.common.config [None req-ded60f80-b0be-407d-bc35-5c42f72312dc None None] instance_uuid_format = [instance: %(uuid)s] {{(pid=99764) log_opt_values /opt/stack/data/venv/lib/python3.12/site-packages/oslo_config/cfg.py:3549}}
Aug 17 00:27:54.921976 np0000007436 devstack@g-api.service[99764]: DEBUG glance.common.config [None req-ded60f80-b0be-407d-bc35-5c42f72312dc None None] limit_param_default = 25 {{(pid=99764) log_opt_values /opt/stack/data/venv/lib/python3.12/site-packages/oslo_config/cfg.py:3549}}
Aug 17 00:27:54.922115 np0000007436 devstack@g-api.service[99764]: DEBUG glance.common.config [None req-ded60f80-b0be-407d-bc35-5c42f72312dc None None] log_color = False {{(pid=99764) log_opt_values /opt/stack/data/venv/lib/python3.12/site-packages/oslo_config/cfg.py:3549}}
Aug 17 00:27:54.922269 np0000007436 devstack@g-api.service[99764]: DEBUG glance.common.config [None req-ded60f80-b0be-407d-bc35-5c42f72312dc None None] log_config_append = None {{(pid=99764) log_opt_values /opt/stack/data/venv/lib/python3.12/site-packages/oslo_config/cfg.py:3549}}
Aug 17 00:27:54.922407 np0000007436 devstack@g-api.service[99764]: DEBUG glance.common.config [None req-ded60f80-b0be-407d-bc35-5c42f72312dc None None] log_date_format = %Y-%m-%d %H:%M:%S {{(pid=99764) log_opt_values /opt/stack/data/venv/lib/python3.12/site-packages/oslo_config/cfg.py:3549}}
Aug 17 00:27:54.922535 np0000007436 devstack@g-api.service[99764]: DEBUG glance.common.config [None req-ded60f80-b0be-407d-bc35-5c42f72312dc None None] log_dir = None {{(pid=99764) log_opt_values /opt/stack/data/venv/lib/python3.12/site-packages/oslo_config/cfg.py:3549}}
Aug 17 00:27:54.922658 np0000007436 devstack@g-api.service[99764]: DEBUG glance.common.config [None req-ded60f80-b0be-407d-bc35-5c42f72312dc None None] log_file = None {{(pid=99764) log_opt_values /opt/stack/data/venv/lib/python3.12/site-packages/oslo_config/cfg.py:3549}}
Aug 17 00:27:54.922782 np0000007436 devstack@g-api.service[99764]: DEBUG glance.common.config [None req-ded60f80-b0be-407d-bc35-5c42f72312dc None None] log_rotate_interval = 1 {{(pid=99764) log_opt_values /opt/stack/data/venv/lib/python3.12/site-packages/oslo_config/cfg.py:3549}}
Aug 17 00:27:54.922932 np0000007436 devstack@g-api.service[99764]: DEBUG glance.common.config [None req-ded60f80-b0be-407d-bc35-5c42f72312dc None None] log_rotate_interval_type = days {{(pid=99764) log_opt_values /opt/stack/data/venv/lib/python3.12/site-packages/oslo_config/cfg.py:3549}}
Aug 17 00:27:54.923065 np0000007436 devstack@g-api.service[99764]: DEBUG glance.common.config [None req-ded60f80-b0be-407d-bc35-5c42f72312dc None None] log_rotation_type = none {{(pid=99764) log_opt_values /opt/stack/data/venv/lib/python3.12/site-packages/oslo_config/cfg.py:3549}}
Aug 17 00:27:54.923162 np0000007436 devstack@g-api.service[99764]: DEBUG glance.common.config [None req-ded60f80-b0be-407d-bc35-5c42f72312dc None None] logging_context_format_string = %(color)s%(levelname)s %(name)s [%(global_request_id)s %(request_id)s %(project_name)s %(user_name)s%(color)s] %(instance)s%(color)s%(message)s {{(pid=99764) log_opt_values /opt/stack/data/venv/lib/python3.12/site-packages/oslo_config/cfg.py:3549}}
Aug 17 00:27:54.923281 np0000007436 devstack@g-api.service[99764]: DEBUG glance.common.config [None req-ded60f80-b0be-407d-bc35-5c42f72312dc None None] logging_debug_format_suffix = {{(pid=%(process)d) %(funcName)s %(pathname)s:%(lineno)d}} {{(pid=99764) log_opt_values /opt/stack/data/venv/lib/python3.12/site-packages/oslo_config/cfg.py:3549}}
Aug 17 00:27:54.923423 np0000007436 devstack@g-api.service[99764]: DEBUG glance.common.config [None req-ded60f80-b0be-407d-bc35-5c42f72312dc None None] logging_default_format_string = %(color)s%(levelname)s %(name)s [-%(color)s] %(instance)s%(color)s%(message)s {{(pid=99764) log_opt_values /opt/stack/data/venv/lib/python3.12/site-packages/oslo_config/cfg.py:3549}}
Aug 17 00:27:54.923551 np0000007436 devstack@g-api.service[99764]: DEBUG glance.common.config [None req-ded60f80-b0be-407d-bc35-5c42f72312dc None None] logging_exception_prefix = ERROR %(name)s %(instance)s {{(pid=99764) log_opt_values /opt/stack/data/venv/lib/python3.12/site-packages/oslo_config/cfg.py:3549}}
Aug 17 00:27:54.923645 np0000007436 devstack@g-api.service[99764]: DEBUG glance.common.config [None req-ded60f80-b0be-407d-bc35-5c42f72312dc None None] logging_user_identity_format = %(user)s %(project)s %(domain)s %(system_scope)s %(user_domain)s %(project_domain)s {{(pid=99764) log_opt_values /opt/stack/data/venv/lib/python3.12/site-packages/oslo_config/cfg.py:3549}}
Aug 17 00:27:54.923775 np0000007436 devstack@g-api.service[99764]: DEBUG glance.common.config [None req-ded60f80-b0be-407d-bc35-5c42f72312dc None None] max_logfile_count = 30 {{(pid=99764) log_opt_values /opt/stack/data/venv/lib/python3.12/site-packages/oslo_config/cfg.py:3549}}
Aug 17 00:27:54.923910 np0000007436 devstack@g-api.service[99764]: DEBUG glance.common.config [None req-ded60f80-b0be-407d-bc35-5c42f72312dc None None] max_logfile_size_mb = 200 {{(pid=99764) log_opt_values /opt/stack/data/venv/lib/python3.12/site-packages/oslo_config/cfg.py:3549}}
Aug 17 00:27:54.924036 np0000007436 devstack@g-api.service[99764]: DEBUG glance.common.config [None req-ded60f80-b0be-407d-bc35-5c42f72312dc None None] max_request_id_length = 64 {{(pid=99764) log_opt_values /opt/stack/data/venv/lib/python3.12/site-packages/oslo_config/cfg.py:3549}}
Aug 17 00:27:54.924163 np0000007436 devstack@g-api.service[99764]: DEBUG glance.common.config [None req-ded60f80-b0be-407d-bc35-5c42f72312dc None None] metadata_encryption_key = **** {{(pid=99764) log_opt_values /opt/stack/data/venv/lib/python3.12/site-packages/oslo_config/cfg.py:3549}}
Aug 17 00:27:54.924308 np0000007436 devstack@g-api.service[99764]: DEBUG glance.common.config [None req-ded60f80-b0be-407d-bc35-5c42f72312dc None None] node_staging_uri = file:///tmp/staging/ {{(pid=99764) log_opt_values /opt/stack/data/venv/lib/python3.12/site-packages/oslo_config/cfg.py:3549}}
Aug 17 00:27:54.924436 np0000007436 devstack@g-api.service[99764]: DEBUG glance.common.config [None req-ded60f80-b0be-407d-bc35-5c42f72312dc None None] property_protection_file = None {{(pid=99764) log_opt_values /opt/stack/data/venv/lib/python3.12/site-packages/oslo_config/cfg.py:3549}}
Aug 17 00:27:54.924571 np0000007436 devstack@g-api.service[99764]: DEBUG glance.common.config [None req-ded60f80-b0be-407d-bc35-5c42f72312dc None None] property_protection_rule_format = roles {{(pid=99764) log_opt_values /opt/stack/data/venv/lib/python3.12/site-packages/oslo_config/cfg.py:3549}}
Aug 17 00:27:54.924707 np0000007436 devstack@g-api.service[99764]: DEBUG glance.common.config [None req-ded60f80-b0be-407d-bc35-5c42f72312dc None None] public_endpoint = https://10.4.3.44/image {{(pid=99764) log_opt_values /opt/stack/data/venv/lib/python3.12/site-packages/oslo_config/cfg.py:3549}}
Aug 17 00:27:54.924828 np0000007436 devstack@g-api.service[99764]: DEBUG glance.common.config [None req-ded60f80-b0be-407d-bc35-5c42f72312dc None None] publish_errors = False {{(pid=99764) log_opt_values /opt/stack/data/venv/lib/python3.12/site-packages/oslo_config/cfg.py:3549}}
Aug 17 00:27:54.924970 np0000007436 devstack@g-api.service[99764]: DEBUG glance.common.config [None req-ded60f80-b0be-407d-bc35-5c42f72312dc None None] pydev_worker_debug_host = None {{(pid=99764) log_opt_values /opt/stack/data/venv/lib/python3.12/site-packages/oslo_config/cfg.py:3549}}
Aug 17 00:27:54.925103 np0000007436 devstack@g-api.service[99764]: DEBUG glance.common.config [None req-ded60f80-b0be-407d-bc35-5c42f72312dc None None] pydev_worker_debug_port = 5678 {{(pid=99764) log_opt_values /opt/stack/data/venv/lib/python3.12/site-packages/oslo_config/cfg.py:3549}}
Aug 17 00:27:54.925244 np0000007436 devstack@g-api.service[99764]: DEBUG glance.common.config [None req-ded60f80-b0be-407d-bc35-5c42f72312dc None None] rate_limit_burst = 0 {{(pid=99764) log_opt_values /opt/stack/data/venv/lib/python3.12/site-packages/oslo_config/cfg.py:3549}}
Aug 17 00:27:54.925378 np0000007436 devstack@g-api.service[99764]: DEBUG glance.common.config [None req-ded60f80-b0be-407d-bc35-5c42f72312dc None None] rate_limit_except_level = CRITICAL {{(pid=99764) log_opt_values /opt/stack/data/venv/lib/python3.12/site-packages/oslo_config/cfg.py:3549}}
Aug 17 00:27:54.925501 np0000007436 devstack@g-api.service[99764]: DEBUG glance.common.config [None req-ded60f80-b0be-407d-bc35-5c42f72312dc None None] rate_limit_interval = 0 {{(pid=99764) log_opt_values /opt/stack/data/venv/lib/python3.12/site-packages/oslo_config/cfg.py:3549}}
Aug 17 00:27:54.925623 np0000007436 devstack@g-api.service[99764]: DEBUG glance.common.config [None req-ded60f80-b0be-407d-bc35-5c42f72312dc None None] scrub_pool_size = 1 {{(pid=99764) log_opt_values /opt/stack/data/venv/lib/python3.12/site-packages/oslo_config/cfg.py:3549}}
Aug 17 00:27:54.925750 np0000007436 devstack@g-api.service[99764]: DEBUG glance.common.config [None req-ded60f80-b0be-407d-bc35-5c42f72312dc None None] scrub_time = 0 {{(pid=99764) log_opt_values /opt/stack/data/venv/lib/python3.12/site-packages/oslo_config/cfg.py:3549}}
Aug 17 00:27:54.925869 np0000007436 devstack@g-api.service[99764]: DEBUG glance.common.config [None req-ded60f80-b0be-407d-bc35-5c42f72312dc None None] shell_completion = None {{(pid=99764) log_opt_values /opt/stack/data/venv/lib/python3.12/site-packages/oslo_config/cfg.py:3549}}
Aug 17 00:27:54.926025 np0000007436 devstack@g-api.service[99764]: DEBUG glance.common.config [None req-ded60f80-b0be-407d-bc35-5c42f72312dc None None] show_image_direct_url = False {{(pid=99764) log_opt_values /opt/stack/data/venv/lib/python3.12/site-packages/oslo_config/cfg.py:3549}}
Aug 17 00:27:54.926357 np0000007436 devstack@g-api.service[99764]: WARNING oslo_config.cfg [None req-ded60f80-b0be-407d-bc35-5c42f72312dc None None] Deprecated: Option "show_multiple_locations" from group "DEFAULT" is deprecated for removal (Use of this option, deprecated since Newton, is a security risk and will be removed once we figure out a way to satisfy those use cases that currently require it. An earlier announcement that the same functionality can be achieved with greater granularity by using policies is incorrect. You cannot work around this option via policy configuration at the present time, though that is the direction we believe the fix will take. Please keep an eye on the Glance release notes to stay up to date on progress in addressing this issue.). Its value may be silently ignored in the future.
Aug 17 00:27:54.926501 np0000007436 devstack@g-api.service[99764]: DEBUG glance.common.config [None req-ded60f80-b0be-407d-bc35-5c42f72312dc None None] show_multiple_locations = False {{(pid=99764) log_opt_values /opt/stack/data/venv/lib/python3.12/site-packages/oslo_config/cfg.py:3549}}
Aug 17 00:27:54.926628 np0000007436 devstack@g-api.service[99764]: DEBUG glance.common.config [None req-ded60f80-b0be-407d-bc35-5c42f72312dc None None] syslog_log_facility = LOG_USER {{(pid=99764) log_opt_values /opt/stack/data/venv/lib/python3.12/site-packages/oslo_config/cfg.py:3549}}
Aug 17 00:27:54.926757 np0000007436 devstack@g-api.service[99764]: DEBUG glance.common.config [None req-ded60f80-b0be-407d-bc35-5c42f72312dc None None] transport_url = **** {{(pid=99764) log_opt_values /opt/stack/data/venv/lib/python3.12/site-packages/oslo_config/cfg.py:3549}}
Aug 17 00:27:54.926889 np0000007436 devstack@g-api.service[99764]: DEBUG glance.common.config [None req-ded60f80-b0be-407d-bc35-5c42f72312dc None None] use_journal = False {{(pid=99764) log_opt_values /opt/stack/data/venv/lib/python3.12/site-packages/oslo_config/cfg.py:3549}}
Aug 17 00:27:54.927052 np0000007436 devstack@g-api.service[99764]: DEBUG glance.common.config [None req-ded60f80-b0be-407d-bc35-5c42f72312dc None None] use_json = False {{(pid=99764) log_opt_values /opt/stack/data/venv/lib/python3.12/site-packages/oslo_config/cfg.py:3549}}
Aug 17 00:27:54.927224 np0000007436 devstack@g-api.service[99764]: DEBUG glance.common.config [None req-ded60f80-b0be-407d-bc35-5c42f72312dc None None] use_keystone_limits = True {{(pid=99764) log_opt_values /opt/stack/data/venv/lib/python3.12/site-packages/oslo_config/cfg.py:3549}}
Aug 17 00:27:54.927359 np0000007436 devstack@g-api.service[99764]: DEBUG glance.common.config [None req-ded60f80-b0be-407d-bc35-5c42f72312dc None None] use_stderr = False {{(pid=99764) log_opt_values /opt/stack/data/venv/lib/python3.12/site-packages/oslo_config/cfg.py:3549}}
Aug 17 00:27:54.927495 np0000007436 devstack@g-api.service[99764]: DEBUG glance.common.config [None req-ded60f80-b0be-407d-bc35-5c42f72312dc None None] use_syslog = False {{(pid=99764) log_opt_values /opt/stack/data/venv/lib/python3.12/site-packages/oslo_config/cfg.py:3549}}
Aug 17 00:27:54.927630 np0000007436 devstack@g-api.service[99764]: DEBUG glance.common.config [None req-ded60f80-b0be-407d-bc35-5c42f72312dc None None] user_storage_quota = 0 {{(pid=99764) log_opt_values /opt/stack/data/venv/lib/python3.12/site-packages/oslo_config/cfg.py:3549}}
Aug 17 00:27:54.927761 np0000007436 devstack@g-api.service[99764]: DEBUG glance.common.config [None req-ded60f80-b0be-407d-bc35-5c42f72312dc None None] worker_self_reference_url = http://127.0.0.1:60999 {{(pid=99764) log_opt_values /opt/stack/data/venv/lib/python3.12/site-packages/oslo_config/cfg.py:3549}}
Aug 17 00:27:54.927926 np0000007436 devstack@g-api.service[99764]: DEBUG glance.common.config [None req-ded60f80-b0be-407d-bc35-5c42f72312dc None None] oslo_concurrency.disable_process_locking = False {{(pid=99764) log_opt_values /opt/stack/data/venv/lib/python3.12/site-packages/oslo_config/cfg.py:3560}}
Aug 17 00:27:54.928068 np0000007436 devstack@g-api.service[99764]: DEBUG glance.common.config [None req-ded60f80-b0be-407d-bc35-5c42f72312dc None None] oslo_concurrency.lock_path = /opt/stack/data/glance/locks {{(pid=99764) log_opt_values /opt/stack/data/venv/lib/python3.12/site-packages/oslo_config/cfg.py:3560}}
Aug 17 00:27:54.928222 np0000007436 devstack@g-api.service[99764]: DEBUG glance.common.config [None req-ded60f80-b0be-407d-bc35-5c42f72312dc None None] oslo_middleware.enable_proxy_headers_parsing = False {{(pid=99764) log_opt_values /opt/stack/data/venv/lib/python3.12/site-packages/oslo_config/cfg.py:3560}}
Aug 17 00:27:54.928359 np0000007436 devstack@g-api.service[99764]: DEBUG glance.common.config [None req-ded60f80-b0be-407d-bc35-5c42f72312dc None None] oslo_middleware.http_basic_auth_user_file = /etc/htpasswd {{(pid=99764) log_opt_values /opt/stack/data/venv/lib/python3.12/site-packages/oslo_config/cfg.py:3560}}
Aug 17 00:27:54.928493 np0000007436 devstack@g-api.service[99764]: DEBUG glance.common.config [None req-ded60f80-b0be-407d-bc35-5c42f72312dc None None] paste_deploy.config_file = None {{(pid=99764) log_opt_values /opt/stack/data/venv/lib/python3.12/site-packages/oslo_config/cfg.py:3560}}
Aug 17 00:27:54.928625 np0000007436 devstack@g-api.service[99764]: DEBUG glance.common.config [None req-ded60f80-b0be-407d-bc35-5c42f72312dc None None] paste_deploy.flavor = keystone+cachemanagement {{(pid=99764) log_opt_values /opt/stack/data/venv/lib/python3.12/site-packages/oslo_config/cfg.py:3560}}
Aug 17 00:27:54.928809 np0000007436 devstack@g-api.service[99764]: DEBUG glance.common.config [None req-ded60f80-b0be-407d-bc35-5c42f72312dc None None] image_format.container_formats = ['ami', 'ari', 'aki', 'bare', 'ovf', 'ova', 'docker', 'compressed'] {{(pid=99764) log_opt_values /opt/stack/data/venv/lib/python3.12/site-packages/oslo_config/cfg.py:3560}}
Aug 17 00:27:54.929007 np0000007436 devstack@g-api.service[99764]: DEBUG glance.common.config [None req-ded60f80-b0be-407d-bc35-5c42f72312dc None None] image_format.disk_formats = ['ami', 'ari', 'aki', 'vhd', 'vhdx', 'vmdk', 'raw', 'qcow2', 'vdi', 'iso', 'ploop'] {{(pid=99764) log_opt_values /opt/stack/data/venv/lib/python3.12/site-packages/oslo_config/cfg.py:3560}}
Aug 17 00:27:54.929140 np0000007436 devstack@g-api.service[99764]: DEBUG glance.common.config [None req-ded60f80-b0be-407d-bc35-5c42f72312dc None None] image_format.gpt_safety_checks_nonfatal = [] {{(pid=99764) log_opt_values /opt/stack/data/venv/lib/python3.12/site-packages/oslo_config/cfg.py:3560}}
Aug 17 00:27:54.929302 np0000007436 devstack@g-api.service[99764]: DEBUG glance.common.config [None req-ded60f80-b0be-407d-bc35-5c42f72312dc None None] image_format.require_image_format_match = True {{(pid=99764) log_opt_values /opt/stack/data/venv/lib/python3.12/site-packages/oslo_config/cfg.py:3560}}
Aug 17 00:27:54.929445 np0000007436 devstack@g-api.service[99764]: DEBUG glance.common.config [None req-ded60f80-b0be-407d-bc35-5c42f72312dc None None] image_format.vmdk_allowed_types = ['streamOptimized', 'monolithicSparse'] {{(pid=99764) log_opt_values /opt/stack/data/venv/lib/python3.12/site-packages/oslo_config/cfg.py:3560}}
Aug 17 00:27:54.929589 np0000007436 devstack@g-api.service[99764]: DEBUG glance.common.config [None req-ded60f80-b0be-407d-bc35-5c42f72312dc None None] task.task_executor = taskflow {{(pid=99764) log_opt_values /opt/stack/data/venv/lib/python3.12/site-packages/oslo_config/cfg.py:3560}}
Aug 17 00:27:54.929723 np0000007436 devstack@g-api.service[99764]: DEBUG glance.common.config [None req-ded60f80-b0be-407d-bc35-5c42f72312dc None None] task.task_time_to_live = 48 {{(pid=99764) log_opt_values /opt/stack/data/venv/lib/python3.12/site-packages/oslo_config/cfg.py:3560}}
Aug 17 00:27:54.929845 np0000007436 devstack@g-api.service[99764]: DEBUG glance.common.config [None req-ded60f80-b0be-407d-bc35-5c42f72312dc None None] task.work_dir = None {{(pid=99764) log_opt_values /opt/stack/data/venv/lib/python3.12/site-packages/oslo_config/cfg.py:3560}}
Aug 17 00:27:54.929988 np0000007436 devstack@g-api.service[99764]: DEBUG glance.common.config [None req-ded60f80-b0be-407d-bc35-5c42f72312dc None None] wsgi.python_interpreter = /opt/stack/data/venv/bin/python3 {{(pid=99764) log_opt_values /opt/stack/data/venv/lib/python3.12/site-packages/oslo_config/cfg.py:3560}}
Aug 17 00:27:54.930114 np0000007436 devstack@g-api.service[99764]: DEBUG glance.common.config [None req-ded60f80-b0be-407d-bc35-5c42f72312dc None None] wsgi.task_pool_threads = 16 {{(pid=99764) log_opt_values /opt/stack/data/venv/lib/python3.12/site-packages/oslo_config/cfg.py:3560}}
Aug 17 00:27:54.930267 np0000007436 devstack@g-api.service[99764]: DEBUG glance.common.config [None req-ded60f80-b0be-407d-bc35-5c42f72312dc None None] import_filtering_opts.allowed_hosts = [] {{(pid=99764) log_opt_values /opt/stack/data/venv/lib/python3.12/site-packages/oslo_config/cfg.py:3560}}
Aug 17 00:27:54.930402 np0000007436 devstack@g-api.service[99764]: DEBUG glance.common.config [None req-ded60f80-b0be-407d-bc35-5c42f72312dc None None] import_filtering_opts.allowed_ports = [80, 443] {{(pid=99764) log_opt_values /opt/stack/data/venv/lib/python3.12/site-packages/oslo_config/cfg.py:3560}}
Aug 17 00:27:54.930545 np0000007436 devstack@g-api.service[99764]: DEBUG glance.common.config [None req-ded60f80-b0be-407d-bc35-5c42f72312dc None None] import_filtering_opts.allowed_schemes = ['http', 'https'] {{(pid=99764) log_opt_values /opt/stack/data/venv/lib/python3.12/site-packages/oslo_config/cfg.py:3560}}
Aug 17 00:27:54.930669 np0000007436 devstack@g-api.service[99764]: DEBUG glance.common.config [None req-ded60f80-b0be-407d-bc35-5c42f72312dc None None] import_filtering_opts.disallowed_hosts = [] {{(pid=99764) log_opt_values /opt/stack/data/venv/lib/python3.12/site-packages/oslo_config/cfg.py:3560}}
Aug 17 00:27:54.930797 np0000007436 devstack@g-api.service[99764]: DEBUG glance.common.config [None req-ded60f80-b0be-407d-bc35-5c42f72312dc None None] import_filtering_opts.disallowed_ports = [] {{(pid=99764) log_opt_values /opt/stack/data/venv/lib/python3.12/site-packages/oslo_config/cfg.py:3560}}
Aug 17 00:27:54.930934 np0000007436 devstack@g-api.service[99764]: DEBUG glance.common.config [None req-ded60f80-b0be-407d-bc35-5c42f72312dc None None] import_filtering_opts.disallowed_schemes = [] {{(pid=99764) log_opt_values /opt/stack/data/venv/lib/python3.12/site-packages/oslo_config/cfg.py:3560}}
Aug 17 00:27:54.931078 np0000007436 devstack@g-api.service[99764]: DEBUG glance.common.config [None req-ded60f80-b0be-407d-bc35-5c42f72312dc None None] oslo_messaging_metrics.metrics_buffer_size = 1000 {{(pid=99764) log_opt_values /opt/stack/data/venv/lib/python3.12/site-packages/oslo_config/cfg.py:3560}}
Aug 17 00:27:54.931221 np0000007436 devstack@g-api.service[99764]: DEBUG glance.common.config [None req-ded60f80-b0be-407d-bc35-5c42f72312dc None None] oslo_messaging_metrics.metrics_enabled = False {{(pid=99764) log_opt_values /opt/stack/data/venv/lib/python3.12/site-packages/oslo_config/cfg.py:3560}}
Aug 17 00:27:54.931354 np0000007436 devstack@g-api.service[99764]: DEBUG glance.common.config [None req-ded60f80-b0be-407d-bc35-5c42f72312dc None None] oslo_messaging_metrics.metrics_process_name = {{(pid=99764) log_opt_values /opt/stack/data/venv/lib/python3.12/site-packages/oslo_config/cfg.py:3560}}
Aug 17 00:27:54.931485 np0000007436 devstack@g-api.service[99764]: DEBUG glance.common.config [None req-ded60f80-b0be-407d-bc35-5c42f72312dc None None] oslo_messaging_metrics.metrics_socket_file = /var/tmp/metrics_collector.sock {{(pid=99764) log_opt_values /opt/stack/data/venv/lib/python3.12/site-packages/oslo_config/cfg.py:3560}}
Aug 17 00:27:54.931611 np0000007436 devstack@g-api.service[99764]: DEBUG glance.common.config [None req-ded60f80-b0be-407d-bc35-5c42f72312dc None None] oslo_messaging_metrics.metrics_thread_stop_timeout = 10 {{(pid=99764) log_opt_values /opt/stack/data/venv/lib/python3.12/site-packages/oslo_config/cfg.py:3560}}
Aug 17 00:27:54.931749 np0000007436 devstack@g-api.service[99764]: DEBUG glance.common.config [None req-ded60f80-b0be-407d-bc35-5c42f72312dc None None] profiler.connection_string = messaging:// {{(pid=99764) log_opt_values /opt/stack/data/venv/lib/python3.12/site-packages/oslo_config/cfg.py:3560}}
Aug 17 00:27:54.931884 np0000007436 devstack@g-api.service[99764]: DEBUG glance.common.config [None req-ded60f80-b0be-407d-bc35-5c42f72312dc None None] profiler.enabled = False {{(pid=99764) log_opt_values /opt/stack/data/venv/lib/python3.12/site-packages/oslo_config/cfg.py:3560}}
Aug 17 00:27:54.932019 np0000007436 devstack@g-api.service[99764]: DEBUG glance.common.config [None req-ded60f80-b0be-407d-bc35-5c42f72312dc None None] profiler.es_doc_type = notification {{(pid=99764) log_opt_values /opt/stack/data/venv/lib/python3.12/site-packages/oslo_config/cfg.py:3560}}
Aug 17 00:27:54.932143 np0000007436 devstack@g-api.service[99764]: DEBUG glance.common.config [None req-ded60f80-b0be-407d-bc35-5c42f72312dc None None] profiler.es_scroll_size = 10000 {{(pid=99764) log_opt_values /opt/stack/data/venv/lib/python3.12/site-packages/oslo_config/cfg.py:3560}}
