Jun 22 18:46:01.568762 np0000003428 nova-conductor[98443]: DEBUG cotyledon.oslo_config_glue [-] profiler.es_scroll_time = 2m {{(pid=98443) log_opt_values /opt/stack/data/venv/lib/python3.12/site-packages/oslo_config/cfg.py:3253}}
Jun 22 18:46:01.568762 np0000003428 nova-conductor[98443]: DEBUG cotyledon.oslo_config_glue [-] profiler.filter_error_trace = False {{(pid=98443) log_opt_values /opt/stack/data/venv/lib/python3.12/site-packages/oslo_config/cfg.py:3253}}
Jun 22 18:46:01.568980 np0000003428 nova-conductor[98443]: DEBUG cotyledon.oslo_config_glue [-] profiler.hmac_keys = **** {{(pid=98443) log_opt_values /opt/stack/data/venv/lib/python3.12/site-packages/oslo_config/cfg.py:3253}}
Jun 22 18:46:01.568980 np0000003428 nova-conductor[98443]: DEBUG cotyledon.oslo_config_glue [-] profiler.sentinel_service_name = mymaster {{(pid=98443) log_opt_values /opt/stack/data/venv/lib/python3.12/site-packages/oslo_config/cfg.py:3253}}
Jun 22 18:46:01.568980 np0000003428 nova-conductor[98443]: DEBUG cotyledon.oslo_config_glue [-] profiler.socket_timeout = 0.1 {{(pid=98443) log_opt_values /opt/stack/data/venv/lib/python3.12/site-packages/oslo_config/cfg.py:3253}}
Jun 22 18:46:01.568980 np0000003428 nova-conductor[98443]: DEBUG cotyledon.oslo_config_glue [-] profiler.trace_requests = False {{(pid=98443) log_opt_values /opt/stack/data/venv/lib/python3.12/site-packages/oslo_config/cfg.py:3253}}
Jun 22 18:46:01.568980 np0000003428 nova-conductor[98443]: DEBUG cotyledon.oslo_config_glue [-] profiler.trace_sqlalchemy = False {{(pid=98443) log_opt_values /opt/stack/data/venv/lib/python3.12/site-packages/oslo_config/cfg.py:3253}}
Jun 22 18:46:01.568980 np0000003428 nova-conductor[98443]: DEBUG cotyledon.oslo_config_glue [-] profiler_jaeger.process_tags = {} {{(pid=98443) log_opt_values /opt/stack/data/venv/lib/python3.12/site-packages/oslo_config/cfg.py:3253}}
Jun 22 18:46:01.568980 np0000003428 nova-conductor[98443]: DEBUG cotyledon.oslo_config_glue [-] profiler_jaeger.service_name_prefix = None {{(pid=98443) log_opt_values /opt/stack/data/venv/lib/python3.12/site-packages/oslo_config/cfg.py:3253}}
Jun 22 18:46:01.568980 np0000003428 nova-conductor[98443]: DEBUG cotyledon.oslo_config_glue [-] profiler_otlp.service_name_prefix = None {{(pid=98443) log_opt_values /opt/stack/data/venv/lib/python3.12/site-packages/oslo_config/cfg.py:3253}}
Jun 22 18:46:01.568980 np0000003428 nova-conductor[98443]: DEBUG cotyledon.oslo_config_glue [-] oslo_messaging_rabbit.amqp_auto_delete = False {{(pid=98443) log_opt_values /opt/stack/data/venv/lib/python3.12/site-packages/oslo_config/cfg.py:3253}}
Jun 22 18:46:01.569463 np0000003428 nova-conductor[98443]: DEBUG cotyledon.oslo_config_glue [-] oslo_messaging_rabbit.amqp_durable_queues = False {{(pid=98443) log_opt_values /opt/stack/data/venv/lib/python3.12/site-packages/oslo_config/cfg.py:3253}}
Jun 22 18:46:01.569463 np0000003428 nova-conductor[98443]: DEBUG cotyledon.oslo_config_glue [-] oslo_messaging_rabbit.conn_pool_min_size = 2 {{(pid=98443) log_opt_values /opt/stack/data/venv/lib/python3.12/site-packages/oslo_config/cfg.py:3253}}
Jun 22 18:46:01.569463 np0000003428 nova-conductor[98443]: DEBUG cotyledon.oslo_config_glue [-] oslo_messaging_rabbit.conn_pool_ttl = 1200 {{(pid=98443) log_opt_values /opt/stack/data/venv/lib/python3.12/site-packages/oslo_config/cfg.py:3253}}
Jun 22 18:46:01.569463 np0000003428 nova-conductor[98443]: DEBUG cotyledon.oslo_config_glue [-] oslo_messaging_rabbit.direct_mandatory_flag = True {{(pid=98443) log_opt_values /opt/stack/data/venv/lib/python3.12/site-packages/oslo_config/cfg.py:3253}}
Jun 22 18:46:01.569463 np0000003428 nova-conductor[98443]: DEBUG cotyledon.oslo_config_glue [-] oslo_messaging_rabbit.enable_cancel_on_failover = False {{(pid=98443) log_opt_values /opt/stack/data/venv/lib/python3.12/site-packages/oslo_config/cfg.py:3253}}
Jun 22 18:46:01.569463 np0000003428 nova-conductor[98443]: DEBUG cotyledon.oslo_config_glue [-] oslo_messaging_rabbit.heartbeat_rate = 3 {{(pid=98443) log_opt_values /opt/stack/data/venv/lib/python3.12/site-packages/oslo_config/cfg.py:3253}}
Jun 22 18:46:01.569463 np0000003428 nova-conductor[98443]: DEBUG cotyledon.oslo_config_glue [-] oslo_messaging_rabbit.heartbeat_timeout_threshold = 60 {{(pid=98443) log_opt_values /opt/stack/data/venv/lib/python3.12/site-packages/oslo_config/cfg.py:3253}}
Jun 22 18:46:01.569463 np0000003428 nova-conductor[98443]: DEBUG cotyledon.oslo_config_glue [-] oslo_messaging_rabbit.hostname = np0000003428 {{(pid=98443) log_opt_values /opt/stack/data/venv/lib/python3.12/site-packages/oslo_config/cfg.py:3253}}
Jun 22 18:46:01.569463 np0000003428 nova-conductor[98443]: DEBUG cotyledon.oslo_config_glue [-] oslo_messaging_rabbit.kombu_compression = None {{(pid=98443) log_opt_values /opt/stack/data/venv/lib/python3.12/site-packages/oslo_config/cfg.py:3253}}
Jun 22 18:46:01.569643 np0000003428 nova-conductor[98443]: DEBUG cotyledon.oslo_config_glue [-] oslo_messaging_rabbit.kombu_failover_strategy = round-robin {{(pid=98443) log_opt_values /opt/stack/data/venv/lib/python3.12/site-packages/oslo_config/cfg.py:3253}}
Jun 22 18:46:01.569643 np0000003428 nova-conductor[98443]: DEBUG cotyledon.oslo_config_glue [-] oslo_messaging_rabbit.kombu_missing_consumer_retry_timeout = 60 {{(pid=98443) log_opt_values /opt/stack/data/venv/lib/python3.12/site-packages/oslo_config/cfg.py:3253}}
Jun 22 18:46:01.569643 np0000003428 nova-conductor[98443]: DEBUG cotyledon.oslo_config_glue [-] oslo_messaging_rabbit.kombu_reconnect_delay = 1.0 {{(pid=98443) log_opt_values /opt/stack/data/venv/lib/python3.12/site-packages/oslo_config/cfg.py:3253}}
Jun 22 18:46:01.569643 np0000003428 nova-conductor[98443]: DEBUG cotyledon.oslo_config_glue [-] oslo_messaging_rabbit.kombu_reconnect_splay = 0.0 {{(pid=98443) log_opt_values /opt/stack/data/venv/lib/python3.12/site-packages/oslo_config/cfg.py:3253}}
Jun 22 18:46:01.569643 np0000003428 nova-conductor[98443]: DEBUG cotyledon.oslo_config_glue [-] oslo_messaging_rabbit.processname = nova-conductor {{(pid=98443) log_opt_values /opt/stack/data/venv/lib/python3.12/site-packages/oslo_config/cfg.py:3253}}
Jun 22 18:46:01.569643 np0000003428 nova-conductor[98443]: DEBUG cotyledon.oslo_config_glue [-] oslo_messaging_rabbit.rabbit_ha_queues = False {{(pid=98443) log_opt_values /opt/stack/data/venv/lib/python3.12/site-packages/oslo_config/cfg.py:3253}}
Jun 22 18:46:01.569643 np0000003428 nova-conductor[98443]: DEBUG cotyledon.oslo_config_glue [-] oslo_messaging_rabbit.rabbit_interval_max = 30 {{(pid=98443) log_opt_values /opt/stack/data/venv/lib/python3.12/site-packages/oslo_config/cfg.py:3253}}
Jun 22 18:46:01.569643 np0000003428 nova-conductor[98443]: DEBUG cotyledon.oslo_config_glue [-] oslo_messaging_rabbit.rabbit_login_method = AMQPLAIN {{(pid=98443) log_opt_values /opt/stack/data/venv/lib/python3.12/site-packages/oslo_config/cfg.py:3253}}
Jun 22 18:46:01.569827 np0000003428 nova-conductor[98443]: DEBUG cotyledon.oslo_config_glue [-] oslo_messaging_rabbit.rabbit_qos_prefetch_count = 0 {{(pid=98443) log_opt_values /opt/stack/data/venv/lib/python3.12/site-packages/oslo_config/cfg.py:3253}}
Jun 22 18:46:01.569827 np0000003428 nova-conductor[98443]: DEBUG cotyledon.oslo_config_glue [-] oslo_messaging_rabbit.rabbit_quorum_delivery_limit = 0 {{(pid=98443) log_opt_values /opt/stack/data/venv/lib/python3.12/site-packages/oslo_config/cfg.py:3253}}
Jun 22 18:46:01.569827 np0000003428 nova-conductor[98443]: DEBUG cotyledon.oslo_config_glue [-] oslo_messaging_rabbit.rabbit_quorum_max_memory_bytes = 0 {{(pid=98443) log_opt_values /opt/stack/data/venv/lib/python3.12/site-packages/oslo_config/cfg.py:3253}}
Jun 22 18:46:01.569827 np0000003428 nova-conductor[98443]: DEBUG cotyledon.oslo_config_glue [-] oslo_messaging_rabbit.rabbit_quorum_max_memory_length = 0 {{(pid=98443) log_opt_values /opt/stack/data/venv/lib/python3.12/site-packages/oslo_config/cfg.py:3253}}
Jun 22 18:46:01.569827 np0000003428 nova-conductor[98443]: DEBUG cotyledon.oslo_config_glue [-] oslo_messaging_rabbit.rabbit_quorum_queue = False {{(pid=98443) log_opt_values /opt/stack/data/venv/lib/python3.12/site-packages/oslo_config/cfg.py:3253}}
Jun 22 18:46:01.569827 np0000003428 nova-conductor[98443]: DEBUG cotyledon.oslo_config_glue [-] oslo_messaging_rabbit.rabbit_retry_backoff = 2 {{(pid=98443) log_opt_values /opt/stack/data/venv/lib/python3.12/site-packages/oslo_config/cfg.py:3253}}
Jun 22 18:46:01.569827 np0000003428 nova-conductor[98443]: DEBUG cotyledon.oslo_config_glue [-] oslo_messaging_rabbit.rabbit_retry_interval = 1 {{(pid=98443) log_opt_values /opt/stack/data/venv/lib/python3.12/site-packages/oslo_config/cfg.py:3253}}
Jun 22 18:46:01.569827 np0000003428 nova-conductor[98443]: DEBUG cotyledon.oslo_config_glue [-] oslo_messaging_rabbit.rabbit_stream_fanout = False {{(pid=98443) log_opt_values /opt/stack/data/venv/lib/python3.12/site-packages/oslo_config/cfg.py:3253}}
Jun 22 18:46:01.570051 np0000003428 nova-conductor[98443]: DEBUG cotyledon.oslo_config_glue [-] oslo_messaging_rabbit.rabbit_transient_queues_ttl = 1800 {{(pid=98443) log_opt_values /opt/stack/data/venv/lib/python3.12/site-packages/oslo_config/cfg.py:3253}}
Jun 22 18:46:01.570051 np0000003428 nova-conductor[98443]: DEBUG cotyledon.oslo_config_glue [-] oslo_messaging_rabbit.rabbit_transient_quorum_queue = False {{(pid=98443) log_opt_values /opt/stack/data/venv/lib/python3.12/site-packages/oslo_config/cfg.py:3253}}
Jun 22 18:46:01.570051 np0000003428 nova-conductor[98443]: DEBUG cotyledon.oslo_config_glue [-] oslo_messaging_rabbit.rpc_conn_pool_size = 30 {{(pid=98443) log_opt_values /opt/stack/data/venv/lib/python3.12/site-packages/oslo_config/cfg.py:3253}}
Jun 22 18:46:01.570051 np0000003428 nova-conductor[98443]: DEBUG cotyledon.oslo_config_glue [-] oslo_messaging_rabbit.ssl = False {{(pid=98443) log_opt_values /opt/stack/data/venv/lib/python3.12/site-packages/oslo_config/cfg.py:3253}}
Jun 22 18:46:01.570051 np0000003428 nova-conductor[98443]: DEBUG cotyledon.oslo_config_glue [-] oslo_messaging_rabbit.ssl_ca_file = {{(pid=98443) log_opt_values /opt/stack/data/venv/lib/python3.12/site-packages/oslo_config/cfg.py:3253}}
Jun 22 18:46:01.570051 np0000003428 nova-conductor[98443]: DEBUG cotyledon.oslo_config_glue [-] oslo_messaging_rabbit.ssl_cert_file = {{(pid=98443) log_opt_values /opt/stack/data/venv/lib/python3.12/site-packages/oslo_config/cfg.py:3253}}
Jun 22 18:46:01.570051 np0000003428 nova-conductor[98443]: DEBUG cotyledon.oslo_config_glue [-] oslo_messaging_rabbit.ssl_enforce_fips_mode = False {{(pid=98443) log_opt_values /opt/stack/data/venv/lib/python3.12/site-packages/oslo_config/cfg.py:3253}}
Jun 22 18:46:01.570051 np0000003428 nova-conductor[98443]: DEBUG cotyledon.oslo_config_glue [-] oslo_messaging_rabbit.ssl_enforce_hostname_verification = True {{(pid=98443) log_opt_values /opt/stack/data/venv/lib/python3.12/site-packages/oslo_config/cfg.py:3253}}
Jun 22 18:46:01.570051 np0000003428 nova-conductor[98443]: DEBUG cotyledon.oslo_config_glue [-] oslo_messaging_rabbit.ssl_key_file = {{(pid=98443) log_opt_values /opt/stack/data/venv/lib/python3.12/site-packages/oslo_config/cfg.py:3253}}
Jun 22 18:46:01.570227 np0000003428 nova-conductor[98443]: DEBUG cotyledon.oslo_config_glue [-] oslo_messaging_rabbit.ssl_version = {{(pid=98443) log_opt_values /opt/stack/data/venv/lib/python3.12/site-packages/oslo_config/cfg.py:3253}}
Jun 22 18:46:01.570227 np0000003428 nova-conductor[98443]: DEBUG cotyledon.oslo_config_glue [-] oslo_messaging_rabbit.use_queue_manager = False {{(pid=98443) log_opt_values /opt/stack/data/venv/lib/python3.12/site-packages/oslo_config/cfg.py:3253}}
Jun 22 18:46:01.570227 np0000003428 nova-conductor[98443]: DEBUG cotyledon.oslo_config_glue [-] oslo_messaging_notifications.driver = ['messagingv2'] {{(pid=98443) log_opt_values /opt/stack/data/venv/lib/python3.12/site-packages/oslo_config/cfg.py:3253}}
Jun 22 18:46:01.570227 np0000003428 nova-conductor[98443]: DEBUG cotyledon.oslo_config_glue [-] oslo_messaging_notifications.retry = -1 {{(pid=98443) log_opt_values /opt/stack/data/venv/lib/python3.12/site-packages/oslo_config/cfg.py:3253}}
Jun 22 18:46:01.570227 np0000003428 nova-conductor[98443]: DEBUG cotyledon.oslo_config_glue [-] oslo_messaging_notifications.topics = ['notifications'] {{(pid=98443) log_opt_values /opt/stack/data/venv/lib/python3.12/site-packages/oslo_config/cfg.py:3253}}
Jun 22 18:46:01.570227 np0000003428 nova-conductor[98443]: DEBUG cotyledon.oslo_config_glue [-] oslo_messaging_notifications.transport_url = **** {{(pid=98443) log_opt_values /opt/stack/data/venv/lib/python3.12/site-packages/oslo_config/cfg.py:3253}}
Jun 22 18:46:01.570227 np0000003428 nova-conductor[98443]: DEBUG cotyledon.oslo_config_glue [-] oslo_limit.auth_section = None {{(pid=98443) log_opt_values /opt/stack/data/venv/lib/python3.12/site-packages/oslo_config/cfg.py:3253}}
Jun 22 18:46:01.570227 np0000003428 nova-conductor[98443]: DEBUG cotyledon.oslo_config_glue [-] oslo_limit.auth_type = None {{(pid=98443) log_opt_values /opt/stack/data/venv/lib/python3.12/site-packages/oslo_config/cfg.py:3253}}
Jun 22 18:46:01.570227 np0000003428 nova-conductor[98443]: DEBUG cotyledon.oslo_config_glue [-] oslo_limit.cafile = None {{(pid=98443) log_opt_values /opt/stack/data/venv/lib/python3.12/site-packages/oslo_config/cfg.py:3253}}
Jun 22 18:46:01.570390 np0000003428 nova-conductor[98443]: DEBUG cotyledon.oslo_config_glue [-] oslo_limit.certfile = None {{(pid=98443) log_opt_values /opt/stack/data/venv/lib/python3.12/site-packages/oslo_config/cfg.py:3253}}
Jun 22 18:46:01.570390 np0000003428 nova-conductor[98443]: DEBUG cotyledon.oslo_config_glue [-] oslo_limit.collect_timing = False {{(pid=98443) log_opt_values /opt/stack/data/venv/lib/python3.12/site-packages/oslo_config/cfg.py:3253}}
Jun 22 18:46:01.570390 np0000003428 nova-conductor[98443]: DEBUG cotyledon.oslo_config_glue [-] oslo_limit.connect_retries = None {{(pid=98443) log_opt_values /opt/stack/data/venv/lib/python3.12/site-packages/oslo_config/cfg.py:3253}}
Jun 22 18:46:01.570390 np0000003428 nova-conductor[98443]: DEBUG cotyledon.oslo_config_glue [-] oslo_limit.connect_retry_delay = None {{(pid=98443) log_opt_values /opt/stack/data/venv/lib/python3.12/site-packages/oslo_config/cfg.py:3253}}
Jun 22 18:46:01.570390 np0000003428 nova-conductor[98443]: DEBUG cotyledon.oslo_config_glue [-] oslo_limit.endpoint_id = None {{(pid=98443) log_opt_values /opt/stack/data/venv/lib/python3.12/site-packages/oslo_config/cfg.py:3253}}
Jun 22 18:46:01.570390 np0000003428 nova-conductor[98443]: DEBUG cotyledon.oslo_config_glue [-] oslo_limit.endpoint_interface = public {{(pid=98443) log_opt_values /opt/stack/data/venv/lib/python3.12/site-packages/oslo_config/cfg.py:3253}}
Jun 22 18:46:01.570390 np0000003428 nova-conductor[98443]: DEBUG cotyledon.oslo_config_glue [-] oslo_limit.endpoint_override = None {{(pid=98443) log_opt_values /opt/stack/data/venv/lib/python3.12/site-packages/oslo_config/cfg.py:3253}}
Jun 22 18:46:01.570390 np0000003428 nova-conductor[98443]: DEBUG cotyledon.oslo_config_glue [-] oslo_limit.endpoint_region_name = None {{(pid=98443) log_opt_values /opt/stack/data/venv/lib/python3.12/site-packages/oslo_config/cfg.py:3253}}
Jun 22 18:46:01.570390 np0000003428 nova-conductor[98443]: DEBUG cotyledon.oslo_config_glue [-] oslo_limit.endpoint_service_name = None {{(pid=98443) log_opt_values /opt/stack/data/venv/lib/python3.12/site-packages/oslo_config/cfg.py:3253}}
Jun 22 18:46:01.570563 np0000003428 nova-conductor[98443]: DEBUG cotyledon.oslo_config_glue [-] oslo_limit.endpoint_service_type = None {{(pid=98443) log_opt_values /opt/stack/data/venv/lib/python3.12/site-packages/oslo_config/cfg.py:3253}}
Jun 22 18:46:01.570563 np0000003428 nova-conductor[98443]: DEBUG cotyledon.oslo_config_glue [-] oslo_limit.insecure = False {{(pid=98443) log_opt_values /opt/stack/data/venv/lib/python3.12/site-packages/oslo_config/cfg.py:3253}}
Jun 22 18:46:01.570563 np0000003428 nova-conductor[98443]: DEBUG cotyledon.oslo_config_glue [-] oslo_limit.keyfile = None {{(pid=98443) log_opt_values /opt/stack/data/venv/lib/python3.12/site-packages/oslo_config/cfg.py:3253}}
Jun 22 18:46:01.570563 np0000003428 nova-conductor[98443]: DEBUG cotyledon.oslo_config_glue [-] oslo_limit.max_version = None {{(pid=98443) log_opt_values /opt/stack/data/venv/lib/python3.12/site-packages/oslo_config/cfg.py:3253}}
Jun 22 18:46:01.570563 np0000003428 nova-conductor[98443]: DEBUG cotyledon.oslo_config_glue [-] oslo_limit.min_version = None {{(pid=98443) log_opt_values /opt/stack/data/venv/lib/python3.12/site-packages/oslo_config/cfg.py:3253}}
Jun 22 18:46:01.570563 np0000003428 nova-conductor[98443]: DEBUG cotyledon.oslo_config_glue [-] oslo_limit.region_name = None {{(pid=98443) log_opt_values /opt/stack/data/venv/lib/python3.12/site-packages/oslo_config/cfg.py:3253}}
Jun 22 18:46:01.570563 np0000003428 nova-conductor[98443]: DEBUG cotyledon.oslo_config_glue [-] oslo_limit.retriable_status_codes = None {{(pid=98443) log_opt_values /opt/stack/data/venv/lib/python3.12/site-packages/oslo_config/cfg.py:3253}}
Jun 22 18:46:01.570563 np0000003428 nova-conductor[98443]: DEBUG cotyledon.oslo_config_glue [-] oslo_limit.service_name = None {{(pid=98443) log_opt_values /opt/stack/data/venv/lib/python3.12/site-packages/oslo_config/cfg.py:3253}}
Jun 22 18:46:01.570563 np0000003428 nova-conductor[98443]: DEBUG cotyledon.oslo_config_glue [-] oslo_limit.service_type = None {{(pid=98443) log_opt_values /opt/stack/data/venv/lib/python3.12/site-packages/oslo_config/cfg.py:3253}}
Jun 22 18:46:01.570731 np0000003428 nova-conductor[98443]: DEBUG cotyledon.oslo_config_glue [-] oslo_limit.split_loggers = False {{(pid=98443) log_opt_values /opt/stack/data/venv/lib/python3.12/site-packages/oslo_config/cfg.py:3253}}
Jun 22 18:46:01.570731 np0000003428 nova-conductor[98443]: DEBUG cotyledon.oslo_config_glue [-] oslo_limit.status_code_retries = None {{(pid=98443) log_opt_values /opt/stack/data/venv/lib/python3.12/site-packages/oslo_config/cfg.py:3253}}
Jun 22 18:46:01.570731 np0000003428 nova-conductor[98443]: DEBUG cotyledon.oslo_config_glue [-] oslo_limit.status_code_retry_delay = None {{(pid=98443) log_opt_values /opt/stack/data/venv/lib/python3.12/site-packages/oslo_config/cfg.py:3253}}
Jun 22 18:46:01.570731 np0000003428 nova-conductor[98443]: DEBUG cotyledon.oslo_config_glue [-] oslo_limit.timeout = None {{(pid=98443) log_opt_values /opt/stack/data/venv/lib/python3.12/site-packages/oslo_config/cfg.py:3253}}
Jun 22 18:46:01.570731 np0000003428 nova-conductor[98443]: DEBUG cotyledon.oslo_config_glue [-] oslo_limit.valid_interfaces = None {{(pid=98443) log_opt_values /opt/stack/data/venv/lib/python3.12/site-packages/oslo_config/cfg.py:3253}}
Jun 22 18:46:01.570731 np0000003428 nova-conductor[98443]: DEBUG cotyledon.oslo_config_glue [-] oslo_limit.version = None {{(pid=98443) log_opt_values /opt/stack/data/venv/lib/python3.12/site-packages/oslo_config/cfg.py:3253}}
Jun 22 18:46:01.570731 np0000003428 nova-conductor[98443]: DEBUG cotyledon.oslo_config_glue [-] oslo_reports.file_event_handler = None {{(pid=98443) log_opt_values /opt/stack/data/venv/lib/python3.12/site-packages/oslo_config/cfg.py:3253}}
Jun 22 18:46:01.570731 np0000003428 nova-conductor[98443]: DEBUG cotyledon.oslo_config_glue [-] oslo_reports.file_event_handler_interval = 1 {{(pid=98443) log_opt_values /opt/stack/data/venv/lib/python3.12/site-packages/oslo_config/cfg.py:3253}}
Jun 22 18:46:01.570731 np0000003428 nova-conductor[98443]: DEBUG cotyledon.oslo_config_glue [-] oslo_reports.log_dir = None {{(pid=98443) log_opt_values /opt/stack/data/venv/lib/python3.12/site-packages/oslo_config/cfg.py:3253}}
Jun 22 18:46:01.570962 np0000003428 nova-conductor[98443]: DEBUG cotyledon.oslo_config_glue [-] ******************************************************************************** {{(pid=98443) log_opt_values /opt/stack/data/venv/lib/python3.12/site-packages/oslo_config/cfg.py:3260}}
Jun 22 18:46:01.570962 np0000003428 nova-conductor[98443]: DEBUG cotyledon._service_worker [-] Run service ServiceWrapper(3) [98443] {{(pid=98443) wait_forever /opt/stack/data/venv/lib/python3.12/site-packages/cotyledon/_service_worker.py:218}}
Jun 22 18:46:01.571005 np0000003428 nova-conductor[98428]: INFO dbcounter [None req-0520f537-fc8c-4227-ac8a-33d9dce6511c None None] Registered counter for database nova_cell0
Jun 22 18:46:01.571028 np0000003428 nova-conductor[98443]: INFO nova.service [-] Starting conductor node (version 33.1.0)
Jun 22 18:46:01.571028 np0000003428 nova-conductor[98443]: INFO dbcounter [None req-d49b23cb-e472-48ec-9872-dfbd7427d60c None None] Registered counter for database nova_cell0
Jun 22 18:46:01.571066 np0000003428 nova-conductor[98419]: DEBUG oslo_db.sqlalchemy.engines [None req-e69f142e-cb01-4d18-bc38-1d90d87b0b72 None None] MySQL server mode set to STRICT_TRANS_TABLES,STRICT_ALL_TABLES,NO_ZERO_IN_DATE,NO_ZERO_DATE,ERROR_FOR_DIVISION_BY_ZERO,TRADITIONAL,NO_ENGINE_SUBSTITUTION {{(pid=98419) _check_effective_sql_mode /opt/stack/data/venv/lib/python3.12/site-packages/oslo_db/sqlalchemy/engines.py:325}}
Jun 22 18:46:01.571096 np0000003428 nova-conductor[98423]: DEBUG oslo_db.sqlalchemy.engines [None req-0ce16714-ddcf-4ed1-9405-4a33ac41915a None None] MySQL server mode set to STRICT_TRANS_TABLES,STRICT_ALL_TABLES,NO_ZERO_IN_DATE,NO_ZERO_DATE,ERROR_FOR_DIVISION_BY_ZERO,TRADITIONAL,NO_ENGINE_SUBSTITUTION {{(pid=98423) _check_effective_sql_mode /opt/stack/data/venv/lib/python3.12/site-packages/oslo_db/sqlalchemy/engines.py:325}}
Jun 22 18:46:01.571128 np0000003428 nova-conductor[98419]: DEBUG dbcounter [-] [98419] Writer thread running {{(pid=98419) stat_writer /opt/stack/data/venv/lib/python3.12/site-packages/dbcounter.py:102}}
Jun 22 18:46:01.573696 np0000003428 nova-conductor[98423]: DEBUG dbcounter [-] [98423] Writer thread running {{(pid=98423) stat_writer /opt/stack/data/venv/lib/python3.12/site-packages/dbcounter.py:102}}
Jun 22 18:46:01.580343 np0000003428 nova-conductor[98428]: DEBUG oslo_db.sqlalchemy.engines [None req-0520f537-fc8c-4227-ac8a-33d9dce6511c None None] MySQL server mode set to STRICT_TRANS_TABLES,STRICT_ALL_TABLES,NO_ZERO_IN_DATE,NO_ZERO_DATE,ERROR_FOR_DIVISION_BY_ZERO,TRADITIONAL,NO_ENGINE_SUBSTITUTION {{(pid=98428) _check_effective_sql_mode /opt/stack/data/venv/lib/python3.12/site-packages/oslo_db/sqlalchemy/engines.py:325}}
Jun 22 18:46:01.585296 np0000003428 nova-conductor[98443]: DEBUG oslo_db.sqlalchemy.engines [None req-d49b23cb-e472-48ec-9872-dfbd7427d60c None None] MySQL server mode set to STRICT_TRANS_TABLES,STRICT_ALL_TABLES,NO_ZERO_IN_DATE,NO_ZERO_DATE,ERROR_FOR_DIVISION_BY_ZERO,TRADITIONAL,NO_ENGINE_SUBSTITUTION {{(pid=98443) _check_effective_sql_mode /opt/stack/data/venv/lib/python3.12/site-packages/oslo_db/sqlalchemy/engines.py:325}}
Jun 22 18:46:01.585534 np0000003428 nova-conductor[98419]: DEBUG nova.service [None req-e69f142e-cb01-4d18-bc38-1d90d87b0b72 None None] Creating RPC server for service: nova-conductor on topic: conductor {{(pid=98419) start /opt/stack/nova/nova/service.py:196}}
Jun 22 18:46:01.589137 np0000003428 nova-conductor[98428]: DEBUG dbcounter [-] [98428] Writer thread running {{(pid=98428) stat_writer /opt/stack/data/venv/lib/python3.12/site-packages/dbcounter.py:102}}
Jun 22 18:46:01.590807 np0000003428 nova-conductor[98423]: DEBUG nova.service [None req-0ce16714-ddcf-4ed1-9405-4a33ac41915a None None] Creating RPC server for service: nova-conductor on topic: conductor {{(pid=98423) start /opt/stack/nova/nova/service.py:196}}
Jun 22 18:46:01.591789 np0000003428 nova-conductor[98428]: DEBUG nova.service [None req-0520f537-fc8c-4227-ac8a-33d9dce6511c None None] Creating RPC server for service: nova-conductor on topic: conductor {{(pid=98428) start /opt/stack/nova/nova/service.py:196}}
Jun 22 18:46:01.594833 np0000003428 nova-conductor[98443]: DEBUG dbcounter [-] [98443] Writer thread running {{(pid=98443) stat_writer /opt/stack/data/venv/lib/python3.12/site-packages/dbcounter.py:102}}
Jun 22 18:46:01.597390 np0000003428 nova-conductor[98443]: DEBUG nova.service [None req-d49b23cb-e472-48ec-9872-dfbd7427d60c None None] Creating RPC server for service: nova-conductor on topic: conductor {{(pid=98443) start /opt/stack/nova/nova/service.py:196}}
Jun 22 18:46:01.612456 np0000003428 nova-conductor[98428]: DEBUG nova.service [None req-0520f537-fc8c-4227-ac8a-33d9dce6511c None None] Join ServiceGroup membership for this service conductor {{(pid=98428) start /opt/stack/nova/nova/service.py:222}}
Jun 22 18:46:01.612950 np0000003428 nova-conductor[98428]: DEBUG nova.servicegroup.drivers.db [None req-0520f537-fc8c-4227-ac8a-33d9dce6511c None None] DB_Driver: join new ServiceGroup member np0000003428 to the conductor group, service = {{(pid=98428) join /opt/stack/nova/nova/servicegroup/drivers/db.py:44}}
Jun 22 18:46:01.614987 np0000003428 nova-conductor[98443]: DEBUG nova.service [None req-d49b23cb-e472-48ec-9872-dfbd7427d60c None None] Join ServiceGroup membership for this service conductor {{(pid=98443) start /opt/stack/nova/nova/service.py:222}}
Jun 22 18:46:01.615274 np0000003428 nova-conductor[98443]: DEBUG nova.servicegroup.drivers.db [None req-d49b23cb-e472-48ec-9872-dfbd7427d60c None None] DB_Driver: join new ServiceGroup member np0000003428 to the conductor group, service = {{(pid=98443) join /opt/stack/nova/nova/servicegroup/drivers/db.py:44}}
Jun 22 18:46:01.618822 np0000003428 nova-conductor[98419]: DEBUG nova.service [None req-e69f142e-cb01-4d18-bc38-1d90d87b0b72 None None] Join ServiceGroup membership for this service conductor {{(pid=98419) start /opt/stack/nova/nova/service.py:222}}
Jun 22 18:46:01.618937 np0000003428 nova-conductor[98423]: DEBUG nova.service [None req-0ce16714-ddcf-4ed1-9405-4a33ac41915a None None] Join ServiceGroup membership for this service conductor {{(pid=98423) start /opt/stack/nova/nova/service.py:222}}
Jun 22 18:46:01.619060 np0000003428 nova-conductor[98419]: DEBUG nova.servicegroup.drivers.db [None req-e69f142e-cb01-4d18-bc38-1d90d87b0b72 None None] DB_Driver: join new ServiceGroup member np0000003428 to the conductor group, service = {{(pid=98419) join /opt/stack/nova/nova/servicegroup/drivers/db.py:44}}
Jun 22 18:46:01.619141 np0000003428 nova-conductor[98423]: DEBUG nova.servicegroup.drivers.db [None req-0ce16714-ddcf-4ed1-9405-4a33ac41915a None None] DB_Driver: join new ServiceGroup member np0000003428 to the conductor group, service = {{(pid=98423) join /opt/stack/nova/nova/servicegroup/drivers/db.py:44}}
Jun 22 18:46:04.621576 np0000003428 nova-conductor[98419]: DEBUG oslo.service.backend._threading.loopingcall [None req-a5628b35-22ef-4fdf-8d87-dfaea95a36d0 None None] Dynamic interval looping call 'nova.service.Service.periodic_tasks' sleeping for 60.00 seconds {{(pid=98419) _run_loop /opt/stack/data/venv/lib/python3.12/site-packages/oslo_service/backend/_threading/loopingcall.py:125}}
Jun 22 18:46:06.630928 np0000003428 nova-conductor[98428]: DEBUG oslo.service.backend._threading.loopingcall [-] Fixed interval looping call 'nova.servicegroup.drivers.db.DbDriver._report_state' sleeping for 119.98 seconds {{(pid=98428) _run_loop /opt/stack/data/venv/lib/python3.12/site-packages/oslo_service/backend/_threading/loopingcall.py:125}}
Jun 22 18:46:06.631260 np0000003428 nova-conductor[98419]: DEBUG oslo.service.backend._threading.loopingcall [-] Fixed interval looping call 'nova.servicegroup.drivers.db.DbDriver._report_state' sleeping for 119.99 seconds {{(pid=98419) _run_loop /opt/stack/data/venv/lib/python3.12/site-packages/oslo_service/backend/_threading/loopingcall.py:125}}
Jun 22 18:46:06.632797 np0000003428 nova-conductor[98423]: DEBUG oslo.service.backend._threading.loopingcall [-] Fixed interval looping call 'nova.servicegroup.drivers.db.DbDriver._report_state' sleeping for 119.99 seconds {{(pid=98423) _run_loop /opt/stack/data/venv/lib/python3.12/site-packages/oslo_service/backend/_threading/loopingcall.py:125}}
Jun 22 18:46:06.634254 np0000003428 nova-conductor[98443]: DEBUG oslo.service.backend._threading.loopingcall [-] Fixed interval looping call 'nova.servicegroup.drivers.db.DbDriver._report_state' sleeping for 119.98 seconds {{(pid=98443) _run_loop /opt/stack/data/venv/lib/python3.12/site-packages/oslo_service/backend/_threading/loopingcall.py:125}}
Jun 22 18:46:10.215726 np0000003428 nova-conductor[96947]: DEBUG dbcounter [-] [96947] Writing DB stats nova_api:SELECT=1 {{(pid=96947) stat_writer /opt/stack/data/venv/lib/python3.12/site-packages/dbcounter.py:115}}
Jun 22 18:46:10.328811 np0000003428 nova-conductor[96947]: DEBUG dbcounter [-] [96947] Writing DB stats nova_cell0:SELECT=1 {{(pid=96947) stat_writer /opt/stack/data/venv/lib/python3.12/site-packages/dbcounter.py:115}}
Jun 22 18:46:10.333131 np0000003428 nova-conductor[96947]: DEBUG dbcounter [-] [96947] Writing DB stats nova_cell1:SELECT=1 {{(pid=96947) stat_writer /opt/stack/data/venv/lib/python3.12/site-packages/dbcounter.py:115}}
Jun 22 18:46:16.624422 np0000003428 nova-conductor[98428]: DEBUG dbcounter [-] [98428] Writing DB stats nova_cell0:SELECT=3,nova_cell0:UPDATE=1 {{(pid=98428) stat_writer /opt/stack/data/venv/lib/python3.12/site-packages/dbcounter.py:115}}
Jun 22 18:46:16.628331 np0000003428 nova-conductor[98419]: DEBUG dbcounter [-] [98419] Writing DB stats nova_cell0:SELECT=4,nova_cell0:INSERT=1,nova_cell0:UPDATE=1 {{(pid=98419) stat_writer /opt/stack/data/venv/lib/python3.12/site-packages/dbcounter.py:115}}
Jun 22 18:46:16.628851 np0000003428 nova-conductor[98423]: DEBUG dbcounter [-] [98423] Writing DB stats nova_cell0:SELECT=5,nova_cell0:INSERT=1,nova_cell0:UPDATE=1 {{(pid=98423) stat_writer /opt/stack/data/venv/lib/python3.12/site-packages/dbcounter.py:115}}
Jun 22 18:46:16.629103 np0000003428 nova-conductor[98443]: DEBUG dbcounter [-] [98443] Writing DB stats nova_cell0:SELECT=3,nova_cell0:UPDATE=1 {{(pid=98443) stat_writer /opt/stack/data/venv/lib/python3.12/site-packages/dbcounter.py:115}}
Jun 22 18:46:21.614912 np0000003428 nova-conductor[98428]: DEBUG oslo.service.backend._threading.loopingcall [None req-94393227-9d7a-4b86-a2f5-48625eae5817 None None] Dynamic interval looping call 'nova.service.Service.periodic_tasks' sleeping for 60.00 seconds {{(pid=98428) _run_loop /opt/stack/data/venv/lib/python3.12/site-packages/oslo_service/backend/_threading/loopingcall.py:125}}
Jun 22 18:46:27.617425 np0000003428 nova-conductor[98443]: DEBUG oslo.service.backend._threading.loopingcall [None req-255dbfdf-e41d-4242-9943-16b4a6e30b5f None None] Dynamic interval looping call 'nova.service.Service.periodic_tasks' sleeping for 60.00 seconds {{(pid=98443) _run_loop /opt/stack/data/venv/lib/python3.12/site-packages/oslo_service/backend/_threading/loopingcall.py:125}}
Jun 22 18:46:28.621006 np0000003428 nova-conductor[98423]: DEBUG oslo.service.backend._threading.loopingcall [None req-daf364bd-c806-4efb-a5ba-69c202bd8802 None None] Dynamic interval looping call 'nova.service.Service.periodic_tasks' sleeping for 60.00 seconds {{(pid=98423) _run_loop /opt/stack/data/venv/lib/python3.12/site-packages/oslo_service/backend/_threading/loopingcall.py:125}}
Jun 22 18:47:04.622051 np0000003428 nova-conductor[98419]: DEBUG oslo.service.backend._threading.loopingcall [None req-a5628b35-22ef-4fdf-8d87-dfaea95a36d0 None None] Dynamic interval looping call 'nova.service.Service.periodic_tasks' sleeping for 60.00 seconds {{(pid=98419) _run_loop /opt/stack/data/venv/lib/python3.12/site-packages/oslo_service/backend/_threading/loopingcall.py:125}}
Jun 22 18:47:21.615337 np0000003428 nova-conductor[98428]: DEBUG oslo.service.backend._threading.loopingcall [None req-94393227-9d7a-4b86-a2f5-48625eae5817 None None] Dynamic interval looping call 'nova.service.Service.periodic_tasks' sleeping for 60.00 seconds {{(pid=98428) _run_loop /opt/stack/data/venv/lib/python3.12/site-packages/oslo_service/backend/_threading/loopingcall.py:125}}
Jun 22 18:47:27.618063 np0000003428 nova-conductor[98443]: DEBUG oslo.service.backend._threading.loopingcall [None req-255dbfdf-e41d-4242-9943-16b4a6e30b5f None None] Dynamic interval looping call 'nova.service.Service.periodic_tasks' sleeping for 60.00 seconds {{(pid=98443) _run_loop /opt/stack/data/venv/lib/python3.12/site-packages/oslo_service/backend/_threading/loopingcall.py:125}}
Jun 22 18:47:28.621463 np0000003428 nova-conductor[98423]: DEBUG oslo.service.backend._threading.loopingcall [None req-daf364bd-c806-4efb-a5ba-69c202bd8802 None None] Dynamic interval looping call 'nova.service.Service.periodic_tasks' sleeping for 60.00 seconds {{(pid=98423) _run_loop /opt/stack/data/venv/lib/python3.12/site-packages/oslo_service/backend/_threading/loopingcall.py:125}}
Jun 22 18:48:04.622499 np0000003428 nova-conductor[98419]: DEBUG oslo.service.backend._threading.loopingcall [None req-a5628b35-22ef-4fdf-8d87-dfaea95a36d0 None None] Dynamic interval looping call 'nova.service.Service.periodic_tasks' sleeping for 60.00 seconds {{(pid=98419) _run_loop /opt/stack/data/venv/lib/python3.12/site-packages/oslo_service/backend/_threading/loopingcall.py:125}}
Jun 22 18:48:06.617353 np0000003428 nova-conductor[98428]: DEBUG oslo.service.backend._threading.loopingcall [-] Fixed interval looping call 'nova.servicegroup.drivers.db.DbDriver._report_state' sleeping for 119.99 seconds {{(pid=98428) _run_loop /opt/stack/data/venv/lib/python3.12/site-packages/oslo_service/backend/_threading/loopingcall.py:125}}
Jun 22 18:48:06.618783 np0000003428 nova-conductor[98443]: DEBUG oslo.service.backend._threading.loopingcall [-] Fixed interval looping call 'nova.servicegroup.drivers.db.DbDriver._report_state' sleeping for 120.00 seconds {{(pid=98443) _run_loop /opt/stack/data/venv/lib/python3.12/site-packages/oslo_service/backend/_threading/loopingcall.py:125}}
Jun 22 18:48:06.624187 np0000003428 nova-conductor[98419]: DEBUG oslo.service.backend._threading.loopingcall [-] Fixed interval looping call 'nova.servicegroup.drivers.db.DbDriver._report_state' sleeping for 120.00 seconds {{(pid=98419) _run_loop /opt/stack/data/venv/lib/python3.12/site-packages/oslo_service/backend/_threading/loopingcall.py:125}}
Jun 22 18:48:06.627910 np0000003428 nova-conductor[98423]: DEBUG oslo.service.backend._threading.loopingcall [-] Fixed interval looping call 'nova.servicegroup.drivers.db.DbDriver._report_state' sleeping for 120.00 seconds {{(pid=98423) _run_loop /opt/stack/data/venv/lib/python3.12/site-packages/oslo_service/backend/_threading/loopingcall.py:125}}
Jun 22 18:48:16.614724 np0000003428 nova-conductor[98428]: DEBUG dbcounter [-] [98428] Writing DB stats nova_cell0:SELECT=1,nova_cell0:UPDATE=1 {{(pid=98428) stat_writer /opt/stack/data/venv/lib/python3.12/site-packages/dbcounter.py:115}}
Jun 22 18:48:16.616697 np0000003428 nova-conductor[98443]: DEBUG dbcounter [-] [98443] Writing DB stats nova_cell0:SELECT=1 {{(pid=98443) stat_writer /opt/stack/data/venv/lib/python3.12/site-packages/dbcounter.py:115}}
Jun 22 18:48:16.623128 np0000003428 nova-conductor[98419]: DEBUG dbcounter [-] [98419] Writing DB stats nova_cell0:SELECT=1 {{(pid=98419) stat_writer /opt/stack/data/venv/lib/python3.12/site-packages/dbcounter.py:115}}
Jun 22 18:48:16.627703 np0000003428 nova-conductor[98423]: DEBUG dbcounter [-] [98423] Writing DB stats nova_cell0:SELECT=1 {{(pid=98423) stat_writer /opt/stack/data/venv/lib/python3.12/site-packages/dbcounter.py:115}}
Jun 22 18:48:17.359733 np0000003428 nova-conductor[98428]: DEBUG oslo_db.sqlalchemy.engines [None req-b93e67c2-0a76-4b30-9c44-caabd68405dd tempest-DeleteServersTestJSON-363839138 tempest-DeleteServersTestJSON-363839138-project-member] Parent process 96947 forked (98428) with an open database connection, which is being discarded and recreated. {{(pid=98428) checkout /opt/stack/data/venv/lib/python3.12/site-packages/oslo_db/sqlalchemy/engines.py:402}}
Jun 22 18:48:17.401944 np0000003428 nova-conductor[98428]: DEBUG dbcounter [-] [98428] Writer thread running {{(pid=98428) stat_writer /opt/stack/data/venv/lib/python3.12/site-packages/dbcounter.py:102}}
Jun 22 18:48:18.433911 np0000003428 nova-conductor[98428]: DEBUG nova.conductor.manager [None req-b93e67c2-0a76-4b30-9c44-caabd68405dd tempest-DeleteServersTestJSON-363839138 tempest-DeleteServersTestJSON-363839138-project-member] Took 1.03 seconds to select destinations for 1 instance(s). {{(pid=98428) _schedule_instances /opt/stack/nova/nova/conductor/manager.py:968}}
Jun 22 18:48:18.460291 np0000003428 nova-conductor[98428]: DEBUG oslo_concurrency.lockutils [None req-b93e67c2-0a76-4b30-9c44-caabd68405dd tempest-DeleteServersTestJSON-363839138 tempest-DeleteServersTestJSON-363839138-project-member] Acquiring lock "46dd74af-5f71-4e8d-a0a3-073700432aef" by "nova.context.set_target_cell..get_or_set_cached_cell_and_set_connections" {{(pid=98428) inner /opt/stack/data/venv/lib/python3.12/site-packages/oslo_concurrency/lockutils.py:511}}
Jun 22 18:48:18.460840 np0000003428 nova-conductor[98428]: DEBUG oslo_concurrency.lockutils [None req-b93e67c2-0a76-4b30-9c44-caabd68405dd tempest-DeleteServersTestJSON-363839138 tempest-DeleteServersTestJSON-363839138-project-member] Lock "46dd74af-5f71-4e8d-a0a3-073700432aef" acquired by "nova.context.set_target_cell..get_or_set_cached_cell_and_set_connections" :: waited 0.000s {{(pid=98428) inner /opt/stack/data/venv/lib/python3.12/site-packages/oslo_concurrency/lockutils.py:524}}
Jun 22 18:48:18.461625 np0000003428 nova-conductor[98428]: DEBUG oslo_concurrency.lockutils [None req-b93e67c2-0a76-4b30-9c44-caabd68405dd tempest-DeleteServersTestJSON-363839138 tempest-DeleteServersTestJSON-363839138-project-member] Lock "46dd74af-5f71-4e8d-a0a3-073700432aef" "released" by "nova.context.set_target_cell..get_or_set_cached_cell_and_set_connections" :: held 0.001s {{(pid=98428) inner /opt/stack/data/venv/lib/python3.12/site-packages/oslo_concurrency/lockutils.py:543}}
Jun 22 18:48:18.463119 np0000003428 nova-conductor[98428]: INFO dbcounter [None req-b93e67c2-0a76-4b30-9c44-caabd68405dd tempest-DeleteServersTestJSON-363839138 tempest-DeleteServersTestJSON-363839138-project-member] Registered counter for database nova_cell1
Jun 22 18:48:18.498003 np0000003428 nova-conductor[98428]: DEBUG oslo_db.sqlalchemy.engines [None req-b93e67c2-0a76-4b30-9c44-caabd68405dd tempest-DeleteServersTestJSON-363839138 tempest-DeleteServersTestJSON-363839138-project-member] MySQL server mode set to STRICT_TRANS_TABLES,STRICT_ALL_TABLES,NO_ZERO_IN_DATE,NO_ZERO_DATE,ERROR_FOR_DIVISION_BY_ZERO,TRADITIONAL,NO_ENGINE_SUBSTITUTION {{(pid=98428) _check_effective_sql_mode /opt/stack/data/venv/lib/python3.12/site-packages/oslo_db/sqlalchemy/engines.py:325}}
Jun 22 18:48:18.502683 np0000003428 nova-conductor[98428]: DEBUG dbcounter [-] [98428] Writer thread running {{(pid=98428) stat_writer /opt/stack/data/venv/lib/python3.12/site-packages/dbcounter.py:102}}
Jun 22 18:48:18.571706 np0000003428 nova-conductor[98428]: INFO nova.utils [None req-b93e67c2-0a76-4b30-9c44-caabd68405dd tempest-DeleteServersTestJSON-363839138 tempest-DeleteServersTestJSON-363839138-project-member] The cell worker thread pool ForkProcess-3.cell_worker is initialized
Jun 22 18:48:18.572167 np0000003428 nova-conductor[98428]: DEBUG oslo_concurrency.lockutils [None req-b93e67c2-0a76-4b30-9c44-caabd68405dd tempest-DeleteServersTestJSON-363839138 tempest-DeleteServersTestJSON-363839138-project-member] Acquiring lock "00000000-0000-0000-0000-000000000000" by "nova.context.set_target_cell..get_or_set_cached_cell_and_set_connections" {{(pid=98428) inner /opt/stack/data/venv/lib/python3.12/site-packages/oslo_concurrency/lockutils.py:511}}
Jun 22 18:48:18.572167 np0000003428 nova-conductor[98428]: DEBUG oslo_concurrency.lockutils [None req-b93e67c2-0a76-4b30-9c44-caabd68405dd tempest-DeleteServersTestJSON-363839138 tempest-DeleteServersTestJSON-363839138-project-member] Lock "00000000-0000-0000-0000-000000000000" acquired by "nova.context.set_target_cell..get_or_set_cached_cell_and_set_connections" :: waited 0.000s {{(pid=98428) inner /opt/stack/data/venv/lib/python3.12/site-packages/oslo_concurrency/lockutils.py:524}}
Jun 22 18:48:18.572463 np0000003428 nova-conductor[98428]: DEBUG oslo_concurrency.lockutils [None req-b93e67c2-0a76-4b30-9c44-caabd68405dd tempest-DeleteServersTestJSON-363839138 tempest-DeleteServersTestJSON-363839138-project-member] Lock "00000000-0000-0000-0000-000000000000" "released" by "nova.context.set_target_cell..get_or_set_cached_cell_and_set_connections" :: held 0.000s {{(pid=98428) inner /opt/stack/data/venv/lib/python3.12/site-packages/oslo_concurrency/lockutils.py:543}}
Jun 22 18:48:18.573212 np0000003428 nova-conductor[98428]: DEBUG oslo_concurrency.lockutils [None req-b93e67c2-0a76-4b30-9c44-caabd68405dd tempest-DeleteServersTestJSON-363839138 tempest-DeleteServersTestJSON-363839138-project-member] Acquiring lock "46dd74af-5f71-4e8d-a0a3-073700432aef" by "nova.context.set_target_cell..get_or_set_cached_cell_and_set_connections" {{(pid=98428) inner /opt/stack/data/venv/lib/python3.12/site-packages/oslo_concurrency/lockutils.py:511}}
Jun 22 18:48:18.575176 np0000003428 nova-conductor[98428]: INFO dbcounter [None req-b93e67c2-0a76-4b30-9c44-caabd68405dd tempest-DeleteServersTestJSON-363839138 tempest-DeleteServersTestJSON-363839138-project-member] Registered counter for database nova_cell0
Jun 22 18:48:18.577306 np0000003428 nova-conductor[98428]: DEBUG oslo_concurrency.lockutils [None req-b93e67c2-0a76-4b30-9c44-caabd68405dd tempest-DeleteServersTestJSON-363839138 tempest-DeleteServersTestJSON-363839138-project-member] Lock "46dd74af-5f71-4e8d-a0a3-073700432aef" acquired by "nova.context.set_target_cell..get_or_set_cached_cell_and_set_connections" :: waited 0.002s {{(pid=98428) inner /opt/stack/data/venv/lib/python3.12/site-packages/oslo_concurrency/lockutils.py:524}}
Jun 22 18:48:18.577599 np0000003428 nova-conductor[98428]: DEBUG oslo_concurrency.lockutils [None req-b93e67c2-0a76-4b30-9c44-caabd68405dd tempest-DeleteServersTestJSON-363839138 tempest-DeleteServersTestJSON-363839138-project-member] Lock "46dd74af-5f71-4e8d-a0a3-073700432aef" "released" by "nova.context.set_target_cell..get_or_set_cached_cell_and_set_connections" :: held 0.003s {{(pid=98428) inner /opt/stack/data/venv/lib/python3.12/site-packages/oslo_concurrency/lockutils.py:543}}
Jun 22 18:48:18.619059 np0000003428 nova-conductor[98428]: DEBUG oslo_db.sqlalchemy.engines [None req-b93e67c2-0a76-4b30-9c44-caabd68405dd tempest-DeleteServersTestJSON-363839138 tempest-DeleteServersTestJSON-363839138-project-member] MySQL server mode set to STRICT_TRANS_TABLES,STRICT_ALL_TABLES,NO_ZERO_IN_DATE,NO_ZERO_DATE,ERROR_FOR_DIVISION_BY_ZERO,TRADITIONAL,NO_ENGINE_SUBSTITUTION {{(pid=98428) _check_effective_sql_mode /opt/stack/data/venv/lib/python3.12/site-packages/oslo_db/sqlalchemy/engines.py:325}}
Jun 22 18:48:18.625107 np0000003428 nova-conductor[98428]: DEBUG dbcounter [-] [98428] Writer thread running {{(pid=98428) stat_writer /opt/stack/data/venv/lib/python3.12/site-packages/dbcounter.py:102}}
Jun 22 18:48:18.639458 np0000003428 nova-conductor[98428]: DEBUG nova.quota [None req-b93e67c2-0a76-4b30-9c44-caabd68405dd tempest-DeleteServersTestJSON-363839138 tempest-DeleteServersTestJSON-363839138-project-member] Getting quotas for project 80a2262a873447c6ad6e2a8bbbba4cfb. Resources: {'ram', 'instances', 'cores'} {{(pid=98428) _get_quotas /opt/stack/nova/nova/quota.py:392}}
Jun 22 18:48:18.644193 np0000003428 nova-conductor[98428]: DEBUG nova.quota [None req-b93e67c2-0a76-4b30-9c44-caabd68405dd tempest-DeleteServersTestJSON-363839138 tempest-DeleteServersTestJSON-363839138-project-member] Getting quotas for user 489aafceca5a48ad9eb8226a7beb5247 and project 80a2262a873447c6ad6e2a8bbbba4cfb. Resources: {'ram', 'instances', 'cores'} {{(pid=98428) _get_quotas /opt/stack/nova/nova/quota.py:382}}
Jun 22 18:48:18.653425 np0000003428 nova-conductor[98428]: DEBUG nova.conductor.manager [None req-b93e67c2-0a76-4b30-9c44-caabd68405dd tempest-DeleteServersTestJSON-363839138 tempest-DeleteServersTestJSON-363839138-project-member] [instance: 1c839384-ba84-46ff-ac16-6ae3a31fca68] Selected host: np0000003428; Selected node: np0000003428; Alternates: [] {{(pid=98428) schedule_and_build_instances /opt/stack/nova/nova/conductor/manager.py:1784}}
Jun 22 18:48:18.653854 np0000003428 nova-conductor[98428]: DEBUG oslo_concurrency.lockutils [None req-b93e67c2-0a76-4b30-9c44-caabd68405dd tempest-DeleteServersTestJSON-363839138 tempest-DeleteServersTestJSON-363839138-project-member] Acquiring lock "46dd74af-5f71-4e8d-a0a3-073700432aef" by "nova.context.set_target_cell..get_or_set_cached_cell_and_set_connections" {{(pid=98428) inner /opt/stack/data/venv/lib/python3.12/site-packages/oslo_concurrency/lockutils.py:511}}
Jun 22 18:48:18.654041 np0000003428 nova-conductor[98428]: DEBUG oslo_concurrency.lockutils [None req-b93e67c2-0a76-4b30-9c44-caabd68405dd tempest-DeleteServersTestJSON-363839138 tempest-DeleteServersTestJSON-363839138-project-member] Lock "46dd74af-5f71-4e8d-a0a3-073700432aef" acquired by "nova.context.set_target_cell..get_or_set_cached_cell_and_set_connections" :: waited 0.000s {{(pid=98428) inner /opt/stack/data/venv/lib/python3.12/site-packages/oslo_concurrency/lockutils.py:524}}
Jun 22 18:48:18.654143 np0000003428 nova-conductor[98428]: DEBUG oslo_concurrency.lockutils [None req-b93e67c2-0a76-4b30-9c44-caabd68405dd tempest-DeleteServersTestJSON-363839138 tempest-DeleteServersTestJSON-363839138-project-member] Lock "46dd74af-5f71-4e8d-a0a3-073700432aef" "released" by "nova.context.set_target_cell..get_or_set_cached_cell_and_set_connections" :: held 0.000s {{(pid=98428) inner /opt/stack/data/venv/lib/python3.12/site-packages/oslo_concurrency/lockutils.py:543}}
Jun 22 18:48:18.663770 np0000003428 nova-conductor[98428]: DEBUG nova.conductor.manager [None req-b93e67c2-0a76-4b30-9c44-caabd68405dd tempest-DeleteServersTestJSON-363839138 tempest-DeleteServersTestJSON-363839138-project-member] [instance: 1c839384-ba84-46ff-ac16-6ae3a31fca68] block_device_mapping [BlockDeviceMapping(attachment_id=,boot_index=0,connection_info=None,created_at=,delete_on_termination=True,deleted=,deleted_at=,destination_type='local',device_name=None,device_type='disk',disk_bus=None,encrypted=False,encryption_format=None,encryption_options=None,encryption_secret_uuid=None,guest_format=None,id=,image_id='2d0bf980-8c12-40ab-bbcd-e7500064348a',instance=,instance_uuid=,no_device=False,snapshot_id=None,source_type='image',tag=None,updated_at=,uuid=,volume_id=None,volume_size=None,volume_type=None)] {{(pid=98428) _create_block_device_mapping /opt/stack/nova/nova/conductor/manager.py:1529}}
Jun 22 18:48:18.665291 np0000003428 nova-conductor[98428]: DEBUG oslo_concurrency.lockutils [None req-b93e67c2-0a76-4b30-9c44-caabd68405dd tempest-DeleteServersTestJSON-363839138 tempest-DeleteServersTestJSON-363839138-project-member] Acquiring lock "46dd74af-5f71-4e8d-a0a3-073700432aef" by "nova.context.set_target_cell..get_or_set_cached_cell_and_set_connections" {{(pid=98428) inner /opt/stack/data/venv/lib/python3.12/site-packages/oslo_concurrency/lockutils.py:511}}
Jun 22 18:48:18.665291 np0000003428 nova-conductor[98428]: DEBUG oslo_concurrency.lockutils [None req-b93e67c2-0a76-4b30-9c44-caabd68405dd tempest-DeleteServersTestJSON-363839138 tempest-DeleteServersTestJSON-363839138-project-member] Lock "46dd74af-5f71-4e8d-a0a3-073700432aef" acquired by "nova.context.set_target_cell..get_or_set_cached_cell_and_set_connections" :: waited 0.000s {{(pid=98428) inner /opt/stack/data/venv/lib/python3.12/site-packages/oslo_concurrency/lockutils.py:524}}
Jun 22 18:48:18.665371 np0000003428 nova-conductor[98428]: DEBUG oslo_concurrency.lockutils [None req-b93e67c2-0a76-4b30-9c44-caabd68405dd tempest-DeleteServersTestJSON-363839138 tempest-DeleteServersTestJSON-363839138-project-member] Lock "46dd74af-5f71-4e8d-a0a3-073700432aef" "released" by "nova.context.set_target_cell..get_or_set_cached_cell_and_set_connections" :: held 0.000s {{(pid=98428) inner /opt/stack/data/venv/lib/python3.12/site-packages/oslo_concurrency/lockutils.py:543}}
Jun 22 18:48:18.729504 np0000003428 nova-conductor[98428]: DEBUG oslo_concurrency.lockutils [None req-b93e67c2-0a76-4b30-9c44-caabd68405dd tempest-DeleteServersTestJSON-363839138 tempest-DeleteServersTestJSON-363839138-project-member] Acquiring lock "46dd74af-5f71-4e8d-a0a3-073700432aef" by "nova.context.set_target_cell..get_or_set_cached_cell_and_set_connections" {{(pid=98428) inner /opt/stack/data/venv/lib/python3.12/site-packages/oslo_concurrency/lockutils.py:511}}
Jun 22 18:48:18.729828 np0000003428 nova-conductor[98428]: DEBUG oslo_concurrency.lockutils [None req-b93e67c2-0a76-4b30-9c44-caabd68405dd tempest-DeleteServersTestJSON-363839138 tempest-DeleteServersTestJSON-363839138-project-member] Lock "46dd74af-5f71-4e8d-a0a3-073700432aef" acquired by "nova.context.set_target_cell..get_or_set_cached_cell_and_set_connections" :: waited 0.000s {{(pid=98428) inner /opt/stack/data/venv/lib/python3.12/site-packages/oslo_concurrency/lockutils.py:524}}
Jun 22 18:48:18.729993 np0000003428 nova-conductor[98428]: DEBUG oslo_concurrency.lockutils [None req-b93e67c2-0a76-4b30-9c44-caabd68405dd tempest-DeleteServersTestJSON-363839138 tempest-DeleteServersTestJSON-363839138-project-member] Lock "46dd74af-5f71-4e8d-a0a3-073700432aef" "released" by "nova.context.set_target_cell..get_or_set_cached_cell_and_set_connections" :: held 0.000s {{(pid=98428) inner /opt/stack/data/venv/lib/python3.12/site-packages/oslo_concurrency/lockutils.py:543}}
Jun 22 18:48:18.730213 np0000003428 nova-conductor[98428]: DEBUG oslo_concurrency.lockutils [None req-b93e67c2-0a76-4b30-9c44-caabd68405dd tempest-DeleteServersTestJSON-363839138 tempest-DeleteServersTestJSON-363839138-project-member] Acquiring lock "compute-rpcapi-router" {{(pid=98428) lock /opt/stack/data/venv/lib/python3.12/site-packages/oslo_concurrency/lockutils.py:395}}
