Jun 17 12:58:21.970163 np0000003050 devstack@g-api.service[101992]: DEBUG glance.api.middleware.version_negotiation [None req-c480fa41-25e5-465c-a6df-28d1ccce8aa1 tempest-ServerBootFromVolumeStableRescueTest-1492546364 tempest-ServerBootFromVolumeStableRescueTest-1492546364-project-member] new path /v2/images {{(pid=101992) process_request /opt/stack/glance/glance/api/middleware/version_negotiation.py:70}}
Jun 17 12:58:21.971066 np0000003050 devstack@g-api.service[101991]: DEBUG glance.api.middleware.version_negotiation [None req-37c8b3ca-85e2-431d-945f-89e945f62d06 tempest-AttachVolumeNegativeTest-1276766236 tempest-AttachVolumeNegativeTest-1276766236-project-member] new path /v2/schemas/image {{(pid=101991) process_request /opt/stack/glance/glance/api/middleware/version_negotiation.py:70}}
Jun 17 12:58:21.975442 np0000003050 devstack@g-api.service[101991]: [pid: 101991|app: 0|req: 129/398] 127.0.0.1 () {44 vars in 1047 bytes} [Wed Jun 17 12:58:21 2026] GET /v2/schemas/image => generated 6083 bytes in 8 msecs (HTTP/1.1 200) 4 headers in 158 bytes (1 switches on core 0)
Jun 17 12:58:22.677821 np0000003050 devstack@g-api.service[101992]: [pid: 101992|app: 0|req: 131/399] 127.0.0.1 () {46 vars in 1047 bytes} [Wed Jun 17 12:58:21 2026] POST /v2/images => generated 1359 bytes in 707 msecs (HTTP/1.1 201) 6 headers in 316 bytes (1 switches on core 0)
Jun 17 12:58:22.764914 np0000003050 devstack@g-api.service[101993]: DEBUG glance.api.middleware.version_negotiation [None req-e6a41857-9fa2-44a4-92b1-e951b82bf2ac tempest-VolumeAndVolumeTypeFromImageTest-518830624 tempest-VolumeAndVolumeTypeFromImageTest-518830624-project-member] Determining version of request: GET /v2/images/4d88f53d-28dd-41a8-a518-cd2cc3a81145 Accept: application/json {{(pid=101993) process_request /opt/stack/glance/glance/api/middleware/version_negotiation.py:44}}
Jun 17 12:58:22.764914 np0000003050 devstack@g-api.service[101993]: DEBUG glance.api.middleware.version_negotiation [None req-e6a41857-9fa2-44a4-92b1-e951b82bf2ac tempest-VolumeAndVolumeTypeFromImageTest-518830624 tempest-VolumeAndVolumeTypeFromImageTest-518830624-project-member] Using url versioning {{(pid=101993) process_request /opt/stack/glance/glance/api/middleware/version_negotiation.py:57}}
Jun 17 12:58:22.764914 np0000003050 devstack@g-api.service[101993]: DEBUG glance.api.middleware.version_negotiation [None req-e6a41857-9fa2-44a4-92b1-e951b82bf2ac tempest-VolumeAndVolumeTypeFromImageTest-518830624 tempest-VolumeAndVolumeTypeFromImageTest-518830624-project-member] Matched version: v2 {{(pid=101993) process_request /opt/stack/glance/glance/api/middleware/version_negotiation.py:69}}
Jun 17 12:58:22.764914 np0000003050 devstack@g-api.service[101993]: DEBUG glance.api.middleware.version_negotiation [None req-e6a41857-9fa2-44a4-92b1-e951b82bf2ac tempest-VolumeAndVolumeTypeFromImageTest-518830624 tempest-VolumeAndVolumeTypeFromImageTest-518830624-project-member] new path /v2/images/4d88f53d-28dd-41a8-a518-cd2cc3a81145 {{(pid=101993) process_request /opt/stack/glance/glance/api/middleware/version_negotiation.py:70}}
Jun 17 12:58:22.776694 np0000003050 devstack@g-api.service[101993]: [pid: 101993|app: 0|req: 140/400] 127.0.0.1 () {40 vars in 830 bytes} [Wed Jun 17 12:58:22 2026] GET /v2/images/4d88f53d-28dd-41a8-a518-cd2cc3a81145 => generated 1359 bytes in 13 msecs (HTTP/1.1 200) 4 headers in 158 bytes (1 switches on core 0)
Jun 17 12:58:23.785739 np0000003050 devstack@g-api.service[101991]: DEBUG glance.api.middleware.version_negotiation [None req-e6a41857-9fa2-44a4-92b1-e951b82bf2ac tempest-VolumeAndVolumeTypeFromImageTest-518830624 tempest-VolumeAndVolumeTypeFromImageTest-518830624-project-member] Determining version of request: GET /v2/images/4d88f53d-28dd-41a8-a518-cd2cc3a81145 Accept: application/json {{(pid=101991) process_request /opt/stack/glance/glance/api/middleware/version_negotiation.py:44}}
Jun 17 12:58:23.786168 np0000003050 devstack@g-api.service[101991]: DEBUG glance.api.middleware.version_negotiation [None req-e6a41857-9fa2-44a4-92b1-e951b82bf2ac tempest-VolumeAndVolumeTypeFromImageTest-518830624 tempest-VolumeAndVolumeTypeFromImageTest-518830624-project-member] Using url versioning {{(pid=101991) process_request /opt/stack/glance/glance/api/middleware/version_negotiation.py:57}}
Jun 17 12:58:23.786168 np0000003050 devstack@g-api.service[101991]: DEBUG glance.api.middleware.version_negotiation [None req-e6a41857-9fa2-44a4-92b1-e951b82bf2ac tempest-VolumeAndVolumeTypeFromImageTest-518830624 tempest-VolumeAndVolumeTypeFromImageTest-518830624-project-member] Matched version: v2 {{(pid=101991) process_request /opt/stack/glance/glance/api/middleware/version_negotiation.py:69}}
Jun 17 12:58:23.786298 np0000003050 devstack@g-api.service[101991]: DEBUG glance.api.middleware.version_negotiation [None req-e6a41857-9fa2-44a4-92b1-e951b82bf2ac tempest-VolumeAndVolumeTypeFromImageTest-518830624 tempest-VolumeAndVolumeTypeFromImageTest-518830624-project-member] new path /v2/images/4d88f53d-28dd-41a8-a518-cd2cc3a81145 {{(pid=101991) process_request /opt/stack/glance/glance/api/middleware/version_negotiation.py:70}}
Jun 17 12:58:23.801959 np0000003050 devstack@g-api.service[101991]: [pid: 101991|app: 0|req: 130/401] 127.0.0.1 () {40 vars in 830 bytes} [Wed Jun 17 12:58:23 2026] GET /v2/images/4d88f53d-28dd-41a8-a518-cd2cc3a81145 => generated 1359 bytes in 16 msecs (HTTP/1.1 200) 4 headers in 158 bytes (1 switches on core 0)
Jun 17 12:58:24.333919 np0000003050 devstack@g-api.service[101992]: DEBUG glance.api.middleware.version_negotiation [None req-c480fa41-25e5-465c-a6df-28d1ccce8aa1 tempest-ServerBootFromVolumeStableRescueTest-1492546364 tempest-ServerBootFromVolumeStableRescueTest-1492546364-project-member] Determining version of request: GET /v2/images/4d88f53d-28dd-41a8-a518-cd2cc3a81145 Accept: */* {{(pid=101992) process_request /opt/stack/glance/glance/api/middleware/version_negotiation.py:44}}
Jun 17 12:58:24.334335 np0000003050 devstack@g-api.service[101992]: DEBUG glance.api.middleware.version_negotiation [None req-c480fa41-25e5-465c-a6df-28d1ccce8aa1 tempest-ServerBootFromVolumeStableRescueTest-1492546364 tempest-ServerBootFromVolumeStableRescueTest-1492546364-project-member] Using url versioning {{(pid=101992) process_request /opt/stack/glance/glance/api/middleware/version_negotiation.py:57}}
Jun 17 12:58:24.334335 np0000003050 devstack@g-api.service[101992]: DEBUG glance.api.middleware.version_negotiation [None req-c480fa41-25e5-465c-a6df-28d1ccce8aa1 tempest-ServerBootFromVolumeStableRescueTest-1492546364 tempest-ServerBootFromVolumeStableRescueTest-1492546364-project-member] Matched version: v2 {{(pid=101992) process_request /opt/stack/glance/glance/api/middleware/version_negotiation.py:69}}
Jun 17 12:58:24.334526 np0000003050 devstack@g-api.service[101992]: DEBUG glance.api.middleware.version_negotiation [None req-c480fa41-25e5-465c-a6df-28d1ccce8aa1 tempest-ServerBootFromVolumeStableRescueTest-1492546364 tempest-ServerBootFromVolumeStableRescueTest-1492546364-project-member] new path /v2/images/4d88f53d-28dd-41a8-a518-cd2cc3a81145 {{(pid=101992) process_request /opt/stack/glance/glance/api/middleware/version_negotiation.py:70}}
Jun 17 12:58:24.349970 np0000003050 devstack@g-api.service[101992]: [pid: 101992|app: 0|req: 132/402] 127.0.0.1 () {44 vars in 1107 bytes} [Wed Jun 17 12:58:24 2026] GET /v2/images/4d88f53d-28dd-41a8-a518-cd2cc3a81145 => generated 1359 bytes in 16 msecs (HTTP/1.1 200) 4 headers in 158 bytes (1 switches on core 0)
Jun 17 12:58:24.389030 np0000003050 devstack@g-api.service[101993]: DEBUG glance.api.middleware.version_negotiation [None req-06651668-f4c9-4ab3-9611-4533ced22df4 tempest-ServerBootFromVolumeStableRescueTest-1492546364 tempest-ServerBootFromVolumeStableRescueTest-1492546364-project-member] Determining version of request: GET /v2/schemas/image Accept: */* {{(pid=101993) process_request /opt/stack/glance/glance/api/middleware/version_negotiation.py:44}}
Jun 17 12:58:24.389374 np0000003050 devstack@g-api.service[101993]: DEBUG glance.api.middleware.version_negotiation [None req-06651668-f4c9-4ab3-9611-4533ced22df4 tempest-ServerBootFromVolumeStableRescueTest-1492546364 tempest-ServerBootFromVolumeStableRescueTest-1492546364-project-member] Using url versioning {{(pid=101993) process_request /opt/stack/glance/glance/api/middleware/version_negotiation.py:57}}
Jun 17 12:58:24.389709 np0000003050 devstack@g-api.service[101993]: DEBUG glance.api.middleware.version_negotiation [None req-06651668-f4c9-4ab3-9611-4533ced22df4 tempest-ServerBootFromVolumeStableRescueTest-1492546364 tempest-ServerBootFromVolumeStableRescueTest-1492546364-project-member] Matched version: v2 {{(pid=101993) process_request /opt/stack/glance/glance/api/middleware/version_negotiation.py:69}}
Jun 17 12:58:24.389709 np0000003050 devstack@g-api.service[101993]: DEBUG glance.api.middleware.version_negotiation [None req-06651668-f4c9-4ab3-9611-4533ced22df4 tempest-ServerBootFromVolumeStableRescueTest-1492546364 tempest-ServerBootFromVolumeStableRescueTest-1492546364-project-member] new path /v2/schemas/image {{(pid=101993) process_request /opt/stack/glance/glance/api/middleware/version_negotiation.py:70}}
Jun 17 12:58:24.392750 np0000003050 devstack@g-api.service[101993]: [pid: 101993|app: 0|req: 141/403] 127.0.0.1 () {44 vars in 1047 bytes} [Wed Jun 17 12:58:24 2026] GET /v2/schemas/image => generated 6083 bytes in 4 msecs (HTTP/1.1 200) 4 headers in 158 bytes (1 switches on core 0)
Jun 17 12:58:24.809610 np0000003050 devstack@g-api.service[101991]: DEBUG glance.api.middleware.version_negotiation [None req-10013b13-ce53-41ad-9964-77c44de94100 tempest-ServerBootFromVolumeStableRescueTest-1492546364 tempest-ServerBootFromVolumeStableRescueTest-1492546364-project-member] Determining version of request: GET /v2/images/4d88f53d-28dd-41a8-a518-cd2cc3a81145 Accept: application/json {{(pid=101991) process_request /opt/stack/glance/glance/api/middleware/version_negotiation.py:44}}
Jun 17 12:58:24.809992 np0000003050 devstack@g-api.service[101991]: DEBUG glance.api.middleware.version_negotiation [None req-10013b13-ce53-41ad-9964-77c44de94100 tempest-ServerBootFromVolumeStableRescueTest-1492546364 tempest-ServerBootFromVolumeStableRescueTest-1492546364-project-member] Using url versioning {{(pid=101991) process_request /opt/stack/glance/glance/api/middleware/version_negotiation.py:57}}
Jun 17 12:58:24.809992 np0000003050 devstack@g-api.service[101991]: DEBUG glance.api.middleware.version_negotiation [None req-10013b13-ce53-41ad-9964-77c44de94100 tempest-ServerBootFromVolumeStableRescueTest-1492546364 tempest-ServerBootFromVolumeStableRescueTest-1492546364-project-member] Matched version: v2 {{(pid=101991) process_request /opt/stack/glance/glance/api/middleware/version_negotiation.py:69}}
Jun 17 12:58:24.809992 np0000003050 devstack@g-api.service[101991]: DEBUG glance.api.middleware.version_negotiation [None req-10013b13-ce53-41ad-9964-77c44de94100 tempest-ServerBootFromVolumeStableRescueTest-1492546364 tempest-ServerBootFromVolumeStableRescueTest-1492546364-project-member] new path /v2/images/4d88f53d-28dd-41a8-a518-cd2cc3a81145 {{(pid=101991) process_request /opt/stack/glance/glance/api/middleware/version_negotiation.py:70}}
Jun 17 12:58:24.823915 np0000003050 devstack@g-api.service[101991]: [pid: 101991|app: 0|req: 131/404] 127.0.0.1 () {40 vars in 830 bytes} [Wed Jun 17 12:58:24 2026] GET /v2/images/4d88f53d-28dd-41a8-a518-cd2cc3a81145 => generated 1359 bytes in 14 msecs (HTTP/1.1 200) 4 headers in 158 bytes (1 switches on core 0)
Jun 17 12:58:25.832597 np0000003050 devstack@g-api.service[101992]: DEBUG glance.api.middleware.version_negotiation [None req-c480fa41-25e5-465c-a6df-28d1ccce8aa1 tempest-ServerBootFromVolumeStableRescueTest-1492546364 tempest-ServerBootFromVolumeStableRescueTest-1492546364-project-member] Determining version of request: GET /v2/images/4d88f53d-28dd-41a8-a518-cd2cc3a81145 Accept: application/json {{(pid=101992) process_request /opt/stack/glance/glance/api/middleware/version_negotiation.py:44}}
Jun 17 12:58:25.832970 np0000003050 devstack@g-api.service[101992]: DEBUG glance.api.middleware.version_negotiation [None req-c480fa41-25e5-465c-a6df-28d1ccce8aa1 tempest-ServerBootFromVolumeStableRescueTest-1492546364 tempest-ServerBootFromVolumeStableRescueTest-1492546364-project-member] Using url versioning {{(pid=101992) process_request /opt/stack/glance/glance/api/middleware/version_negotiation.py:57}}
Jun 17 12:58:25.832970 np0000003050 devstack@g-api.service[101992]: DEBUG glance.api.middleware.version_negotiation [None req-c480fa41-25e5-465c-a6df-28d1ccce8aa1 tempest-ServerBootFromVolumeStableRescueTest-1492546364 tempest-ServerBootFromVolumeStableRescueTest-1492546364-project-member] Matched version: v2 {{(pid=101992) process_request /opt/stack/glance/glance/api/middleware/version_negotiation.py:69}}
Jun 17 12:58:25.833116 np0000003050 devstack@g-api.service[101992]: DEBUG glance.api.middleware.version_negotiation [None req-c480fa41-25e5-465c-a6df-28d1ccce8aa1 tempest-ServerBootFromVolumeStableRescueTest-1492546364 tempest-ServerBootFromVolumeStableRescueTest-1492546364-project-member] new path /v2/images/4d88f53d-28dd-41a8-a518-cd2cc3a81145 {{(pid=101992) process_request /opt/stack/glance/glance/api/middleware/version_negotiation.py:70}}
Jun 17 12:58:25.847219 np0000003050 devstack@g-api.service[101992]: [pid: 101992|app: 0|req: 133/405] 127.0.0.1 () {40 vars in 830 bytes} [Wed Jun 17 12:58:25 2026] GET /v2/images/4d88f53d-28dd-41a8-a518-cd2cc3a81145 => generated 1359 bytes in 15 msecs (HTTP/1.1 200) 4 headers in 158 bytes (1 switches on core 0)
Jun 17 12:58:26.842096 np0000003050 devstack@g-api.service[101993]: DEBUG glance.api.middleware.version_negotiation [None req-c480fa41-25e5-465c-a6df-28d1ccce8aa1 tempest-ServerBootFromVolumeStableRescueTest-1492546364 tempest-ServerBootFromVolumeStableRescueTest-1492546364-project-member] Determining version of request: DELETE /v2/images/d1b3a251-6450-4b1f-8318-205bbf473a05 Accept: application/json {{(pid=101993) process_request /opt/stack/glance/glance/api/middleware/version_negotiation.py:44}}
Jun 17 12:58:26.842698 np0000003050 devstack@g-api.service[101993]: DEBUG glance.api.middleware.version_negotiation [None req-c480fa41-25e5-465c-a6df-28d1ccce8aa1 tempest-ServerBootFromVolumeStableRescueTest-1492546364 tempest-ServerBootFromVolumeStableRescueTest-1492546364-project-member] Using url versioning {{(pid=101993) process_request /opt/stack/glance/glance/api/middleware/version_negotiation.py:57}}
Jun 17 12:58:26.842698 np0000003050 devstack@g-api.service[101993]: DEBUG glance.api.middleware.version_negotiation [None req-c480fa41-25e5-465c-a6df-28d1ccce8aa1 tempest-ServerBootFromVolumeStableRescueTest-1492546364 tempest-ServerBootFromVolumeStableRescueTest-1492546364-project-member] Matched version: v2 {{(pid=101993) process_request /opt/stack/glance/glance/api/middleware/version_negotiation.py:69}}
Jun 17 12:58:26.842698 np0000003050 devstack@g-api.service[101993]: DEBUG glance.api.middleware.version_negotiation [None req-c480fa41-25e5-465c-a6df-28d1ccce8aa1 tempest-ServerBootFromVolumeStableRescueTest-1492546364 tempest-ServerBootFromVolumeStableRescueTest-1492546364-project-member] new path /v2/images/d1b3a251-6450-4b1f-8318-205bbf473a05 {{(pid=101993) process_request /opt/stack/glance/glance/api/middleware/version_negotiation.py:70}}
Jun 17 12:58:26.858240 np0000003050 devstack@g-api.service[101991]: DEBUG glance.api.middleware.version_negotiation [None req-39ee9bd6-0d93-46de-b7bd-2633e49f8a21 tempest-ServerBootFromVolumeStableRescueTest-1492546364 tempest-ServerBootFromVolumeStableRescueTest-1492546364-project-member] Determining version of request: GET /v2/images/4d88f53d-28dd-41a8-a518-cd2cc3a81145 Accept: application/json {{(pid=101991) process_request /opt/stack/glance/glance/api/middleware/version_negotiation.py:44}}
Jun 17 12:58:26.858912 np0000003050 devstack@g-api.service[101991]: DEBUG glance.api.middleware.version_negotiation [None req-39ee9bd6-0d93-46de-b7bd-2633e49f8a21 tempest-ServerBootFromVolumeStableRescueTest-1492546364 tempest-ServerBootFromVolumeStableRescueTest-1492546364-project-member] Using url versioning {{(pid=101991) process_request /opt/stack/glance/glance/api/middleware/version_negotiation.py:57}}
Jun 17 12:58:26.858912 np0000003050 devstack@g-api.service[101991]: DEBUG glance.api.middleware.version_negotiation [None req-39ee9bd6-0d93-46de-b7bd-2633e49f8a21 tempest-ServerBootFromVolumeStableRescueTest-1492546364 tempest-ServerBootFromVolumeStableRescueTest-1492546364-project-member] Matched version: v2 {{(pid=101991) process_request /opt/stack/glance/glance/api/middleware/version_negotiation.py:69}}
Jun 17 12:58:26.858912 np0000003050 devstack@g-api.service[101991]: DEBUG glance.api.middleware.version_negotiation [None req-39ee9bd6-0d93-46de-b7bd-2633e49f8a21 tempest-ServerBootFromVolumeStableRescueTest-1492546364 tempest-ServerBootFromVolumeStableRescueTest-1492546364-project-member] new path /v2/images/4d88f53d-28dd-41a8-a518-cd2cc3a81145 {{(pid=101991) process_request /opt/stack/glance/glance/api/middleware/version_negotiation.py:70}}
Jun 17 12:58:26.860058 np0000003050 devstack@g-api.service[101993]: WARNING glance.api.v2.images [None req-e7f1c359-9f8e-4395-b298-4d5bbe5b419c tempest-VolumeAndVolumeTypeFromImageTest-518830624 tempest-VolumeAndVolumeTypeFromImageTest-518830624-project-member] After upload to backend, deletion of staged image data has failed because it cannot be found at /tmp/staging//d1b3a251-6450-4b1f-8318-205bbf473a05
Jun 17 12:58:26.860872 np0000003050 devstack@g-api.service[101993]: DEBUG glance_store.backend [None req-e7f1c359-9f8e-4395-b298-4d5bbe5b419c tempest-VolumeAndVolumeTypeFromImageTest-518830624 tempest-VolumeAndVolumeTypeFromImageTest-518830624-project-member] Attempting to import store swift {{(pid=101993) _load_store /opt/stack/data/venv/lib/python3.12/site-packages/glance_store/backend.py:215}}
Jun 17 12:58:26.863550 np0000003050 devstack@g-api.service[101993]: DEBUG glance_store.capabilities [None req-e7f1c359-9f8e-4395-b298-4d5bbe5b419c tempest-VolumeAndVolumeTypeFromImageTest-518830624 tempest-VolumeAndVolumeTypeFromImageTest-518830624-project-member] Store glance_store._drivers.swift.store.SingleTenantStore doesn't support updating dynamic storage capabilities. Please overwrite 'update_capabilities' method of the store to implement updating logics if needed. {{(pid=101993) update_capabilities /opt/stack/data/venv/lib/python3.12/site-packages/glance_store/capabilities.py:91}}
Jun 17 12:58:26.863786 np0000003050 devstack@g-api.service[101993]: DEBUG glance_store.driver [None req-e7f1c359-9f8e-4395-b298-4d5bbe5b419c tempest-VolumeAndVolumeTypeFromImageTest-518830624 tempest-VolumeAndVolumeTypeFromImageTest-518830624-project-member] Late loading location class glance_store._drivers.swift.store.StoreLocation {{(pid=101993) get_store_location_class /opt/stack/data/venv/lib/python3.12/site-packages/glance_store/driver.py:134}}
Jun 17 12:58:26.863786 np0000003050 devstack@g-api.service[101993]: DEBUG glance_store.location [None req-e7f1c359-9f8e-4395-b298-4d5bbe5b419c tempest-VolumeAndVolumeTypeFromImageTest-518830624 tempest-VolumeAndVolumeTypeFromImageTest-518830624-project-member] Registering scheme swift+https with {'store': , 'location_class': , 'store_entry': 'swift'} {{(pid=101993) register_scheme_map /opt/stack/data/venv/lib/python3.12/site-packages/glance_store/location.py:146}}
Jun 17 12:58:26.863962 np0000003050 devstack@g-api.service[101993]: DEBUG glance_store.location [None req-e7f1c359-9f8e-4395-b298-4d5bbe5b419c tempest-VolumeAndVolumeTypeFromImageTest-518830624 tempest-VolumeAndVolumeTypeFromImageTest-518830624-project-member] Registering scheme swift+https with {'store': , 'location_class': , 'store_entry': 'swift'} {{(pid=101993) register_scheme_map /opt/stack/data/venv/lib/python3.12/site-packages/glance_store/location.py:146}}
Jun 17 12:58:26.863962 np0000003050 devstack@g-api.service[101993]: DEBUG glance_store.location [None req-e7f1c359-9f8e-4395-b298-4d5bbe5b419c tempest-VolumeAndVolumeTypeFromImageTest-518830624 tempest-VolumeAndVolumeTypeFromImageTest-518830624-project-member] Registering scheme swift with {'store': , 'location_class': , 'store_entry': 'swift'} {{(pid=101993) register_scheme_map /opt/stack/data/venv/lib/python3.12/site-packages/glance_store/location.py:146}}
Jun 17 12:58:26.864307 np0000003050 devstack@g-api.service[101993]: DEBUG glance_store.location [None req-e7f1c359-9f8e-4395-b298-4d5bbe5b419c tempest-VolumeAndVolumeTypeFromImageTest-518830624 tempest-VolumeAndVolumeTypeFromImageTest-518830624-project-member] Registering scheme swift+https with {'store': , 'location_class': , 'store_entry': 'swift'} {{(pid=101993) register_scheme_map /opt/stack/data/venv/lib/python3.12/site-packages/glance_store/location.py:146}}
Jun 17 12:58:26.864714 np0000003050 devstack@g-api.service[101993]: DEBUG glance_store.location [None req-e7f1c359-9f8e-4395-b298-4d5bbe5b419c tempest-VolumeAndVolumeTypeFromImageTest-518830624 tempest-VolumeAndVolumeTypeFromImageTest-518830624-project-member] Registering scheme swift with {'store': , 'location_class': , 'store_entry': 'swift'} {{(pid=101993) register_scheme_map /opt/stack/data/venv/lib/python3.12/site-packages/glance_store/location.py:146}}
Jun 17 12:58:26.864714 np0000003050 devstack@g-api.service[101993]: DEBUG glance_store.location [None req-e7f1c359-9f8e-4395-b298-4d5bbe5b419c tempest-VolumeAndVolumeTypeFromImageTest-518830624 tempest-VolumeAndVolumeTypeFromImageTest-518830624-project-member] Registering scheme swift+http with {'store': , 'location_class': , 'store_entry': 'swift'} {{(pid=101993) register_scheme_map /opt/stack/data/venv/lib/python3.12/site-packages/glance_store/location.py:146}}
Jun 17 12:58:26.864714 np0000003050 devstack@g-api.service[101993]: DEBUG glance_store.location [None req-e7f1c359-9f8e-4395-b298-4d5bbe5b419c tempest-VolumeAndVolumeTypeFromImageTest-518830624 tempest-VolumeAndVolumeTypeFromImageTest-518830624-project-member] Registering scheme swift+https with {'store': , 'location_class': , 'store_entry': 'swift'} {{(pid=101993) register_scheme_map /opt/stack/data/venv/lib/python3.12/site-packages/glance_store/location.py:146}}
Jun 17 12:58:26.864714 np0000003050 devstack@g-api.service[101993]: DEBUG glance_store.location [None req-e7f1c359-9f8e-4395-b298-4d5bbe5b419c tempest-VolumeAndVolumeTypeFromImageTest-518830624 tempest-VolumeAndVolumeTypeFromImageTest-518830624-project-member] Registering scheme swift with {'store': , 'location_class': , 'store_entry': 'swift'} {{(pid=101993) register_scheme_map /opt/stack/data/venv/lib/python3.12/site-packages/glance_store/location.py:146}}
Jun 17 12:58:26.864714 np0000003050 devstack@g-api.service[101993]: DEBUG glance_store.location [None req-e7f1c359-9f8e-4395-b298-4d5bbe5b419c tempest-VolumeAndVolumeTypeFromImageTest-518830624 tempest-VolumeAndVolumeTypeFromImageTest-518830624-project-member] Registering scheme swift+http with {'store': , 'location_class': , 'store_entry': 'swift'} {{(pid=101993) register_scheme_map /opt/stack/data/venv/lib/python3.12/site-packages/glance_store/location.py:146}}
Jun 17 12:58:26.865204 np0000003050 devstack@g-api.service[101993]: DEBUG glance_store.location [None req-e7f1c359-9f8e-4395-b298-4d5bbe5b419c tempest-VolumeAndVolumeTypeFromImageTest-518830624 tempest-VolumeAndVolumeTypeFromImageTest-518830624-project-member] Registering scheme swift+config with {'store': , 'location_class': , 'store_entry': 'swift'} {{(pid=101993) register_scheme_map /opt/stack/data/venv/lib/python3.12/site-packages/glance_store/location.py:146}}
Jun 17 12:58:26.865471 np0000003050 devstack@g-api.service[101993]: DEBUG keystoneclient.auth.identity.v3.base [None req-e7f1c359-9f8e-4395-b298-4d5bbe5b419c tempest-VolumeAndVolumeTypeFromImageTest-518830624 tempest-VolumeAndVolumeTypeFromImageTest-518830624-project-member] Making authentication request to https://10.4.3.6/identity/v3/auth/tokens {{(pid=101993) get_auth_ref /opt/stack/data/venv/lib/python3.12/site-packages/keystoneclient/auth/identity/v3/base.py:185}}
Jun 17 12:58:26.880771 np0000003050 devstack@g-api.service[101991]: [pid: 101991|app: 0|req: 132/406] 127.0.0.1 () {40 vars in 830 bytes} [Wed Jun 17 12:58:26 2026] GET /v2/images/4d88f53d-28dd-41a8-a518-cd2cc3a81145 => generated 1359 bytes in 24 msecs (HTTP/1.1 200) 4 headers in 158 bytes (1 switches on core 0)
Jun 17 12:58:26.980202 np0000003050 devstack@g-api.service[101993]: DEBUG keystoneclient.auth.identity.v3.base [None req-e7f1c359-9f8e-4395-b298-4d5bbe5b419c tempest-VolumeAndVolumeTypeFromImageTest-518830624 tempest-VolumeAndVolumeTypeFromImageTest-518830624-project-member] {"token": {"methods": ["password"], "user": {"domain": {"id": "default", "name": "Default"}, "id": "89aa67e2915144df8e3bc6859f85a091", "name": "glance-swift", "password_expires_at": null}, "audit_ids": ["RoMkSrKAQgasZTPt9yAsxg"], "expires_at": "2026-06-17T13:58:26.000000Z", "issued_at": "2026-06-17T12:58:26.000000Z", "project": {"domain": {"id": "default", "name": "Default"}, "id": "50a13493b0cc4cd7a0e8ea149992c4f4", "name": "service"}, "is_domain": false, "roles": [{"id": "d00605cbbda24cbca0b528344343616d", "name": "service"}, {"id": "e6ce4d16f44d439088b43157915b0ae0", "name": "ResellerAdmin"}], "catalog": [{"endpoints": [{"id": "82bac3d74dbd40dd86044c7ddfa56ad9", "interface": "public", "region_id": "RegionOne", "url": "https://10.4.3.6/image", "region": "RegionOne"}], "id": "1c3fdaff1f0d45f09429d74d10d0afba", "type": "image", "name": "glance"}, {"endpoints": [{"id": "a54caac5431a4e8caa797eeb2ac8128b", "interface": "public", "region_id": "RegionOne", "url": "https://10.4.3.6/compute/v2/50a13493b0cc4cd7a0e8ea149992c4f4", "region": "RegionOne"}], "id": "249757dc788e4194b067f5ec4bfb7960", "type": "compute_legacy", "name": "nova_legacy"}, {"endpoints": [{"id": "3d6d67f9930e46b196905ac4326abb52", "interface": "public", "region_id": "RegionOne", "url": "https://10.4.3.6/compute/v2.1", "region": "RegionOne"}], "id": "592faad05bfc4bf78dde08fc8e98a196", "type": "compute", "name": "nova"}, {"endpoints": [{"id": "a12296e09df14e209e56ef389bd0b16d", "interface": "public", "region_id": "RegionOne", "url": "https://10.4.3.6/volume/v3", "region": "RegionOne"}], "id": "8445b30b5b0c4db597cd2355727bc8bc", "type": "block-storage", "name": "cinder"}, {"endpoints": [{"id": "e191da5d813940e8b80a051ec1891073", "interface": "public", "region_id": "RegionOne", "url": "https://10.4.3.6/identity", "region": "RegionOne"}], "id": "9e098a12d8f44aca8b3b2630dfdf67be", "type": "identity", "name": "keystone"}, {"endpoints": [{"id": "a4fc5edf7146451aad712d2f474860c2", "interface": "public", "region_id": "RegionOne", "url": "https://10.4.3.6/placement", "region": "RegionOne"}], "id": "b010be595b7a4c3cae45c45c1de4ce9a", "type": "placement", "name": "placement"}, {"endpoints": [{"id": "17eaa8b5bb9e460fa0d083f138b9978c", "interface": "admin", "region_id": "RegionOne", "url": "https://10.4.3.6:8080", "region": "RegionOne"}, {"id": "2a36661d2f4a41fabcb11cc554b7627e", "interface": "public", "region_id": "RegionOne", "url": "https://10.4.3.6:8080/v1/AUTH_50a13493b0cc4cd7a0e8ea149992c4f4", "region": "RegionOne"}], "id": "ca747b7c131c486894e7ea0130f4c75e", "type": "object-store", "name": "swift"}, {"endpoints": [{"id": "72f558a1c2d04e5bb3499c55b34396e5", "interface": "public", "region_id": "RegionOne", "url": "https://10.4.3.6/networking", "region": "RegionOne"}], "id": "d56b50bc5757442287e86fc9e8c5181c", "type": "network", "name": "neutron"}]}} {{(pid=101993) get_auth_ref /opt/stack/data/venv/lib/python3.12/site-packages/keystoneclient/auth/identity/v3/base.py:190}}
Jun 17 12:58:26.981268 np0000003050 devstack@g-api.service[101993]: DEBUG keystoneclient.httpclient [None req-e7f1c359-9f8e-4395-b298-4d5bbe5b419c tempest-VolumeAndVolumeTypeFromImageTest-518830624 tempest-VolumeAndVolumeTypeFromImageTest-518830624-project-member] Failed to find endpoint for management url admin endpoint for identity service not found {{(pid=101993) _process_management_url /opt/stack/data/venv/lib/python3.12/site-packages/keystoneclient/httpclient.py:670}}
Jun 17 12:58:27.115434 np0000003050 devstack@g-api.service[101993]: DEBUG swiftclient [None req-e7f1c359-9f8e-4395-b298-4d5bbe5b419c tempest-VolumeAndVolumeTypeFromImageTest-518830624 tempest-VolumeAndVolumeTypeFromImageTest-518830624-project-member] REQ: curl -i https://10.4.3.6:8080/v1/AUTH_50a13493b0cc4cd7a0e8ea149992c4f4/glance/d1b3a251-6450-4b1f-8318-205bbf473a05 -I -H "X-Auth-Token: gAAAAABqMpnyHMEW..." {{(pid=101993) http_log /opt/stack/data/venv/lib/python3.12/site-packages/swiftclient/client.py:160}}
Jun 17 12:58:27.115585 np0000003050 devstack@g-api.service[101993]: DEBUG swiftclient [None req-e7f1c359-9f8e-4395-b298-4d5bbe5b419c tempest-VolumeAndVolumeTypeFromImageTest-518830624 tempest-VolumeAndVolumeTypeFromImageTest-518830624-project-member] RESP STATUS: 200 OK {{(pid=101993) http_log /opt/stack/data/venv/lib/python3.12/site-packages/swiftclient/client.py:161}}
Jun 17 12:58:27.115793 np0000003050 devstack@g-api.service[101993]: DEBUG swiftclient [None req-e7f1c359-9f8e-4395-b298-4d5bbe5b419c tempest-VolumeAndVolumeTypeFromImageTest-518830624 tempest-VolumeAndVolumeTypeFromImageTest-518830624-project-member] RESP HEADERS: {'Date': 'Wed, 17 Jun 2026 12:58:27 GMT', 'Server': 'Apache/2.4.58 (Ubuntu)', 'Content-Type': 'application/octet-stream', 'Content-Length': '1024', 'Etag': 'c6514e13f79a5f1b99a7e6e21646dc9c', 'Last-Modified': 'Wed, 17 Jun 2026 12:58:16 GMT', 'X-Timestamp': '1781701095.88430', 'Accept-Ranges': 'bytes', 'X-Trans-Id': 'tx3e3d0b3985764a4ea9aba-006a3299f2', 'X-Openstack-Request-Id': 'tx3e3d0b3985764a4ea9aba-006a3299f2', 'Connection': 'close'} {{(pid=101993) http_log /opt/stack/data/venv/lib/python3.12/site-packages/swiftclient/client.py:162}}
Jun 17 12:58:27.140263 np0000003050 devstack@g-api.service[101993]: DEBUG swiftclient [None req-e7f1c359-9f8e-4395-b298-4d5bbe5b419c tempest-VolumeAndVolumeTypeFromImageTest-518830624 tempest-VolumeAndVolumeTypeFromImageTest-518830624-project-member] REQ: curl -i https://10.4.3.6:8080/v1/AUTH_50a13493b0cc4cd7a0e8ea149992c4f4/glance/d1b3a251-6450-4b1f-8318-205bbf473a05 DELETE -H "X-Auth-Token: gAAAAABqMpnyHMEW..." {{(pid=101993) http_log /opt/stack/data/venv/lib/python3.12/site-packages/swiftclient/client.py:160}}
Jun 17 12:58:27.140445 np0000003050 devstack@g-api.service[101993]: DEBUG swiftclient [None req-e7f1c359-9f8e-4395-b298-4d5bbe5b419c tempest-VolumeAndVolumeTypeFromImageTest-518830624 tempest-VolumeAndVolumeTypeFromImageTest-518830624-project-member] RESP STATUS: 204 No Content {{(pid=101993) http_log /opt/stack/data/venv/lib/python3.12/site-packages/swiftclient/client.py:161}}
Jun 17 12:58:27.140651 np0000003050 devstack@g-api.service[101993]: DEBUG swiftclient [None req-e7f1c359-9f8e-4395-b298-4d5bbe5b419c tempest-VolumeAndVolumeTypeFromImageTest-518830624 tempest-VolumeAndVolumeTypeFromImageTest-518830624-project-member] RESP HEADERS: {'Date': 'Wed, 17 Jun 2026 12:58:27 GMT', 'Server': 'Apache/2.4.58 (Ubuntu)', 'Content-Type': 'text/html; charset=UTF-8', 'X-Trans-Id': 'tx77286fe66bcd4d779fb1e-006a3299f3', 'X-Openstack-Request-Id': 'tx77286fe66bcd4d779fb1e-006a3299f3', 'Connection': 'close'} {{(pid=101993) http_log /opt/stack/data/venv/lib/python3.12/site-packages/swiftclient/client.py:162}}
Jun 17 12:58:27.204034 np0000003050 devstack@g-api.service[101993]: DEBUG glance.api.middleware.cache [None req-e7f1c359-9f8e-4395-b298-4d5bbe5b419c tempest-VolumeAndVolumeTypeFromImageTest-518830624 tempest-VolumeAndVolumeTypeFromImageTest-518830624-project-member] Removing image d1b3a251-6450-4b1f-8318-205bbf473a05 from cache {{(pid=101993) _process_DELETE_response /opt/stack/glance/glance/api/middleware/cache.py:264}}
Jun 17 12:58:27.204034 np0000003050 devstack@g-api.service[101993]: DEBUG glance.image_cache.drivers.centralized_db [None req-e7f1c359-9f8e-4395-b298-4d5bbe5b419c tempest-VolumeAndVolumeTypeFromImageTest-518830624 tempest-VolumeAndVolumeTypeFromImageTest-518830624-project-member] Deleting image cache file '/opt/stack/data/glance/cache/d1b3a251-6450-4b1f-8318-205bbf473a05' {{(pid=101993) delete_cached_file /opt/stack/glance/glance/image_cache/drivers/centralized_db.py:395}}
Jun 17 12:58:27.216068 np0000003050 devstack@g-api.service[101993]: [pid: 101993|app: 0|req: 142/407] 127.0.0.1 () {40 vars in 833 bytes} [Wed Jun 17 12:58:26 2026] DELETE /v2/images/d1b3a251-6450-4b1f-8318-205bbf473a05 => generated 0 bytes in 374 msecs (HTTP/1.1 204) 4 headers in 171 bytes (1 switches on core 0)
Jun 17 12:58:27.226359 np0000003050 devstack@g-api.service[101992]: DEBUG glance.api.middleware.version_negotiation [None req-2f2dc496-8e87-4995-a3f6-c03e1f6a9250 tempest-ServerBootFromVolumeStableRescueTest-1492546364 tempest-ServerBootFromVolumeStableRescueTest-1492546364-project-member] Determining version of request: GET /v2/images/d1b3a251-6450-4b1f-8318-205bbf473a05 Accept: application/json {{(pid=101992) process_request /opt/stack/glance/glance/api/middleware/version_negotiation.py:44}}
Jun 17 12:58:27.226731 np0000003050 devstack@g-api.service[101992]: DEBUG glance.api.middleware.version_negotiation [None req-2f2dc496-8e87-4995-a3f6-c03e1f6a9250 tempest-ServerBootFromVolumeStableRescueTest-1492546364 tempest-ServerBootFromVolumeStableRescueTest-1492546364-project-member] Using url versioning {{(pid=101992) process_request /opt/stack/glance/glance/api/middleware/version_negotiation.py:57}}
Jun 17 12:58:27.226810 np0000003050 devstack@g-api.service[101992]: DEBUG glance.api.middleware.version_negotiation [None req-2f2dc496-8e87-4995-a3f6-c03e1f6a9250 tempest-ServerBootFromVolumeStableRescueTest-1492546364 tempest-ServerBootFromVolumeStableRescueTest-1492546364-project-member] Matched version: v2 {{(pid=101992) process_request /opt/stack/glance/glance/api/middleware/version_negotiation.py:69}}
Jun 17 12:58:27.227108 np0000003050 devstack@g-api.service[101992]: DEBUG glance.api.middleware.version_negotiation [None req-2f2dc496-8e87-4995-a3f6-c03e1f6a9250 tempest-ServerBootFromVolumeStableRescueTest-1492546364 tempest-ServerBootFromVolumeStableRescueTest-1492546364-project-member] new path /v2/images/d1b3a251-6450-4b1f-8318-205bbf473a05 {{(pid=101992) process_request /opt/stack/glance/glance/api/middleware/version_negotiation.py:70}}
Jun 17 12:58:27.232144 np0000003050 devstack@g-api.service[101992]: DEBUG glance.db.sqlalchemy.api [None req-dc90f13e-f5c9-40a5-aed7-2229fe982499 tempest-VolumeAndVolumeTypeFromImageTest-518830624 tempest-VolumeAndVolumeTypeFromImageTest-518830624-project-member] No image found with ID d1b3a251-6450-4b1f-8318-205bbf473a05 {{(pid=101992) _image_get /opt/stack/glance/glance/db/sqlalchemy/api.py:303}}
Jun 17 12:58:27.234228 np0000003050 devstack@g-api.service[101992]: [pid: 101992|app: 0|req: 134/408] 127.0.0.1 () {40 vars in 830 bytes} [Wed Jun 17 12:58:27 2026] GET /v2/images/d1b3a251-6450-4b1f-8318-205bbf473a05 => generated 139 bytes in 8 msecs (HTTP/1.1 404) 4 headers in 164 bytes (1 switches on core 0)
Jun 17 12:58:27.369946 np0000003050 devstack@g-api.service[101991]: DEBUG glance.api.middleware.version_negotiation [None req-044f9b4a-2890-4ed6-b8a8-957cd650e021 tempest-ServerBootFromVolumeStableRescueTest-1492546364 tempest-ServerBootFromVolumeStableRescueTest-1492546364-project-member] Determining version of request: GET /v2/images/4d88f53d-28dd-41a8-a518-cd2cc3a81145 Accept: */* {{(pid=101991) process_request /opt/stack/glance/glance/api/middleware/version_negotiation.py:44}}
Jun 17 12:58:27.370248 np0000003050 devstack@g-api.service[101991]: DEBUG glance.api.middleware.version_negotiation [None req-044f9b4a-2890-4ed6-b8a8-957cd650e021 tempest-ServerBootFromVolumeStableRescueTest-1492546364 tempest-ServerBootFromVolumeStableRescueTest-1492546364-project-member] Using url versioning {{(pid=101991) process_request /opt/stack/glance/glance/api/middleware/version_negotiation.py:57}}
Jun 17 12:58:27.370433 np0000003050 devstack@g-api.service[101991]: DEBUG glance.api.middleware.version_negotiation [None req-044f9b4a-2890-4ed6-b8a8-957cd650e021 tempest-ServerBootFromVolumeStableRescueTest-1492546364 tempest-ServerBootFromVolumeStableRescueTest-1492546364-project-member] Matched version: v2 {{(pid=101991) process_request /opt/stack/glance/glance/api/middleware/version_negotiation.py:69}}
Jun 17 12:58:27.370582 np0000003050 devstack@g-api.service[101991]: DEBUG glance.api.middleware.version_negotiation [None req-044f9b4a-2890-4ed6-b8a8-957cd650e021 tempest-ServerBootFromVolumeStableRescueTest-1492546364 tempest-ServerBootFromVolumeStableRescueTest-1492546364-project-member] new path /v2/images/4d88f53d-28dd-41a8-a518-cd2cc3a81145 {{(pid=101991) process_request /opt/stack/glance/glance/api/middleware/version_negotiation.py:70}}
Jun 17 12:58:27.391050 np0000003050 devstack@g-api.service[101991]: [pid: 101991|app: 0|req: 133/409] 127.0.0.1 () {44 vars in 1107 bytes} [Wed Jun 17 12:58:27 2026] GET /v2/images/4d88f53d-28dd-41a8-a518-cd2cc3a81145 => generated 1359 bytes in 22 msecs (HTTP/1.1 200) 4 headers in 158 bytes (1 switches on core 0)
Jun 17 12:58:27.447950 np0000003050 devstack@g-api.service[101993]: DEBUG glance.api.middleware.version_negotiation [None req-e7f1c359-9f8e-4395-b298-4d5bbe5b419c tempest-VolumeAndVolumeTypeFromImageTest-518830624 tempest-VolumeAndVolumeTypeFromImageTest-518830624-project-member] Determining version of request: GET /v2/schemas/image Accept: */* {{(pid=101993) process_request /opt/stack/glance/glance/api/middleware/version_negotiation.py:44}}
Jun 17 12:58:27.448235 np0000003050 devstack@g-api.service[101993]: DEBUG glance.api.middleware.version_negotiation [None req-e7f1c359-9f8e-4395-b298-4d5bbe5b419c tempest-VolumeAndVolumeTypeFromImageTest-518830624 tempest-VolumeAndVolumeTypeFromImageTest-518830624-project-member] Using url versioning {{(pid=101993) process_request /opt/stack/glance/glance/api/middleware/version_negotiation.py:57}}
Jun 17 12:58:27.448402 np0000003050 devstack@g-api.service[101993]: DEBUG glance.api.middleware.version_negotiation [None req-e7f1c359-9f8e-4395-b298-4d5bbe5b419c tempest-VolumeAndVolumeTypeFromImageTest-518830624 tempest-VolumeAndVolumeTypeFromImageTest-518830624-project-member] Matched version: v2 {{(pid=101993) process_request /opt/stack/glance/glance/api/middleware/version_negotiation.py:69}}
Jun 17 12:58:27.448565 np0000003050 devstack@g-api.service[101993]: DEBUG glance.api.middleware.version_negotiation [None req-e7f1c359-9f8e-4395-b298-4d5bbe5b419c tempest-VolumeAndVolumeTypeFromImageTest-518830624 tempest-VolumeAndVolumeTypeFromImageTest-518830624-project-member] new path /v2/schemas/image {{(pid=101993) process_request /opt/stack/glance/glance/api/middleware/version_negotiation.py:70}}
Jun 17 12:58:27.452513 np0000003050 devstack@g-api.service[101993]: [pid: 101993|app: 0|req: 143/410] 127.0.0.1 () {44 vars in 1047 bytes} [Wed Jun 17 12:58:27 2026] GET /v2/schemas/image => generated 6083 bytes in 5 msecs (HTTP/1.1 200) 4 headers in 158 bytes (1 switches on core 0)
Jun 17 12:58:27.512439 np0000003050 devstack@g-api.service[101992]: DEBUG glance.api.middleware.version_negotiation [None req-dc90f13e-f5c9-40a5-aed7-2229fe982499 tempest-VolumeAndVolumeTypeFromImageTest-518830624 tempest-VolumeAndVolumeTypeFromImageTest-518830624-project-member] Determining version of request: GET /v2/schemas/image Accept: */* {{(pid=101992) process_request /opt/stack/glance/glance/api/middleware/version_negotiation.py:44}}
Jun 17 12:58:27.512689 np0000003050 devstack@g-api.service[101992]: DEBUG glance.api.middleware.version_negotiation [None req-dc90f13e-f5c9-40a5-aed7-2229fe982499 tempest-VolumeAndVolumeTypeFromImageTest-518830624 tempest-VolumeAndVolumeTypeFromImageTest-518830624-project-member] Using url versioning {{(pid=101992) process_request /opt/stack/glance/glance/api/middleware/version_negotiation.py:57}}
Jun 17 12:58:27.512852 np0000003050 devstack@g-api.service[101992]: DEBUG glance.api.middleware.version_negotiation [None req-dc90f13e-f5c9-40a5-aed7-2229fe982499 tempest-VolumeAndVolumeTypeFromImageTest-518830624 tempest-VolumeAndVolumeTypeFromImageTest-518830624-project-member] Matched version: v2 {{(pid=101992) process_request /opt/stack/glance/glance/api/middleware/version_negotiation.py:69}}
Jun 17 12:58:27.512909 np0000003050 devstack@g-api.service[101992]: DEBUG glance.api.middleware.version_negotiation [None req-dc90f13e-f5c9-40a5-aed7-2229fe982499 tempest-VolumeAndVolumeTypeFromImageTest-518830624 tempest-VolumeAndVolumeTypeFromImageTest-518830624-project-member] new path /v2/schemas/image {{(pid=101992) process_request /opt/stack/glance/glance/api/middleware/version_negotiation.py:70}}
Jun 17 12:58:27.516118 np0000003050 devstack@g-api.service[101992]: [pid: 101992|app: 0|req: 135/411] 127.0.0.1 () {44 vars in 1047 bytes} [Wed Jun 17 12:58:27 2026] GET /v2/schemas/image => generated 6083 bytes in 4 msecs (HTTP/1.1 200) 4 headers in 158 bytes (1 switches on core 0)
Jun 17 12:58:27.569143 np0000003050 devstack@g-api.service[101991]: DEBUG glance.api.middleware.version_negotiation [None req-c480fa41-25e5-465c-a6df-28d1ccce8aa1 tempest-ServerBootFromVolumeStableRescueTest-1492546364 tempest-ServerBootFromVolumeStableRescueTest-1492546364-project-member] Determining version of request: PATCH /v2/images/4d88f53d-28dd-41a8-a518-cd2cc3a81145 Accept: */* {{(pid=101991) process_request /opt/stack/glance/glance/api/middleware/version_negotiation.py:44}}
Jun 17 12:58:27.569317 np0000003050 devstack@g-api.service[101991]: DEBUG glance.api.middleware.version_negotiation [None req-c480fa41-25e5-465c-a6df-28d1ccce8aa1 tempest-ServerBootFromVolumeStableRescueTest-1492546364 tempest-ServerBootFromVolumeStableRescueTest-1492546364-project-member] Using url versioning {{(pid=101991) process_request /opt/stack/glance/glance/api/middleware/version_negotiation.py:57}}
Jun 17 12:58:27.569480 np0000003050 devstack@g-api.service[101991]: DEBUG glance.api.middleware.version_negotiation [None req-c480fa41-25e5-465c-a6df-28d1ccce8aa1 tempest-ServerBootFromVolumeStableRescueTest-1492546364 tempest-ServerBootFromVolumeStableRescueTest-1492546364-project-member] Matched version: v2 {{(pid=101991) process_request /opt/stack/glance/glance/api/middleware/version_negotiation.py:69}}
Jun 17 12:58:27.569693 np0000003050 devstack@g-api.service[101991]: DEBUG glance.api.middleware.version_negotiation [None req-c480fa41-25e5-465c-a6df-28d1ccce8aa1 tempest-ServerBootFromVolumeStableRescueTest-1492546364 tempest-ServerBootFromVolumeStableRescueTest-1492546364-project-member] new path /v2/images/4d88f53d-28dd-41a8-a518-cd2cc3a81145 {{(pid=101991) process_request /opt/stack/glance/glance/api/middleware/version_negotiation.py:70}}
Jun 17 12:58:27.726720 np0000003050 devstack@g-api.service[101991]: [pid: 101991|app: 0|req: 134/412] 127.0.0.1 () {46 vars in 1150 bytes} [Wed Jun 17 12:58:27 2026] PATCH /v2/images/4d88f53d-28dd-41a8-a518-cd2cc3a81145 => generated 1470 bytes in 158 msecs (HTTP/1.1 200) 4 headers in 158 bytes (1 switches on core 0)
Jun 17 12:58:27.764789 np0000003050 devstack@g-api.service[101993]: DEBUG glance.api.middleware.version_negotiation [None req-c480fa41-25e5-465c-a6df-28d1ccce8aa1 tempest-ServerBootFromVolumeStableRescueTest-1492546364 tempest-ServerBootFromVolumeStableRescueTest-1492546364-project-member] Determining version of request: GET /v2/images/4d88f53d-28dd-41a8-a518-cd2cc3a81145 Accept: */* {{(pid=101993) process_request /opt/stack/glance/glance/api/middleware/version_negotiation.py:44}}
Jun 17 12:58:27.764930 np0000003050 devstack@g-api.service[101993]: DEBUG glance.api.middleware.version_negotiation [None req-c480fa41-25e5-465c-a6df-28d1ccce8aa1 tempest-ServerBootFromVolumeStableRescueTest-1492546364 tempest-ServerBootFromVolumeStableRescueTest-1492546364-project-member] Using url versioning {{(pid=101993) process_request /opt/stack/glance/glance/api/middleware/version_negotiation.py:57}}
Jun 17 12:58:27.765099 np0000003050 devstack@g-api.service[101993]: DEBUG glance.api.middleware.version_negotiation [None req-c480fa41-25e5-465c-a6df-28d1ccce8aa1 tempest-ServerBootFromVolumeStableRescueTest-1492546364 tempest-ServerBootFromVolumeStableRescueTest-1492546364-project-member] Matched version: v2 {{(pid=101993) process_request /opt/stack/glance/glance/api/middleware/version_negotiation.py:69}}
Jun 17 12:58:27.765285 np0000003050 devstack@g-api.service[101993]: DEBUG glance.api.middleware.version_negotiation [None req-c480fa41-25e5-465c-a6df-28d1ccce8aa1 tempest-ServerBootFromVolumeStableRescueTest-1492546364 tempest-ServerBootFromVolumeStableRescueTest-1492546364-project-member] new path /v2/images/4d88f53d-28dd-41a8-a518-cd2cc3a81145 {{(pid=101993) process_request /opt/stack/glance/glance/api/middleware/version_negotiation.py:70}}
Jun 17 12:58:27.785866 np0000003050 devstack@g-api.service[101993]: [pid: 101993|app: 0|req: 144/413] 127.0.0.1 () {44 vars in 1107 bytes} [Wed Jun 17 12:58:27 2026] GET /v2/images/4d88f53d-28dd-41a8-a518-cd2cc3a81145 => generated 1470 bytes in 21 msecs (HTTP/1.1 200) 4 headers in 158 bytes (1 switches on core 0)
Jun 17 12:58:27.839877 np0000003050 devstack@g-api.service[101992]: DEBUG glance.api.middleware.version_negotiation [None req-c480fa41-25e5-465c-a6df-28d1ccce8aa1 tempest-ServerBootFromVolumeStableRescueTest-1492546364 tempest-ServerBootFromVolumeStableRescueTest-1492546364-project-member] Determining version of request: PUT /v2/images/4d88f53d-28dd-41a8-a518-cd2cc3a81145/file Accept: */* {{(pid=101992) process_request /opt/stack/glance/glance/api/middleware/version_negotiation.py:44}}
Jun 17 12:58:27.840100 np0000003050 devstack@g-api.service[101992]: DEBUG glance.api.middleware.version_negotiation [None req-c480fa41-25e5-465c-a6df-28d1ccce8aa1 tempest-ServerBootFromVolumeStableRescueTest-1492546364 tempest-ServerBootFromVolumeStableRescueTest-1492546364-project-member] Using url versioning {{(pid=101992) process_request /opt/stack/glance/glance/api/middleware/version_negotiation.py:57}}
Jun 17 12:58:27.840353 np0000003050 devstack@g-api.service[101992]: DEBUG glance.api.middleware.version_negotiation [None req-c480fa41-25e5-465c-a6df-28d1ccce8aa1 tempest-ServerBootFromVolumeStableRescueTest-1492546364 tempest-ServerBootFromVolumeStableRescueTest-1492546364-project-member] Matched version: v2 {{(pid=101992) process_request /opt/stack/glance/glance/api/middleware/version_negotiation.py:69}}
Jun 17 12:58:27.840537 np0000003050 devstack@g-api.service[101992]: DEBUG glance.api.middleware.version_negotiation [None req-c480fa41-25e5-465c-a6df-28d1ccce8aa1 tempest-ServerBootFromVolumeStableRescueTest-1492546364 tempest-ServerBootFromVolumeStableRescueTest-1492546364-project-member] new path /v2/images/4d88f53d-28dd-41a8-a518-cd2cc3a81145/file {{(pid=101992) process_request /opt/stack/glance/glance/api/middleware/version_negotiation.py:70}}
Jun 17 12:58:27.892643 np0000003050 devstack@g-api.service[101991]: DEBUG glance.api.middleware.version_negotiation [None req-c480fa41-25e5-465c-a6df-28d1ccce8aa1 tempest-ServerBootFromVolumeStableRescueTest-1492546364 tempest-ServerBootFromVolumeStableRescueTest-1492546364-project-member] Determining version of request: GET /v2/images/4d88f53d-28dd-41a8-a518-cd2cc3a81145 Accept: application/json {{(pid=101991) process_request /opt/stack/glance/glance/api/middleware/version_negotiation.py:44}}
Jun 17 12:58:27.892643 np0000003050 devstack@g-api.service[101991]: DEBUG glance.api.middleware.version_negotiation [None req-c480fa41-25e5-465c-a6df-28d1ccce8aa1 tempest-ServerBootFromVolumeStableRescueTest-1492546364 tempest-ServerBootFromVolumeStableRescueTest-1492546364-project-member] Using url versioning {{(pid=101991) process_request /opt/stack/glance/glance/api/middleware/version_negotiation.py:57}}
Jun 17 12:58:27.892643 np0000003050 devstack@g-api.service[101991]: DEBUG glance.api.middleware.version_negotiation [None req-c480fa41-25e5-465c-a6df-28d1ccce8aa1 tempest-ServerBootFromVolumeStableRescueTest-1492546364 tempest-ServerBootFromVolumeStableRescueTest-1492546364-project-member] Matched version: v2 {{(pid=101991) process_request /opt/stack/glance/glance/api/middleware/version_negotiation.py:69}}
Jun 17 12:58:27.892643 np0000003050 devstack@g-api.service[101991]: DEBUG glance.api.middleware.version_negotiation [None req-c480fa41-25e5-465c-a6df-28d1ccce8aa1 tempest-ServerBootFromVolumeStableRescueTest-1492546364 tempest-ServerBootFromVolumeStableRescueTest-1492546364-project-member] new path /v2/images/4d88f53d-28dd-41a8-a518-cd2cc3a81145 {{(pid=101991) process_request /opt/stack/glance/glance/api/middleware/version_negotiation.py:70}}
Jun 17 12:58:27.907623 np0000003050 devstack@g-api.service[101991]: [pid: 101991|app: 0|req: 135/414] 127.0.0.1 () {40 vars in 830 bytes} [Wed Jun 17 12:58:27 2026] GET /v2/images/4d88f53d-28dd-41a8-a518-cd2cc3a81145 => generated 1470 bytes in 16 msecs (HTTP/1.1 200) 4 headers in 158 bytes (1 switches on core 0)
Jun 17 12:58:28.483508 np0000003050 devstack@g-api.service[101992]: INFO glance.api.v2.image_data [None req-c480fa41-25e5-465c-a6df-28d1ccce8aa1 tempest-ServerBootFromVolumeStableRescueTest-1492546364 tempest-ServerBootFromVolumeStableRescueTest-1492546364-project-member] Unable to create trust: no such option collect_timing in group [keystone_authtoken] Use the existing user token.
Jun 17 12:58:28.919150 np0000003050 devstack@g-api.service[101993]: DEBUG glance.api.middleware.version_negotiation [None req-c480fa41-25e5-465c-a6df-28d1ccce8aa1 tempest-ServerBootFromVolumeStableRescueTest-1492546364 tempest-ServerBootFromVolumeStableRescueTest-1492546364-project-member] Determining version of request: GET /v2/images/4d88f53d-28dd-41a8-a518-cd2cc3a81145 Accept: application/json {{(pid=101993) process_request /opt/stack/glance/glance/api/middleware/version_negotiation.py:44}}
