Jun 17 12:47:00.401272 np0000003050 nova-scheduler[95632]: DEBUG cotyledon.oslo_config_glue [-] ******************************************************************************** {{(pid=95632) log_opt_values /opt/stack/data/venv/lib/python3.12/site-packages/oslo_config/cfg.py:3260}}
Jun 17 12:47:00.401299 np0000003050 nova-scheduler[95635]: DEBUG cotyledon.oslo_config_glue [-] oslo_limit.connect_retry_delay = None {{(pid=95635) log_opt_values /opt/stack/data/venv/lib/python3.12/site-packages/oslo_config/cfg.py:3253}}
Jun 17 12:47:00.401299 np0000003050 nova-scheduler[95635]: DEBUG cotyledon.oslo_config_glue [-] oslo_limit.endpoint_id = None {{(pid=95635) log_opt_values /opt/stack/data/venv/lib/python3.12/site-packages/oslo_config/cfg.py:3253}}
Jun 17 12:47:00.401341 np0000003050 nova-scheduler[95632]: DEBUG cotyledon._service_worker [-] Run service ServiceWrapper(1) [95632] {{(pid=95632) wait_forever /opt/stack/data/venv/lib/python3.12/site-packages/cotyledon/_service_worker.py:218}}
Jun 17 12:47:00.401361 np0000003050 nova-scheduler[95635]: DEBUG cotyledon.oslo_config_glue [-] oslo_limit.endpoint_interface = public {{(pid=95635) log_opt_values /opt/stack/data/venv/lib/python3.12/site-packages/oslo_config/cfg.py:3253}}
Jun 17 12:47:00.401361 np0000003050 nova-scheduler[95635]: DEBUG cotyledon.oslo_config_glue [-] oslo_limit.endpoint_override = None {{(pid=95635) log_opt_values /opt/stack/data/venv/lib/python3.12/site-packages/oslo_config/cfg.py:3253}}
Jun 17 12:47:00.401361 np0000003050 nova-scheduler[95635]: DEBUG cotyledon.oslo_config_glue [-] oslo_limit.endpoint_region_name = None {{(pid=95635) log_opt_values /opt/stack/data/venv/lib/python3.12/site-packages/oslo_config/cfg.py:3253}}
Jun 17 12:47:00.401361 np0000003050 nova-scheduler[95635]: DEBUG cotyledon.oslo_config_glue [-] oslo_limit.endpoint_service_name = None {{(pid=95635) log_opt_values /opt/stack/data/venv/lib/python3.12/site-packages/oslo_config/cfg.py:3253}}
Jun 17 12:47:00.401361 np0000003050 nova-scheduler[95635]: DEBUG cotyledon.oslo_config_glue [-] oslo_limit.endpoint_service_type = None {{(pid=95635) log_opt_values /opt/stack/data/venv/lib/python3.12/site-packages/oslo_config/cfg.py:3253}}
Jun 17 12:47:00.401361 np0000003050 nova-scheduler[95635]: DEBUG cotyledon.oslo_config_glue [-] oslo_limit.insecure = False {{(pid=95635) log_opt_values /opt/stack/data/venv/lib/python3.12/site-packages/oslo_config/cfg.py:3253}}
Jun 17 12:47:00.401361 np0000003050 nova-scheduler[95635]: DEBUG cotyledon.oslo_config_glue [-] oslo_limit.keyfile = None {{(pid=95635) log_opt_values /opt/stack/data/venv/lib/python3.12/site-packages/oslo_config/cfg.py:3253}}
Jun 17 12:47:00.401361 np0000003050 nova-scheduler[95635]: DEBUG cotyledon.oslo_config_glue [-] oslo_limit.max_version = None {{(pid=95635) log_opt_values /opt/stack/data/venv/lib/python3.12/site-packages/oslo_config/cfg.py:3253}}
Jun 17 12:47:00.401361 np0000003050 nova-scheduler[95635]: DEBUG cotyledon.oslo_config_glue [-] oslo_limit.min_version = None {{(pid=95635) log_opt_values /opt/stack/data/venv/lib/python3.12/site-packages/oslo_config/cfg.py:3253}}
Jun 17 12:47:00.401569 np0000003050 nova-scheduler[95635]: DEBUG cotyledon.oslo_config_glue [-] oslo_limit.region_name = None {{(pid=95635) log_opt_values /opt/stack/data/venv/lib/python3.12/site-packages/oslo_config/cfg.py:3253}}
Jun 17 12:47:00.401569 np0000003050 nova-scheduler[95635]: DEBUG cotyledon.oslo_config_glue [-] oslo_limit.retriable_status_codes = None {{(pid=95635) log_opt_values /opt/stack/data/venv/lib/python3.12/site-packages/oslo_config/cfg.py:3253}}
Jun 17 12:47:00.401569 np0000003050 nova-scheduler[95635]: DEBUG cotyledon.oslo_config_glue [-] oslo_limit.service_name = None {{(pid=95635) log_opt_values /opt/stack/data/venv/lib/python3.12/site-packages/oslo_config/cfg.py:3253}}
Jun 17 12:47:00.401569 np0000003050 nova-scheduler[95635]: DEBUG cotyledon.oslo_config_glue [-] oslo_limit.service_type = None {{(pid=95635) log_opt_values /opt/stack/data/venv/lib/python3.12/site-packages/oslo_config/cfg.py:3253}}
Jun 17 12:47:00.401569 np0000003050 nova-scheduler[95635]: DEBUG cotyledon.oslo_config_glue [-] oslo_limit.split_loggers = False {{(pid=95635) log_opt_values /opt/stack/data/venv/lib/python3.12/site-packages/oslo_config/cfg.py:3253}}
Jun 17 12:47:00.401569 np0000003050 nova-scheduler[95635]: DEBUG cotyledon.oslo_config_glue [-] oslo_limit.status_code_retries = None {{(pid=95635) log_opt_values /opt/stack/data/venv/lib/python3.12/site-packages/oslo_config/cfg.py:3253}}
Jun 17 12:47:00.401569 np0000003050 nova-scheduler[95635]: DEBUG cotyledon.oslo_config_glue [-] oslo_limit.status_code_retry_delay = None {{(pid=95635) log_opt_values /opt/stack/data/venv/lib/python3.12/site-packages/oslo_config/cfg.py:3253}}
Jun 17 12:47:00.401569 np0000003050 nova-scheduler[95635]: DEBUG cotyledon.oslo_config_glue [-] oslo_limit.timeout = None {{(pid=95635) log_opt_values /opt/stack/data/venv/lib/python3.12/site-packages/oslo_config/cfg.py:3253}}
Jun 17 12:47:00.401569 np0000003050 nova-scheduler[95635]: DEBUG cotyledon.oslo_config_glue [-] oslo_limit.valid_interfaces = None {{(pid=95635) log_opt_values /opt/stack/data/venv/lib/python3.12/site-packages/oslo_config/cfg.py:3253}}
Jun 17 12:47:00.401725 np0000003050 nova-scheduler[95635]: DEBUG cotyledon.oslo_config_glue [-] oslo_limit.version = None {{(pid=95635) log_opt_values /opt/stack/data/venv/lib/python3.12/site-packages/oslo_config/cfg.py:3253}}
Jun 17 12:47:00.401725 np0000003050 nova-scheduler[95635]: DEBUG cotyledon.oslo_config_glue [-] oslo_reports.file_event_handler = None {{(pid=95635) log_opt_values /opt/stack/data/venv/lib/python3.12/site-packages/oslo_config/cfg.py:3253}}
Jun 17 12:47:00.401725 np0000003050 nova-scheduler[95635]: DEBUG cotyledon.oslo_config_glue [-] oslo_reports.file_event_handler_interval = 1 {{(pid=95635) log_opt_values /opt/stack/data/venv/lib/python3.12/site-packages/oslo_config/cfg.py:3253}}
Jun 17 12:47:00.401778 np0000003050 nova-scheduler[95632]: INFO nova.service [-] Starting scheduler node (version 33.1.0)
Jun 17 12:47:00.401800 np0000003050 nova-scheduler[95635]: DEBUG cotyledon.oslo_config_glue [-] oslo_reports.log_dir = None {{(pid=95635) log_opt_values /opt/stack/data/venv/lib/python3.12/site-packages/oslo_config/cfg.py:3253}}
Jun 17 12:47:00.401800 np0000003050 nova-scheduler[95635]: DEBUG cotyledon.oslo_config_glue [-] ******************************************************************************** {{(pid=95635) log_opt_values /opt/stack/data/venv/lib/python3.12/site-packages/oslo_config/cfg.py:3260}}
Jun 17 12:47:00.401800 np0000003050 nova-scheduler[95635]: DEBUG cotyledon._service_worker [-] Run service ServiceWrapper(2) [95635] {{(pid=95635) wait_forever /opt/stack/data/venv/lib/python3.12/site-packages/cotyledon/_service_worker.py:218}}
Jun 17 12:47:00.401800 np0000003050 nova-scheduler[95635]: INFO nova.service [-] Starting scheduler node (version 33.1.0)
Jun 17 12:47:00.401956 np0000003050 nova-scheduler[95632]: INFO dbcounter [None req-d3005212-60fb-49f4-bb40-0832449846d6 None None] Registered counter for database nova_cell0
Jun 17 12:47:00.401994 np0000003050 nova-scheduler[95635]: INFO dbcounter [None req-cd143670-8d4f-4c53-b06f-eb66edb03dc3 None None] Registered counter for database nova_cell0
Jun 17 12:47:00.405600 np0000003050 nova-scheduler[95626]: DEBUG oslo_db.sqlalchemy.engines [None req-d4c76907-d450-4388-a3fb-fdb92e709691 None None] MySQL server mode set to STRICT_TRANS_TABLES,STRICT_ALL_TABLES,NO_ZERO_IN_DATE,NO_ZERO_DATE,ERROR_FOR_DIVISION_BY_ZERO,TRADITIONAL,NO_ENGINE_SUBSTITUTION {{(pid=95626) _check_effective_sql_mode /opt/stack/data/venv/lib/python3.12/site-packages/oslo_db/sqlalchemy/engines.py:325}}
Jun 17 12:47:00.415468 np0000003050 nova-scheduler[95632]: DEBUG oslo_db.sqlalchemy.engines [None req-d3005212-60fb-49f4-bb40-0832449846d6 None None] MySQL server mode set to STRICT_TRANS_TABLES,STRICT_ALL_TABLES,NO_ZERO_IN_DATE,NO_ZERO_DATE,ERROR_FOR_DIVISION_BY_ZERO,TRADITIONAL,NO_ENGINE_SUBSTITUTION {{(pid=95632) _check_effective_sql_mode /opt/stack/data/venv/lib/python3.12/site-packages/oslo_db/sqlalchemy/engines.py:325}}
Jun 17 12:47:00.417697 np0000003050 nova-scheduler[95626]: DEBUG dbcounter [-] [95626] Writer thread running {{(pid=95626) stat_writer /opt/stack/data/venv/lib/python3.12/site-packages/dbcounter.py:102}}
Jun 17 12:47:00.426794 np0000003050 nova-scheduler[95632]: DEBUG dbcounter [-] [95632] Writer thread running {{(pid=95632) stat_writer /opt/stack/data/venv/lib/python3.12/site-packages/dbcounter.py:102}}
Jun 17 12:47:00.431372 np0000003050 nova-scheduler[95635]: DEBUG oslo_db.sqlalchemy.engines [None req-cd143670-8d4f-4c53-b06f-eb66edb03dc3 None None] MySQL server mode set to STRICT_TRANS_TABLES,STRICT_ALL_TABLES,NO_ZERO_IN_DATE,NO_ZERO_DATE,ERROR_FOR_DIVISION_BY_ZERO,TRADITIONAL,NO_ENGINE_SUBSTITUTION {{(pid=95635) _check_effective_sql_mode /opt/stack/data/venv/lib/python3.12/site-packages/oslo_db/sqlalchemy/engines.py:325}}
Jun 17 12:47:00.436795 np0000003050 nova-scheduler[95626]: DEBUG nova.service [None req-d4c76907-d450-4388-a3fb-fdb92e709691 None None] Creating RPC server for service: nova-scheduler on topic: scheduler {{(pid=95626) start /opt/stack/nova/nova/service.py:196}}
Jun 17 12:47:00.443748 np0000003050 nova-scheduler[95635]: DEBUG dbcounter [-] [95635] Writer thread running {{(pid=95635) stat_writer /opt/stack/data/venv/lib/python3.12/site-packages/dbcounter.py:102}}
Jun 17 12:47:00.449148 np0000003050 nova-scheduler[95635]: DEBUG nova.service [None req-cd143670-8d4f-4c53-b06f-eb66edb03dc3 None None] Creating RPC server for service: nova-scheduler on topic: scheduler {{(pid=95635) start /opt/stack/nova/nova/service.py:196}}
Jun 17 12:47:00.450938 np0000003050 nova-scheduler[95632]: DEBUG nova.service [None req-d3005212-60fb-49f4-bb40-0832449846d6 None None] Creating RPC server for service: nova-scheduler on topic: scheduler {{(pid=95632) start /opt/stack/nova/nova/service.py:196}}
Jun 17 12:47:00.478103 np0000003050 nova-scheduler[95635]: DEBUG nova.service [None req-cd143670-8d4f-4c53-b06f-eb66edb03dc3 None None] Join ServiceGroup membership for this service scheduler {{(pid=95635) start /opt/stack/nova/nova/service.py:222}}
Jun 17 12:47:00.478345 np0000003050 nova-scheduler[95635]: DEBUG nova.servicegroup.drivers.db [None req-cd143670-8d4f-4c53-b06f-eb66edb03dc3 None None] DB_Driver: join new ServiceGroup member np0000003050 to the scheduler group, service = {{(pid=95635) join /opt/stack/nova/nova/servicegroup/drivers/db.py:44}}
Jun 17 12:47:00.478694 np0000003050 nova-scheduler[95626]: DEBUG nova.service [None req-d4c76907-d450-4388-a3fb-fdb92e709691 None None] Join ServiceGroup membership for this service scheduler {{(pid=95626) start /opt/stack/nova/nova/service.py:222}}
Jun 17 12:47:00.478974 np0000003050 nova-scheduler[95626]: DEBUG nova.servicegroup.drivers.db [None req-d4c76907-d450-4388-a3fb-fdb92e709691 None None] DB_Driver: join new ServiceGroup member np0000003050 to the scheduler group, service = {{(pid=95626) join /opt/stack/nova/nova/servicegroup/drivers/db.py:44}}
Jun 17 12:47:00.481498 np0000003050 nova-scheduler[95632]: DEBUG nova.service [None req-d3005212-60fb-49f4-bb40-0832449846d6 None None] Join ServiceGroup membership for this service scheduler {{(pid=95632) start /opt/stack/nova/nova/service.py:222}}
Jun 17 12:47:00.481769 np0000003050 nova-scheduler[95632]: DEBUG nova.servicegroup.drivers.db [None req-d3005212-60fb-49f4-bb40-0832449846d6 None None] DB_Driver: join new ServiceGroup member np0000003050 to the scheduler group, service = {{(pid=95632) join /opt/stack/nova/nova/servicegroup/drivers/db.py:44}}
Jun 17 12:47:05.497645 np0000003050 nova-scheduler[95626]: DEBUG oslo.service.backend._threading.loopingcall [-] Fixed interval looping call 'nova.servicegroup.drivers.db.DbDriver._report_state' sleeping for 119.99 seconds {{(pid=95626) _run_loop /opt/stack/data/venv/lib/python3.12/site-packages/oslo_service/backend/_threading/loopingcall.py:125}}
Jun 17 12:47:05.498056 np0000003050 nova-scheduler[95635]: DEBUG oslo.service.backend._threading.loopingcall [-] Fixed interval looping call 'nova.servicegroup.drivers.db.DbDriver._report_state' sleeping for 119.98 seconds {{(pid=95635) _run_loop /opt/stack/data/venv/lib/python3.12/site-packages/oslo_service/backend/_threading/loopingcall.py:125}}
Jun 17 12:47:05.500456 np0000003050 nova-scheduler[95632]: DEBUG oslo.service.backend._threading.loopingcall [-] Fixed interval looping call 'nova.servicegroup.drivers.db.DbDriver._report_state' sleeping for 119.98 seconds {{(pid=95632) _run_loop /opt/stack/data/venv/lib/python3.12/site-packages/oslo_service/backend/_threading/loopingcall.py:125}}
Jun 17 12:47:08.909051 np0000003050 nova-scheduler[94423]: DEBUG dbcounter [-] [94423] Writing DB stats nova_api:SELECT=3 {{(pid=94423) stat_writer /opt/stack/data/venv/lib/python3.12/site-packages/dbcounter.py:115}}
Jun 17 12:47:09.070498 np0000003050 nova-scheduler[94423]: DEBUG dbcounter [-] [94423] Writing DB stats nova_cell0:SELECT=1 {{(pid=94423) stat_writer /opt/stack/data/venv/lib/python3.12/site-packages/dbcounter.py:115}}
Jun 17 12:47:09.076146 np0000003050 nova-scheduler[94423]: DEBUG dbcounter [-] [94423] Writing DB stats nova_cell1:SELECT=1 {{(pid=94423) stat_writer /opt/stack/data/venv/lib/python3.12/site-packages/dbcounter.py:115}}
Jun 17 12:47:09.484830 np0000003050 nova-scheduler[95632]: DEBUG oslo.service.backend._threading.loopingcall [None req-7e32a48a-c726-41f1-a608-0aff86db6f80 None None] Dynamic interval looping call 'nova.service.Service.periodic_tasks' sleeping for 60.00 seconds {{(pid=95632) _run_loop /opt/stack/data/venv/lib/python3.12/site-packages/oslo_service/backend/_threading/loopingcall.py:125}}
Jun 17 12:47:15.491327 np0000003050 nova-scheduler[95626]: DEBUG dbcounter [-] [95626] Writing DB stats nova_cell0:SELECT=4,nova_cell0:INSERT=1,nova_cell0:UPDATE=1 {{(pid=95626) stat_writer /opt/stack/data/venv/lib/python3.12/site-packages/dbcounter.py:115}}
Jun 17 12:47:15.492458 np0000003050 nova-scheduler[95635]: DEBUG dbcounter [-] [95635] Writing DB stats nova_cell0:SELECT=3,nova_cell0:UPDATE=1 {{(pid=95635) stat_writer /opt/stack/data/venv/lib/python3.12/site-packages/dbcounter.py:115}}
Jun 17 12:47:15.498762 np0000003050 nova-scheduler[95632]: DEBUG dbcounter [-] [95632] Writing DB stats nova_cell0:SELECT=5,nova_cell0:INSERT=1,nova_cell0:UPDATE=1 {{(pid=95632) stat_writer /opt/stack/data/venv/lib/python3.12/site-packages/dbcounter.py:115}}
Jun 17 12:47:17.482064 np0000003050 nova-scheduler[95626]: DEBUG oslo.service.backend._threading.loopingcall [None req-4f9cbd91-ea08-4933-a6c9-9ddcea9b88e9 None None] Dynamic interval looping call 'nova.service.Service.periodic_tasks' sleeping for 60.00 seconds {{(pid=95626) _run_loop /opt/stack/data/venv/lib/python3.12/site-packages/oslo_service/backend/_threading/loopingcall.py:125}}
Jun 17 12:47:36.481869 np0000003050 nova-scheduler[95635]: DEBUG oslo.service.backend._threading.loopingcall [None req-bbf39933-1bd3-4fd8-811f-aea353d319b7 None None] Dynamic interval looping call 'nova.service.Service.periodic_tasks' sleeping for 60.00 seconds {{(pid=95635) _run_loop /opt/stack/data/venv/lib/python3.12/site-packages/oslo_service/backend/_threading/loopingcall.py:125}}
Jun 17 12:48:09.485450 np0000003050 nova-scheduler[95632]: DEBUG oslo.service.backend._threading.loopingcall [None req-7e32a48a-c726-41f1-a608-0aff86db6f80 None None] Dynamic interval looping call 'nova.service.Service.periodic_tasks' sleeping for 60.00 seconds {{(pid=95632) _run_loop /opt/stack/data/venv/lib/python3.12/site-packages/oslo_service/backend/_threading/loopingcall.py:125}}
Jun 17 12:48:17.482610 np0000003050 nova-scheduler[95626]: DEBUG oslo.service.backend._threading.loopingcall [None req-4f9cbd91-ea08-4933-a6c9-9ddcea9b88e9 None None] Dynamic interval looping call 'nova.service.Service.periodic_tasks' sleeping for 60.00 seconds {{(pid=95626) _run_loop /opt/stack/data/venv/lib/python3.12/site-packages/oslo_service/backend/_threading/loopingcall.py:125}}
Jun 17 12:48:36.482353 np0000003050 nova-scheduler[95635]: DEBUG oslo.service.backend._threading.loopingcall [None req-bbf39933-1bd3-4fd8-811f-aea353d319b7 None None] Dynamic interval looping call 'nova.service.Service.periodic_tasks' sleeping for 60.00 seconds {{(pid=95635) _run_loop /opt/stack/data/venv/lib/python3.12/site-packages/oslo_service/backend/_threading/loopingcall.py:125}}
Jun 17 12:49:05.485926 np0000003050 nova-scheduler[95635]: DEBUG oslo.service.backend._threading.loopingcall [-] Fixed interval looping call 'nova.servicegroup.drivers.db.DbDriver._report_state' sleeping for 119.99 seconds {{(pid=95635) _run_loop /opt/stack/data/venv/lib/python3.12/site-packages/oslo_service/backend/_threading/loopingcall.py:125}}
Jun 17 12:49:05.486410 np0000003050 nova-scheduler[95632]: DEBUG oslo.service.backend._threading.loopingcall [-] Fixed interval looping call 'nova.servicegroup.drivers.db.DbDriver._report_state' sleeping for 119.99 seconds {{(pid=95632) _run_loop /opt/stack/data/venv/lib/python3.12/site-packages/oslo_service/backend/_threading/loopingcall.py:125}}
Jun 17 12:49:05.491446 np0000003050 nova-scheduler[95626]: DEBUG oslo.service.backend._threading.loopingcall [-] Fixed interval looping call 'nova.servicegroup.drivers.db.DbDriver._report_state' sleeping for 120.00 seconds {{(pid=95626) _run_loop /opt/stack/data/venv/lib/python3.12/site-packages/oslo_service/backend/_threading/loopingcall.py:125}}
Jun 17 12:49:09.486126 np0000003050 nova-scheduler[95632]: DEBUG oslo.service.backend._threading.loopingcall [None req-7e32a48a-c726-41f1-a608-0aff86db6f80 None None] Dynamic interval looping call 'nova.service.Service.periodic_tasks' sleeping for 60.00 seconds {{(pid=95632) _run_loop /opt/stack/data/venv/lib/python3.12/site-packages/oslo_service/backend/_threading/loopingcall.py:125}}
Jun 17 12:49:15.482410 np0000003050 nova-scheduler[95635]: DEBUG dbcounter [-] [95635] Writing DB stats nova_cell0:SELECT=1,nova_cell0:UPDATE=1 {{(pid=95635) stat_writer /opt/stack/data/venv/lib/python3.12/site-packages/dbcounter.py:115}}
Jun 17 12:49:15.484399 np0000003050 nova-scheduler[95632]: DEBUG dbcounter [-] [95632] Writing DB stats nova_cell0:SELECT=1,nova_cell0:UPDATE=1 {{(pid=95632) stat_writer /opt/stack/data/venv/lib/python3.12/site-packages/dbcounter.py:115}}
Jun 17 12:49:15.488848 np0000003050 nova-scheduler[95626]: DEBUG dbcounter [-] [95626] Writing DB stats nova_cell0:SELECT=1 {{(pid=95626) stat_writer /opt/stack/data/venv/lib/python3.12/site-packages/dbcounter.py:115}}
Jun 17 12:49:17.483138 np0000003050 nova-scheduler[95626]: DEBUG oslo.service.backend._threading.loopingcall [None req-4f9cbd91-ea08-4933-a6c9-9ddcea9b88e9 None None] Dynamic interval looping call 'nova.service.Service.periodic_tasks' sleeping for 60.00 seconds {{(pid=95626) _run_loop /opt/stack/data/venv/lib/python3.12/site-packages/oslo_service/backend/_threading/loopingcall.py:125}}
Jun 17 12:49:36.482980 np0000003050 nova-scheduler[95635]: DEBUG oslo.service.backend._threading.loopingcall [None req-bbf39933-1bd3-4fd8-811f-aea353d319b7 None None] Dynamic interval looping call 'nova.service.Service.periodic_tasks' sleeping for 60.00 seconds {{(pid=95635) _run_loop /opt/stack/data/venv/lib/python3.12/site-packages/oslo_service/backend/_threading/loopingcall.py:125}}
Jun 17 12:49:54.640870 np0000003050 nova-scheduler[95635]: DEBUG nova.scheduler.manager [None req-8c38d03e-4ddd-470e-a728-fb1aab12997b tempest-DeleteServersTestJSON-149850301 tempest-DeleteServersTestJSON-149850301-project-member] Starting to schedule for instances: ['01d5387f-dc65-4c21-832e-1130f5b31ba2'] {{(pid=95635) select_destinations /opt/stack/nova/nova/scheduler/manager.py:210}}
Jun 17 12:49:54.641641 np0000003050 nova-scheduler[95635]: DEBUG nova.scheduler.request_filter [None req-8c38d03e-4ddd-470e-a728-fb1aab12997b tempest-DeleteServersTestJSON-149850301 tempest-DeleteServersTestJSON-149850301-project-member] compute_status_filter request filter added forbidden trait COMPUTE_STATUS_DISABLED {{(pid=95635) compute_status_filter /opt/stack/nova/nova/scheduler/request_filter.py:253}}
Jun 17 12:49:54.641819 np0000003050 nova-scheduler[95635]: DEBUG nova.scheduler.request_filter [None req-8c38d03e-4ddd-470e-a728-fb1aab12997b tempest-DeleteServersTestJSON-149850301 tempest-DeleteServersTestJSON-149850301-project-member] Request filter 'compute_status_filter' took 0.0 seconds {{(pid=95635) wrapper /opt/stack/nova/nova/scheduler/request_filter.py:46}}
Jun 17 12:49:54.642119 np0000003050 nova-scheduler[95635]: DEBUG nova.scheduler.request_filter [None req-8c38d03e-4ddd-470e-a728-fb1aab12997b tempest-DeleteServersTestJSON-149850301 tempest-DeleteServersTestJSON-149850301-project-member] Request filter 'accelerators_filter' took 0.0 seconds {{(pid=95635) wrapper /opt/stack/nova/nova/scheduler/request_filter.py:46}}
Jun 17 12:49:54.645762 np0000003050 nova-scheduler[95635]: DEBUG nova.scheduler.request_filter [None req-8c38d03e-4ddd-470e-a728-fb1aab12997b tempest-DeleteServersTestJSON-149850301 tempest-DeleteServersTestJSON-149850301-project-member] Request filter 'packed_virtqueue_filter' took 0.0 seconds {{(pid=95635) wrapper /opt/stack/nova/nova/scheduler/request_filter.py:46}}
Jun 17 12:49:54.646841 np0000003050 nova-scheduler[95635]: DEBUG nova.scheduler.request_filter [None req-8c38d03e-4ddd-470e-a728-fb1aab12997b tempest-DeleteServersTestJSON-149850301 tempest-DeleteServersTestJSON-149850301-project-member] Request filter 'remote_managed_ports_filter' took 0.0 seconds {{(pid=95635) wrapper /opt/stack/nova/nova/scheduler/request_filter.py:46}}
Jun 17 12:49:54.647210 np0000003050 nova-scheduler[95635]: DEBUG nova.scheduler.request_filter [None req-8c38d03e-4ddd-470e-a728-fb1aab12997b tempest-DeleteServersTestJSON-149850301 tempest-DeleteServersTestJSON-149850301-project-member] ephemeral_encryption_filter skipped {{(pid=95635) ephemeral_encryption_filter /opt/stack/nova/nova/scheduler/request_filter.py:426}}
Jun 17 12:49:54.647772 np0000003050 nova-scheduler[95635]: DEBUG nova.scheduler.request_filter [None req-8c38d03e-4ddd-470e-a728-fb1aab12997b tempest-DeleteServersTestJSON-149850301 tempest-DeleteServersTestJSON-149850301-project-member] virtio_sound_filter skipped {{(pid=95635) virtio_sound_filter /opt/stack/nova/nova/scheduler/request_filter.py:460}}
Jun 17 12:49:54.648044 np0000003050 nova-scheduler[95635]: DEBUG nova.scheduler.request_filter [None req-8c38d03e-4ddd-470e-a728-fb1aab12997b tempest-DeleteServersTestJSON-149850301 tempest-DeleteServersTestJSON-149850301-project-member] tpm_secret_security_filter skipped {{(pid=95635) tpm_secret_security_filter /opt/stack/nova/nova/scheduler/request_filter.py:477}}
Jun 17 12:49:54.688465 np0000003050 nova-scheduler[95626]: DEBUG nova.scheduler.manager [None req-d7af4a8b-7329-4b30-953c-992b308368d9 tempest-ServerRescueNegativeTestJSON-1878308709 tempest-ServerRescueNegativeTestJSON-1878308709-project-member] Starting to schedule for instances: ['2f5ec0d2-82a0-4815-9e57-d0d5cc636d3d'] {{(pid=95626) select_destinations /opt/stack/nova/nova/scheduler/manager.py:210}}
Jun 17 12:49:54.690064 np0000003050 nova-scheduler[95626]: DEBUG nova.scheduler.request_filter [None req-d7af4a8b-7329-4b30-953c-992b308368d9 tempest-ServerRescueNegativeTestJSON-1878308709 tempest-ServerRescueNegativeTestJSON-1878308709-project-member] compute_status_filter request filter added forbidden trait COMPUTE_STATUS_DISABLED {{(pid=95626) compute_status_filter /opt/stack/nova/nova/scheduler/request_filter.py:253}}
Jun 17 12:49:54.690299 np0000003050 nova-scheduler[95626]: DEBUG nova.scheduler.request_filter [None req-d7af4a8b-7329-4b30-953c-992b308368d9 tempest-ServerRescueNegativeTestJSON-1878308709 tempest-ServerRescueNegativeTestJSON-1878308709-project-member] Request filter 'compute_status_filter' took 0.0 seconds {{(pid=95626) wrapper /opt/stack/nova/nova/scheduler/request_filter.py:46}}
Jun 17 12:49:54.690484 np0000003050 nova-scheduler[95626]: DEBUG nova.scheduler.request_filter [None req-d7af4a8b-7329-4b30-953c-992b308368d9 tempest-ServerRescueNegativeTestJSON-1878308709 tempest-ServerRescueNegativeTestJSON-1878308709-project-member] Request filter 'accelerators_filter' took 0.0 seconds {{(pid=95626) wrapper /opt/stack/nova/nova/scheduler/request_filter.py:46}}
Jun 17 12:49:54.690695 np0000003050 nova-scheduler[95626]: DEBUG nova.scheduler.request_filter [None req-d7af4a8b-7329-4b30-953c-992b308368d9 tempest-ServerRescueNegativeTestJSON-1878308709 tempest-ServerRescueNegativeTestJSON-1878308709-project-member] Request filter 'packed_virtqueue_filter' took 0.0 seconds {{(pid=95626) wrapper /opt/stack/nova/nova/scheduler/request_filter.py:46}}
Jun 17 12:49:54.694196 np0000003050 nova-scheduler[95626]: DEBUG nova.scheduler.request_filter [None req-d7af4a8b-7329-4b30-953c-992b308368d9 tempest-ServerRescueNegativeTestJSON-1878308709 tempest-ServerRescueNegativeTestJSON-1878308709-project-member] Request filter 'remote_managed_ports_filter' took 0.0 seconds {{(pid=95626) wrapper /opt/stack/nova/nova/scheduler/request_filter.py:46}}
Jun 17 12:49:54.694646 np0000003050 nova-scheduler[95626]: DEBUG nova.scheduler.request_filter [None req-d7af4a8b-7329-4b30-953c-992b308368d9 tempest-ServerRescueNegativeTestJSON-1878308709 tempest-ServerRescueNegativeTestJSON-1878308709-project-member] ephemeral_encryption_filter skipped {{(pid=95626) ephemeral_encryption_filter /opt/stack/nova/nova/scheduler/request_filter.py:426}}
Jun 17 12:49:54.694646 np0000003050 nova-scheduler[95626]: DEBUG nova.scheduler.request_filter [None req-d7af4a8b-7329-4b30-953c-992b308368d9 tempest-ServerRescueNegativeTestJSON-1878308709 tempest-ServerRescueNegativeTestJSON-1878308709-project-member] virtio_sound_filter skipped {{(pid=95626) virtio_sound_filter /opt/stack/nova/nova/scheduler/request_filter.py:460}}
Jun 17 12:49:54.694761 np0000003050 nova-scheduler[95626]: DEBUG nova.scheduler.request_filter [None req-d7af4a8b-7329-4b30-953c-992b308368d9 tempest-ServerRescueNegativeTestJSON-1878308709 tempest-ServerRescueNegativeTestJSON-1878308709-project-member] tpm_secret_security_filter skipped {{(pid=95626) tpm_secret_security_filter /opt/stack/nova/nova/scheduler/request_filter.py:477}}
Jun 17 12:49:55.245532 np0000003050 nova-scheduler[95626]: INFO nova.utils [None req-d7af4a8b-7329-4b30-953c-992b308368d9 tempest-ServerRescueNegativeTestJSON-1878308709 tempest-ServerRescueNegativeTestJSON-1878308709-project-member] The cell worker thread pool ForkProcess-1.cell_worker is initialized
Jun 17 12:49:55.246171 np0000003050 nova-scheduler[95626]: DEBUG oslo_concurrency.lockutils [None req-d7af4a8b-7329-4b30-953c-992b308368d9 tempest-ServerRescueNegativeTestJSON-1878308709 tempest-ServerRescueNegativeTestJSON-1878308709-project-member] Acquiring lock "f7fd6fc5-e584-44b4-99f4-fd860edc8eed" by "nova.context.set_target_cell..get_or_set_cached_cell_and_set_connections" {{(pid=95626) inner /opt/stack/data/venv/lib/python3.12/site-packages/oslo_concurrency/lockutils.py:511}}
Jun 17 12:49:55.246647 np0000003050 nova-scheduler[95626]: DEBUG oslo_concurrency.lockutils [None req-d7af4a8b-7329-4b30-953c-992b308368d9 tempest-ServerRescueNegativeTestJSON-1878308709 tempest-ServerRescueNegativeTestJSON-1878308709-project-member] Lock "f7fd6fc5-e584-44b4-99f4-fd860edc8eed" acquired by "nova.context.set_target_cell..get_or_set_cached_cell_and_set_connections" :: waited 0.000s {{(pid=95626) inner /opt/stack/data/venv/lib/python3.12/site-packages/oslo_concurrency/lockutils.py:524}}
Jun 17 12:49:55.248964 np0000003050 nova-scheduler[95626]: DEBUG oslo_concurrency.lockutils [None req-d7af4a8b-7329-4b30-953c-992b308368d9 tempest-ServerRescueNegativeTestJSON-1878308709 tempest-ServerRescueNegativeTestJSON-1878308709-project-member] Lock "f7fd6fc5-e584-44b4-99f4-fd860edc8eed" "released" by "nova.context.set_target_cell..get_or_set_cached_cell_and_set_connections" :: held 0.002s {{(pid=95626) inner /opt/stack/data/venv/lib/python3.12/site-packages/oslo_concurrency/lockutils.py:543}}
Jun 17 12:49:55.250620 np0000003050 nova-scheduler[95626]: INFO dbcounter [None req-d7af4a8b-7329-4b30-953c-992b308368d9 tempest-ServerRescueNegativeTestJSON-1878308709 tempest-ServerRescueNegativeTestJSON-1878308709-project-member] Registered counter for database nova_cell1
Jun 17 12:49:55.305483 np0000003050 nova-scheduler[95626]: DEBUG oslo_db.sqlalchemy.engines [None req-d7af4a8b-7329-4b30-953c-992b308368d9 tempest-ServerRescueNegativeTestJSON-1878308709 tempest-ServerRescueNegativeTestJSON-1878308709-project-member] MySQL server mode set to STRICT_TRANS_TABLES,STRICT_ALL_TABLES,NO_ZERO_IN_DATE,NO_ZERO_DATE,ERROR_FOR_DIVISION_BY_ZERO,TRADITIONAL,NO_ENGINE_SUBSTITUTION {{(pid=95626) _check_effective_sql_mode /opt/stack/data/venv/lib/python3.12/site-packages/oslo_db/sqlalchemy/engines.py:325}}
Jun 17 12:49:55.311283 np0000003050 nova-scheduler[95626]: DEBUG dbcounter [-] [95626] Writer thread running {{(pid=95626) stat_writer /opt/stack/data/venv/lib/python3.12/site-packages/dbcounter.py:102}}
Jun 17 12:49:55.325887 np0000003050 nova-scheduler[95626]: DEBUG oslo_db.sqlalchemy.engines [None req-d7af4a8b-7329-4b30-953c-992b308368d9 tempest-ServerRescueNegativeTestJSON-1878308709 tempest-ServerRescueNegativeTestJSON-1878308709-project-member] Parent process 94423 forked (95626) with an open database connection, which is being discarded and recreated. {{(pid=95626) checkout /opt/stack/data/venv/lib/python3.12/site-packages/oslo_db/sqlalchemy/engines.py:402}}
Jun 17 12:49:55.381321 np0000003050 nova-scheduler[95626]: DEBUG dbcounter [-] [95626] Writer thread running {{(pid=95626) stat_writer /opt/stack/data/venv/lib/python3.12/site-packages/dbcounter.py:102}}
Jun 17 12:49:55.384933 np0000003050 nova-scheduler[95626]: DEBUG oslo_concurrency.lockutils [None req-d7af4a8b-7329-4b30-953c-992b308368d9 tempest-ServerRescueNegativeTestJSON-1878308709 tempest-ServerRescueNegativeTestJSON-1878308709-project-member] Acquiring lock "f7fd6fc5-e584-44b4-99f4-fd860edc8eed" by "nova.context.set_target_cell..get_or_set_cached_cell_and_set_connections" {{(pid=95626) inner /opt/stack/data/venv/lib/python3.12/site-packages/oslo_concurrency/lockutils.py:511}}
Jun 17 12:49:55.385165 np0000003050 nova-scheduler[95626]: DEBUG oslo_concurrency.lockutils [None req-d7af4a8b-7329-4b30-953c-992b308368d9 tempest-ServerRescueNegativeTestJSON-1878308709 tempest-ServerRescueNegativeTestJSON-1878308709-project-member] Lock "f7fd6fc5-e584-44b4-99f4-fd860edc8eed" acquired by "nova.context.set_target_cell..get_or_set_cached_cell_and_set_connections" :: waited 0.000s {{(pid=95626) inner /opt/stack/data/venv/lib/python3.12/site-packages/oslo_concurrency/lockutils.py:524}}
Jun 17 12:49:55.385316 np0000003050 nova-scheduler[95626]: DEBUG oslo_concurrency.lockutils [None req-d7af4a8b-7329-4b30-953c-992b308368d9 tempest-ServerRescueNegativeTestJSON-1878308709 tempest-ServerRescueNegativeTestJSON-1878308709-project-member] Lock "f7fd6fc5-e584-44b4-99f4-fd860edc8eed" "released" by "nova.context.set_target_cell..get_or_set_cached_cell_and_set_connections" :: held 0.000s {{(pid=95626) inner /opt/stack/data/venv/lib/python3.12/site-packages/oslo_concurrency/lockutils.py:543}}
Jun 17 12:49:55.389379 np0000003050 nova-scheduler[95626]: DEBUG oslo_concurrency.lockutils [None req-d7af4a8b-7329-4b30-953c-992b308368d9 tempest-ServerRescueNegativeTestJSON-1878308709 tempest-ServerRescueNegativeTestJSON-1878308709-project-member] Acquiring lock "('np0000003050', 'np0000003050')" by "nova.scheduler.host_manager.HostState.update.._locked_update" {{(pid=95626) inner /opt/stack/data/venv/lib/python3.12/site-packages/oslo_concurrency/lockutils.py:511}}
Jun 17 12:49:55.389705 np0000003050 nova-scheduler[95626]: DEBUG oslo_concurrency.lockutils [None req-d7af4a8b-7329-4b30-953c-992b308368d9 tempest-ServerRescueNegativeTestJSON-1878308709 tempest-ServerRescueNegativeTestJSON-1878308709-project-member] Lock "('np0000003050', 'np0000003050')" acquired by "nova.scheduler.host_manager.HostState.update.._locked_update" :: waited 0.000s {{(pid=95626) inner /opt/stack/data/venv/lib/python3.12/site-packages/oslo_concurrency/lockutils.py:524}}
Jun 17 12:49:55.391963 np0000003050 nova-scheduler[95626]: DEBUG nova.scheduler.host_manager [None req-d7af4a8b-7329-4b30-953c-992b308368d9 tempest-ServerRescueNegativeTestJSON-1878308709 tempest-ServerRescueNegativeTestJSON-1878308709-project-member] Update host state from compute node: ComputeNode(cpu_allocation_ratio=4.0,cpu_info='{"arch": "x86_64", "model": "EPYC-Milan", "vendor": "AMD", "topology": {"cells": 1, "sockets": 12, "cores": 1, "threads": 1}, "maxphysaddr": {"mode": "emulate", "bits": 40}, "features": ["nrip-save", "tsc", "mmxext", "sep", "fma", "pni", "ibpb", "pku", "clzero", "pge", "rdrand", "xsaveerptr", "mce", "pdpe1gb", "mtrr", "umip", "xsave", "fsrm", "virt-ssbd", "rdseed", "adx", "pse", "ssse3", "sse2", "erms", "npt", "pclmuldq", "cr8legacy", "lm", "skip-l1dfl-vmentry", "topoext", "xsaves", "mmx", "osvw", "stibp", "bmi1", "perfctr_core", "null-sel-clr-base", "rdtscp", "stibp-always-on", "xsaveopt", "nx", "sha-ni", "mca", "amd-stibp", "avx", "cx16", "clflushopt", "sse4.2", "gds-no", "lbrv", "pause-filter", "sse", "fxsr_opt", "hypervisor", "vgif", "sse4.1", "pse36", "cx8", "ibrs", "cmov", "rdctl-no", "tsc-deadline", "svm", "vaes", "pat", "smap", "abm", "vme", "fsgsbase", "xgetbv1", "de", "xsavec", "arat", "rdpid", "msr", "invpcid", "f16c", "smep", "mds-no", "vmcb-clean", "pschange-mc-no", "spec-ctrl", "flushbyasid", "v-vmsave-vmload", "popcnt", "syscall", "amd-ssbd", "avx2", "apic", "lahf_lm", "aes", "sse4a", "pfthreshold", "movbe", "lfence-always-serializing", "amd-psfd", "cmp_legacy", "no-nested-data-bp", "clwb", "svme-addr-chk", "wbnoinvd", "fpu", "tsc-scale", "ssbd", "fxsr", "clflush", "3dnowprefetch", "vpclmulqdq", "pcid", "tsc_adjust", "misalignsse", "bmi2", "pae", "arch-capabilities", "x2apic"]}',created_at=2026-06-17T12:47:27Z,current_workload=0,deleted=False,deleted_at=None,disk_allocation_ratio=1.0,disk_available_least=74,free_disk_gb=95,free_ram_mb=23518,host='np0000003050',host_ip=10.4.3.6,hypervisor_hostname='np0000003050',hypervisor_type='QEMU',hypervisor_version=8002002,id=1,local_gb=95,local_gb_used=0,mapped=1,memory_mb=24030,memory_mb_used=512,metrics='[]',numa_topology='{"nova_object.name": "NUMATopology", "nova_object.namespace": "nova", "nova_object.version": "1.2", "nova_object.data": {"cells": [{"nova_object.name": "NUMACell", "nova_object.namespace": "nova", "nova_object.version": "1.5", "nova_object.data": {"id": 0, "cpuset": [0, 1, 2, 3, 4, 5, 6, 7, 8, 9, 10, 11], "pcpuset": [0, 1, 2, 3, 4, 5, 6, 7, 8, 9, 10, 11], "memory": 24030, "cpu_usage": 0, "memory_usage": 0, "pinned_cpus": [], "siblings": [[6], [2], [5], [11], [8], [4], [1], [7], [10], [0], [3], [9]], "mempages": [{"nova_object.name": "NUMAPagesTopology", "nova_object.namespace": "nova", "nova_object.version": "1.1", "nova_object.data": {"size_kb": 4, "total": 6151796, "used": 0, "reserved": 0}, "nova_object.changes": ["size_kb", "reserved", "total", "used"]}, {"nova_object.name": "NUMAPagesTopology", "nova_object.namespace": "nova", "nova_object.version": "1.1", "nova_object.data": {"size_kb": 2048, "total": 0, "used": 0, "reserved": 0}, "nova_object.changes": ["size_kb", "reserved", "total", "used"]}, {"nova_object.name": "NUMAPagesTopology", "nova_object.namespace": "nova", "nova_object.version": "1.1", "nova_object.data": {"size_kb": 1048576, "total": 0, "used": 0, "reserved": 0}, "nova_object.changes": ["size_kb", "reserved", "total", "used"]}], "network_metadata": {"nova_object.name": "NetworkMetadata", "nova_object.namespace": "nova", "nova_object.version": "1.0", "nova_object.data": {"physnets": [], "tunneled": false}, "nova_object.changes": ["physnets", "tunneled"]}, "socket": null}, "nova_object.changes": ["memory_usage", "id", "cpu_usage", "memory", "socket", "network_metadata", "cpuset", "siblings", "mempages", "pcpuset", "pinned_cpus"]}]}, "nova_object.changes": ["cells"]}',pci_device_pools=PciDevicePoolList,ram_allocation_ratio=1.0,running_vms=0,service_id=2,stats={failed_builds='0',uptime=' 12:49:12 up 24 min, 2 users, load average: 1.20, 1.43, 0.83
Jun 17 12:49:55.391963 np0000003050 nova-scheduler[95626]: '},supported_hv_specs=[HVSpec,HVSpec,HVSpec,HVSpec,HVSpec,HVSpec,HVSpec,HVSpec,HVSpec,HVSpec,HVSpec,HVSpec,HVSpec,HVSpec,HVSpec,HVSpec,HVSpec,HVSpec,HVSpec,HVSpec,HVSpec,HVSpec,HVSpec,HVSpec,HVSpec],updated_at=2026-06-17T12:49:14Z,uuid=5dfd04fe-79b7-4768-ae92-129de9ce0a24,vcpus=12,vcpus_used=0) {{(pid=95626) _locked_update /opt/stack/nova/nova/scheduler/host_manager.py:168}}
Jun 17 12:49:55.392169 np0000003050 nova-scheduler[95626]: DEBUG nova.scheduler.host_manager [None req-d7af4a8b-7329-4b30-953c-992b308368d9 tempest-ServerRescueNegativeTestJSON-1878308709 tempest-ServerRescueNegativeTestJSON-1878308709-project-member] Update host state with aggregates: [] {{(pid=95626) _locked_update /opt/stack/nova/nova/scheduler/host_manager.py:171}}
Jun 17 12:49:55.392169 np0000003050 nova-scheduler[95626]: DEBUG nova.scheduler.host_manager [None req-d7af4a8b-7329-4b30-953c-992b308368d9 tempest-ServerRescueNegativeTestJSON-1878308709 tempest-ServerRescueNegativeTestJSON-1878308709-project-member] Update host state with service dict: {'id': 2, 'uuid': 'a5cea0e1-2f30-4433-a517-6f86e9d61d18', 'host': 'np0000003050', 'binary': 'nova-compute', 'topic': 'compute', 'report_count': 2, 'disabled': False, 'disabled_reason': None, 'last_seen_up': datetime.datetime(2026, 6, 17, 12, 49, 36, tzinfo=datetime.timezone.utc), 'forced_down': False, 'version': 72, 'created_at': datetime.datetime(2026, 6, 17, 12, 47, 26, tzinfo=datetime.timezone.utc), 'updated_at': datetime.datetime(2026, 6, 17, 12, 49, 36, tzinfo=datetime.timezone.utc), 'deleted_at': None, 'deleted': False} {{(pid=95626) _locked_update /opt/stack/nova/nova/scheduler/host_manager.py:174}}
Jun 17 12:49:55.392473 np0000003050 nova-scheduler[95626]: DEBUG nova.scheduler.host_manager [None req-d7af4a8b-7329-4b30-953c-992b308368d9 tempest-ServerRescueNegativeTestJSON-1878308709 tempest-ServerRescueNegativeTestJSON-1878308709-project-member] Update host state with instances: [] {{(pid=95626) _locked_update /opt/stack/nova/nova/scheduler/host_manager.py:177}}
Jun 17 12:49:55.392473 np0000003050 nova-scheduler[95626]: DEBUG oslo_concurrency.lockutils [None req-d7af4a8b-7329-4b30-953c-992b308368d9 tempest-ServerRescueNegativeTestJSON-1878308709 tempest-ServerRescueNegativeTestJSON-1878308709-project-member] Lock "('np0000003050', 'np0000003050')" "released" by "nova.scheduler.host_manager.HostState.update.._locked_update" :: held 0.003s {{(pid=95626) inner /opt/stack/data/venv/lib/python3.12/site-packages/oslo_concurrency/lockutils.py:543}}
Jun 17 12:49:55.392955 np0000003050 nova-scheduler[95626]: DEBUG nova.filters [None req-d7af4a8b-7329-4b30-953c-992b308368d9 tempest-ServerRescueNegativeTestJSON-1878308709 tempest-ServerRescueNegativeTestJSON-1878308709-project-member] Starting with 1 host(s) {{(pid=95626) get_filtered_objects /opt/stack/nova/nova/filters.py:70}}
Jun 17 12:49:55.393252 np0000003050 nova-scheduler[95626]: DEBUG nova.filters [None req-d7af4a8b-7329-4b30-953c-992b308368d9 tempest-ServerRescueNegativeTestJSON-1878308709 tempest-ServerRescueNegativeTestJSON-1878308709-project-member] Filter ComputeFilter returned 1 host(s) {{(pid=95626) get_filtered_objects /opt/stack/nova/nova/filters.py:102}}
Jun 17 12:49:55.393426 np0000003050 nova-scheduler[95626]: DEBUG nova.filters [None req-d7af4a8b-7329-4b30-953c-992b308368d9 tempest-ServerRescueNegativeTestJSON-1878308709 tempest-ServerRescueNegativeTestJSON-1878308709-project-member] Filter ComputeCapabilitiesFilter returned 1 host(s) {{(pid=95626) get_filtered_objects /opt/stack/nova/nova/filters.py:102}}
Jun 17 12:49:55.393624 np0000003050 nova-scheduler[95626]: DEBUG nova.filters [None req-d7af4a8b-7329-4b30-953c-992b308368d9 tempest-ServerRescueNegativeTestJSON-1878308709 tempest-ServerRescueNegativeTestJSON-1878308709-project-member] Filter ImagePropertiesFilter returned 1 host(s) {{(pid=95626) get_filtered_objects /opt/stack/nova/nova/filters.py:102}}
Jun 17 12:49:55.394846 np0000003050 nova-scheduler[95626]: DEBUG nova.filters [None req-d7af4a8b-7329-4b30-953c-992b308368d9 tempest-ServerRescueNegativeTestJSON-1878308709 tempest-ServerRescueNegativeTestJSON-1878308709-project-member] Filter ServerGroupAntiAffinityFilter returned 1 host(s) {{(pid=95626) get_filtered_objects /opt/stack/nova/nova/filters.py:102}}
Jun 17 12:49:55.394957 np0000003050 nova-scheduler[95626]: DEBUG nova.filters [None req-d7af4a8b-7329-4b30-953c-992b308368d9 tempest-ServerRescueNegativeTestJSON-1878308709 tempest-ServerRescueNegativeTestJSON-1878308709-project-member] Filter ServerGroupAffinityFilter returned 1 host(s) {{(pid=95626) get_filtered_objects /opt/stack/nova/nova/filters.py:102}}
Jun 17 12:49:55.395189 np0000003050 nova-scheduler[95626]: DEBUG nova.filters [None req-d7af4a8b-7329-4b30-953c-992b308368d9 tempest-ServerRescueNegativeTestJSON-1878308709 tempest-ServerRescueNegativeTestJSON-1878308709-project-member] Filter SameHostFilter returned 1 host(s) {{(pid=95626) get_filtered_objects /opt/stack/nova/nova/filters.py:102}}
Jun 17 12:49:55.395315 np0000003050 nova-scheduler[95626]: DEBUG nova.filters [None req-d7af4a8b-7329-4b30-953c-992b308368d9 tempest-ServerRescueNegativeTestJSON-1878308709 tempest-ServerRescueNegativeTestJSON-1878308709-project-member] Filter DifferentHostFilter returned 1 host(s) {{(pid=95626) get_filtered_objects /opt/stack/nova/nova/filters.py:102}}
Jun 17 12:49:55.395401 np0000003050 nova-scheduler[95626]: DEBUG nova.scheduler.manager [None req-d7af4a8b-7329-4b30-953c-992b308368d9 tempest-ServerRescueNegativeTestJSON-1878308709 tempest-ServerRescueNegativeTestJSON-1878308709-project-member] Filtered [(np0000003050, np0000003050) ram: 23518MB disk: 75776MB io_ops: 0 instances: 0, allocation_candidates: 1] {{(pid=95626) _get_sorted_hosts /opt/stack/nova/nova/scheduler/manager.py:743}}
Jun 17 12:49:55.396086 np0000003050 nova-scheduler[95626]: DEBUG nova.scheduler.manager [None req-d7af4a8b-7329-4b30-953c-992b308368d9 tempest-ServerRescueNegativeTestJSON-1878308709 tempest-ServerRescueNegativeTestJSON-1878308709-project-member] Weighed [WeighedHost [host: (np0000003050, np0000003050) ram: 23518MB disk: 75776MB io_ops: 0 instances: 0, allocation_candidates: 1, weight: 0.0]] {{(pid=95626) _get_sorted_hosts /opt/stack/nova/nova/scheduler/manager.py:765}}
Jun 17 12:49:55.396086 np0000003050 nova-scheduler[95626]: DEBUG nova.scheduler.utils [None req-d7af4a8b-7329-4b30-953c-992b308368d9 tempest-ServerRescueNegativeTestJSON-1878308709 tempest-ServerRescueNegativeTestJSON-1878308709-project-member] Attempting to claim resources in the placement API for instance 2f5ec0d2-82a0-4815-9e57-d0d5cc636d3d {{(pid=95626) claim_resources /opt/stack/nova/nova/scheduler/utils.py:1345}}
Jun 17 12:49:55.420578 np0000003050 nova-scheduler[95635]: INFO nova.utils [None req-8c38d03e-4ddd-470e-a728-fb1aab12997b tempest-DeleteServersTestJSON-149850301 tempest-DeleteServersTestJSON-149850301-project-member] The cell worker thread pool ForkProcess-3.cell_worker is initialized
Jun 17 12:49:55.420906 np0000003050 nova-scheduler[95635]: DEBUG oslo_concurrency.lockutils [None req-8c38d03e-4ddd-470e-a728-fb1aab12997b tempest-DeleteServersTestJSON-149850301 tempest-DeleteServersTestJSON-149850301-project-member] Acquiring lock "f7fd6fc5-e584-44b4-99f4-fd860edc8eed" by "nova.context.set_target_cell..get_or_set_cached_cell_and_set_connections" {{(pid=95635) inner /opt/stack/data/venv/lib/python3.12/site-packages/oslo_concurrency/lockutils.py:511}}
Jun 17 12:49:55.421129 np0000003050 nova-scheduler[95635]: DEBUG oslo_concurrency.lockutils [None req-8c38d03e-4ddd-470e-a728-fb1aab12997b tempest-DeleteServersTestJSON-149850301 tempest-DeleteServersTestJSON-149850301-project-member] Lock "f7fd6fc5-e584-44b4-99f4-fd860edc8eed" acquired by "nova.context.set_target_cell..get_or_set_cached_cell_and_set_connections" :: waited 0.000s {{(pid=95635) inner /opt/stack/data/venv/lib/python3.12/site-packages/oslo_concurrency/lockutils.py:524}}
Jun 17 12:49:55.422887 np0000003050 nova-scheduler[95635]: DEBUG oslo_concurrency.lockutils [None req-8c38d03e-4ddd-470e-a728-fb1aab12997b tempest-DeleteServersTestJSON-149850301 tempest-DeleteServersTestJSON-149850301-project-member] Lock "f7fd6fc5-e584-44b4-99f4-fd860edc8eed" "released" by "nova.context.set_target_cell..get_or_set_cached_cell_and_set_connections" :: held 0.001s {{(pid=95635) inner /opt/stack/data/venv/lib/python3.12/site-packages/oslo_concurrency/lockutils.py:543}}
Jun 17 12:49:55.425696 np0000003050 nova-scheduler[95635]: INFO dbcounter [None req-8c38d03e-4ddd-470e-a728-fb1aab12997b tempest-DeleteServersTestJSON-149850301 tempest-DeleteServersTestJSON-149850301-project-member] Registered counter for database nova_cell1
Jun 17 12:49:55.463267 np0000003050 nova-scheduler[95635]: DEBUG oslo_db.sqlalchemy.engines [None req-8c38d03e-4ddd-470e-a728-fb1aab12997b tempest-DeleteServersTestJSON-149850301 tempest-DeleteServersTestJSON-149850301-project-member] MySQL server mode set to STRICT_TRANS_TABLES,STRICT_ALL_TABLES,NO_ZERO_IN_DATE,NO_ZERO_DATE,ERROR_FOR_DIVISION_BY_ZERO,TRADITIONAL,NO_ENGINE_SUBSTITUTION {{(pid=95635) _check_effective_sql_mode /opt/stack/data/venv/lib/python3.12/site-packages/oslo_db/sqlalchemy/engines.py:325}}
Jun 17 12:49:55.470641 np0000003050 nova-scheduler[95635]: DEBUG dbcounter [-] [95635] Writer thread running {{(pid=95635) stat_writer /opt/stack/data/venv/lib/python3.12/site-packages/dbcounter.py:102}}
Jun 17 12:49:55.547305 np0000003050 nova-scheduler[95635]: DEBUG dbcounter [-] [95635] Writer thread running {{(pid=95635) stat_writer /opt/stack/data/venv/lib/python3.12/site-packages/dbcounter.py:102}}
Jun 17 12:49:55.549544 np0000003050 nova-scheduler[95635]: DEBUG oslo_concurrency.lockutils [None req-8c38d03e-4ddd-470e-a728-fb1aab12997b tempest-DeleteServersTestJSON-149850301 tempest-DeleteServersTestJSON-149850301-project-member] Acquiring lock "f7fd6fc5-e584-44b4-99f4-fd860edc8eed" by "nova.context.set_target_cell..get_or_set_cached_cell_and_set_connections" {{(pid=95635) inner /opt/stack/data/venv/lib/python3.12/site-packages/oslo_concurrency/lockutils.py:511}}
Jun 17 12:49:55.549691 np0000003050 nova-scheduler[95635]: DEBUG oslo_concurrency.lockutils [None req-8c38d03e-4ddd-470e-a728-fb1aab12997b tempest-DeleteServersTestJSON-149850301 tempest-DeleteServersTestJSON-149850301-project-member] Lock "f7fd6fc5-e584-44b4-99f4-fd860edc8eed" acquired by "nova.context.set_target_cell..get_or_set_cached_cell_and_set_connections" :: waited 0.000s {{(pid=95635) inner /opt/stack/data/venv/lib/python3.12/site-packages/oslo_concurrency/lockutils.py:524}}
Jun 17 12:49:55.550176 np0000003050 nova-scheduler[95635]: DEBUG oslo_concurrency.lockutils [None req-8c38d03e-4ddd-470e-a728-fb1aab12997b tempest-DeleteServersTestJSON-149850301 tempest-DeleteServersTestJSON-149850301-project-member] Lock "f7fd6fc5-e584-44b4-99f4-fd860edc8eed" "released" by "nova.context.set_target_cell..get_or_set_cached_cell_and_set_connections" :: held 0.000s {{(pid=95635) inner /opt/stack/data/venv/lib/python3.12/site-packages/oslo_concurrency/lockutils.py:543}}
Jun 17 12:49:55.552746 np0000003050 nova-scheduler[95635]: DEBUG oslo_concurrency.lockutils [None req-8c38d03e-4ddd-470e-a728-fb1aab12997b tempest-DeleteServersTestJSON-149850301 tempest-DeleteServersTestJSON-149850301-project-member] Acquiring lock "('np0000003050', 'np0000003050')" by "nova.scheduler.host_manager.HostState.update.._locked_update" {{(pid=95635) inner /opt/stack/data/venv/lib/python3.12/site-packages/oslo_concurrency/lockutils.py:511}}
Jun 17 12:49:55.554556 np0000003050 nova-scheduler[95635]: DEBUG oslo_concurrency.lockutils [None req-8c38d03e-4ddd-470e-a728-fb1aab12997b tempest-DeleteServersTestJSON-149850301 tempest-DeleteServersTestJSON-149850301-project-member] Lock "('np0000003050', 'np0000003050')" acquired by "nova.scheduler.host_manager.HostState.update.._locked_update" :: waited 0.000s {{(pid=95635) inner /opt/stack/data/venv/lib/python3.12/site-packages/oslo_concurrency/lockutils.py:524}}
