Jun 03 06:19:53.927227 np0000002015 devstack@g-api.service[98943]: [pid: 98943|app: 0|req: 78/142] 127.0.0.1 () {40 vars in 838 bytes} [Wed Jun 3 06:19:53 2026] GET /v2/images/25ec18b0-0de6-48ec-b442-6ddb09c11259 => generated 1360 bytes in 10 msecs (HTTP/1.1 200) 4 headers in 158 bytes (1 switches on core 0)
Jun 03 06:19:54.936218 np0000002015 devstack@g-api.service[98942]: DEBUG glance.api.middleware.version_negotiation [None req-be5a3553-62bf-4d0a-a64a-77d2fe959145 tempest-ServerBootFromVolumeStableRescueTest-1979608132 tempest-ServerBootFromVolumeStableRescueTest-1979608132-project-member] Determining version of request: GET /v2/images/25ec18b0-0de6-48ec-b442-6ddb09c11259 Accept: application/json {{(pid=98942) process_request /opt/stack/glance/glance/api/middleware/version_negotiation.py:44}}
Jun 03 06:19:54.937524 np0000002015 devstack@g-api.service[98942]: DEBUG glance.api.middleware.version_negotiation [None req-be5a3553-62bf-4d0a-a64a-77d2fe959145 tempest-ServerBootFromVolumeStableRescueTest-1979608132 tempest-ServerBootFromVolumeStableRescueTest-1979608132-project-member] Using url versioning {{(pid=98942) process_request /opt/stack/glance/glance/api/middleware/version_negotiation.py:57}}
Jun 03 06:19:54.937524 np0000002015 devstack@g-api.service[98942]: DEBUG glance.api.middleware.version_negotiation [None req-be5a3553-62bf-4d0a-a64a-77d2fe959145 tempest-ServerBootFromVolumeStableRescueTest-1979608132 tempest-ServerBootFromVolumeStableRescueTest-1979608132-project-member] Matched version: v2 {{(pid=98942) process_request /opt/stack/glance/glance/api/middleware/version_negotiation.py:69}}
Jun 03 06:19:54.937524 np0000002015 devstack@g-api.service[98942]: DEBUG glance.api.middleware.version_negotiation [None req-be5a3553-62bf-4d0a-a64a-77d2fe959145 tempest-ServerBootFromVolumeStableRescueTest-1979608132 tempest-ServerBootFromVolumeStableRescueTest-1979608132-project-member] new path /v2/images/25ec18b0-0de6-48ec-b442-6ddb09c11259 {{(pid=98942) process_request /opt/stack/glance/glance/api/middleware/version_negotiation.py:70}}
Jun 03 06:19:54.946680 np0000002015 devstack@g-api.service[98942]: [pid: 98942|app: 0|req: 65/143] 127.0.0.1 () {40 vars in 838 bytes} [Wed Jun 3 06:19:54 2026] GET /v2/images/25ec18b0-0de6-48ec-b442-6ddb09c11259 => generated 1360 bytes in 10 msecs (HTTP/1.1 200) 4 headers in 158 bytes (1 switches on core 0)
Jun 03 06:19:55.955081 np0000002015 devstack@g-api.service[98943]: DEBUG glance.api.middleware.version_negotiation [None req-ef865bd1-2d1e-4e2f-aab6-8fcd3d24153d tempest-ServerBootFromVolumeStableRescueTest-1979608132 tempest-ServerBootFromVolumeStableRescueTest-1979608132-project-member] Determining version of request: GET /v2/images/25ec18b0-0de6-48ec-b442-6ddb09c11259 Accept: application/json {{(pid=98943) process_request /opt/stack/glance/glance/api/middleware/version_negotiation.py:44}}
Jun 03 06:19:55.955949 np0000002015 devstack@g-api.service[98943]: DEBUG glance.api.middleware.version_negotiation [None req-ef865bd1-2d1e-4e2f-aab6-8fcd3d24153d tempest-ServerBootFromVolumeStableRescueTest-1979608132 tempest-ServerBootFromVolumeStableRescueTest-1979608132-project-member] Using url versioning {{(pid=98943) process_request /opt/stack/glance/glance/api/middleware/version_negotiation.py:57}}
Jun 03 06:19:55.956220 np0000002015 devstack@g-api.service[98943]: DEBUG glance.api.middleware.version_negotiation [None req-ef865bd1-2d1e-4e2f-aab6-8fcd3d24153d tempest-ServerBootFromVolumeStableRescueTest-1979608132 tempest-ServerBootFromVolumeStableRescueTest-1979608132-project-member] Matched version: v2 {{(pid=98943) process_request /opt/stack/glance/glance/api/middleware/version_negotiation.py:69}}
Jun 03 06:19:55.956415 np0000002015 devstack@g-api.service[98943]: DEBUG glance.api.middleware.version_negotiation [None req-ef865bd1-2d1e-4e2f-aab6-8fcd3d24153d tempest-ServerBootFromVolumeStableRescueTest-1979608132 tempest-ServerBootFromVolumeStableRescueTest-1979608132-project-member] new path /v2/images/25ec18b0-0de6-48ec-b442-6ddb09c11259 {{(pid=98943) process_request /opt/stack/glance/glance/api/middleware/version_negotiation.py:70}}
Jun 03 06:19:55.971119 np0000002015 devstack@g-api.service[98943]: [pid: 98943|app: 0|req: 79/144] 127.0.0.1 () {40 vars in 838 bytes} [Wed Jun 3 06:19:55 2026] GET /v2/images/25ec18b0-0de6-48ec-b442-6ddb09c11259 => generated 1360 bytes in 16 msecs (HTTP/1.1 200) 4 headers in 158 bytes (1 switches on core 0)
Jun 03 06:19:56.893819 np0000002015 devstack@g-api.service[98942]: DEBUG glance.api.middleware.version_negotiation [None req-8fe22e55-3758-4ffb-887a-1e98d0fbbd71 tempest-ServerBootFromVolumeStableRescueTest-1979608132 tempest-ServerBootFromVolumeStableRescueTest-1979608132-project-member] Determining version of request: GET /v2/images/25ec18b0-0de6-48ec-b442-6ddb09c11259 Accept: */* {{(pid=98942) process_request /opt/stack/glance/glance/api/middleware/version_negotiation.py:44}}
Jun 03 06:19:56.893819 np0000002015 devstack@g-api.service[98942]: DEBUG glance.api.middleware.version_negotiation [None req-8fe22e55-3758-4ffb-887a-1e98d0fbbd71 tempest-ServerBootFromVolumeStableRescueTest-1979608132 tempest-ServerBootFromVolumeStableRescueTest-1979608132-project-member] Using url versioning {{(pid=98942) process_request /opt/stack/glance/glance/api/middleware/version_negotiation.py:57}}
Jun 03 06:19:56.893819 np0000002015 devstack@g-api.service[98942]: DEBUG glance.api.middleware.version_negotiation [None req-8fe22e55-3758-4ffb-887a-1e98d0fbbd71 tempest-ServerBootFromVolumeStableRescueTest-1979608132 tempest-ServerBootFromVolumeStableRescueTest-1979608132-project-member] Matched version: v2 {{(pid=98942) process_request /opt/stack/glance/glance/api/middleware/version_negotiation.py:69}}
Jun 03 06:19:56.893819 np0000002015 devstack@g-api.service[98942]: DEBUG glance.api.middleware.version_negotiation [None req-8fe22e55-3758-4ffb-887a-1e98d0fbbd71 tempest-ServerBootFromVolumeStableRescueTest-1979608132 tempest-ServerBootFromVolumeStableRescueTest-1979608132-project-member] new path /v2/images/25ec18b0-0de6-48ec-b442-6ddb09c11259 {{(pid=98942) process_request /opt/stack/glance/glance/api/middleware/version_negotiation.py:70}}
Jun 03 06:19:56.920727 np0000002015 devstack@g-api.service[98942]: [pid: 98942|app: 0|req: 66/145] 127.0.0.1 () {44 vars in 1115 bytes} [Wed Jun 3 06:19:56 2026] GET /v2/images/25ec18b0-0de6-48ec-b442-6ddb09c11259 => generated 1360 bytes in 30 msecs (HTTP/1.1 200) 4 headers in 158 bytes (1 switches on core 0)
Jun 03 06:19:56.957391 np0000002015 devstack@g-api.service[98943]: DEBUG glance.api.middleware.version_negotiation [None req-f4a33df7-81a9-4ccc-93c2-de24a9257a2e tempest-ServerBootFromVolumeStableRescueTest-1979608132 tempest-ServerBootFromVolumeStableRescueTest-1979608132-project-member] Determining version of request: GET /v2/images/02c87423-83b1-481e-8ec7-406ad9e88f83 Accept: */* {{(pid=98943) process_request /opt/stack/glance/glance/api/middleware/version_negotiation.py:44}}
Jun 03 06:19:56.958216 np0000002015 devstack@g-api.service[98943]: DEBUG glance.api.middleware.version_negotiation [None req-f4a33df7-81a9-4ccc-93c2-de24a9257a2e tempest-ServerBootFromVolumeStableRescueTest-1979608132 tempest-ServerBootFromVolumeStableRescueTest-1979608132-project-member] Using url versioning {{(pid=98943) process_request /opt/stack/glance/glance/api/middleware/version_negotiation.py:57}}
Jun 03 06:19:56.958618 np0000002015 devstack@g-api.service[98943]: DEBUG glance.api.middleware.version_negotiation [None req-f4a33df7-81a9-4ccc-93c2-de24a9257a2e tempest-ServerBootFromVolumeStableRescueTest-1979608132 tempest-ServerBootFromVolumeStableRescueTest-1979608132-project-member] Matched version: v2 {{(pid=98943) process_request /opt/stack/glance/glance/api/middleware/version_negotiation.py:69}}
Jun 03 06:19:56.958858 np0000002015 devstack@g-api.service[98943]: DEBUG glance.api.middleware.version_negotiation [None req-f4a33df7-81a9-4ccc-93c2-de24a9257a2e tempest-ServerBootFromVolumeStableRescueTest-1979608132 tempest-ServerBootFromVolumeStableRescueTest-1979608132-project-member] new path /v2/images/02c87423-83b1-481e-8ec7-406ad9e88f83 {{(pid=98943) process_request /opt/stack/glance/glance/api/middleware/version_negotiation.py:70}}
Jun 03 06:19:56.974724 np0000002015 devstack@g-api.service[98943]: [pid: 98943|app: 0|req: 80/146] 127.0.0.1 () {44 vars in 1115 bytes} [Wed Jun 3 06:19:56 2026] GET /v2/images/02c87423-83b1-481e-8ec7-406ad9e88f83 => generated 1044 bytes in 17 msecs (HTTP/1.1 200) 4 headers in 158 bytes (1 switches on core 0)
Jun 03 06:19:56.986620 np0000002015 devstack@g-api.service[98942]: DEBUG glance.api.middleware.version_negotiation [None req-be5a3553-62bf-4d0a-a64a-77d2fe959145 tempest-ServerBootFromVolumeStableRescueTest-1979608132 tempest-ServerBootFromVolumeStableRescueTest-1979608132-project-member] Determining version of request: GET /v2/images/25ec18b0-0de6-48ec-b442-6ddb09c11259 Accept: application/json {{(pid=98942) process_request /opt/stack/glance/glance/api/middleware/version_negotiation.py:44}}
Jun 03 06:19:56.986620 np0000002015 devstack@g-api.service[98942]: DEBUG glance.api.middleware.version_negotiation [None req-be5a3553-62bf-4d0a-a64a-77d2fe959145 tempest-ServerBootFromVolumeStableRescueTest-1979608132 tempest-ServerBootFromVolumeStableRescueTest-1979608132-project-member] Using url versioning {{(pid=98942) process_request /opt/stack/glance/glance/api/middleware/version_negotiation.py:57}}
Jun 03 06:19:56.986620 np0000002015 devstack@g-api.service[98942]: DEBUG glance.api.middleware.version_negotiation [None req-be5a3553-62bf-4d0a-a64a-77d2fe959145 tempest-ServerBootFromVolumeStableRescueTest-1979608132 tempest-ServerBootFromVolumeStableRescueTest-1979608132-project-member] Matched version: v2 {{(pid=98942) process_request /opt/stack/glance/glance/api/middleware/version_negotiation.py:69}}
Jun 03 06:19:56.986620 np0000002015 devstack@g-api.service[98942]: DEBUG glance.api.middleware.version_negotiation [None req-be5a3553-62bf-4d0a-a64a-77d2fe959145 tempest-ServerBootFromVolumeStableRescueTest-1979608132 tempest-ServerBootFromVolumeStableRescueTest-1979608132-project-member] new path /v2/images/25ec18b0-0de6-48ec-b442-6ddb09c11259 {{(pid=98942) process_request /opt/stack/glance/glance/api/middleware/version_negotiation.py:70}}
Jun 03 06:19:56.994788 np0000002015 devstack@g-api.service[98943]: DEBUG glance.api.middleware.version_negotiation [None req-23baacdf-2122-4b8d-a6af-64abc0c428c2 tempest-ServerRescueNegativeTestJSON-618161398 tempest-ServerRescueNegativeTestJSON-618161398-project-member] Determining version of request: GET /v2/schemas/image Accept: */* {{(pid=98943) process_request /opt/stack/glance/glance/api/middleware/version_negotiation.py:44}}
Jun 03 06:19:56.996288 np0000002015 devstack@g-api.service[98943]: DEBUG glance.api.middleware.version_negotiation [None req-23baacdf-2122-4b8d-a6af-64abc0c428c2 tempest-ServerRescueNegativeTestJSON-618161398 tempest-ServerRescueNegativeTestJSON-618161398-project-member] Using url versioning {{(pid=98943) process_request /opt/stack/glance/glance/api/middleware/version_negotiation.py:57}}
Jun 03 06:19:56.999862 np0000002015 devstack@g-api.service[98943]: DEBUG glance.api.middleware.version_negotiation [None req-23baacdf-2122-4b8d-a6af-64abc0c428c2 tempest-ServerRescueNegativeTestJSON-618161398 tempest-ServerRescueNegativeTestJSON-618161398-project-member] Matched version: v2 {{(pid=98943) process_request /opt/stack/glance/glance/api/middleware/version_negotiation.py:69}}
Jun 03 06:19:57.000252 np0000002015 devstack@g-api.service[98943]: DEBUG glance.api.middleware.version_negotiation [None req-23baacdf-2122-4b8d-a6af-64abc0c428c2 tempest-ServerRescueNegativeTestJSON-618161398 tempest-ServerRescueNegativeTestJSON-618161398-project-member] new path /v2/schemas/image {{(pid=98943) process_request /opt/stack/glance/glance/api/middleware/version_negotiation.py:70}}
Jun 03 06:19:57.006269 np0000002015 devstack@g-api.service[98943]: [pid: 98943|app: 0|req: 81/147] 127.0.0.1 () {44 vars in 1055 bytes} [Wed Jun 3 06:19:56 2026] GET /v2/schemas/image => generated 6083 bytes in 12 msecs (HTTP/1.1 200) 4 headers in 158 bytes (1 switches on core 0)
Jun 03 06:19:57.016559 np0000002015 devstack@g-api.service[98942]: [pid: 98942|app: 0|req: 67/148] 127.0.0.1 () {40 vars in 838 bytes} [Wed Jun 3 06:19:56 2026] GET /v2/images/25ec18b0-0de6-48ec-b442-6ddb09c11259 => generated 1360 bytes in 34 msecs (HTTP/1.1 200) 4 headers in 158 bytes (1 switches on core 0)
Jun 03 06:19:57.035674 np0000002015 devstack@g-api.service[98943]: DEBUG glance.api.middleware.version_negotiation [None req-be5a3553-62bf-4d0a-a64a-77d2fe959145 tempest-ServerBootFromVolumeStableRescueTest-1979608132 tempest-ServerBootFromVolumeStableRescueTest-1979608132-project-member] Determining version of request: GET /v2/schemas/image Accept: */* {{(pid=98943) process_request /opt/stack/glance/glance/api/middleware/version_negotiation.py:44}}
Jun 03 06:19:57.036001 np0000002015 devstack@g-api.service[98943]: DEBUG glance.api.middleware.version_negotiation [None req-be5a3553-62bf-4d0a-a64a-77d2fe959145 tempest-ServerBootFromVolumeStableRescueTest-1979608132 tempest-ServerBootFromVolumeStableRescueTest-1979608132-project-member] Using url versioning {{(pid=98943) process_request /opt/stack/glance/glance/api/middleware/version_negotiation.py:57}}
Jun 03 06:19:57.036373 np0000002015 devstack@g-api.service[98943]: DEBUG glance.api.middleware.version_negotiation [None req-be5a3553-62bf-4d0a-a64a-77d2fe959145 tempest-ServerBootFromVolumeStableRescueTest-1979608132 tempest-ServerBootFromVolumeStableRescueTest-1979608132-project-member] Matched version: v2 {{(pid=98943) process_request /opt/stack/glance/glance/api/middleware/version_negotiation.py:69}}
Jun 03 06:19:57.036580 np0000002015 devstack@g-api.service[98943]: DEBUG glance.api.middleware.version_negotiation [None req-be5a3553-62bf-4d0a-a64a-77d2fe959145 tempest-ServerBootFromVolumeStableRescueTest-1979608132 tempest-ServerBootFromVolumeStableRescueTest-1979608132-project-member] new path /v2/schemas/image {{(pid=98943) process_request /opt/stack/glance/glance/api/middleware/version_negotiation.py:70}}
Jun 03 06:19:57.039025 np0000002015 devstack@g-api.service[98943]: [pid: 98943|app: 0|req: 82/149] 127.0.0.1 () {44 vars in 1055 bytes} [Wed Jun 3 06:19:57 2026] GET /v2/schemas/image => generated 6083 bytes in 3 msecs (HTTP/1.1 200) 4 headers in 158 bytes (1 switches on core 0)
Jun 03 06:19:57.050391 np0000002015 devstack@g-api.service[98942]: DEBUG glance.api.middleware.version_negotiation [None req-8a19f31c-773e-4175-8f21-cdb2d5f2564c tempest-ServerBootFromVolumeStableRescueTest-1979608132 tempest-ServerBootFromVolumeStableRescueTest-1979608132-project-member] Determining version of request: GET /v2/schemas/image Accept: */* {{(pid=98942) process_request /opt/stack/glance/glance/api/middleware/version_negotiation.py:44}}
Jun 03 06:19:57.050549 np0000002015 devstack@g-api.service[98942]: DEBUG glance.api.middleware.version_negotiation [None req-8a19f31c-773e-4175-8f21-cdb2d5f2564c tempest-ServerBootFromVolumeStableRescueTest-1979608132 tempest-ServerBootFromVolumeStableRescueTest-1979608132-project-member] Using url versioning {{(pid=98942) process_request /opt/stack/glance/glance/api/middleware/version_negotiation.py:57}}
Jun 03 06:19:57.050855 np0000002015 devstack@g-api.service[98942]: DEBUG glance.api.middleware.version_negotiation [None req-8a19f31c-773e-4175-8f21-cdb2d5f2564c tempest-ServerBootFromVolumeStableRescueTest-1979608132 tempest-ServerBootFromVolumeStableRescueTest-1979608132-project-member] Matched version: v2 {{(pid=98942) process_request /opt/stack/glance/glance/api/middleware/version_negotiation.py:69}}
Jun 03 06:19:57.051339 np0000002015 devstack@g-api.service[98942]: DEBUG glance.api.middleware.version_negotiation [None req-8a19f31c-773e-4175-8f21-cdb2d5f2564c tempest-ServerBootFromVolumeStableRescueTest-1979608132 tempest-ServerBootFromVolumeStableRescueTest-1979608132-project-member] new path /v2/schemas/image {{(pid=98942) process_request /opt/stack/glance/glance/api/middleware/version_negotiation.py:70}}
Jun 03 06:19:57.055322 np0000002015 devstack@g-api.service[98942]: [pid: 98942|app: 0|req: 68/150] 127.0.0.1 () {44 vars in 1055 bytes} [Wed Jun 3 06:19:57 2026] GET /v2/schemas/image => generated 6083 bytes in 5 msecs (HTTP/1.1 200) 4 headers in 158 bytes (1 switches on core 0)
Jun 03 06:19:57.092219 np0000002015 devstack@g-api.service[98943]: DEBUG glance.api.middleware.version_negotiation [None req-23baacdf-2122-4b8d-a6af-64abc0c428c2 tempest-ServerRescueNegativeTestJSON-618161398 tempest-ServerRescueNegativeTestJSON-618161398-project-member] Determining version of request: PATCH /v2/images/25ec18b0-0de6-48ec-b442-6ddb09c11259 Accept: */* {{(pid=98943) process_request /opt/stack/glance/glance/api/middleware/version_negotiation.py:44}}
Jun 03 06:19:57.092378 np0000002015 devstack@g-api.service[98943]: DEBUG glance.api.middleware.version_negotiation [None req-23baacdf-2122-4b8d-a6af-64abc0c428c2 tempest-ServerRescueNegativeTestJSON-618161398 tempest-ServerRescueNegativeTestJSON-618161398-project-member] Using url versioning {{(pid=98943) process_request /opt/stack/glance/glance/api/middleware/version_negotiation.py:57}}
Jun 03 06:19:57.092491 np0000002015 devstack@g-api.service[98943]: DEBUG glance.api.middleware.version_negotiation [None req-23baacdf-2122-4b8d-a6af-64abc0c428c2 tempest-ServerRescueNegativeTestJSON-618161398 tempest-ServerRescueNegativeTestJSON-618161398-project-member] Matched version: v2 {{(pid=98943) process_request /opt/stack/glance/glance/api/middleware/version_negotiation.py:69}}
Jun 03 06:19:57.094258 np0000002015 devstack@g-api.service[98943]: DEBUG glance.api.middleware.version_negotiation [None req-23baacdf-2122-4b8d-a6af-64abc0c428c2 tempest-ServerRescueNegativeTestJSON-618161398 tempest-ServerRescueNegativeTestJSON-618161398-project-member] new path /v2/images/25ec18b0-0de6-48ec-b442-6ddb09c11259 {{(pid=98943) process_request /opt/stack/glance/glance/api/middleware/version_negotiation.py:70}}
Jun 03 06:19:57.259517 np0000002015 devstack@g-api.service[98943]: [pid: 98943|app: 0|req: 83/151] 127.0.0.1 () {46 vars in 1158 bytes} [Wed Jun 3 06:19:57 2026] PATCH /v2/images/25ec18b0-0de6-48ec-b442-6ddb09c11259 => generated 1471 bytes in 167 msecs (HTTP/1.1 200) 4 headers in 158 bytes (1 switches on core 0)
Jun 03 06:19:57.302845 np0000002015 devstack@g-api.service[98942]: DEBUG glance.api.middleware.version_negotiation [None req-be5a3553-62bf-4d0a-a64a-77d2fe959145 tempest-ServerBootFromVolumeStableRescueTest-1979608132 tempest-ServerBootFromVolumeStableRescueTest-1979608132-project-member] Determining version of request: GET /v2/images/25ec18b0-0de6-48ec-b442-6ddb09c11259 Accept: */* {{(pid=98942) process_request /opt/stack/glance/glance/api/middleware/version_negotiation.py:44}}
Jun 03 06:19:57.304439 np0000002015 devstack@g-api.service[98942]: DEBUG glance.api.middleware.version_negotiation [None req-be5a3553-62bf-4d0a-a64a-77d2fe959145 tempest-ServerBootFromVolumeStableRescueTest-1979608132 tempest-ServerBootFromVolumeStableRescueTest-1979608132-project-member] Using url versioning {{(pid=98942) process_request /opt/stack/glance/glance/api/middleware/version_negotiation.py:57}}
Jun 03 06:19:57.304439 np0000002015 devstack@g-api.service[98942]: DEBUG glance.api.middleware.version_negotiation [None req-be5a3553-62bf-4d0a-a64a-77d2fe959145 tempest-ServerBootFromVolumeStableRescueTest-1979608132 tempest-ServerBootFromVolumeStableRescueTest-1979608132-project-member] Matched version: v2 {{(pid=98942) process_request /opt/stack/glance/glance/api/middleware/version_negotiation.py:69}}
Jun 03 06:19:57.304439 np0000002015 devstack@g-api.service[98942]: DEBUG glance.api.middleware.version_negotiation [None req-be5a3553-62bf-4d0a-a64a-77d2fe959145 tempest-ServerBootFromVolumeStableRescueTest-1979608132 tempest-ServerBootFromVolumeStableRescueTest-1979608132-project-member] new path /v2/images/25ec18b0-0de6-48ec-b442-6ddb09c11259 {{(pid=98942) process_request /opt/stack/glance/glance/api/middleware/version_negotiation.py:70}}
Jun 03 06:19:57.318196 np0000002015 devstack@g-api.service[98942]: [pid: 98942|app: 0|req: 69/152] 127.0.0.1 () {44 vars in 1115 bytes} [Wed Jun 3 06:19:57 2026] GET /v2/images/25ec18b0-0de6-48ec-b442-6ddb09c11259 => generated 1471 bytes in 16 msecs (HTTP/1.1 200) 4 headers in 158 bytes (1 switches on core 0)
Jun 03 06:19:57.371677 np0000002015 devstack@g-api.service[98943]: DEBUG glance.api.middleware.version_negotiation [None req-be5a3553-62bf-4d0a-a64a-77d2fe959145 tempest-ServerBootFromVolumeStableRescueTest-1979608132 tempest-ServerBootFromVolumeStableRescueTest-1979608132-project-member] Determining version of request: PUT /v2/images/25ec18b0-0de6-48ec-b442-6ddb09c11259/file Accept: */* {{(pid=98943) process_request /opt/stack/glance/glance/api/middleware/version_negotiation.py:44}}
Jun 03 06:19:57.371852 np0000002015 devstack@g-api.service[98943]: DEBUG glance.api.middleware.version_negotiation [None req-be5a3553-62bf-4d0a-a64a-77d2fe959145 tempest-ServerBootFromVolumeStableRescueTest-1979608132 tempest-ServerBootFromVolumeStableRescueTest-1979608132-project-member] Using url versioning {{(pid=98943) process_request /opt/stack/glance/glance/api/middleware/version_negotiation.py:57}}
Jun 03 06:19:57.371987 np0000002015 devstack@g-api.service[98943]: DEBUG glance.api.middleware.version_negotiation [None req-be5a3553-62bf-4d0a-a64a-77d2fe959145 tempest-ServerBootFromVolumeStableRescueTest-1979608132 tempest-ServerBootFromVolumeStableRescueTest-1979608132-project-member] Matched version: v2 {{(pid=98943) process_request /opt/stack/glance/glance/api/middleware/version_negotiation.py:69}}
Jun 03 06:19:57.372087 np0000002015 devstack@g-api.service[98943]: DEBUG glance.api.middleware.version_negotiation [None req-be5a3553-62bf-4d0a-a64a-77d2fe959145 tempest-ServerBootFromVolumeStableRescueTest-1979608132 tempest-ServerBootFromVolumeStableRescueTest-1979608132-project-member] new path /v2/images/25ec18b0-0de6-48ec-b442-6ddb09c11259/file {{(pid=98943) process_request /opt/stack/glance/glance/api/middleware/version_negotiation.py:70}}
Jun 03 06:19:57.898511 np0000002015 devstack@g-api.service[98943]: INFO glance.api.v2.image_data [None req-be5a3553-62bf-4d0a-a64a-77d2fe959145 tempest-ServerBootFromVolumeStableRescueTest-1979608132 tempest-ServerBootFromVolumeStableRescueTest-1979608132-project-member] Unable to create trust: no such option collect_timing in group [keystone_authtoken] Use the existing user token.
Jun 03 06:19:58.027440 np0000002015 devstack@g-api.service[98942]: DEBUG glance.api.middleware.version_negotiation [None req-be5a3553-62bf-4d0a-a64a-77d2fe959145 tempest-ServerBootFromVolumeStableRescueTest-1979608132 tempest-ServerBootFromVolumeStableRescueTest-1979608132-project-member] Determining version of request: GET /v2/images/25ec18b0-0de6-48ec-b442-6ddb09c11259 Accept: application/json {{(pid=98942) process_request /opt/stack/glance/glance/api/middleware/version_negotiation.py:44}}
Jun 03 06:19:58.027440 np0000002015 devstack@g-api.service[98942]: DEBUG glance.api.middleware.version_negotiation [None req-be5a3553-62bf-4d0a-a64a-77d2fe959145 tempest-ServerBootFromVolumeStableRescueTest-1979608132 tempest-ServerBootFromVolumeStableRescueTest-1979608132-project-member] Using url versioning {{(pid=98942) process_request /opt/stack/glance/glance/api/middleware/version_negotiation.py:57}}
Jun 03 06:19:58.027440 np0000002015 devstack@g-api.service[98942]: DEBUG glance.api.middleware.version_negotiation [None req-be5a3553-62bf-4d0a-a64a-77d2fe959145 tempest-ServerBootFromVolumeStableRescueTest-1979608132 tempest-ServerBootFromVolumeStableRescueTest-1979608132-project-member] Matched version: v2 {{(pid=98942) process_request /opt/stack/glance/glance/api/middleware/version_negotiation.py:69}}
Jun 03 06:19:58.027882 np0000002015 devstack@g-api.service[98942]: DEBUG glance.api.middleware.version_negotiation [None req-be5a3553-62bf-4d0a-a64a-77d2fe959145 tempest-ServerBootFromVolumeStableRescueTest-1979608132 tempest-ServerBootFromVolumeStableRescueTest-1979608132-project-member] new path /v2/images/25ec18b0-0de6-48ec-b442-6ddb09c11259 {{(pid=98942) process_request /opt/stack/glance/glance/api/middleware/version_negotiation.py:70}}
Jun 03 06:19:58.042942 np0000002015 devstack@g-api.service[98942]: [pid: 98942|app: 0|req: 70/153] 127.0.0.1 () {40 vars in 838 bytes} [Wed Jun 3 06:19:58 2026] GET /v2/images/25ec18b0-0de6-48ec-b442-6ddb09c11259 => generated 1471 bytes in 16 msecs (HTTP/1.1 200) 4 headers in 158 bytes (1 switches on core 0)
Jun 03 06:19:58.465480 np0000002015 devstack@g-api.service[98943]: DEBUG glance.location [None req-be5a3553-62bf-4d0a-a64a-77d2fe959145 tempest-ServerBootFromVolumeStableRescueTest-1979608132 tempest-ServerBootFromVolumeStableRescueTest-1979608132-project-member] Enabling in-flight format inspection for qcow2 {{(pid=98943) set_data /opt/stack/glance/glance/location.py:616}}
Jun 03 06:19:58.466634 np0000002015 devstack@g-api.service[98943]: DEBUG glance_store.backend [None req-be5a3553-62bf-4d0a-a64a-77d2fe959145 tempest-ServerBootFromVolumeStableRescueTest-1979608132 tempest-ServerBootFromVolumeStableRescueTest-1979608132-project-member] Attempting to import store swift {{(pid=98943) _load_store /opt/stack/data/venv/lib/python3.12/site-packages/glance_store/backend.py:215}}
Jun 03 06:19:58.469069 np0000002015 devstack@g-api.service[98943]: DEBUG glance_store.capabilities [None req-be5a3553-62bf-4d0a-a64a-77d2fe959145 tempest-ServerBootFromVolumeStableRescueTest-1979608132 tempest-ServerBootFromVolumeStableRescueTest-1979608132-project-member] Store glance_store._drivers.swift.store.SingleTenantStore doesn't support updating dynamic storage capabilities. Please overwrite 'update_capabilities' method of the store to implement updating logics if needed. {{(pid=98943) update_capabilities /opt/stack/data/venv/lib/python3.12/site-packages/glance_store/capabilities.py:91}}
Jun 03 06:19:58.469520 np0000002015 devstack@g-api.service[98943]: DEBUG glance_store.driver [None req-be5a3553-62bf-4d0a-a64a-77d2fe959145 tempest-ServerBootFromVolumeStableRescueTest-1979608132 tempest-ServerBootFromVolumeStableRescueTest-1979608132-project-member] Late loading location class glance_store._drivers.swift.store.StoreLocation {{(pid=98943) get_store_location_class /opt/stack/data/venv/lib/python3.12/site-packages/glance_store/driver.py:134}}
Jun 03 06:19:58.469803 np0000002015 devstack@g-api.service[98943]: DEBUG glance_store.location [None req-be5a3553-62bf-4d0a-a64a-77d2fe959145 tempest-ServerBootFromVolumeStableRescueTest-1979608132 tempest-ServerBootFromVolumeStableRescueTest-1979608132-project-member] Registering scheme swift+https with {'store': , 'location_class': , 'store_entry': 'swift'} {{(pid=98943) register_scheme_map /opt/stack/data/venv/lib/python3.12/site-packages/glance_store/location.py:146}}
Jun 03 06:19:58.470070 np0000002015 devstack@g-api.service[98943]: DEBUG glance_store.location [None req-be5a3553-62bf-4d0a-a64a-77d2fe959145 tempest-ServerBootFromVolumeStableRescueTest-1979608132 tempest-ServerBootFromVolumeStableRescueTest-1979608132-project-member] Registering scheme swift+https with {'store': , 'location_class': , 'store_entry': 'swift'} {{(pid=98943) register_scheme_map /opt/stack/data/venv/lib/python3.12/site-packages/glance_store/location.py:146}}
Jun 03 06:19:58.470342 np0000002015 devstack@g-api.service[98943]: DEBUG glance_store.location [None req-be5a3553-62bf-4d0a-a64a-77d2fe959145 tempest-ServerBootFromVolumeStableRescueTest-1979608132 tempest-ServerBootFromVolumeStableRescueTest-1979608132-project-member] Registering scheme swift with {'store': , 'location_class': , 'store_entry': 'swift'} {{(pid=98943) register_scheme_map /opt/stack/data/venv/lib/python3.12/site-packages/glance_store/location.py:146}}
Jun 03 06:19:58.470616 np0000002015 devstack@g-api.service[98943]: DEBUG glance_store.location [None req-be5a3553-62bf-4d0a-a64a-77d2fe959145 tempest-ServerBootFromVolumeStableRescueTest-1979608132 tempest-ServerBootFromVolumeStableRescueTest-1979608132-project-member] Registering scheme swift+https with {'store': , 'location_class': , 'store_entry': 'swift'} {{(pid=98943) register_scheme_map /opt/stack/data/venv/lib/python3.12/site-packages/glance_store/location.py:146}}
Jun 03 06:19:58.470860 np0000002015 devstack@g-api.service[98943]: DEBUG glance_store.location [None req-be5a3553-62bf-4d0a-a64a-77d2fe959145 tempest-ServerBootFromVolumeStableRescueTest-1979608132 tempest-ServerBootFromVolumeStableRescueTest-1979608132-project-member] Registering scheme swift with {'store': , 'location_class': , 'store_entry': 'swift'} {{(pid=98943) register_scheme_map /opt/stack/data/venv/lib/python3.12/site-packages/glance_store/location.py:146}}
Jun 03 06:19:58.471097 np0000002015 devstack@g-api.service[98943]: DEBUG glance_store.location [None req-be5a3553-62bf-4d0a-a64a-77d2fe959145 tempest-ServerBootFromVolumeStableRescueTest-1979608132 tempest-ServerBootFromVolumeStableRescueTest-1979608132-project-member] Registering scheme swift+http with {'store': , 'location_class': , 'store_entry': 'swift'} {{(pid=98943) register_scheme_map /opt/stack/data/venv/lib/python3.12/site-packages/glance_store/location.py:146}}
Jun 03 06:19:58.472596 np0000002015 devstack@g-api.service[98943]: DEBUG glance_store.location [None req-be5a3553-62bf-4d0a-a64a-77d2fe959145 tempest-ServerBootFromVolumeStableRescueTest-1979608132 tempest-ServerBootFromVolumeStableRescueTest-1979608132-project-member] Registering scheme swift+https with {'store': , 'location_class': , 'store_entry': 'swift'} {{(pid=98943) register_scheme_map /opt/stack/data/venv/lib/python3.12/site-packages/glance_store/location.py:146}}
Jun 03 06:19:58.472596 np0000002015 devstack@g-api.service[98943]: DEBUG glance_store.location [None req-be5a3553-62bf-4d0a-a64a-77d2fe959145 tempest-ServerBootFromVolumeStableRescueTest-1979608132 tempest-ServerBootFromVolumeStableRescueTest-1979608132-project-member] Registering scheme swift with {'store': , 'location_class': , 'store_entry': 'swift'} {{(pid=98943) register_scheme_map /opt/stack/data/venv/lib/python3.12/site-packages/glance_store/location.py:146}}
Jun 03 06:19:58.472596 np0000002015 devstack@g-api.service[98943]: DEBUG glance_store.location [None req-be5a3553-62bf-4d0a-a64a-77d2fe959145 tempest-ServerBootFromVolumeStableRescueTest-1979608132 tempest-ServerBootFromVolumeStableRescueTest-1979608132-project-member] Registering scheme swift+http with {'store': , 'location_class': , 'store_entry': 'swift'} {{(pid=98943) register_scheme_map /opt/stack/data/venv/lib/python3.12/site-packages/glance_store/location.py:146}}
Jun 03 06:19:58.472596 np0000002015 devstack@g-api.service[98943]: DEBUG glance_store.location [None req-be5a3553-62bf-4d0a-a64a-77d2fe959145 tempest-ServerBootFromVolumeStableRescueTest-1979608132 tempest-ServerBootFromVolumeStableRescueTest-1979608132-project-member] Registering scheme swift+config with {'store': , 'location_class': , 'store_entry': 'swift'} {{(pid=98943) register_scheme_map /opt/stack/data/venv/lib/python3.12/site-packages/glance_store/location.py:146}}
Jun 03 06:19:58.753256 np0000002015 devstack@g-api.service[98943]: DEBUG swiftclient [None req-be5a3553-62bf-4d0a-a64a-77d2fe959145 tempest-ServerBootFromVolumeStableRescueTest-1979608132 tempest-ServerBootFromVolumeStableRescueTest-1979608132-project-member] REQ: curl -i https://10.4.3.135:8080/v1/AUTH_f5dde93c68b1450caf9cb73e5e36cd5d/glance -I -H "X-Auth-Token: gAAAAABqH8eOQ_XC..." {{(pid=98943) http_log /opt/stack/data/venv/lib/python3.12/site-packages/swiftclient/client.py:160}}
Jun 03 06:19:58.753256 np0000002015 devstack@g-api.service[98943]: DEBUG swiftclient [None req-be5a3553-62bf-4d0a-a64a-77d2fe959145 tempest-ServerBootFromVolumeStableRescueTest-1979608132 tempest-ServerBootFromVolumeStableRescueTest-1979608132-project-member] RESP STATUS: 204 No Content {{(pid=98943) http_log /opt/stack/data/venv/lib/python3.12/site-packages/swiftclient/client.py:161}}
Jun 03 06:19:58.753256 np0000002015 devstack@g-api.service[98943]: DEBUG swiftclient [None req-be5a3553-62bf-4d0a-a64a-77d2fe959145 tempest-ServerBootFromVolumeStableRescueTest-1979608132 tempest-ServerBootFromVolumeStableRescueTest-1979608132-project-member] RESP HEADERS: {'Date': 'Wed, 03 Jun 2026 06:19:58 GMT', 'Server': 'Apache/2.4.58 (Ubuntu)', 'Content-Type': 'text/plain; charset=utf-8', 'X-Container-Object-Count': '5', 'X-Container-Bytes-Used': '87883776', 'X-Timestamp': '1780467334.81996', 'Last-Modified': 'Wed, 03 Jun 2026 06:15:35 GMT', 'Accept-Ranges': 'bytes', 'X-Storage-Policy': 'Policy-0', 'X-Container-Sharding': 'False', 'Vary': 'Accept', 'X-Trans-Id': 'tx9fed839bd7ae41aca39aa-006a1fc78e', 'X-Openstack-Request-Id': 'tx9fed839bd7ae41aca39aa-006a1fc78e', 'Connection': 'close'} {{(pid=98943) http_log /opt/stack/data/venv/lib/python3.12/site-packages/swiftclient/client.py:162}}
Jun 03 06:19:58.753256 np0000002015 devstack@g-api.service[98943]: DEBUG glance_store._drivers.swift.store [None req-be5a3553-62bf-4d0a-a64a-77d2fe959145 tempest-ServerBootFromVolumeStableRescueTest-1979608132 tempest-ServerBootFromVolumeStableRescueTest-1979608132-project-member] Adding image object '25ec18b0-0de6-48ec-b442-6ddb09c11259' to Swift {{(pid=98943) add /opt/stack/data/venv/lib/python3.12/site-packages/glance_store/_drivers/swift/store.py:970}}
Jun 03 06:19:58.753256 np0000002015 devstack@g-api.service[98943]: DEBUG glance_store._drivers.swift.store [None req-be5a3553-62bf-4d0a-a64a-77d2fe959145 tempest-ServerBootFromVolumeStableRescueTest-1979608132 tempest-ServerBootFromVolumeStableRescueTest-1979608132-project-member] Cannot determine image size because it is either not provided in the request or chunked-transfer encoding is used. Adding image as a segmented object to Swift. {{(pid=98943) add /opt/stack/data/venv/lib/python3.12/site-packages/glance_store/_drivers/swift/store.py:994}}
Jun 03 06:19:58.763261 np0000002015 devstack@g-api.service[98943]: DEBUG oslo_utils.imageutils.format_inspector [None req-be5a3553-62bf-4d0a-a64a-77d2fe959145 tempest-ServerBootFromVolumeStableRescueTest-1979608132 tempest-ServerBootFromVolumeStableRescueTest-1979608132-project-member] Format inspector for vmdk does not match, excluding from consideration (Signature KDMV not found: b'QFI\xfb') {{(pid=98943) _process_chunk /opt/stack/data/venv/lib/python3.12/site-packages/oslo_utils/imageutils/format_inspector.py:1758}}
Jun 03 06:19:58.766586 np0000002015 devstack@g-api.service[98943]: DEBUG oslo_utils.imageutils.format_inspector [None req-be5a3553-62bf-4d0a-a64a-77d2fe959145 tempest-ServerBootFromVolumeStableRescueTest-1979608132 tempest-ServerBootFromVolumeStableRescueTest-1979608132-project-member] Format inspector for vhdx does not match, excluding from consideration (Region signature not found at 30000) {{(pid=98943) _process_chunk /opt/stack/data/venv/lib/python3.12/site-packages/oslo_utils/imageutils/format_inspector.py:1758}}
Jun 03 06:19:59.035212 np0000002015 devstack@g-api.service[98943]: DEBUG swiftclient [None req-be5a3553-62bf-4d0a-a64a-77d2fe959145 tempest-ServerBootFromVolumeStableRescueTest-1979608132 tempest-ServerBootFromVolumeStableRescueTest-1979608132-project-member] REQ: curl -i https://10.4.3.135:8080/v1/AUTH_f5dde93c68b1450caf9cb73e5e36cd5d/glance/25ec18b0-0de6-48ec-b442-6ddb09c11259-00001 -X PUT -H "X-Auth-Token: gAAAAABqH8eOQ_XC..." {{(pid=98943) http_log /opt/stack/data/venv/lib/python3.12/site-packages/swiftclient/client.py:160}}
Jun 03 06:19:59.035212 np0000002015 devstack@g-api.service[98943]: DEBUG swiftclient [None req-be5a3553-62bf-4d0a-a64a-77d2fe959145 tempest-ServerBootFromVolumeStableRescueTest-1979608132 tempest-ServerBootFromVolumeStableRescueTest-1979608132-project-member] RESP STATUS: 201 Created {{(pid=98943) http_log /opt/stack/data/venv/lib/python3.12/site-packages/swiftclient/client.py:161}}
Jun 03 06:19:59.035212 np0000002015 devstack@g-api.service[98943]: DEBUG swiftclient [None req-be5a3553-62bf-4d0a-a64a-77d2fe959145 tempest-ServerBootFromVolumeStableRescueTest-1979608132 tempest-ServerBootFromVolumeStableRescueTest-1979608132-project-member] RESP HEADERS: {'Date': 'Wed, 03 Jun 2026 06:19:59 GMT', 'Server': 'Apache/2.4.58 (Ubuntu)', 'Content-Type': 'text/html; charset=UTF-8', 'Content-Length': '0', 'Etag': '4fa343ee581d8d2e78533191fd1ac3e1', 'Last-Modified': 'Wed, 03 Jun 2026 06:19:59 GMT', 'X-Trans-Id': 'tx62521b18ccd6468385ace-006a1fc78e', 'X-Openstack-Request-Id': 'tx62521b18ccd6468385ace-006a1fc78e', 'Connection': 'close'} {{(pid=98943) http_log /opt/stack/data/venv/lib/python3.12/site-packages/swiftclient/client.py:162}}
Jun 03 06:19:59.035212 np0000002015 devstack@g-api.service[98943]: DEBUG glance_store._drivers.swift.store [None req-be5a3553-62bf-4d0a-a64a-77d2fe959145 tempest-ServerBootFromVolumeStableRescueTest-1979608132 tempest-ServerBootFromVolumeStableRescueTest-1979608132-project-member] Wrote chunk 25ec18b0-0de6-48ec-b442-6ddb09c11259-00001 (1/?) of length 23527424 to Swift returning MD5 of content: 4fa343ee581d8d2e78533191fd1ac3e1 {{(pid=98943) add /opt/stack/data/venv/lib/python3.12/site-packages/glance_store/_drivers/swift/store.py:1059}}
Jun 03 06:19:59.035543 np0000002015 devstack@g-api.service[98943]: DEBUG glance_store._drivers.swift.store [None req-be5a3553-62bf-4d0a-a64a-77d2fe959145 tempest-ServerBootFromVolumeStableRescueTest-1979608132 tempest-ServerBootFromVolumeStableRescueTest-1979608132-project-member] Not writing zero-length chunk. {{(pid=98943) add /opt/stack/data/venv/lib/python3.12/site-packages/glance_store/_drivers/swift/store.py:1028}}
Jun 03 06:19:59.052773 np0000002015 devstack@g-api.service[98942]: DEBUG glance.api.middleware.version_negotiation [None req-79081d46-fcdc-4a3f-8844-630022f5e19e tempest-ServerBootFromVolumeStableRescueTest-1979608132 tempest-ServerBootFromVolumeStableRescueTest-1979608132-project-member] Determining version of request: GET /v2/images/25ec18b0-0de6-48ec-b442-6ddb09c11259 Accept: application/json {{(pid=98942) process_request /opt/stack/glance/glance/api/middleware/version_negotiation.py:44}}
Jun 03 06:19:59.053241 np0000002015 devstack@g-api.service[98942]: DEBUG glance.api.middleware.version_negotiation [None req-79081d46-fcdc-4a3f-8844-630022f5e19e tempest-ServerBootFromVolumeStableRescueTest-1979608132 tempest-ServerBootFromVolumeStableRescueTest-1979608132-project-member] Using url versioning {{(pid=98942) process_request /opt/stack/glance/glance/api/middleware/version_negotiation.py:57}}
Jun 03 06:19:59.054020 np0000002015 devstack@g-api.service[98942]: DEBUG glance.api.middleware.version_negotiation [None req-79081d46-fcdc-4a3f-8844-630022f5e19e tempest-ServerBootFromVolumeStableRescueTest-1979608132 tempest-ServerBootFromVolumeStableRescueTest-1979608132-project-member] Matched version: v2 {{(pid=98942) process_request /opt/stack/glance/glance/api/middleware/version_negotiation.py:69}}
Jun 03 06:19:59.054196 np0000002015 devstack@g-api.service[98942]: DEBUG glance.api.middleware.version_negotiation [None req-79081d46-fcdc-4a3f-8844-630022f5e19e tempest-ServerBootFromVolumeStableRescueTest-1979608132 tempest-ServerBootFromVolumeStableRescueTest-1979608132-project-member] new path /v2/images/25ec18b0-0de6-48ec-b442-6ddb09c11259 {{(pid=98942) process_request /opt/stack/glance/glance/api/middleware/version_negotiation.py:70}}
Jun 03 06:19:59.056644 np0000002015 devstack@g-api.service[98943]: DEBUG swiftclient [None req-be5a3553-62bf-4d0a-a64a-77d2fe959145 tempest-ServerBootFromVolumeStableRescueTest-1979608132 tempest-ServerBootFromVolumeStableRescueTest-1979608132-project-member] REQ: curl -i https://10.4.3.135:8080/v1/AUTH_f5dde93c68b1450caf9cb73e5e36cd5d/glance/25ec18b0-0de6-48ec-b442-6ddb09c11259 -X PUT -H "X-Object-Manifest: glance/25ec18b0-0de6-48ec-b442-6ddb09c11259-" -H "X-Auth-Token: gAAAAABqH8eOQ_XC..." -H "Content-Length: 0" {{(pid=98943) http_log /opt/stack/data/venv/lib/python3.12/site-packages/swiftclient/client.py:160}}
Jun 03 06:19:59.056644 np0000002015 devstack@g-api.service[98943]: DEBUG swiftclient [None req-be5a3553-62bf-4d0a-a64a-77d2fe959145 tempest-ServerBootFromVolumeStableRescueTest-1979608132 tempest-ServerBootFromVolumeStableRescueTest-1979608132-project-member] RESP STATUS: 201 Created {{(pid=98943) http_log /opt/stack/data/venv/lib/python3.12/site-packages/swiftclient/client.py:161}}
Jun 03 06:19:59.056644 np0000002015 devstack@g-api.service[98943]: DEBUG swiftclient [None req-be5a3553-62bf-4d0a-a64a-77d2fe959145 tempest-ServerBootFromVolumeStableRescueTest-1979608132 tempest-ServerBootFromVolumeStableRescueTest-1979608132-project-member] RESP HEADERS: {'Date': 'Wed, 03 Jun 2026 06:19:59 GMT', 'Server': 'Apache/2.4.58 (Ubuntu)', 'Content-Type': 'text/html; charset=UTF-8', 'Content-Length': '0', 'Etag': 'd41d8cd98f00b204e9800998ecf8427e', 'Last-Modified': 'Wed, 03 Jun 2026 06:20:00 GMT', 'X-Trans-Id': 'tx69a412e604894029adac2-006a1fc78f', 'X-Openstack-Request-Id': 'tx69a412e604894029adac2-006a1fc78f', 'Connection': 'close'} {{(pid=98943) http_log /opt/stack/data/venv/lib/python3.12/site-packages/swiftclient/client.py:162}}
Jun 03 06:19:59.057001 np0000002015 devstack@g-api.service[98943]: INFO glance.location [None req-be5a3553-62bf-4d0a-a64a-77d2fe959145 tempest-ServerBootFromVolumeStableRescueTest-1979608132 tempest-ServerBootFromVolumeStableRescueTest-1979608132-project-member] Image format matched and virtual size computed: 1073741824
Jun 03 06:19:59.071396 np0000002015 devstack@g-api.service[98942]: [pid: 98942|app: 0|req: 71/154] 127.0.0.1 () {40 vars in 838 bytes} [Wed Jun 3 06:19:59 2026] GET /v2/images/25ec18b0-0de6-48ec-b442-6ddb09c11259 => generated 1471 bytes in 19 msecs (HTTP/1.1 200) 4 headers in 158 bytes (1 switches on core 0)
Jun 03 06:19:59.108543 np0000002015 devstack@g-api.service[98943]: DEBUG glance_store.backend [None req-be5a3553-62bf-4d0a-a64a-77d2fe959145 tempest-ServerBootFromVolumeStableRescueTest-1979608132 tempest-ServerBootFromVolumeStableRescueTest-1979608132-project-member] Attempting to import store swift {{(pid=98943) _load_store /opt/stack/data/venv/lib/python3.12/site-packages/glance_store/backend.py:215}}
Jun 03 06:19:59.110440 np0000002015 devstack@g-api.service[98943]: DEBUG glance_store.capabilities [None req-be5a3553-62bf-4d0a-a64a-77d2fe959145 tempest-ServerBootFromVolumeStableRescueTest-1979608132 tempest-ServerBootFromVolumeStableRescueTest-1979608132-project-member] Store glance_store._drivers.swift.store.SingleTenantStore doesn't support updating dynamic storage capabilities. Please overwrite 'update_capabilities' method of the store to implement updating logics if needed. {{(pid=98943) update_capabilities /opt/stack/data/venv/lib/python3.12/site-packages/glance_store/capabilities.py:91}}
Jun 03 06:19:59.110643 np0000002015 devstack@g-api.service[98943]: DEBUG glance_store.driver [None req-be5a3553-62bf-4d0a-a64a-77d2fe959145 tempest-ServerBootFromVolumeStableRescueTest-1979608132 tempest-ServerBootFromVolumeStableRescueTest-1979608132-project-member] Late loading location class glance_store._drivers.swift.store.StoreLocation {{(pid=98943) get_store_location_class /opt/stack/data/venv/lib/python3.12/site-packages/glance_store/driver.py:134}}
Jun 03 06:19:59.110934 np0000002015 devstack@g-api.service[98943]: DEBUG glance_store.location [None req-be5a3553-62bf-4d0a-a64a-77d2fe959145 tempest-ServerBootFromVolumeStableRescueTest-1979608132 tempest-ServerBootFromVolumeStableRescueTest-1979608132-project-member] Registering scheme swift+https with {'store': , 'location_class': , 'store_entry': 'swift'} {{(pid=98943) register_scheme_map /opt/stack/data/venv/lib/python3.12/site-packages/glance_store/location.py:146}}
Jun 03 06:19:59.111063 np0000002015 devstack@g-api.service[98943]: DEBUG glance_store.location [None req-be5a3553-62bf-4d0a-a64a-77d2fe959145 tempest-ServerBootFromVolumeStableRescueTest-1979608132 tempest-ServerBootFromVolumeStableRescueTest-1979608132-project-member] Registering scheme swift+https with {'store': , 'location_class': , 'store_entry': 'swift'} {{(pid=98943) register_scheme_map /opt/stack/data/venv/lib/python3.12/site-packages/glance_store/location.py:146}}
Jun 03 06:19:59.111164 np0000002015 devstack@g-api.service[98943]: DEBUG glance_store.location [None req-be5a3553-62bf-4d0a-a64a-77d2fe959145 tempest-ServerBootFromVolumeStableRescueTest-1979608132 tempest-ServerBootFromVolumeStableRescueTest-1979608132-project-member] Registering scheme swift with {'store': , 'location_class': , 'store_entry': 'swift'} {{(pid=98943) register_scheme_map /opt/stack/data/venv/lib/python3.12/site-packages/glance_store/location.py:146}}
Jun 03 06:19:59.111271 np0000002015 devstack@g-api.service[98943]: DEBUG glance_store.location [None req-be5a3553-62bf-4d0a-a64a-77d2fe959145 tempest-ServerBootFromVolumeStableRescueTest-1979608132 tempest-ServerBootFromVolumeStableRescueTest-1979608132-project-member] Registering scheme swift+https with {'store': , 'location_class': , 'store_entry': 'swift'} {{(pid=98943) register_scheme_map /opt/stack/data/venv/lib/python3.12/site-packages/glance_store/location.py:146}}
Jun 03 06:19:59.111404 np0000002015 devstack@g-api.service[98943]: DEBUG glance_store.location [None req-be5a3553-62bf-4d0a-a64a-77d2fe959145 tempest-ServerBootFromVolumeStableRescueTest-1979608132 tempest-ServerBootFromVolumeStableRescueTest-1979608132-project-member] Registering scheme swift with {'store': , 'location_class': , 'store_entry': 'swift'} {{(pid=98943) register_scheme_map /opt/stack/data/venv/lib/python3.12/site-packages/glance_store/location.py:146}}
Jun 03 06:19:59.111500 np0000002015 devstack@g-api.service[98943]: DEBUG glance_store.location [None req-be5a3553-62bf-4d0a-a64a-77d2fe959145 tempest-ServerBootFromVolumeStableRescueTest-1979608132 tempest-ServerBootFromVolumeStableRescueTest-1979608132-project-member] Registering scheme swift+http with {'store': , 'location_class': , 'store_entry': 'swift'} {{(pid=98943) register_scheme_map /opt/stack/data/venv/lib/python3.12/site-packages/glance_store/location.py:146}}
Jun 03 06:19:59.111627 np0000002015 devstack@g-api.service[98943]: DEBUG glance_store.location [None req-be5a3553-62bf-4d0a-a64a-77d2fe959145 tempest-ServerBootFromVolumeStableRescueTest-1979608132 tempest-ServerBootFromVolumeStableRescueTest-1979608132-project-member] Registering scheme swift+https with {'store': , 'location_class': , 'store_entry': 'swift'} {{(pid=98943) register_scheme_map /opt/stack/data/venv/lib/python3.12/site-packages/glance_store/location.py:146}}
Jun 03 06:19:59.113532 np0000002015 devstack@g-api.service[98943]: DEBUG glance_store.location [None req-be5a3553-62bf-4d0a-a64a-77d2fe959145 tempest-ServerBootFromVolumeStableRescueTest-1979608132 tempest-ServerBootFromVolumeStableRescueTest-1979608132-project-member] Registering scheme swift with {'store': , 'location_class': , 'store_entry': 'swift'} {{(pid=98943) register_scheme_map /opt/stack/data/venv/lib/python3.12/site-packages/glance_store/location.py:146}}
Jun 03 06:19:59.113812 np0000002015 devstack@g-api.service[98943]: DEBUG glance_store.location [None req-be5a3553-62bf-4d0a-a64a-77d2fe959145 tempest-ServerBootFromVolumeStableRescueTest-1979608132 tempest-ServerBootFromVolumeStableRescueTest-1979608132-project-member] Registering scheme swift+http with {'store': , 'location_class': , 'store_entry': 'swift'} {{(pid=98943) register_scheme_map /opt/stack/data/venv/lib/python3.12/site-packages/glance_store/location.py:146}}
Jun 03 06:19:59.113812 np0000002015 devstack@g-api.service[98943]: DEBUG glance_store.location [None req-be5a3553-62bf-4d0a-a64a-77d2fe959145 tempest-ServerBootFromVolumeStableRescueTest-1979608132 tempest-ServerBootFromVolumeStableRescueTest-1979608132-project-member] Registering scheme swift+config with {'store': , 'location_class': , 'store_entry': 'swift'} {{(pid=98943) register_scheme_map /opt/stack/data/venv/lib/python3.12/site-packages/glance_store/location.py:146}}
Jun 03 06:19:59.114548 np0000002015 devstack@g-api.service[98943]: DEBUG glance_store.backend [None req-be5a3553-62bf-4d0a-a64a-77d2fe959145 tempest-ServerBootFromVolumeStableRescueTest-1979608132 tempest-ServerBootFromVolumeStableRescueTest-1979608132-project-member] Skipping store.set_acls... not implemented. {{(pid=98943) set_acls /opt/stack/data/venv/lib/python3.12/site-packages/glance_store/backend.py:507}}
Jun 03 06:19:59.115973 np0000002015 devstack@g-api.service[98943]: [pid: 98943|app: 0|req: 84/155] 127.0.0.1 () {46 vars in 1158 bytes} [Wed Jun 3 06:19:57 2026] PUT /v2/images/25ec18b0-0de6-48ec-b442-6ddb09c11259/file => generated 0 bytes in 1744 msecs (HTTP/1.1 204) 4 headers in 171 bytes (1 switches on core 0)
Jun 03 06:19:59.164213 np0000002015 devstack@g-api.service[98942]: DEBUG glance.api.middleware.version_negotiation [None req-b69d1d6d-fab2-49ce-b125-5a1d896f12c7 tempest-ServerBootFromVolumeStableRescueTest-1979608132 tempest-ServerBootFromVolumeStableRescueTest-1979608132-project-member] Determining version of request: GET /v2/images/25ec18b0-0de6-48ec-b442-6ddb09c11259 Accept: */* {{(pid=98942) process_request /opt/stack/glance/glance/api/middleware/version_negotiation.py:44}}
Jun 03 06:19:59.164388 np0000002015 devstack@g-api.service[98942]: DEBUG glance.api.middleware.version_negotiation [None req-b69d1d6d-fab2-49ce-b125-5a1d896f12c7 tempest-ServerBootFromVolumeStableRescueTest-1979608132 tempest-ServerBootFromVolumeStableRescueTest-1979608132-project-member] Using url versioning {{(pid=98942) process_request /opt/stack/glance/glance/api/middleware/version_negotiation.py:57}}
