Jun 03 06:24:23.957482 np0000002015 devstack@placement-api.service[89290]: [pid: 89290|app: 0|req: 402/805] 10.4.3.135 () {68 vars in 1499 bytes} [Wed Jun 3 06:24:23 2026] GET /placement/allocations/78ac6dcd-acb7-4ae1-9c15-06492754856c => generated 244 bytes in 15 msecs (HTTP/1.1 200) 8 headers in 296 bytes (1 switches on core 0)
Jun 03 06:24:24.022751 np0000002015 devstack@placement-api.service[89289]: DEBUG placement.requestlog [req-74fb9259-3715-4640-9849-b8fd0d330379 req-2b5fb36b-ec12-4611-af86-27f337bd34bd None None] Starting request: 10.4.3.135 "GET /placement/allocations/4c13ba73-5b2a-4f38-9b6b-6e96906e175f" {{(pid=89289) __call__ /opt/stack/placement/placement/requestlog.py:55}}
Jun 03 06:24:24.046595 np0000002015 devstack@placement-api.service[89289]: INFO placement.requestlog [req-74fb9259-3715-4640-9849-b8fd0d330379 req-2b5fb36b-ec12-4611-af86-27f337bd34bd service nova] 10.4.3.135 "GET /placement/allocations/4c13ba73-5b2a-4f38-9b6b-6e96906e175f" status: 200 len: 258 microversion: 1.28
Jun 03 06:24:24.046595 np0000002015 devstack@placement-api.service[89289]: [pid: 89289|app: 0|req: 404/806] 10.4.3.135 () {68 vars in 1499 bytes} [Wed Jun 3 06:24:24 2026] GET /placement/allocations/4c13ba73-5b2a-4f38-9b6b-6e96906e175f => generated 258 bytes in 22 msecs (HTTP/1.1 200) 8 headers in 296 bytes (1 switches on core 0)
Jun 03 06:24:24.128762 np0000002015 devstack@placement-api.service[89290]: DEBUG placement.requestlog [req-74fb9259-3715-4640-9849-b8fd0d330379 req-54bbbec5-5e0c-49c2-a1ab-1041acf6a9eb None None] Starting request: 10.4.3.135 "GET /placement/allocations/f042dbea-768a-4e8a-9bf4-5ef4ceb88b6d" {{(pid=89290) __call__ /opt/stack/placement/placement/requestlog.py:55}}
Jun 03 06:24:24.143793 np0000002015 devstack@placement-api.service[89290]: INFO placement.requestlog [req-74fb9259-3715-4640-9849-b8fd0d330379 req-54bbbec5-5e0c-49c2-a1ab-1041acf6a9eb service nova] 10.4.3.135 "GET /placement/allocations/f042dbea-768a-4e8a-9bf4-5ef4ceb88b6d" status: 200 len: 258 microversion: 1.28
Jun 03 06:24:24.143793 np0000002015 devstack@placement-api.service[89290]: [pid: 89290|app: 0|req: 403/807] 10.4.3.135 () {68 vars in 1499 bytes} [Wed Jun 3 06:24:24 2026] GET /placement/allocations/f042dbea-768a-4e8a-9bf4-5ef4ceb88b6d => generated 258 bytes in 14 msecs (HTTP/1.1 200) 8 headers in 296 bytes (1 switches on core 0)
Jun 03 06:24:24.206991 np0000002015 devstack@placement-api.service[89289]: DEBUG placement.requestlog [req-74fb9259-3715-4640-9849-b8fd0d330379 req-68dcd698-b56e-40c8-abca-564846261e44 None None] Starting request: 10.4.3.135 "GET /placement/allocations/28541f3b-5cdc-43ed-b226-a019107841d0" {{(pid=89289) __call__ /opt/stack/placement/placement/requestlog.py:55}}
Jun 03 06:24:24.226606 np0000002015 devstack@placement-api.service[89289]: INFO placement.requestlog [req-74fb9259-3715-4640-9849-b8fd0d330379 req-68dcd698-b56e-40c8-abca-564846261e44 service nova] 10.4.3.135 "GET /placement/allocations/28541f3b-5cdc-43ed-b226-a019107841d0" status: 200 len: 258 microversion: 1.28
Jun 03 06:24:24.227030 np0000002015 devstack@placement-api.service[89289]: [pid: 89289|app: 0|req: 405/808] 10.4.3.135 () {68 vars in 1499 bytes} [Wed Jun 3 06:24:24 2026] GET /placement/allocations/28541f3b-5cdc-43ed-b226-a019107841d0 => generated 258 bytes in 20 msecs (HTTP/1.1 200) 8 headers in 296 bytes (1 switches on core 0)
Jun 03 06:24:25.294208 np0000002015 devstack@placement-api.service[89290]: DEBUG placement.requestlog [req-3b2f100e-4738-41e1-a237-faf45ebc662c req-f0a95bf3-2fa2-475f-a55e-b7c685f9d925 None None] Starting request: 10.4.3.135 "GET /placement/allocation_candidates?limit=1000&resources=DISK_GB%3A1%2CMEMORY_MB%3A192%2CVCPU%3A1&root_required=%21COMPUTE_STATUS_DISABLED" {{(pid=89290) __call__ /opt/stack/placement/placement/requestlog.py:55}}
Jun 03 06:24:25.353770 np0000002015 devstack@placement-api.service[89290]: DEBUG placement.objects.research_context [req-3b2f100e-4738-41e1-a237-faf45ebc662c req-f0a95bf3-2fa2-475f-a55e-b7c685f9d925 service nova] getting providers with 1 DISK_GB {{(pid=89290) __init__ /opt/stack/placement/placement/objects/research_context.py:137}}
Jun 03 06:24:25.360620 np0000002015 devstack@placement-api.service[89290]: DEBUG placement.objects.research_context [req-3b2f100e-4738-41e1-a237-faf45ebc662c req-f0a95bf3-2fa2-475f-a55e-b7c685f9d925 service nova] getting providers with 192 MEMORY_MB {{(pid=89290) __init__ /opt/stack/placement/placement/objects/research_context.py:137}}
Jun 03 06:24:25.370264 np0000002015 devstack@placement-api.service[89290]: DEBUG placement.objects.research_context [req-3b2f100e-4738-41e1-a237-faf45ebc662c req-f0a95bf3-2fa2-475f-a55e-b7c685f9d925 service nova] getting providers with 1 VCPU {{(pid=89290) __init__ /opt/stack/placement/placement/objects/research_context.py:137}}
Jun 03 06:24:25.377437 np0000002015 devstack@placement-api.service[89290]: DEBUG placement.objects.research_context [req-3b2f100e-4738-41e1-a237-faf45ebc662c req-f0a95bf3-2fa2-475f-a55e-b7c685f9d925 service nova] found 1 providers with available 1 DISK_GB {{(pid=89290) get_provider_ids_matching /opt/stack/placement/placement/objects/research_context.py:563}}
Jun 03 06:24:25.377698 np0000002015 devstack@placement-api.service[89290]: DEBUG placement.objects.research_context [req-3b2f100e-4738-41e1-a237-faf45ebc662c req-f0a95bf3-2fa2-475f-a55e-b7c685f9d925 service nova] found 1 providers with available 192 MEMORY_MB {{(pid=89290) get_provider_ids_matching /opt/stack/placement/placement/objects/research_context.py:563}}
Jun 03 06:24:25.377858 np0000002015 devstack@placement-api.service[89290]: DEBUG placement.objects.research_context [req-3b2f100e-4738-41e1-a237-faf45ebc662c req-f0a95bf3-2fa2-475f-a55e-b7c685f9d925 service nova] found 1 providers after filtering by previous result {{(pid=89290) get_provider_ids_matching /opt/stack/placement/placement/objects/research_context.py:594}}
Jun 03 06:24:25.378021 np0000002015 devstack@placement-api.service[89290]: DEBUG placement.objects.research_context [req-3b2f100e-4738-41e1-a237-faf45ebc662c req-f0a95bf3-2fa2-475f-a55e-b7c685f9d925 service nova] found 1 providers with available 1 VCPU {{(pid=89290) get_provider_ids_matching /opt/stack/placement/placement/objects/research_context.py:563}}
Jun 03 06:24:25.378159 np0000002015 devstack@placement-api.service[89290]: DEBUG placement.objects.research_context [req-3b2f100e-4738-41e1-a237-faf45ebc662c req-f0a95bf3-2fa2-475f-a55e-b7c685f9d925 service nova] found 1 providers after filtering by previous result {{(pid=89290) get_provider_ids_matching /opt/stack/placement/placement/objects/research_context.py:594}}
Jun 03 06:24:25.387368 np0000002015 devstack@placement-api.service[89290]: DEBUG placement.objects.allocation_candidate [req-3b2f100e-4738-41e1-a237-faf45ebc662c req-f0a95bf3-2fa2-475f-a55e-b7c685f9d925 service nova] RequestGroup(use_same_provider=False, resources={DISK_GB:1, MEMORY_MB:192, VCPU:1}, traits=(), aggregates=[]) (suffix '') returned 1 matches {{(pid=89290) _get_by_requests /opt/stack/placement/placement/objects/allocation_candidate.py:158}}
Jun 03 06:24:25.387368 np0000002015 devstack@placement-api.service[89290]: DEBUG placement.objects.allocation_candidate [req-3b2f100e-4738-41e1-a237-faf45ebc662c req-f0a95bf3-2fa2-475f-a55e-b7c685f9d925 service nova] Merging candidates yields 1 allocation requests and 1 provider summaries {{(pid=89290) _merge_candidates /opt/stack/placement/placement/objects/allocation_candidate.py:908}}
Jun 03 06:24:25.388325 np0000002015 devstack@placement-api.service[89290]: INFO placement.requestlog [req-3b2f100e-4738-41e1-a237-faf45ebc662c req-f0a95bf3-2fa2-475f-a55e-b7c685f9d925 service nova] 10.4.3.135 "GET /placement/allocation_candidates?limit=1000&resources=DISK_GB%3A1%2CMEMORY_MB%3A192%2CVCPU%3A1&root_required=%21COMPUTE_STATUS_DISABLED" status: 200 len: 2493 microversion: 1.36
Jun 03 06:24:25.388621 np0000002015 devstack@placement-api.service[89290]: [pid: 89290|app: 0|req: 404/809] 10.4.3.135 () {68 vars in 1625 bytes} [Wed Jun 3 06:24:25 2026] GET /placement/allocation_candidates?limit=1000&resources=DISK_GB%3A1%2CMEMORY_MB%3A192%2CVCPU%3A1&root_required=%21COMPUTE_STATUS_DISABLED => generated 2493 bytes in 94 msecs (HTTP/1.1 200) 8 headers in 297 bytes (1 switches on core 0)
Jun 03 06:24:25.502513 np0000002015 devstack@placement-api.service[89289]: DEBUG placement.requestlog [req-3b2f100e-4738-41e1-a237-faf45ebc662c req-40a8e014-77a3-479d-936f-31954c7125c3 None None] Starting request: 10.4.3.135 "GET /placement/allocations/b3f042f2-7990-468c-986c-8f42fa522aa8" {{(pid=89289) __call__ /opt/stack/placement/placement/requestlog.py:55}}
Jun 03 06:24:25.516758 np0000002015 devstack@placement-api.service[89289]: INFO placement.requestlog [req-3b2f100e-4738-41e1-a237-faf45ebc662c req-40a8e014-77a3-479d-936f-31954c7125c3 service nova] 10.4.3.135 "GET /placement/allocations/b3f042f2-7990-468c-986c-8f42fa522aa8" status: 200 len: 19 microversion: 1.28
Jun 03 06:24:25.516758 np0000002015 devstack@placement-api.service[89289]: [pid: 89289|app: 0|req: 406/810] 10.4.3.135 () {68 vars in 1501 bytes} [Wed Jun 3 06:24:25 2026] GET /placement/allocations/b3f042f2-7990-468c-986c-8f42fa522aa8 => generated 19 bytes in 13 msecs (HTTP/1.1 200) 8 headers in 295 bytes (1 switches on core 0)
Jun 03 06:24:25.583277 np0000002015 devstack@placement-api.service[89290]: DEBUG placement.requestlog [req-3b2f100e-4738-41e1-a237-faf45ebc662c req-2c193ddc-bdc7-4ec4-bd51-bc4f3795250d None None] Starting request: 10.4.3.135 "PUT /placement/allocations/b3f042f2-7990-468c-986c-8f42fa522aa8" {{(pid=89290) __call__ /opt/stack/placement/placement/requestlog.py:55}}
Jun 03 06:24:25.655492 np0000002015 devstack@placement-api.service[89290]: DEBUG placement.handlers.allocation [req-3b2f100e-4738-41e1-a237-faf45ebc662c req-2c193ddc-bdc7-4ec4-bd51-bc4f3795250d service nova] Successfully wrote allocations [, , ] {{(pid=89290) _update_consumers_and_create_allocations /opt/stack/placement/placement/handlers/allocation.py:462}}
Jun 03 06:24:25.661493 np0000002015 devstack@placement-api.service[89290]: INFO placement.requestlog [req-3b2f100e-4738-41e1-a237-faf45ebc662c req-2c193ddc-bdc7-4ec4-bd51-bc4f3795250d service nova] 10.4.3.135 "PUT /placement/allocations/b3f042f2-7990-468c-986c-8f42fa522aa8" status: 204 len: 0 microversion: 1.36
Jun 03 06:24:25.661855 np0000002015 devstack@placement-api.service[89290]: [pid: 89290|app: 0|req: 405/811] 10.4.3.135 () {72 vars in 1554 bytes} [Wed Jun 3 06:24:25 2026] PUT /placement/allocations/b3f042f2-7990-468c-986c-8f42fa522aa8 => generated 0 bytes in 79 msecs (HTTP/1.1 204) 5 headers in 199 bytes (1 switches on core 0)
Jun 03 06:24:26.363906 np0000002015 devstack@placement-api.service[89289]: DEBUG placement.requestlog [req-6f613ede-ffbc-4d3d-81c6-8548ead4f667 req-749f533e-1204-4796-add4-5b25fc287d03 None None] Starting request: 10.4.3.135 "GET /placement/resource_providers/683b7e06-f8fe-47b3-aeca-a76dacc9bd06/allocations" {{(pid=89289) __call__ /opt/stack/placement/placement/requestlog.py:55}}
Jun 03 06:24:26.385891 np0000002015 devstack@placement-api.service[89289]: INFO placement.requestlog [req-6f613ede-ffbc-4d3d-81c6-8548ead4f667 req-749f533e-1204-4796-add4-5b25fc287d03 service nova] 10.4.3.135 "GET /placement/resource_providers/683b7e06-f8fe-47b3-aeca-a76dacc9bd06/allocations" status: 200 len: 1011 microversion: 1.0
Jun 03 06:24:26.386214 np0000002015 devstack@placement-api.service[89289]: [pid: 89289|app: 0|req: 407/812] 10.4.3.135 () {66 vars in 1512 bytes} [Wed Jun 3 06:24:26 2026] GET /placement/resource_providers/683b7e06-f8fe-47b3-aeca-a76dacc9bd06/allocations => generated 1011 bytes in 22 msecs (HTTP/1.1 200) 6 headers in 225 bytes (1 switches on core 0)
Jun 03 06:24:26.899739 np0000002015 devstack@placement-api.service[89290]: DEBUG placement.requestlog [req-d8441e1d-04d5-4024-b1ed-eb506e247517 req-d248e57b-aa01-4095-b0e8-8cdd9f9006a5 None None] Starting request: 10.4.3.135 "GET /placement/allocations/a8868264-d7f3-4b3f-967e-edf3280c599b" {{(pid=89290) __call__ /opt/stack/placement/placement/requestlog.py:55}}
Jun 03 06:24:26.914229 np0000002015 devstack@placement-api.service[89290]: INFO placement.requestlog [req-d8441e1d-04d5-4024-b1ed-eb506e247517 req-d248e57b-aa01-4095-b0e8-8cdd9f9006a5 service nova] 10.4.3.135 "GET /placement/allocations/a8868264-d7f3-4b3f-967e-edf3280c599b" status: 200 len: 244 microversion: 1.28
Jun 03 06:24:26.914447 np0000002015 devstack@placement-api.service[89290]: [pid: 89290|app: 0|req: 406/813] 10.4.3.135 () {68 vars in 1499 bytes} [Wed Jun 3 06:24:26 2026] GET /placement/allocations/a8868264-d7f3-4b3f-967e-edf3280c599b => generated 244 bytes in 15 msecs (HTTP/1.1 200) 8 headers in 296 bytes (1 switches on core 0)
Jun 03 06:24:26.977844 np0000002015 devstack@placement-api.service[89289]: DEBUG placement.requestlog [req-3b2f100e-4738-41e1-a237-faf45ebc662c req-8431008d-74f9-4050-9866-c9e8e1b8c246 None None] Starting request: 10.4.3.135 "GET /placement/allocations/b3f042f2-7990-468c-986c-8f42fa522aa8" {{(pid=89289) __call__ /opt/stack/placement/placement/requestlog.py:55}}
Jun 03 06:24:26.991987 np0000002015 devstack@placement-api.service[89290]: DEBUG placement.requestlog [req-03c07ee8-2290-48b0-b96e-c777a8a6ffbd req-2118f42f-a749-4068-9896-a54c7ba50aae None None] Starting request: 10.4.3.135 "GET /placement/allocation_candidates?limit=1000&resources=DISK_GB%3A1%2CMEMORY_MB%3A192%2CVCPU%3A1&root_required=%21COMPUTE_STATUS_DISABLED" {{(pid=89290) __call__ /opt/stack/placement/placement/requestlog.py:55}}
Jun 03 06:24:26.994357 np0000002015 devstack@placement-api.service[89289]: INFO placement.requestlog [req-3b2f100e-4738-41e1-a237-faf45ebc662c req-8431008d-74f9-4050-9866-c9e8e1b8c246 service nova] 10.4.3.135 "GET /placement/allocations/b3f042f2-7990-468c-986c-8f42fa522aa8" status: 200 len: 258 microversion: 1.28
Jun 03 06:24:26.996164 np0000002015 devstack@placement-api.service[89289]: [pid: 89289|app: 0|req: 408/814] 10.4.3.135 () {68 vars in 1499 bytes} [Wed Jun 3 06:24:26 2026] GET /placement/allocations/b3f042f2-7990-468c-986c-8f42fa522aa8 => generated 258 bytes in 18 msecs (HTTP/1.1 200) 8 headers in 296 bytes (1 switches on core 0)
Jun 03 06:24:27.034908 np0000002015 devstack@placement-api.service[89290]: DEBUG placement.objects.research_context [req-03c07ee8-2290-48b0-b96e-c777a8a6ffbd req-2118f42f-a749-4068-9896-a54c7ba50aae service nova] getting providers with 1 DISK_GB {{(pid=89290) __init__ /opt/stack/placement/placement/objects/research_context.py:137}}
Jun 03 06:24:27.040964 np0000002015 devstack@placement-api.service[89289]: DEBUG placement.requestlog [req-6f613ede-ffbc-4d3d-81c6-8548ead4f667 req-3787709d-d6f3-4f33-9663-d216e1cd3166 None None] Starting request: 10.4.3.135 "GET /placement/resource_providers/683b7e06-f8fe-47b3-aeca-a76dacc9bd06/allocations" {{(pid=89289) __call__ /opt/stack/placement/placement/requestlog.py:55}}
Jun 03 06:24:27.041587 np0000002015 devstack@placement-api.service[89290]: DEBUG placement.objects.research_context [req-03c07ee8-2290-48b0-b96e-c777a8a6ffbd req-2118f42f-a749-4068-9896-a54c7ba50aae service nova] getting providers with 192 MEMORY_MB {{(pid=89290) __init__ /opt/stack/placement/placement/objects/research_context.py:137}}
Jun 03 06:24:27.048122 np0000002015 devstack@placement-api.service[89290]: DEBUG placement.objects.research_context [req-03c07ee8-2290-48b0-b96e-c777a8a6ffbd req-2118f42f-a749-4068-9896-a54c7ba50aae service nova] getting providers with 1 VCPU {{(pid=89290) __init__ /opt/stack/placement/placement/objects/research_context.py:137}}
Jun 03 06:24:27.052752 np0000002015 devstack@placement-api.service[89290]: DEBUG placement.objects.research_context [req-03c07ee8-2290-48b0-b96e-c777a8a6ffbd req-2118f42f-a749-4068-9896-a54c7ba50aae service nova] found 1 providers with available 1 DISK_GB {{(pid=89290) get_provider_ids_matching /opt/stack/placement/placement/objects/research_context.py:563}}
Jun 03 06:24:27.052878 np0000002015 devstack@placement-api.service[89290]: DEBUG placement.objects.research_context [req-03c07ee8-2290-48b0-b96e-c777a8a6ffbd req-2118f42f-a749-4068-9896-a54c7ba50aae service nova] found 1 providers with available 192 MEMORY_MB {{(pid=89290) get_provider_ids_matching /opt/stack/placement/placement/objects/research_context.py:563}}
Jun 03 06:24:27.052943 np0000002015 devstack@placement-api.service[89290]: DEBUG placement.objects.research_context [req-03c07ee8-2290-48b0-b96e-c777a8a6ffbd req-2118f42f-a749-4068-9896-a54c7ba50aae service nova] found 1 providers after filtering by previous result {{(pid=89290) get_provider_ids_matching /opt/stack/placement/placement/objects/research_context.py:594}}
Jun 03 06:24:27.053310 np0000002015 devstack@placement-api.service[89290]: DEBUG placement.objects.research_context [req-03c07ee8-2290-48b0-b96e-c777a8a6ffbd req-2118f42f-a749-4068-9896-a54c7ba50aae service nova] found 1 providers with available 1 VCPU {{(pid=89290) get_provider_ids_matching /opt/stack/placement/placement/objects/research_context.py:563}}
Jun 03 06:24:27.053310 np0000002015 devstack@placement-api.service[89290]: DEBUG placement.objects.research_context [req-03c07ee8-2290-48b0-b96e-c777a8a6ffbd req-2118f42f-a749-4068-9896-a54c7ba50aae service nova] found 1 providers after filtering by previous result {{(pid=89290) get_provider_ids_matching /opt/stack/placement/placement/objects/research_context.py:594}}
Jun 03 06:24:27.064760 np0000002015 devstack@placement-api.service[89289]: INFO placement.requestlog [req-6f613ede-ffbc-4d3d-81c6-8548ead4f667 req-3787709d-d6f3-4f33-9663-d216e1cd3166 service nova] 10.4.3.135 "GET /placement/resource_providers/683b7e06-f8fe-47b3-aeca-a76dacc9bd06/allocations" status: 200 len: 1011 microversion: 1.0
Jun 03 06:24:27.064760 np0000002015 devstack@placement-api.service[89289]: [pid: 89289|app: 0|req: 409/815] 10.4.3.135 () {66 vars in 1512 bytes} [Wed Jun 3 06:24:27 2026] GET /placement/resource_providers/683b7e06-f8fe-47b3-aeca-a76dacc9bd06/allocations => generated 1011 bytes in 22 msecs (HTTP/1.1 200) 6 headers in 225 bytes (1 switches on core 0)
Jun 03 06:24:27.064878 np0000002015 devstack@placement-api.service[89290]: DEBUG placement.objects.allocation_candidate [req-03c07ee8-2290-48b0-b96e-c777a8a6ffbd req-2118f42f-a749-4068-9896-a54c7ba50aae service nova] RequestGroup(use_same_provider=False, resources={DISK_GB:1, MEMORY_MB:192, VCPU:1}, traits=(), aggregates=[]) (suffix '') returned 1 matches {{(pid=89290) _get_by_requests /opt/stack/placement/placement/objects/allocation_candidate.py:158}}
Jun 03 06:24:27.064878 np0000002015 devstack@placement-api.service[89290]: DEBUG placement.objects.allocation_candidate [req-03c07ee8-2290-48b0-b96e-c777a8a6ffbd req-2118f42f-a749-4068-9896-a54c7ba50aae service nova] Merging candidates yields 1 allocation requests and 1 provider summaries {{(pid=89290) _merge_candidates /opt/stack/placement/placement/objects/allocation_candidate.py:908}}
Jun 03 06:24:27.066502 np0000002015 devstack@placement-api.service[89290]: INFO placement.requestlog [req-03c07ee8-2290-48b0-b96e-c777a8a6ffbd req-2118f42f-a749-4068-9896-a54c7ba50aae service nova] 10.4.3.135 "GET /placement/allocation_candidates?limit=1000&resources=DISK_GB%3A1%2CMEMORY_MB%3A192%2CVCPU%3A1&root_required=%21COMPUTE_STATUS_DISABLED" status: 200 len: 2494 microversion: 1.36
Jun 03 06:24:27.066758 np0000002015 devstack@placement-api.service[89290]: [pid: 89290|app: 0|req: 407/816] 10.4.3.135 () {68 vars in 1625 bytes} [Wed Jun 3 06:24:26 2026] GET /placement/allocation_candidates?limit=1000&resources=DISK_GB%3A1%2CMEMORY_MB%3A192%2CVCPU%3A1&root_required=%21COMPUTE_STATUS_DISABLED => generated 2494 bytes in 75 msecs (HTTP/1.1 200) 8 headers in 297 bytes (1 switches on core 0)
Jun 03 06:24:27.128234 np0000002015 devstack@placement-api.service[89289]: DEBUG placement.requestlog [req-6f613ede-ffbc-4d3d-81c6-8548ead4f667 req-87af85ec-d442-476d-a555-b02fd3e95e33 None None] Starting request: 10.4.3.135 "GET /placement/allocations/98320f17-c475-4bf6-a263-91df7e2d49d9" {{(pid=89289) __call__ /opt/stack/placement/placement/requestlog.py:55}}
Jun 03 06:24:27.142390 np0000002015 devstack@placement-api.service[89289]: INFO placement.requestlog [req-6f613ede-ffbc-4d3d-81c6-8548ead4f667 req-87af85ec-d442-476d-a555-b02fd3e95e33 service nova] 10.4.3.135 "GET /placement/allocations/98320f17-c475-4bf6-a263-91df7e2d49d9" status: 200 len: 244 microversion: 1.28
Jun 03 06:24:27.142689 np0000002015 devstack@placement-api.service[89289]: [pid: 89289|app: 0|req: 410/817] 10.4.3.135 () {68 vars in 1499 bytes} [Wed Jun 3 06:24:27 2026] GET /placement/allocations/98320f17-c475-4bf6-a263-91df7e2d49d9 => generated 244 bytes in 14 msecs (HTTP/1.1 200) 8 headers in 296 bytes (1 switches on core 0)
Jun 03 06:24:27.157136 np0000002015 devstack@placement-api.service[89290]: DEBUG placement.requestlog [req-03c07ee8-2290-48b0-b96e-c777a8a6ffbd req-3223d0d3-c273-4f01-8269-9988fe1fe106 None None] Starting request: 10.4.3.135 "GET /placement/allocations/bf1358e3-f0c0-4858-8f5c-9208bca2f12a" {{(pid=89290) __call__ /opt/stack/placement/placement/requestlog.py:55}}
Jun 03 06:24:27.167666 np0000002015 devstack@placement-api.service[89290]: INFO placement.requestlog [req-03c07ee8-2290-48b0-b96e-c777a8a6ffbd req-3223d0d3-c273-4f01-8269-9988fe1fe106 service nova] 10.4.3.135 "GET /placement/allocations/bf1358e3-f0c0-4858-8f5c-9208bca2f12a" status: 200 len: 19 microversion: 1.28
Jun 03 06:24:27.171608 np0000002015 devstack@placement-api.service[89290]: [pid: 89290|app: 0|req: 408/818] 10.4.3.135 () {68 vars in 1501 bytes} [Wed Jun 3 06:24:27 2026] GET /placement/allocations/bf1358e3-f0c0-4858-8f5c-9208bca2f12a => generated 19 bytes in 11 msecs (HTTP/1.1 200) 8 headers in 295 bytes (1 switches on core 0)
Jun 03 06:24:27.189179 np0000002015 devstack@placement-api.service[89289]: DEBUG placement.requestlog [req-6f613ede-ffbc-4d3d-81c6-8548ead4f667 req-1aec8175-da92-4566-9ecd-9f569615ffe3 None None] Starting request: 10.4.3.135 "GET /placement/allocations/b3f042f2-7990-468c-986c-8f42fa522aa8" {{(pid=89289) __call__ /opt/stack/placement/placement/requestlog.py:55}}
Jun 03 06:24:27.203289 np0000002015 devstack@placement-api.service[89289]: INFO placement.requestlog [req-6f613ede-ffbc-4d3d-81c6-8548ead4f667 req-1aec8175-da92-4566-9ecd-9f569615ffe3 service nova] 10.4.3.135 "GET /placement/allocations/b3f042f2-7990-468c-986c-8f42fa522aa8" status: 200 len: 258 microversion: 1.28
Jun 03 06:24:27.203489 np0000002015 devstack@placement-api.service[89289]: [pid: 89289|app: 0|req: 411/819] 10.4.3.135 () {68 vars in 1499 bytes} [Wed Jun 3 06:24:27 2026] GET /placement/allocations/b3f042f2-7990-468c-986c-8f42fa522aa8 => generated 258 bytes in 14 msecs (HTTP/1.1 200) 8 headers in 296 bytes (1 switches on core 0)
Jun 03 06:24:27.250671 np0000002015 devstack@placement-api.service[89290]: DEBUG placement.requestlog [req-03c07ee8-2290-48b0-b96e-c777a8a6ffbd req-c361dde8-1231-4f28-8696-bf959f1ed602 None None] Starting request: 10.4.3.135 "PUT /placement/allocations/bf1358e3-f0c0-4858-8f5c-9208bca2f12a" {{(pid=89290) __call__ /opt/stack/placement/placement/requestlog.py:55}}
Jun 03 06:24:27.253710 np0000002015 devstack@placement-api.service[89289]: DEBUG placement.requestlog [req-6f613ede-ffbc-4d3d-81c6-8548ead4f667 req-1d8f7770-596a-4a35-9053-95b96cbe1fb1 None None] Starting request: 10.4.3.135 "GET /placement/allocations/a8868264-d7f3-4b3f-967e-edf3280c599b" {{(pid=89289) __call__ /opt/stack/placement/placement/requestlog.py:55}}
Jun 03 06:24:27.266364 np0000002015 devstack@placement-api.service[89289]: INFO placement.requestlog [req-6f613ede-ffbc-4d3d-81c6-8548ead4f667 req-1d8f7770-596a-4a35-9053-95b96cbe1fb1 service nova] 10.4.3.135 "GET /placement/allocations/a8868264-d7f3-4b3f-967e-edf3280c599b" status: 200 len: 244 microversion: 1.28
Jun 03 06:24:27.266829 np0000002015 devstack@placement-api.service[89289]: [pid: 89289|app: 0|req: 412/820] 10.4.3.135 () {68 vars in 1499 bytes} [Wed Jun 3 06:24:27 2026] GET /placement/allocations/a8868264-d7f3-4b3f-967e-edf3280c599b => generated 244 bytes in 13 msecs (HTTP/1.1 200) 8 headers in 296 bytes (1 switches on core 0)
Jun 03 06:24:27.325447 np0000002015 devstack@placement-api.service[89289]: DEBUG placement.requestlog [req-6f613ede-ffbc-4d3d-81c6-8548ead4f667 req-baf106b5-0449-4094-859e-214aeed2d8ab None None] Starting request: 10.4.3.135 "GET /placement/allocations/5363600e-7019-47d5-8743-69e11d61bb7a" {{(pid=89289) __call__ /opt/stack/placement/placement/requestlog.py:55}}
Jun 03 06:24:27.342792 np0000002015 devstack@placement-api.service[89289]: INFO placement.requestlog [req-6f613ede-ffbc-4d3d-81c6-8548ead4f667 req-baf106b5-0449-4094-859e-214aeed2d8ab service nova] 10.4.3.135 "GET /placement/allocations/5363600e-7019-47d5-8743-69e11d61bb7a" status: 200 len: 258 microversion: 1.28
Jun 03 06:24:27.344361 np0000002015 devstack@placement-api.service[89289]: [pid: 89289|app: 0|req: 413/821] 10.4.3.135 () {68 vars in 1499 bytes} [Wed Jun 3 06:24:27 2026] GET /placement/allocations/5363600e-7019-47d5-8743-69e11d61bb7a => generated 258 bytes in 19 msecs (HTTP/1.1 200) 8 headers in 296 bytes (1 switches on core 0)
Jun 03 06:24:27.347402 np0000002015 devstack@placement-api.service[89290]: DEBUG placement.handlers.allocation [req-03c07ee8-2290-48b0-b96e-c777a8a6ffbd req-c361dde8-1231-4f28-8696-bf959f1ed602 service nova] Successfully wrote allocations [, , ] {{(pid=89290) _update_consumers_and_create_allocations /opt/stack/placement/placement/handlers/allocation.py:462}}
Jun 03 06:24:27.359846 np0000002015 devstack@placement-api.service[89290]: INFO placement.requestlog [req-03c07ee8-2290-48b0-b96e-c777a8a6ffbd req-c361dde8-1231-4f28-8696-bf959f1ed602 service nova] 10.4.3.135 "PUT /placement/allocations/bf1358e3-f0c0-4858-8f5c-9208bca2f12a" status: 204 len: 0 microversion: 1.36
Jun 03 06:24:27.359846 np0000002015 devstack@placement-api.service[89290]: [pid: 89290|app: 0|req: 409/822] 10.4.3.135 () {72 vars in 1554 bytes} [Wed Jun 3 06:24:27 2026] PUT /placement/allocations/bf1358e3-f0c0-4858-8f5c-9208bca2f12a => generated 0 bytes in 111 msecs (HTTP/1.1 204) 5 headers in 199 bytes (1 switches on core 0)
Jun 03 06:24:27.398224 np0000002015 devstack@placement-api.service[89289]: DEBUG placement.requestlog [req-6f613ede-ffbc-4d3d-81c6-8548ead4f667 req-53be3d56-82b7-4661-a4b3-7a89c1d60b38 None None] Starting request: 10.4.3.135 "GET /placement/allocations/a02fda37-2be0-419f-a8cc-8549bdaf0c09" {{(pid=89289) __call__ /opt/stack/placement/placement/requestlog.py:55}}
Jun 03 06:24:27.411523 np0000002015 devstack@placement-api.service[89289]: INFO placement.requestlog [req-6f613ede-ffbc-4d3d-81c6-8548ead4f667 req-53be3d56-82b7-4661-a4b3-7a89c1d60b38 service nova] 10.4.3.135 "GET /placement/allocations/a02fda37-2be0-419f-a8cc-8549bdaf0c09" status: 200 len: 258 microversion: 1.28
Jun 03 06:24:27.412349 np0000002015 devstack@placement-api.service[89289]: [pid: 89289|app: 0|req: 414/823] 10.4.3.135 () {68 vars in 1499 bytes} [Wed Jun 3 06:24:27 2026] GET /placement/allocations/a02fda37-2be0-419f-a8cc-8549bdaf0c09 => generated 258 bytes in 14 msecs (HTTP/1.1 200) 8 headers in 296 bytes (1 switches on core 0)
Jun 03 06:24:28.501397 np0000002015 devstack@placement-api.service[89290]: DEBUG placement.requestlog [req-6f613ede-ffbc-4d3d-81c6-8548ead4f667 req-a8e4854f-ca72-4263-b533-560591e20bf8 None None] Starting request: 10.4.3.135 "GET /placement/allocations/9051deb4-ff5b-4a95-9adf-bafba72e0515" {{(pid=89290) __call__ /opt/stack/placement/placement/requestlog.py:55}}
Jun 03 06:24:28.501397 np0000002015 devstack@placement-api.service[89290]: INFO placement.requestlog [req-6f613ede-ffbc-4d3d-81c6-8548ead4f667 req-a8e4854f-ca72-4263-b533-560591e20bf8 service nova] 10.4.3.135 "GET /placement/allocations/9051deb4-ff5b-4a95-9adf-bafba72e0515" status: 200 len: 258 microversion: 1.28
Jun 03 06:24:28.501397 np0000002015 devstack@placement-api.service[89290]: [pid: 89290|app: 0|req: 410/824] 10.4.3.135 () {68 vars in 1499 bytes} [Wed Jun 3 06:24:27 2026] GET /placement/allocations/9051deb4-ff5b-4a95-9adf-bafba72e0515 => generated 258 bytes in 10 msecs (HTTP/1.1 200) 8 headers in 296 bytes (1 switches on core 0)
Jun 03 06:24:28.507115 np0000002015 devstack@placement-api.service[89289]: DEBUG placement.requestlog [req-6f613ede-ffbc-4d3d-81c6-8548ead4f667 req-1ceba388-e82b-4de3-91e7-55f67af4057e None None] Starting request: 10.4.3.135 "GET /placement/allocations/78ac6dcd-acb7-4ae1-9c15-06492754856c" {{(pid=89289) __call__ /opt/stack/placement/placement/requestlog.py:55}}
Jun 03 06:24:28.507115 np0000002015 devstack@placement-api.service[89289]: INFO placement.requestlog [req-6f613ede-ffbc-4d3d-81c6-8548ead4f667 req-1ceba388-e82b-4de3-91e7-55f67af4057e service nova] 10.4.3.135 "GET /placement/allocations/78ac6dcd-acb7-4ae1-9c15-06492754856c" status: 200 len: 244 microversion: 1.28
Jun 03 06:24:28.507115 np0000002015 devstack@placement-api.service[89289]: [pid: 89289|app: 0|req: 415/825] 10.4.3.135 () {68 vars in 1499 bytes} [Wed Jun 3 06:24:27 2026] GET /placement/allocations/78ac6dcd-acb7-4ae1-9c15-06492754856c => generated 244 bytes in 7 msecs (HTTP/1.1 200) 8 headers in 296 bytes (1 switches on core 0)
Jun 03 06:24:28.512834 np0000002015 devstack@placement-api.service[89290]: DEBUG placement.requestlog [req-6f613ede-ffbc-4d3d-81c6-8548ead4f667 req-424d4bc5-db0e-4225-abad-2844ca4ead5e None None] Starting request: 10.4.3.135 "GET /placement/allocations/4c13ba73-5b2a-4f38-9b6b-6e96906e175f" {{(pid=89290) __call__ /opt/stack/placement/placement/requestlog.py:55}}
Jun 03 06:24:28.512834 np0000002015 devstack@placement-api.service[89290]: INFO placement.requestlog [req-6f613ede-ffbc-4d3d-81c6-8548ead4f667 req-424d4bc5-db0e-4225-abad-2844ca4ead5e service nova] 10.4.3.135 "GET /placement/allocations/4c13ba73-5b2a-4f38-9b6b-6e96906e175f" status: 200 len: 258 microversion: 1.28
Jun 03 06:24:28.512834 np0000002015 devstack@placement-api.service[89290]: [pid: 89290|app: 0|req: 411/826] 10.4.3.135 () {68 vars in 1499 bytes} [Wed Jun 3 06:24:27 2026] GET /placement/allocations/4c13ba73-5b2a-4f38-9b6b-6e96906e175f => generated 258 bytes in 10 msecs (HTTP/1.1 200) 8 headers in 296 bytes (1 switches on core 0)
Jun 03 06:24:28.513483 np0000002015 devstack@placement-api.service[89289]: DEBUG placement.requestlog [req-6f613ede-ffbc-4d3d-81c6-8548ead4f667 req-84b5fc20-003a-439f-82f6-95f980f8c5ec None None] Starting request: 10.4.3.135 "GET /placement/allocations/f042dbea-768a-4e8a-9bf4-5ef4ceb88b6d" {{(pid=89289) __call__ /opt/stack/placement/placement/requestlog.py:55}}
Jun 03 06:24:28.513483 np0000002015 devstack@placement-api.service[89289]: INFO placement.requestlog [req-6f613ede-ffbc-4d3d-81c6-8548ead4f667 req-84b5fc20-003a-439f-82f6-95f980f8c5ec service nova] 10.4.3.135 "GET /placement/allocations/f042dbea-768a-4e8a-9bf4-5ef4ceb88b6d" status: 200 len: 258 microversion: 1.28
Jun 03 06:24:28.513483 np0000002015 devstack@placement-api.service[89289]: [pid: 89289|app: 0|req: 416/827] 10.4.3.135 () {68 vars in 1499 bytes} [Wed Jun 3 06:24:27 2026] GET /placement/allocations/f042dbea-768a-4e8a-9bf4-5ef4ceb88b6d => generated 258 bytes in 19 msecs (HTTP/1.1 200) 8 headers in 296 bytes (1 switches on core 0)
Jun 03 06:24:28.515873 np0000002015 devstack@placement-api.service[89290]: DEBUG placement.requestlog [req-6f613ede-ffbc-4d3d-81c6-8548ead4f667 req-bce99f18-a541-41e8-9a4e-e69afa5b7112 None None] Starting request: 10.4.3.135 "GET /placement/allocations/28541f3b-5cdc-43ed-b226-a019107841d0" {{(pid=89290) __call__ /opt/stack/placement/placement/requestlog.py:55}}
Jun 03 06:24:28.515873 np0000002015 devstack@placement-api.service[89290]: INFO placement.requestlog [req-6f613ede-ffbc-4d3d-81c6-8548ead4f667 req-bce99f18-a541-41e8-9a4e-e69afa5b7112 service nova] 10.4.3.135 "GET /placement/allocations/28541f3b-5cdc-43ed-b226-a019107841d0" status: 200 len: 258 microversion: 1.28
Jun 03 06:24:28.515873 np0000002015 devstack@placement-api.service[89290]: [pid: 89290|app: 0|req: 412/828] 10.4.3.135 () {68 vars in 1499 bytes} [Wed Jun 3 06:24:27 2026] GET /placement/allocations/28541f3b-5cdc-43ed-b226-a019107841d0 => generated 258 bytes in 17 msecs (HTTP/1.1 200) 8 headers in 296 bytes (1 switches on core 0)
Jun 03 06:24:28.804064 np0000002015 devstack@placement-api.service[89289]: DEBUG placement.requestlog [req-f4fe8550-6074-42d4-82ab-06d8e0823398 req-dd4cee1b-05bb-4e2a-a2b7-7c8b4eb573a6 None None] Starting request: 10.4.3.135 "GET /placement/resource_providers/683b7e06-f8fe-47b3-aeca-a76dacc9bd06/allocations" {{(pid=89289) __call__ /opt/stack/placement/placement/requestlog.py:55}}
Jun 03 06:24:28.818399 np0000002015 devstack@placement-api.service[89289]: INFO placement.requestlog [req-f4fe8550-6074-42d4-82ab-06d8e0823398 req-dd4cee1b-05bb-4e2a-a2b7-7c8b4eb573a6 service nova] 10.4.3.135 "GET /placement/resource_providers/683b7e06-f8fe-47b3-aeca-a76dacc9bd06/allocations" status: 200 len: 1111 microversion: 1.0
Jun 03 06:24:28.818663 np0000002015 devstack@placement-api.service[89289]: [pid: 89289|app: 0|req: 417/829] 10.4.3.135 () {66 vars in 1512 bytes} [Wed Jun 3 06:24:28 2026] GET /placement/resource_providers/683b7e06-f8fe-47b3-aeca-a76dacc9bd06/allocations => generated 1111 bytes in 15 msecs (HTTP/1.1 200) 6 headers in 225 bytes (1 switches on core 0)
Jun 03 06:24:28.870627 np0000002015 devstack@placement-api.service[89290]: DEBUG placement.requestlog [req-f4fe8550-6074-42d4-82ab-06d8e0823398 req-8129fb7b-03c9-42b8-9280-8a5f9aba6387 None None] Starting request: 10.4.3.135 "GET /placement/allocations/98320f17-c475-4bf6-a263-91df7e2d49d9" {{(pid=89290) __call__ /opt/stack/placement/placement/requestlog.py:55}}
Jun 03 06:24:28.884477 np0000002015 devstack@placement-api.service[89290]: INFO placement.requestlog [req-f4fe8550-6074-42d4-82ab-06d8e0823398 req-8129fb7b-03c9-42b8-9280-8a5f9aba6387 service nova] 10.4.3.135 "GET /placement/allocations/98320f17-c475-4bf6-a263-91df7e2d49d9" status: 200 len: 244 microversion: 1.28
Jun 03 06:24:28.885196 np0000002015 devstack@placement-api.service[89290]: [pid: 89290|app: 0|req: 413/830] 10.4.3.135 () {68 vars in 1499 bytes} [Wed Jun 3 06:24:28 2026] GET /placement/allocations/98320f17-c475-4bf6-a263-91df7e2d49d9 => generated 244 bytes in 15 msecs (HTTP/1.1 200) 8 headers in 296 bytes (1 switches on core 0)
Jun 03 06:24:28.937940 np0000002015 devstack@placement-api.service[89289]: DEBUG placement.requestlog [req-f4fe8550-6074-42d4-82ab-06d8e0823398 req-3e69e854-0ddc-462b-8e7c-f11f7b51b27e None None] Starting request: 10.4.3.135 "GET /placement/allocations/b3f042f2-7990-468c-986c-8f42fa522aa8" {{(pid=89289) __call__ /opt/stack/placement/placement/requestlog.py:55}}
Jun 03 06:24:28.962865 np0000002015 devstack@placement-api.service[89289]: INFO placement.requestlog [req-f4fe8550-6074-42d4-82ab-06d8e0823398 req-3e69e854-0ddc-462b-8e7c-f11f7b51b27e service nova] 10.4.3.135 "GET /placement/allocations/b3f042f2-7990-468c-986c-8f42fa522aa8" status: 200 len: 258 microversion: 1.28
Jun 03 06:24:28.963187 np0000002015 devstack@placement-api.service[89289]: [pid: 89289|app: 0|req: 418/831] 10.4.3.135 () {68 vars in 1499 bytes} [Wed Jun 3 06:24:28 2026] GET /placement/allocations/b3f042f2-7990-468c-986c-8f42fa522aa8 => generated 258 bytes in 26 msecs (HTTP/1.1 200) 8 headers in 296 bytes (1 switches on core 0)
Jun 03 06:24:29.010840 np0000002015 devstack@placement-api.service[89290]: DEBUG placement.requestlog [req-f4fe8550-6074-42d4-82ab-06d8e0823398 req-20bf15ef-7973-475d-9d12-61d01a8c4ae9 None None] Starting request: 10.4.3.135 "GET /placement/allocations/a8868264-d7f3-4b3f-967e-edf3280c599b" {{(pid=89290) __call__ /opt/stack/placement/placement/requestlog.py:55}}
Jun 03 06:24:29.019795 np0000002015 devstack@placement-api.service[89290]: INFO placement.requestlog [req-f4fe8550-6074-42d4-82ab-06d8e0823398 req-20bf15ef-7973-475d-9d12-61d01a8c4ae9 service nova] 10.4.3.135 "GET /placement/allocations/a8868264-d7f3-4b3f-967e-edf3280c599b" status: 200 len: 244 microversion: 1.28
Jun 03 06:24:29.020144 np0000002015 devstack@placement-api.service[89290]: [pid: 89290|app: 0|req: 414/832] 10.4.3.135 () {68 vars in 1499 bytes} [Wed Jun 3 06:24:29 2026] GET /placement/allocations/a8868264-d7f3-4b3f-967e-edf3280c599b => generated 244 bytes in 10 msecs (HTTP/1.1 200) 8 headers in 296 bytes (1 switches on core 0)
Jun 03 06:24:29.062271 np0000002015 devstack@placement-api.service[89289]: DEBUG placement.requestlog [req-f4fe8550-6074-42d4-82ab-06d8e0823398 req-745cb0a7-4dda-413c-92f7-eae24ae531d4 None None] Starting request: 10.4.3.135 "GET /placement/allocations/5363600e-7019-47d5-8743-69e11d61bb7a" {{(pid=89289) __call__ /opt/stack/placement/placement/requestlog.py:55}}
Jun 03 06:24:29.073024 np0000002015 devstack@placement-api.service[89289]: INFO placement.requestlog [req-f4fe8550-6074-42d4-82ab-06d8e0823398 req-745cb0a7-4dda-413c-92f7-eae24ae531d4 service nova] 10.4.3.135 "GET /placement/allocations/5363600e-7019-47d5-8743-69e11d61bb7a" status: 200 len: 258 microversion: 1.28
Jun 03 06:24:29.073266 np0000002015 devstack@placement-api.service[89289]: [pid: 89289|app: 0|req: 419/833] 10.4.3.135 () {68 vars in 1499 bytes} [Wed Jun 3 06:24:29 2026] GET /placement/allocations/5363600e-7019-47d5-8743-69e11d61bb7a => generated 258 bytes in 11 msecs (HTTP/1.1 200) 8 headers in 296 bytes (1 switches on core 0)
Jun 03 06:24:29.112140 np0000002015 devstack@placement-api.service[89290]: DEBUG placement.requestlog [req-03c07ee8-2290-48b0-b96e-c777a8a6ffbd req-8898f842-8aaa-4f74-9945-57e9cc139ad6 None None] Starting request: 10.4.3.135 "GET /placement/allocations/bf1358e3-f0c0-4858-8f5c-9208bca2f12a" {{(pid=89290) __call__ /opt/stack/placement/placement/requestlog.py:55}}
Jun 03 06:24:29.123511 np0000002015 devstack@placement-api.service[89289]: DEBUG placement.requestlog [req-f4fe8550-6074-42d4-82ab-06d8e0823398 req-34cb64b8-c668-48e9-b307-d911f9122046 None None] Starting request: 10.4.3.135 "GET /placement/allocations/a02fda37-2be0-419f-a8cc-8549bdaf0c09" {{(pid=89289) __call__ /opt/stack/placement/placement/requestlog.py:55}}
Jun 03 06:24:29.127278 np0000002015 devstack@placement-api.service[89290]: INFO placement.requestlog [req-03c07ee8-2290-48b0-b96e-c777a8a6ffbd req-8898f842-8aaa-4f74-9945-57e9cc139ad6 service nova] 10.4.3.135 "GET /placement/allocations/bf1358e3-f0c0-4858-8f5c-9208bca2f12a" status: 200 len: 258 microversion: 1.28
Jun 03 06:24:29.127278 np0000002015 devstack@placement-api.service[89290]: [pid: 89290|app: 0|req: 415/834] 10.4.3.135 () {68 vars in 1499 bytes} [Wed Jun 3 06:24:29 2026] GET /placement/allocations/bf1358e3-f0c0-4858-8f5c-9208bca2f12a => generated 258 bytes in 15 msecs (HTTP/1.1 200) 8 headers in 296 bytes (1 switches on core 0)
Jun 03 06:24:29.131972 np0000002015 devstack@placement-api.service[89289]: INFO placement.requestlog [req-f4fe8550-6074-42d4-82ab-06d8e0823398 req-34cb64b8-c668-48e9-b307-d911f9122046 service nova] 10.4.3.135 "GET /placement/allocations/a02fda37-2be0-419f-a8cc-8549bdaf0c09" status: 200 len: 258 microversion: 1.28
Jun 03 06:24:29.132266 np0000002015 devstack@placement-api.service[89289]: [pid: 89289|app: 0|req: 420/835] 10.4.3.135 () {68 vars in 1499 bytes} [Wed Jun 3 06:24:29 2026] GET /placement/allocations/a02fda37-2be0-419f-a8cc-8549bdaf0c09 => generated 258 bytes in 9 msecs (HTTP/1.1 200) 8 headers in 296 bytes (1 switches on core 0)
Jun 03 06:24:29.178495 np0000002015 devstack@placement-api.service[89290]: DEBUG placement.requestlog [req-f4fe8550-6074-42d4-82ab-06d8e0823398 req-8435ada4-f642-477f-9439-7ee961add80b None None] Starting request: 10.4.3.135 "GET /placement/allocations/9051deb4-ff5b-4a95-9adf-bafba72e0515" {{(pid=89290) __call__ /opt/stack/placement/placement/requestlog.py:55}}
Jun 03 06:24:29.187396 np0000002015 devstack@placement-api.service[89290]: INFO placement.requestlog [req-f4fe8550-6074-42d4-82ab-06d8e0823398 req-8435ada4-f642-477f-9439-7ee961add80b service nova] 10.4.3.135 "GET /placement/allocations/9051deb4-ff5b-4a95-9adf-bafba72e0515" status: 200 len: 258 microversion: 1.28
Jun 03 06:24:29.187847 np0000002015 devstack@placement-api.service[89290]: [pid: 89290|app: 0|req: 416/836] 10.4.3.135 () {68 vars in 1499 bytes} [Wed Jun 3 06:24:29 2026] GET /placement/allocations/9051deb4-ff5b-4a95-9adf-bafba72e0515 => generated 258 bytes in 10 msecs (HTTP/1.1 200) 8 headers in 296 bytes (1 switches on core 0)
Jun 03 06:24:29.219488 np0000002015 devstack@placement-api.service[89289]: DEBUG placement.requestlog [req-f4fe8550-6074-42d4-82ab-06d8e0823398 req-9d558a79-9e9d-4e30-b4a4-7f332bfe933c None None] Starting request: 10.4.3.135 "GET /placement/allocations/78ac6dcd-acb7-4ae1-9c15-06492754856c" {{(pid=89289) __call__ /opt/stack/placement/placement/requestlog.py:55}}
Jun 03 06:24:29.230724 np0000002015 devstack@placement-api.service[89289]: INFO placement.requestlog [req-f4fe8550-6074-42d4-82ab-06d8e0823398 req-9d558a79-9e9d-4e30-b4a4-7f332bfe933c service nova] 10.4.3.135 "GET /placement/allocations/78ac6dcd-acb7-4ae1-9c15-06492754856c" status: 200 len: 244 microversion: 1.28
Jun 03 06:24:29.231158 np0000002015 devstack@placement-api.service[89289]: [pid: 89289|app: 0|req: 421/837] 10.4.3.135 () {68 vars in 1499 bytes} [Wed Jun 3 06:24:29 2026] GET /placement/allocations/78ac6dcd-acb7-4ae1-9c15-06492754856c => generated 244 bytes in 12 msecs (HTTP/1.1 200) 8 headers in 296 bytes (1 switches on core 0)
Jun 03 06:24:29.263378 np0000002015 devstack@placement-api.service[89290]: DEBUG placement.requestlog [req-f4fe8550-6074-42d4-82ab-06d8e0823398 req-a5d88726-f49d-40e3-99bb-1368dd3c45bf None None] Starting request: 10.4.3.135 "GET /placement/allocations/4c13ba73-5b2a-4f38-9b6b-6e96906e175f" {{(pid=89290) __call__ /opt/stack/placement/placement/requestlog.py:55}}
Jun 03 06:24:29.271920 np0000002015 devstack@placement-api.service[89290]: INFO placement.requestlog [req-f4fe8550-6074-42d4-82ab-06d8e0823398 req-a5d88726-f49d-40e3-99bb-1368dd3c45bf service nova] 10.4.3.135 "GET /placement/allocations/4c13ba73-5b2a-4f38-9b6b-6e96906e175f" status: 200 len: 258 microversion: 1.28
Jun 03 06:24:29.272348 np0000002015 devstack@placement-api.service[89290]: [pid: 89290|app: 0|req: 417/838] 10.4.3.135 () {68 vars in 1499 bytes} [Wed Jun 3 06:24:29 2026] GET /placement/allocations/4c13ba73-5b2a-4f38-9b6b-6e96906e175f => generated 258 bytes in 10 msecs (HTTP/1.1 200) 8 headers in 296 bytes (1 switches on core 0)
Jun 03 06:24:29.307221 np0000002015 devstack@placement-api.service[89289]: DEBUG placement.requestlog [req-f4fe8550-6074-42d4-82ab-06d8e0823398 req-6ccf5421-6da1-4df7-87d4-ea4a6b10a052 None None] Starting request: 10.4.3.135 "GET /placement/allocations/bf1358e3-f0c0-4858-8f5c-9208bca2f12a" {{(pid=89289) __call__ /opt/stack/placement/placement/requestlog.py:55}}
Jun 03 06:24:29.315469 np0000002015 devstack@placement-api.service[89289]: INFO placement.requestlog [req-f4fe8550-6074-42d4-82ab-06d8e0823398 req-6ccf5421-6da1-4df7-87d4-ea4a6b10a052 service nova] 10.4.3.135 "GET /placement/allocations/bf1358e3-f0c0-4858-8f5c-9208bca2f12a" status: 200 len: 258 microversion: 1.28
Jun 03 06:24:29.315955 np0000002015 devstack@placement-api.service[89289]: [pid: 89289|app: 0|req: 422/839] 10.4.3.135 () {68 vars in 1499 bytes} [Wed Jun 3 06:24:29 2026] GET /placement/allocations/bf1358e3-f0c0-4858-8f5c-9208bca2f12a => generated 258 bytes in 9 msecs (HTTP/1.1 200) 8 headers in 296 bytes (1 switches on core 0)
Jun 03 06:24:29.350627 np0000002015 devstack@placement-api.service[89290]: DEBUG placement.requestlog [req-f4fe8550-6074-42d4-82ab-06d8e0823398 req-2a6b28d8-9e31-48b0-b332-c9697d45ccd1 None None] Starting request: 10.4.3.135 "GET /placement/allocations/f042dbea-768a-4e8a-9bf4-5ef4ceb88b6d" {{(pid=89290) __call__ /opt/stack/placement/placement/requestlog.py:55}}
Jun 03 06:24:29.362120 np0000002015 devstack@placement-api.service[89290]: INFO placement.requestlog [req-f4fe8550-6074-42d4-82ab-06d8e0823398 req-2a6b28d8-9e31-48b0-b332-c9697d45ccd1 service nova] 10.4.3.135 "GET /placement/allocations/f042dbea-768a-4e8a-9bf4-5ef4ceb88b6d" status: 200 len: 258 microversion: 1.28
Jun 03 06:24:29.362712 np0000002015 devstack@placement-api.service[89290]: [pid: 89290|app: 0|req: 418/840] 10.4.3.135 () {68 vars in 1499 bytes} [Wed Jun 3 06:24:29 2026] GET /placement/allocations/f042dbea-768a-4e8a-9bf4-5ef4ceb88b6d => generated 258 bytes in 12 msecs (HTTP/1.1 200) 8 headers in 296 bytes (1 switches on core 0)
Jun 03 06:24:29.394234 np0000002015 devstack@placement-api.service[89289]: DEBUG placement.requestlog [req-f4fe8550-6074-42d4-82ab-06d8e0823398 req-e88680fd-5f43-441c-92d4-978e1f5c44b7 None None] Starting request: 10.4.3.135 "GET /placement/allocations/28541f3b-5cdc-43ed-b226-a019107841d0" {{(pid=89289) __call__ /opt/stack/placement/placement/requestlog.py:55}}
Jun 03 06:24:29.406389 np0000002015 devstack@placement-api.service[89289]: INFO placement.requestlog [req-f4fe8550-6074-42d4-82ab-06d8e0823398 req-e88680fd-5f43-441c-92d4-978e1f5c44b7 service nova] 10.4.3.135 "GET /placement/allocations/28541f3b-5cdc-43ed-b226-a019107841d0" status: 200 len: 258 microversion: 1.28
Jun 03 06:24:29.406666 np0000002015 devstack@placement-api.service[89289]: [pid: 89289|app: 0|req: 423/841] 10.4.3.135 () {68 vars in 1499 bytes} [Wed Jun 3 06:24:29 2026] GET /placement/allocations/28541f3b-5cdc-43ed-b226-a019107841d0 => generated 258 bytes in 13 msecs (HTTP/1.1 200) 8 headers in 296 bytes (1 switches on core 0)
Jun 03 06:24:30.457425 np0000002015 devstack@placement-api.service[89290]: DEBUG placement.requestlog [req-f4fe8550-6074-42d4-82ab-06d8e0823398 req-0c6e4025-e1bd-4319-8335-36144d8955a3 None None] Starting request: 10.4.3.135 "DELETE /placement/allocations/28541f3b-5cdc-43ed-b226-a019107841d0" {{(pid=89290) __call__ /opt/stack/placement/placement/requestlog.py:55}}
Jun 03 06:24:30.498662 np0000002015 devstack@placement-api.service[89290]: DEBUG placement.handlers.allocation [req-f4fe8550-6074-42d4-82ab-06d8e0823398 req-0c6e4025-e1bd-4319-8335-36144d8955a3 service nova] Successfully deleted allocations [, , ] {{(pid=89290) delete_allocations /opt/stack/placement/placement/handlers/allocation.py:627}}
Jun 03 06:24:30.499001 np0000002015 devstack@placement-api.service[89290]: INFO placement.requestlog [req-f4fe8550-6074-42d4-82ab-06d8e0823398 req-0c6e4025-e1bd-4319-8335-36144d8955a3 service nova] 10.4.3.135 "DELETE /placement/allocations/28541f3b-5cdc-43ed-b226-a019107841d0" status: 204 len: 0 microversion: 1.0
Jun 03 06:24:30.499426 np0000002015 devstack@placement-api.service[89290]: [pid: 89290|app: 0|req: 419/842] 10.4.3.135 () {68 vars in 1477 bytes} [Wed Jun 3 06:24:30 2026] DELETE /placement/allocations/28541f3b-5cdc-43ed-b226-a019107841d0 => generated 0 bytes in 42 msecs (HTTP/1.1 204) 5 headers in 198 bytes (1 switches on core 0)
Jun 03 06:24:31.513869 np0000002015 devstack@placement-api.service[89289]: DEBUG placement.requestlog [req-3b2f100e-4738-41e1-a237-faf45ebc662c req-14667374-fac9-4d5f-87af-fd696285ce84 None None] Starting request: 10.4.3.135 "GET /placement/resource_providers/683b7e06-f8fe-47b3-aeca-a76dacc9bd06/allocations" {{(pid=89289) __call__ /opt/stack/placement/placement/requestlog.py:55}}
Jun 03 06:24:31.534417 np0000002015 devstack@placement-api.service[89289]: INFO placement.requestlog [req-3b2f100e-4738-41e1-a237-faf45ebc662c req-14667374-fac9-4d5f-87af-fd696285ce84 service nova] 10.4.3.135 "GET /placement/resource_providers/683b7e06-f8fe-47b3-aeca-a76dacc9bd06/allocations" status: 200 len: 1011 microversion: 1.0
Jun 03 06:24:31.534679 np0000002015 devstack@placement-api.service[89289]: [pid: 89289|app: 0|req: 424/843] 10.4.3.135 () {66 vars in 1512 bytes} [Wed Jun 3 06:24:31 2026] GET /placement/resource_providers/683b7e06-f8fe-47b3-aeca-a76dacc9bd06/allocations => generated 1011 bytes in 21 msecs (HTTP/1.1 200) 6 headers in 225 bytes (1 switches on core 0)
Jun 03 06:24:31.598659 np0000002015 devstack@placement-api.service[89290]: DEBUG placement.requestlog [req-3b2f100e-4738-41e1-a237-faf45ebc662c req-762f32fc-9695-402b-84c8-bd55a1c044b2 None None] Starting request: 10.4.3.135 "GET /placement/allocations/98320f17-c475-4bf6-a263-91df7e2d49d9" {{(pid=89290) __call__ /opt/stack/placement/placement/requestlog.py:55}}
Jun 03 06:24:31.609626 np0000002015 devstack@placement-api.service[89290]: INFO placement.requestlog [req-3b2f100e-4738-41e1-a237-faf45ebc662c req-762f32fc-9695-402b-84c8-bd55a1c044b2 service nova] 10.4.3.135 "GET /placement/allocations/98320f17-c475-4bf6-a263-91df7e2d49d9" status: 200 len: 244 microversion: 1.28
Jun 03 06:24:31.609963 np0000002015 devstack@placement-api.service[89290]: [pid: 89290|app: 0|req: 420/844] 10.4.3.135 () {68 vars in 1499 bytes} [Wed Jun 3 06:24:31 2026] GET /placement/allocations/98320f17-c475-4bf6-a263-91df7e2d49d9 => generated 244 bytes in 11 msecs (HTTP/1.1 200) 8 headers in 296 bytes (1 switches on core 0)
Jun 03 06:24:31.670787 np0000002015 devstack@placement-api.service[89289]: DEBUG placement.requestlog [req-3b2f100e-4738-41e1-a237-faf45ebc662c req-f586a7ff-cbb5-4408-98ee-ae81987a60c5 None None] Starting request: 10.4.3.135 "GET /placement/allocations/b3f042f2-7990-468c-986c-8f42fa522aa8" {{(pid=89289) __call__ /opt/stack/placement/placement/requestlog.py:55}}
Jun 03 06:24:31.677592 np0000002015 devstack@placement-api.service[89289]: INFO placement.requestlog [req-3b2f100e-4738-41e1-a237-faf45ebc662c req-f586a7ff-cbb5-4408-98ee-ae81987a60c5 service nova] 10.4.3.135 "GET /placement/allocations/b3f042f2-7990-468c-986c-8f42fa522aa8" status: 200 len: 258 microversion: 1.28
Jun 03 06:24:31.677845 np0000002015 devstack@placement-api.service[89289]: [pid: 89289|app: 0|req: 425/845] 10.4.3.135 () {68 vars in 1499 bytes} [Wed Jun 3 06:24:31 2026] GET /placement/allocations/b3f042f2-7990-468c-986c-8f42fa522aa8 => generated 258 bytes in 9 msecs (HTTP/1.1 200) 8 headers in 296 bytes (1 switches on core 0)
