Aug 17 01:17:49.051250 np0000007439 devstack@n-api.service[87561]: DEBUG oslo_concurrency.lockutils [None req-e98300c6-730f-4298-9b08-f1f00312f14a tempest-DeleteServersTestJSON-663842215 tempest-DeleteServersTestJSON-663842215-project-member] Lock "9a02ba32-13b6-49f3-a28b-fd0f6f1e631e" acquired by "nova.context.set_target_cell..get_or_set_cached_cell_and_set_connections" :: waited 0.000s {{(pid=87561) inner /opt/stack/data/venv/lib/python3.12/site-packages/oslo_concurrency/lockutils.py:525}}
Aug 17 01:17:49.051425 np0000007439 devstack@n-api.service[87561]: DEBUG oslo_concurrency.lockutils [None req-e98300c6-730f-4298-9b08-f1f00312f14a tempest-DeleteServersTestJSON-663842215 tempest-DeleteServersTestJSON-663842215-project-member] Lock "9a02ba32-13b6-49f3-a28b-fd0f6f1e631e" "released" by "nova.context.set_target_cell..get_or_set_cached_cell_and_set_connections" :: held 0.000s {{(pid=87561) inner /opt/stack/data/venv/lib/python3.12/site-packages/oslo_concurrency/lockutils.py:544}}
Aug 17 01:17:49.051751 np0000007439 devstack@n-api.service[87561]: DEBUG oslo_concurrency.lockutils [None req-e98300c6-730f-4298-9b08-f1f00312f14a tempest-DeleteServersTestJSON-663842215 tempest-DeleteServersTestJSON-663842215-project-member] Acquiring lock "9a02ba32-13b6-49f3-a28b-fd0f6f1e631e" by "nova.context.set_target_cell..get_or_set_cached_cell_and_set_connections" {{(pid=87561) inner /opt/stack/data/venv/lib/python3.12/site-packages/oslo_concurrency/lockutils.py:512}}
Aug 17 01:17:49.051964 np0000007439 devstack@n-api.service[87561]: DEBUG oslo_concurrency.lockutils [None req-e98300c6-730f-4298-9b08-f1f00312f14a tempest-DeleteServersTestJSON-663842215 tempest-DeleteServersTestJSON-663842215-project-member] Lock "9a02ba32-13b6-49f3-a28b-fd0f6f1e631e" acquired by "nova.context.set_target_cell..get_or_set_cached_cell_and_set_connections" :: waited 0.000s {{(pid=87561) inner /opt/stack/data/venv/lib/python3.12/site-packages/oslo_concurrency/lockutils.py:525}}
Aug 17 01:17:49.055642 np0000007439 devstack@n-api.service[87561]: DEBUG oslo_concurrency.lockutils [None req-e98300c6-730f-4298-9b08-f1f00312f14a tempest-DeleteServersTestJSON-663842215 tempest-DeleteServersTestJSON-663842215-project-member] Lock "9a02ba32-13b6-49f3-a28b-fd0f6f1e631e" "released" by "nova.context.set_target_cell..get_or_set_cached_cell_and_set_connections" :: held 0.004s {{(pid=87561) inner /opt/stack/data/venv/lib/python3.12/site-packages/oslo_concurrency/lockutils.py:544}}
Aug 17 01:17:49.057229 np0000007439 devstack@n-api.service[87563]: WARNING neutronclient.v2_0.client [None req-f1a49c0f-9fdd-4e5e-9209-5444b912e78a tempest-TaggedAttachmentsTest-87459345 tempest-TaggedAttachmentsTest-87459345-project-member] The python binding code in neutronclient is deprecated in favor of OpenstackSDK, please use that as this will be removed in a future release.
Aug 17 01:17:49.391383 np0000007439 devstack@n-api.service[87562]: DEBUG nova.policy [None req-9bded4c5-c894-40f8-9653-5e0759186cc6 tempest-AttachSCSIVolumeTestJSON-1438580555 tempest-AttachSCSIVolumeTestJSON-1438580555-project-member] Policy check for os_compute_api:os-extended-server-attributes failed with credentials {'is_admin': False, 'user_id': 'd9cf512f149a4224a6573c4a4e6ebba8', 'user_domain_id': 'default', 'system_scope': None, 'domain_id': None, 'project_id': '62b16cec7f7b44e79e2ee5082e1aaeb1', 'project_domain_id': 'default', 'roles': ['member', 'reader'], 'is_admin_project': True, 'service_user_id': None, 'service_user_domain_id': None, 'service_project_id': None, 'service_project_domain_id': None, 'service_roles': []} {{(pid=87562) authorize /opt/stack/nova/nova/policy.py:202}}
Aug 17 01:17:49.393613 np0000007439 devstack@n-api.service[87563]: INFO nova.api.openstack.requestlog [None req-f1a49c0f-9fdd-4e5e-9209-5444b912e78a tempest-TaggedAttachmentsTest-87459345 tempest-TaggedAttachmentsTest-87459345-project-member] 10.4.3.202 "GET /compute/v2.1/servers/72b1989b-30ad-43b0-a601-a0b133be25c8/os-interface" status: 200 len: 282 microversion: 2.49 time: 0.404438
Aug 17 01:17:49.394188 np0000007439 devstack@n-api.service[87563]: [pid: 87563|app: 0|req: 19/76] 10.4.3.202 () {68 vars in 1434 bytes} [Mon Aug 17 01:17:48 2026] GET /compute/v2.1/servers/72b1989b-30ad-43b0-a601-a0b133be25c8/os-interface => generated 282 bytes in 405 msecs (HTTP/1.1 200) 9 headers in 359 bytes (1 switches on core 0)
Aug 17 01:17:49.403202 np0000007439 devstack@n-api.service[87562]: INFO nova.api.openstack.requestlog [None req-9bded4c5-c894-40f8-9653-5e0759186cc6 tempest-AttachSCSIVolumeTestJSON-1438580555 tempest-AttachSCSIVolumeTestJSON-1438580555-project-member] 10.4.3.202 "GET /compute/v2.1/servers/9451cd81-23fc-4cc1-8cce-31b5de07391c" status: 200 len: 1369 microversion: 2.1 time: 0.632283
Aug 17 01:17:49.404570 np0000007439 devstack@n-api.service[87562]: [pid: 87562|app: 0|req: 23/77] 10.4.3.202 () {66 vars in 1354 bytes} [Mon Aug 17 01:17:48 2026] GET /compute/v2.1/servers/9451cd81-23fc-4cc1-8cce-31b5de07391c => generated 1369 bytes in 634 msecs (HTTP/1.1 200) 9 headers in 358 bytes (1 switches on core 0)
Aug 17 01:17:49.683258 np0000007439 devstack@n-api.service[87563]: DEBUG nova.api.openstack.wsgi [None req-c14c8b56-a2cd-443e-9222-84a31c87e9ec tempest-VolumesAssistedSnapshotsTest-1071914034 tempest-VolumesAssistedSnapshotsTest-1071914034-project-member] Calling method '>' {{(pid=87563) _process_stack /opt/stack/nova/nova/api/openstack/wsgi.py:551}}
Aug 17 01:17:49.684806 np0000007439 devstack@n-api.service[87563]: DEBUG nova.compute.api [None req-c14c8b56-a2cd-443e-9222-84a31c87e9ec tempest-VolumesAssistedSnapshotsTest-1071914034 tempest-VolumesAssistedSnapshotsTest-1071914034-project-member] [instance: f5a6f992-6ff3-4c4d-b6b3-1a60abe13ee1] Fetching instance by UUID {{(pid=87563) get /opt/stack/nova/nova/compute/api.py:3068}}
Aug 17 01:17:49.690110 np0000007439 devstack@n-api.service[87563]: DEBUG oslo_concurrency.lockutils [None req-c14c8b56-a2cd-443e-9222-84a31c87e9ec tempest-VolumesAssistedSnapshotsTest-1071914034 tempest-VolumesAssistedSnapshotsTest-1071914034-project-member] Acquiring lock "9a02ba32-13b6-49f3-a28b-fd0f6f1e631e" by "nova.context.set_target_cell..get_or_set_cached_cell_and_set_connections" {{(pid=87563) inner /opt/stack/data/venv/lib/python3.12/site-packages/oslo_concurrency/lockutils.py:512}}
Aug 17 01:17:49.690391 np0000007439 devstack@n-api.service[87563]: DEBUG oslo_concurrency.lockutils [None req-c14c8b56-a2cd-443e-9222-84a31c87e9ec tempest-VolumesAssistedSnapshotsTest-1071914034 tempest-VolumesAssistedSnapshotsTest-1071914034-project-member] Lock "9a02ba32-13b6-49f3-a28b-fd0f6f1e631e" acquired by "nova.context.set_target_cell..get_or_set_cached_cell_and_set_connections" :: waited 0.000s {{(pid=87563) inner /opt/stack/data/venv/lib/python3.12/site-packages/oslo_concurrency/lockutils.py:525}}
Aug 17 01:17:49.690618 np0000007439 devstack@n-api.service[87563]: DEBUG oslo_concurrency.lockutils [None req-c14c8b56-a2cd-443e-9222-84a31c87e9ec tempest-VolumesAssistedSnapshotsTest-1071914034 tempest-VolumesAssistedSnapshotsTest-1071914034-project-member] Lock "9a02ba32-13b6-49f3-a28b-fd0f6f1e631e" "released" by "nova.context.set_target_cell..get_or_set_cached_cell_and_set_connections" :: held 0.000s {{(pid=87563) inner /opt/stack/data/venv/lib/python3.12/site-packages/oslo_concurrency/lockutils.py:544}}
Aug 17 01:17:49.691112 np0000007439 devstack@n-api.service[87563]: DEBUG oslo_concurrency.lockutils [None req-c14c8b56-a2cd-443e-9222-84a31c87e9ec tempest-VolumesAssistedSnapshotsTest-1071914034 tempest-VolumesAssistedSnapshotsTest-1071914034-project-member] Acquiring lock "9a02ba32-13b6-49f3-a28b-fd0f6f1e631e" by "nova.context.set_target_cell..get_or_set_cached_cell_and_set_connections" {{(pid=87563) inner /opt/stack/data/venv/lib/python3.12/site-packages/oslo_concurrency/lockutils.py:512}}
Aug 17 01:17:49.691441 np0000007439 devstack@n-api.service[87563]: DEBUG oslo_concurrency.lockutils [None req-c14c8b56-a2cd-443e-9222-84a31c87e9ec tempest-VolumesAssistedSnapshotsTest-1071914034 tempest-VolumesAssistedSnapshotsTest-1071914034-project-member] Lock "9a02ba32-13b6-49f3-a28b-fd0f6f1e631e" acquired by "nova.context.set_target_cell..get_or_set_cached_cell_and_set_connections" :: waited 0.000s {{(pid=87563) inner /opt/stack/data/venv/lib/python3.12/site-packages/oslo_concurrency/lockutils.py:525}}
Aug 17 01:17:49.691935 np0000007439 devstack@n-api.service[87563]: DEBUG oslo_concurrency.lockutils [None req-c14c8b56-a2cd-443e-9222-84a31c87e9ec tempest-VolumesAssistedSnapshotsTest-1071914034 tempest-VolumesAssistedSnapshotsTest-1071914034-project-member] Lock "9a02ba32-13b6-49f3-a28b-fd0f6f1e631e" "released" by "nova.context.set_target_cell..get_or_set_cached_cell_and_set_connections" :: held 0.000s {{(pid=87563) inner /opt/stack/data/venv/lib/python3.12/site-packages/oslo_concurrency/lockutils.py:544}}
Aug 17 01:17:49.709803 np0000007439 devstack@n-api.service[87563]: WARNING neutronclient.v2_0.client [None req-c14c8b56-a2cd-443e-9222-84a31c87e9ec tempest-VolumesAssistedSnapshotsTest-1071914034 tempest-VolumesAssistedSnapshotsTest-1071914034-project-member] The python binding code in neutronclient is deprecated in favor of OpenstackSDK, please use that as this will be removed in a future release.
Aug 17 01:17:49.726636 np0000007439 devstack@n-api.service[87562]: DEBUG nova.api.openstack.wsgi [None req-ad49fb3f-ec6d-4e2d-a165-9cffff471ef8 tempest-ServerActionsV293TestJSON-669558103 tempest-ServerActionsV293TestJSON-669558103-project-member] Calling method '>' {{(pid=87562) _process_stack /opt/stack/nova/nova/api/openstack/wsgi.py:551}}
Aug 17 01:17:49.728087 np0000007439 devstack@n-api.service[87562]: DEBUG nova.compute.api [None req-ad49fb3f-ec6d-4e2d-a165-9cffff471ef8 tempest-ServerActionsV293TestJSON-669558103 tempest-ServerActionsV293TestJSON-669558103-project-member] [instance: 67e28f70-2580-4db4-8c5a-90059e9c451e] Fetching instance by UUID {{(pid=87562) get /opt/stack/nova/nova/compute/api.py:3068}}
Aug 17 01:17:49.734536 np0000007439 devstack@n-api.service[87562]: DEBUG oslo_concurrency.lockutils [None req-ad49fb3f-ec6d-4e2d-a165-9cffff471ef8 tempest-ServerActionsV293TestJSON-669558103 tempest-ServerActionsV293TestJSON-669558103-project-member] Acquiring lock "9a02ba32-13b6-49f3-a28b-fd0f6f1e631e" by "nova.context.set_target_cell..get_or_set_cached_cell_and_set_connections" {{(pid=87562) inner /opt/stack/data/venv/lib/python3.12/site-packages/oslo_concurrency/lockutils.py:512}}
Aug 17 01:17:49.734826 np0000007439 devstack@n-api.service[87562]: DEBUG oslo_concurrency.lockutils [None req-ad49fb3f-ec6d-4e2d-a165-9cffff471ef8 tempest-ServerActionsV293TestJSON-669558103 tempest-ServerActionsV293TestJSON-669558103-project-member] Lock "9a02ba32-13b6-49f3-a28b-fd0f6f1e631e" acquired by "nova.context.set_target_cell..get_or_set_cached_cell_and_set_connections" :: waited 0.000s {{(pid=87562) inner /opt/stack/data/venv/lib/python3.12/site-packages/oslo_concurrency/lockutils.py:525}}
Aug 17 01:17:49.735137 np0000007439 devstack@n-api.service[87562]: DEBUG oslo_concurrency.lockutils [None req-ad49fb3f-ec6d-4e2d-a165-9cffff471ef8 tempest-ServerActionsV293TestJSON-669558103 tempest-ServerActionsV293TestJSON-669558103-project-member] Lock "9a02ba32-13b6-49f3-a28b-fd0f6f1e631e" "released" by "nova.context.set_target_cell..get_or_set_cached_cell_and_set_connections" :: held 0.000s {{(pid=87562) inner /opt/stack/data/venv/lib/python3.12/site-packages/oslo_concurrency/lockutils.py:544}}
Aug 17 01:17:49.735874 np0000007439 devstack@n-api.service[87562]: DEBUG oslo_concurrency.lockutils [None req-ad49fb3f-ec6d-4e2d-a165-9cffff471ef8 tempest-ServerActionsV293TestJSON-669558103 tempest-ServerActionsV293TestJSON-669558103-project-member] Acquiring lock "9a02ba32-13b6-49f3-a28b-fd0f6f1e631e" by "nova.context.set_target_cell..get_or_set_cached_cell_and_set_connections" {{(pid=87562) inner /opt/stack/data/venv/lib/python3.12/site-packages/oslo_concurrency/lockutils.py:512}}
Aug 17 01:17:49.736155 np0000007439 devstack@n-api.service[87562]: DEBUG oslo_concurrency.lockutils [None req-ad49fb3f-ec6d-4e2d-a165-9cffff471ef8 tempest-ServerActionsV293TestJSON-669558103 tempest-ServerActionsV293TestJSON-669558103-project-member] Lock "9a02ba32-13b6-49f3-a28b-fd0f6f1e631e" acquired by "nova.context.set_target_cell..get_or_set_cached_cell_and_set_connections" :: waited 0.000s {{(pid=87562) inner /opt/stack/data/venv/lib/python3.12/site-packages/oslo_concurrency/lockutils.py:525}}
Aug 17 01:17:49.736499 np0000007439 devstack@n-api.service[87562]: DEBUG oslo_concurrency.lockutils [None req-ad49fb3f-ec6d-4e2d-a165-9cffff471ef8 tempest-ServerActionsV293TestJSON-669558103 tempest-ServerActionsV293TestJSON-669558103-project-member] Lock "9a02ba32-13b6-49f3-a28b-fd0f6f1e631e" "released" by "nova.context.set_target_cell..get_or_set_cached_cell_and_set_connections" :: held 0.000s {{(pid=87562) inner /opt/stack/data/venv/lib/python3.12/site-packages/oslo_concurrency/lockutils.py:544}}
Aug 17 01:17:49.767738 np0000007439 devstack@n-api.service[87562]: WARNING neutronclient.v2_0.client [None req-ad49fb3f-ec6d-4e2d-a165-9cffff471ef8 tempest-ServerActionsV293TestJSON-669558103 tempest-ServerActionsV293TestJSON-669558103-project-member] The python binding code in neutronclient is deprecated in favor of OpenstackSDK, please use that as this will be removed in a future release.
Aug 17 01:17:49.770702 np0000007439 devstack@n-api.service[87564]: WARNING neutronclient.v2_0.client [None req-00a2d27f-6c69-4a9e-8a4e-6572763c2501 tempest-TestMultiAttachVolumeSwap-740105874 tempest-TestMultiAttachVolumeSwap-740105874-project-member] The python binding code in neutronclient is deprecated in favor of OpenstackSDK, please use that as this will be removed in a future release.
Aug 17 01:17:50.014611 np0000007439 devstack@n-api.service[87561]: INFO nova.api.openstack.requestlog [None req-e98300c6-730f-4298-9b08-f1f00312f14a tempest-DeleteServersTestJSON-663842215 tempest-DeleteServersTestJSON-663842215-project-member] 10.4.3.202 "POST /compute/v2.1/servers/e285f710-b193-4927-a54a-66279304b35a/os-volume_attachments" status: 200 len: 194 microversion: 2.1 time: 0.976434
Aug 17 01:17:50.014957 np0000007439 devstack@n-api.service[87561]: [pid: 87561|app: 0|req: 19/78] 10.4.3.202 () {68 vars in 1441 bytes} [Mon Aug 17 01:17:49 2026] POST /compute/v2.1/servers/e285f710-b193-4927-a54a-66279304b35a/os-volume_attachments => generated 194 bytes in 977 msecs (HTTP/1.1 200) 9 headers in 357 bytes (1 switches on core 0)
Aug 17 01:17:50.179388 np0000007439 devstack@n-api.service[87563]: DEBUG nova.policy [None req-c14c8b56-a2cd-443e-9222-84a31c87e9ec tempest-VolumesAssistedSnapshotsTest-1071914034 tempest-VolumesAssistedSnapshotsTest-1071914034-project-member] Policy check for os_compute_api:os-extended-server-attributes failed with credentials {'is_admin': False, 'user_id': '06bda397829348f1921540d68b26ea9c', 'user_domain_id': 'default', 'system_scope': None, 'domain_id': None, 'project_id': 'a254a797022d40f094df4dd2b9a82cad', 'project_domain_id': 'default', 'roles': ['member', 'reader'], 'is_admin_project': True, 'service_user_id': None, 'service_user_domain_id': None, 'service_project_id': None, 'service_project_domain_id': None, 'service_roles': []} {{(pid=87563) authorize /opt/stack/nova/nova/policy.py:202}}
Aug 17 01:17:50.188558 np0000007439 devstack@n-api.service[87562]: DEBUG nova.policy [None req-ad49fb3f-ec6d-4e2d-a165-9cffff471ef8 tempest-ServerActionsV293TestJSON-669558103 tempest-ServerActionsV293TestJSON-669558103-project-member] Policy check for os_compute_api:os-extended-server-attributes failed with credentials {'is_admin': False, 'user_id': 'bd7a74dc321b4e43abe28c413156099f', 'user_domain_id': 'default', 'system_scope': None, 'domain_id': None, 'project_id': '8fafa3523abd4452adffaf2f619c2434', 'project_domain_id': 'default', 'roles': ['member', 'reader'], 'is_admin_project': True, 'service_user_id': None, 'service_user_domain_id': None, 'service_project_id': None, 'service_project_domain_id': None, 'service_roles': []} {{(pid=87562) authorize /opt/stack/nova/nova/policy.py:202}}
Aug 17 01:17:50.191867 np0000007439 devstack@n-api.service[87563]: INFO nova.api.openstack.requestlog [None req-c14c8b56-a2cd-443e-9222-84a31c87e9ec tempest-VolumesAssistedSnapshotsTest-1071914034 tempest-VolumesAssistedSnapshotsTest-1071914034-project-member] 10.4.3.202 "GET /compute/v2.1/servers/f5a6f992-6ff3-4c4d-b6b3-1a60abe13ee1" status: 200 len: 1369 microversion: 2.1 time: 0.511449
Aug 17 01:17:50.194566 np0000007439 devstack@n-api.service[87563]: [pid: 87563|app: 0|req: 20/79] 10.4.3.202 () {66 vars in 1354 bytes} [Mon Aug 17 01:17:49 2026] GET /compute/v2.1/servers/f5a6f992-6ff3-4c4d-b6b3-1a60abe13ee1 => generated 1369 bytes in 513 msecs (HTTP/1.1 200) 9 headers in 358 bytes (1 switches on core 0)
Aug 17 01:17:50.194790 np0000007439 devstack@n-api.service[87562]: DEBUG nova.policy [None req-ad49fb3f-ec6d-4e2d-a165-9cffff471ef8 tempest-ServerActionsV293TestJSON-669558103 tempest-ServerActionsV293TestJSON-669558103-project-member] Policy check for os_compute_api:servers:show:host_status failed with credentials {'is_admin': False, 'user_id': 'bd7a74dc321b4e43abe28c413156099f', 'user_domain_id': 'default', 'system_scope': None, 'domain_id': None, 'project_id': '8fafa3523abd4452adffaf2f619c2434', 'project_domain_id': 'default', 'roles': ['member', 'reader'], 'is_admin_project': True, 'service_user_id': None, 'service_user_domain_id': None, 'service_project_id': None, 'service_project_domain_id': None, 'service_roles': []} {{(pid=87562) authorize /opt/stack/nova/nova/policy.py:202}}
Aug 17 01:17:50.195319 np0000007439 devstack@n-api.service[87562]: DEBUG nova.policy [None req-ad49fb3f-ec6d-4e2d-a165-9cffff471ef8 tempest-ServerActionsV293TestJSON-669558103 tempest-ServerActionsV293TestJSON-669558103-project-member] Policy check for os_compute_api:servers:show:host_status:unknown-only failed with credentials {'is_admin': False, 'user_id': 'bd7a74dc321b4e43abe28c413156099f', 'user_domain_id': 'default', 'system_scope': None, 'domain_id': None, 'project_id': '8fafa3523abd4452adffaf2f619c2434', 'project_domain_id': 'default', 'roles': ['member', 'reader'], 'is_admin_project': True, 'service_user_id': None, 'service_user_domain_id': None, 'service_project_id': None, 'service_project_domain_id': None, 'service_roles': []} {{(pid=87562) authorize /opt/stack/nova/nova/policy.py:202}}
Aug 17 01:17:50.196267 np0000007439 devstack@n-api.service[87563]: DEBUG nova.api.openstack.wsgi [req-ce3d0a7c-cca3-4ace-9e7e-bd52bb5a1d75 req-1daaf35c-ec6a-454d-b262-326db84d5cae service nova] Action: 'create', calling method: >, body: {"events": [{"name": "network-changed", "server_uuid": "67e28f70-2580-4db4-8c5a-90059e9c451e", "tag": "cbb457d8-89fb-4d7d-a130-c1270dd26497"}]} {{(pid=87563) _process_stack /opt/stack/nova/nova/api/openstack/wsgi.py:549}}
Aug 17 01:17:50.206640 np0000007439 devstack@n-api.service[87562]: INFO nova.api.openstack.requestlog [None req-ad49fb3f-ec6d-4e2d-a165-9cffff471ef8 tempest-ServerActionsV293TestJSON-669558103 tempest-ServerActionsV293TestJSON-669558103-project-member] 10.4.3.202 "GET /compute/v2.1/servers/67e28f70-2580-4db4-8c5a-90059e9c451e" status: 200 len: 1538 microversion: 2.93 time: 0.486520
Aug 17 01:17:50.207052 np0000007439 devstack@n-api.service[87562]: [pid: 87562|app: 0|req: 24/80] 10.4.3.202 () {68 vars in 1395 bytes} [Mon Aug 17 01:17:49 2026] GET /compute/v2.1/servers/67e28f70-2580-4db4-8c5a-90059e9c451e => generated 1538 bytes in 487 msecs (HTTP/1.1 200) 9 headers in 360 bytes (1 switches on core 0)
Aug 17 01:17:50.212099 np0000007439 devstack@n-api.service[87562]: DEBUG nova.api.openstack.wsgi [req-d465bfa0-9e9e-4f12-b0c1-6913d52f0a9e req-99bfad4a-0fc3-4b9a-b669-d09f89f2d4b2 service nova] Action: 'create', calling method: >, body: {"events": [{"name": "network-changed", "server_uuid": "f5a6f992-6ff3-4c4d-b6b3-1a60abe13ee1", "tag": "f31c094a-21e6-41b2-9bc0-f7e8a9eb8e50"}]} {{(pid=87562) _process_stack /opt/stack/nova/nova/api/openstack/wsgi.py:549}}
Aug 17 01:17:50.213097 np0000007439 devstack@n-api.service[87563]: DEBUG oslo_concurrency.lockutils [req-ce3d0a7c-cca3-4ace-9e7e-bd52bb5a1d75 req-1daaf35c-ec6a-454d-b262-326db84d5cae service nova] Acquiring lock "9a02ba32-13b6-49f3-a28b-fd0f6f1e631e" by "nova.context.set_target_cell..get_or_set_cached_cell_and_set_connections" {{(pid=87563) inner /opt/stack/data/venv/lib/python3.12/site-packages/oslo_concurrency/lockutils.py:512}}
Aug 17 01:17:50.213423 np0000007439 devstack@n-api.service[87563]: DEBUG oslo_concurrency.lockutils [req-ce3d0a7c-cca3-4ace-9e7e-bd52bb5a1d75 req-1daaf35c-ec6a-454d-b262-326db84d5cae service nova] Lock "9a02ba32-13b6-49f3-a28b-fd0f6f1e631e" acquired by "nova.context.set_target_cell..get_or_set_cached_cell_and_set_connections" :: waited 0.000s {{(pid=87563) inner /opt/stack/data/venv/lib/python3.12/site-packages/oslo_concurrency/lockutils.py:525}}
Aug 17 01:17:50.213605 np0000007439 devstack@n-api.service[87563]: DEBUG oslo_concurrency.lockutils [req-ce3d0a7c-cca3-4ace-9e7e-bd52bb5a1d75 req-1daaf35c-ec6a-454d-b262-326db84d5cae service nova] Lock "9a02ba32-13b6-49f3-a28b-fd0f6f1e631e" "released" by "nova.context.set_target_cell..get_or_set_cached_cell_and_set_connections" :: held 0.000s {{(pid=87563) inner /opt/stack/data/venv/lib/python3.12/site-packages/oslo_concurrency/lockutils.py:544}}
Aug 17 01:17:50.226581 np0000007439 devstack@n-api.service[87562]: DEBUG oslo_concurrency.lockutils [req-d465bfa0-9e9e-4f12-b0c1-6913d52f0a9e req-99bfad4a-0fc3-4b9a-b669-d09f89f2d4b2 service nova] Acquiring lock "9a02ba32-13b6-49f3-a28b-fd0f6f1e631e" by "nova.context.set_target_cell..get_or_set_cached_cell_and_set_connections" {{(pid=87562) inner /opt/stack/data/venv/lib/python3.12/site-packages/oslo_concurrency/lockutils.py:512}}
Aug 17 01:17:50.226856 np0000007439 devstack@n-api.service[87562]: DEBUG oslo_concurrency.lockutils [req-d465bfa0-9e9e-4f12-b0c1-6913d52f0a9e req-99bfad4a-0fc3-4b9a-b669-d09f89f2d4b2 service nova] Lock "9a02ba32-13b6-49f3-a28b-fd0f6f1e631e" acquired by "nova.context.set_target_cell..get_or_set_cached_cell_and_set_connections" :: waited 0.000s {{(pid=87562) inner /opt/stack/data/venv/lib/python3.12/site-packages/oslo_concurrency/lockutils.py:525}}
Aug 17 01:17:50.227229 np0000007439 devstack@n-api.service[87562]: DEBUG oslo_concurrency.lockutils [req-d465bfa0-9e9e-4f12-b0c1-6913d52f0a9e req-99bfad4a-0fc3-4b9a-b669-d09f89f2d4b2 service nova] Lock "9a02ba32-13b6-49f3-a28b-fd0f6f1e631e" "released" by "nova.context.set_target_cell..get_or_set_cached_cell_and_set_connections" :: held 0.000s {{(pid=87562) inner /opt/stack/data/venv/lib/python3.12/site-packages/oslo_concurrency/lockutils.py:544}}
Aug 17 01:17:50.234831 np0000007439 devstack@n-api.service[87562]: INFO nova.api.openstack.compute.server_external_events [req-d465bfa0-9e9e-4f12-b0c1-6913d52f0a9e req-99bfad4a-0fc3-4b9a-b669-d09f89f2d4b2 service nova] Creating event network-changed:f31c094a-21e6-41b2-9bc0-f7e8a9eb8e50 for instance f5a6f992-6ff3-4c4d-b6b3-1a60abe13ee1 on np0000007439
Aug 17 01:17:50.235359 np0000007439 devstack@n-api.service[87562]: DEBUG nova.compute.rpcapi [req-d465bfa0-9e9e-4f12-b0c1-6913d52f0a9e req-99bfad4a-0fc3-4b9a-b669-d09f89f2d4b2 service nova] RPC: Sending the message to topic: compute-alt {{(pid=87562) prepare_for_alt_rpcserver /opt/stack/nova/nova/compute/rpcapi.py:595}}
Aug 17 01:17:50.237739 np0000007439 devstack@n-api.service[87563]: INFO nova.api.openstack.compute.server_external_events [req-ce3d0a7c-cca3-4ace-9e7e-bd52bb5a1d75 req-1daaf35c-ec6a-454d-b262-326db84d5cae service nova] Creating event network-changed:cbb457d8-89fb-4d7d-a130-c1270dd26497 for instance 67e28f70-2580-4db4-8c5a-90059e9c451e on np0000007439
Aug 17 01:17:50.238106 np0000007439 devstack@n-api.service[87563]: DEBUG oslo_concurrency.lockutils [req-ce3d0a7c-cca3-4ace-9e7e-bd52bb5a1d75 req-1daaf35c-ec6a-454d-b262-326db84d5cae service nova] Acquiring lock "compute-rpcapi-router" {{(pid=87563) lock /opt/stack/data/venv/lib/python3.12/site-packages/oslo_concurrency/lockutils.py:396}}
Aug 17 01:17:50.238209 np0000007439 devstack@n-api.service[87563]: DEBUG oslo_concurrency.lockutils [req-ce3d0a7c-cca3-4ace-9e7e-bd52bb5a1d75 req-1daaf35c-ec6a-454d-b262-326db84d5cae service nova] Acquired lock "compute-rpcapi-router" {{(pid=87563) lock /opt/stack/data/venv/lib/python3.12/site-packages/oslo_concurrency/lockutils.py:399}}
Aug 17 01:17:50.238761 np0000007439 devstack@n-api.service[87563]: DEBUG oslo_concurrency.lockutils [None req-80a985c4-59d0-463c-8114-cb34e65eea4f None None] Acquiring lock "00000000-0000-0000-0000-000000000000" by "nova.context.set_target_cell..get_or_set_cached_cell_and_set_connections" {{(pid=87563) inner /opt/stack/data/venv/lib/python3.12/site-packages/oslo_concurrency/lockutils.py:512}}
Aug 17 01:17:50.239181 np0000007439 devstack@n-api.service[87563]: DEBUG oslo_concurrency.lockutils [None req-80a985c4-59d0-463c-8114-cb34e65eea4f None None] Lock "00000000-0000-0000-0000-000000000000" acquired by "nova.context.set_target_cell..get_or_set_cached_cell_and_set_connections" :: waited 0.000s {{(pid=87563) inner /opt/stack/data/venv/lib/python3.12/site-packages/oslo_concurrency/lockutils.py:525}}
Aug 17 01:17:50.239181 np0000007439 devstack@n-api.service[87563]: DEBUG oslo_concurrency.lockutils [None req-80a985c4-59d0-463c-8114-cb34e65eea4f None None] Lock "00000000-0000-0000-0000-000000000000" "released" by "nova.context.set_target_cell..get_or_set_cached_cell_and_set_connections" :: held 0.000s {{(pid=87563) inner /opt/stack/data/venv/lib/python3.12/site-packages/oslo_concurrency/lockutils.py:544}}
Aug 17 01:17:50.239495 np0000007439 devstack@n-api.service[87563]: DEBUG oslo_concurrency.lockutils [None req-80a985c4-59d0-463c-8114-cb34e65eea4f None None] Acquiring lock "9a02ba32-13b6-49f3-a28b-fd0f6f1e631e" by "nova.context.set_target_cell..get_or_set_cached_cell_and_set_connections" {{(pid=87563) inner /opt/stack/data/venv/lib/python3.12/site-packages/oslo_concurrency/lockutils.py:512}}
Aug 17 01:17:50.239667 np0000007439 devstack@n-api.service[87563]: DEBUG oslo_concurrency.lockutils [None req-80a985c4-59d0-463c-8114-cb34e65eea4f None None] Lock "9a02ba32-13b6-49f3-a28b-fd0f6f1e631e" acquired by "nova.context.set_target_cell..get_or_set_cached_cell_and_set_connections" :: waited 0.000s {{(pid=87563) inner /opt/stack/data/venv/lib/python3.12/site-packages/oslo_concurrency/lockutils.py:525}}
Aug 17 01:17:50.239795 np0000007439 devstack@n-api.service[87563]: DEBUG oslo_concurrency.lockutils [None req-80a985c4-59d0-463c-8114-cb34e65eea4f None None] Lock "9a02ba32-13b6-49f3-a28b-fd0f6f1e631e" "released" by "nova.context.set_target_cell..get_or_set_cached_cell_and_set_connections" :: held 0.000s {{(pid=87563) inner /opt/stack/data/venv/lib/python3.12/site-packages/oslo_concurrency/lockutils.py:544}}
Aug 17 01:17:50.240954 np0000007439 devstack@n-api.service[87562]: INFO nova.api.openstack.requestlog [req-d465bfa0-9e9e-4f12-b0c1-6913d52f0a9e req-99bfad4a-0fc3-4b9a-b669-d09f89f2d4b2 service nova] 10.4.3.202 "POST /compute/v2.1/os-server-external-events" status: 200 len: 179 microversion: 2.1 time: 0.033141
Aug 17 01:17:50.241530 np0000007439 devstack@n-api.service[87562]: [pid: 87562|app: 0|req: 25/81] 10.4.3.202 () {72 vars in 1432 bytes} [Mon Aug 17 01:17:50 2026] POST /compute/v2.1/os-server-external-events => generated 179 bytes in 34 msecs (HTTP/1.1 200) 9 headers in 357 bytes (1 switches on core 0)
Aug 17 01:17:50.252624 np0000007439 devstack@n-api.service[87563]: INFO nova.compute.rpcapi [None req-80a985c4-59d0-463c-8114-cb34e65eea4f None None] Automatically selected compute RPC version 6.5 from minimum service version 72
Aug 17 01:17:50.253150 np0000007439 devstack@n-api.service[87563]: DEBUG oslo_concurrency.lockutils [None req-80a985c4-59d0-463c-8114-cb34e65eea4f None None] Releasing lock "compute-rpcapi-router" {{(pid=87563) lock /opt/stack/data/venv/lib/python3.12/site-packages/oslo_concurrency/lockutils.py:419}}
Aug 17 01:17:50.253557 np0000007439 devstack@n-api.service[87563]: DEBUG nova.compute.rpcapi [None req-80a985c4-59d0-463c-8114-cb34e65eea4f None None] RPC: Sending the message to topic: compute-alt {{(pid=87563) prepare_for_alt_rpcserver /opt/stack/nova/nova/compute/rpcapi.py:595}}
Aug 17 01:17:50.254918 np0000007439 devstack@n-api.service[87564]: DEBUG nova.virt.hardware [None req-00a2d27f-6c69-4a9e-8a4e-6572763c2501 tempest-TestMultiAttachVolumeSwap-740105874 tempest-TestMultiAttachVolumeSwap-740105874-project-member] Flavor limits 0:0:0 {{(pid=87564) get_cpu_topology_constraints /opt/stack/nova/nova/virt/hardware.py:516}}
Aug 17 01:17:50.255619 np0000007439 devstack@n-api.service[87564]: DEBUG nova.virt.hardware [None req-00a2d27f-6c69-4a9e-8a4e-6572763c2501 tempest-TestMultiAttachVolumeSwap-740105874 tempest-TestMultiAttachVolumeSwap-740105874-project-member] Image limits 0:0:0 {{(pid=87564) get_cpu_topology_constraints /opt/stack/nova/nova/virt/hardware.py:520}}
Aug 17 01:17:50.255619 np0000007439 devstack@n-api.service[87564]: DEBUG nova.virt.hardware [None req-00a2d27f-6c69-4a9e-8a4e-6572763c2501 tempest-TestMultiAttachVolumeSwap-740105874 tempest-TestMultiAttachVolumeSwap-740105874-project-member] Flavor pref 0:0:0 {{(pid=87564) get_cpu_topology_constraints /opt/stack/nova/nova/virt/hardware.py:556}}
Aug 17 01:17:50.255619 np0000007439 devstack@n-api.service[87564]: DEBUG nova.virt.hardware [None req-00a2d27f-6c69-4a9e-8a4e-6572763c2501 tempest-TestMultiAttachVolumeSwap-740105874 tempest-TestMultiAttachVolumeSwap-740105874-project-member] Image pref 0:0:0 {{(pid=87564) get_cpu_topology_constraints /opt/stack/nova/nova/virt/hardware.py:560}}
Aug 17 01:17:50.255754 np0000007439 devstack@n-api.service[87564]: DEBUG nova.virt.hardware [None req-00a2d27f-6c69-4a9e-8a4e-6572763c2501 tempest-TestMultiAttachVolumeSwap-740105874 tempest-TestMultiAttachVolumeSwap-740105874-project-member] Chose sockets=0, cores=0, threads=0; limits were sockets=65536, cores=65536, threads=65536 {{(pid=87564) get_cpu_topology_constraints /opt/stack/nova/nova/virt/hardware.py:598}}
Aug 17 01:17:50.268655 np0000007439 devstack@n-api.service[87564]: DEBUG oslo_concurrency.lockutils [None req-00a2d27f-6c69-4a9e-8a4e-6572763c2501 tempest-TestMultiAttachVolumeSwap-740105874 tempest-TestMultiAttachVolumeSwap-740105874-project-member] Acquiring lock "00000000-0000-0000-0000-000000000000" by "nova.context.set_target_cell..get_or_set_cached_cell_and_set_connections" {{(pid=87564) inner /opt/stack/data/venv/lib/python3.12/site-packages/oslo_concurrency/lockutils.py:512}}
Aug 17 01:17:50.268998 np0000007439 devstack@n-api.service[87564]: DEBUG oslo_concurrency.lockutils [None req-00a2d27f-6c69-4a9e-8a4e-6572763c2501 tempest-TestMultiAttachVolumeSwap-740105874 tempest-TestMultiAttachVolumeSwap-740105874-project-member] Lock "00000000-0000-0000-0000-000000000000" acquired by "nova.context.set_target_cell..get_or_set_cached_cell_and_set_connections" :: waited 0.000s {{(pid=87564) inner /opt/stack/data/venv/lib/python3.12/site-packages/oslo_concurrency/lockutils.py:525}}
Aug 17 01:17:50.269445 np0000007439 devstack@n-api.service[87564]: DEBUG oslo_concurrency.lockutils [None req-00a2d27f-6c69-4a9e-8a4e-6572763c2501 tempest-TestMultiAttachVolumeSwap-740105874 tempest-TestMultiAttachVolumeSwap-740105874-project-member] Lock "00000000-0000-0000-0000-000000000000" "released" by "nova.context.set_target_cell..get_or_set_cached_cell_and_set_connections" :: held 0.000s {{(pid=87564) inner /opt/stack/data/venv/lib/python3.12/site-packages/oslo_concurrency/lockutils.py:544}}
Aug 17 01:17:50.269870 np0000007439 devstack@n-api.service[87564]: DEBUG oslo_concurrency.lockutils [None req-00a2d27f-6c69-4a9e-8a4e-6572763c2501 tempest-TestMultiAttachVolumeSwap-740105874 tempest-TestMultiAttachVolumeSwap-740105874-project-member] Acquiring lock "9a02ba32-13b6-49f3-a28b-fd0f6f1e631e" by "nova.context.set_target_cell..get_or_set_cached_cell_and_set_connections" {{(pid=87564) inner /opt/stack/data/venv/lib/python3.12/site-packages/oslo_concurrency/lockutils.py:512}}
Aug 17 01:17:50.269933 np0000007439 devstack@n-api.service[87564]: DEBUG oslo_concurrency.lockutils [None req-00a2d27f-6c69-4a9e-8a4e-6572763c2501 tempest-TestMultiAttachVolumeSwap-740105874 tempest-TestMultiAttachVolumeSwap-740105874-project-member] Lock "9a02ba32-13b6-49f3-a28b-fd0f6f1e631e" acquired by "nova.context.set_target_cell..get_or_set_cached_cell_and_set_connections" :: waited 0.000s {{(pid=87564) inner /opt/stack/data/venv/lib/python3.12/site-packages/oslo_concurrency/lockutils.py:525}}
Aug 17 01:17:50.270089 np0000007439 devstack@n-api.service[87564]: DEBUG oslo_concurrency.lockutils [None req-00a2d27f-6c69-4a9e-8a4e-6572763c2501 tempest-TestMultiAttachVolumeSwap-740105874 tempest-TestMultiAttachVolumeSwap-740105874-project-member] Lock "9a02ba32-13b6-49f3-a28b-fd0f6f1e631e" "released" by "nova.context.set_target_cell..get_or_set_cached_cell_and_set_connections" :: held 0.000s {{(pid=87564) inner /opt/stack/data/venv/lib/python3.12/site-packages/oslo_concurrency/lockutils.py:544}}
Aug 17 01:17:50.271798 np0000007439 devstack@n-api.service[87563]: INFO nova.api.openstack.requestlog [None req-80a985c4-59d0-463c-8114-cb34e65eea4f None None] 10.4.3.202 "POST /compute/v2.1/os-server-external-events" status: 200 len: 179 microversion: 2.1 time: 0.077694
Aug 17 01:17:50.272481 np0000007439 devstack@n-api.service[87563]: [pid: 87563|app: 0|req: 21/82] 10.4.3.202 () {72 vars in 1432 bytes} [Mon Aug 17 01:17:50 2026] POST /compute/v2.1/os-server-external-events => generated 179 bytes in 78 msecs (HTTP/1.1 200) 9 headers in 357 bytes (1 switches on core 0)
Aug 17 01:17:50.295420 np0000007439 devstack@n-api.service[87564]: DEBUG nova.quota [None req-00a2d27f-6c69-4a9e-8a4e-6572763c2501 tempest-TestMultiAttachVolumeSwap-740105874 tempest-TestMultiAttachVolumeSwap-740105874-project-member] Getting quotas for project 7c6f2bd0a4b24da9b6deea662147e88c. Resources: {'instances', 'cores', 'ram'} {{(pid=87564) _get_quotas /opt/stack/nova/nova/quota.py:389}}
Aug 17 01:17:50.298484 np0000007439 devstack@n-api.service[87564]: DEBUG nova.quota [None req-00a2d27f-6c69-4a9e-8a4e-6572763c2501 tempest-TestMultiAttachVolumeSwap-740105874 tempest-TestMultiAttachVolumeSwap-740105874-project-member] Getting quotas for user 9fe12fcb45f34e5ebbb73101db72f5e9 and project 7c6f2bd0a4b24da9b6deea662147e88c. Resources: {'instances', 'cores', 'ram'} {{(pid=87564) _get_quotas /opt/stack/nova/nova/quota.py:379}}
Aug 17 01:17:50.306618 np0000007439 devstack@n-api.service[87564]: DEBUG nova.compute.api [None req-00a2d27f-6c69-4a9e-8a4e-6572763c2501 tempest-TestMultiAttachVolumeSwap-740105874 tempest-TestMultiAttachVolumeSwap-740105874-project-member] Going to run 2 instances... {{(pid=87564) _provision_instances /opt/stack/nova/nova/compute/api.py:1480}}
Aug 17 01:17:50.309897 np0000007439 devstack@n-api.service[87564]: DEBUG nova.compute.api [None req-00a2d27f-6c69-4a9e-8a4e-6572763c2501 tempest-TestMultiAttachVolumeSwap-740105874 tempest-TestMultiAttachVolumeSwap-740105874-project-member] [instance: 567d5ead-c4da-4ac1-9fd0-ac356960ba08] block_device_mapping [BlockDeviceMapping(attachment_id=,boot_index=0,connection_info=None,created_at=,delete_on_termination=True,deleted=,deleted_at=,destination_type='local',device_name=None,device_type='disk',disk_bus=None,encrypted=False,encryption_format=None,encryption_options=None,encryption_secret_uuid=None,guest_format=None,id=,image_id='fcfc9268-072d-47af-bb85-49a659c65838',instance=,instance_uuid=,no_device=False,snapshot_id=None,source_type='image',tag=None,updated_at=,uuid=,volume_id=None,volume_size=None,volume_type=None)] {{(pid=87564) _bdm_validate_set_size_and_instance /opt/stack/nova/nova/compute/api.py:1942}}
Aug 17 01:17:50.387546 np0000007439 devstack@n-api.service[87564]: DEBUG nova.compute.api [None req-00a2d27f-6c69-4a9e-8a4e-6572763c2501 tempest-TestMultiAttachVolumeSwap-740105874 tempest-TestMultiAttachVolumeSwap-740105874-project-member] [instance: e01bd05e-fc72-486d-9e03-3c67791af10a] block_device_mapping [BlockDeviceMapping(attachment_id=,boot_index=0,connection_info=None,created_at=,delete_on_termination=True,deleted=,deleted_at=,destination_type='local',device_name=None,device_type='disk',disk_bus=None,encrypted=False,encryption_format=None,encryption_options=None,encryption_secret_uuid=None,guest_format=None,id=,image_id='fcfc9268-072d-47af-bb85-49a659c65838',instance=,instance_uuid=567d5ead-c4da-4ac1-9fd0-ac356960ba08,no_device=False,snapshot_id=None,source_type='image',tag=None,updated_at=,uuid=,volume_id=None,volume_size=None,volume_type=None)] {{(pid=87564) _bdm_validate_set_size_and_instance /opt/stack/nova/nova/compute/api.py:1942}}
Aug 17 01:17:50.390015 np0000007439 devstack@n-api.service[87561]: DEBUG nova.api.openstack.wsgi [req-715e26b6-fd71-4bfb-a848-a9d78403c15b req-5fd46b3d-a55d-452e-89a1-c9014f9ab183 service nova] Action: 'create', calling method: >, body: {"events": [{"server_uuid": "9451cd81-23fc-4cc1-8cce-31b5de07391c", "name": "network-vif-plugged", "status": "completed", "tag": "37dff9ca-f372-43a7-9165-3c4dad0e28d0"}]} {{(pid=87561) _process_stack /opt/stack/nova/nova/api/openstack/wsgi.py:549}}
Aug 17 01:17:50.398650 np0000007439 devstack@n-api.service[87561]: DEBUG oslo_concurrency.lockutils [req-715e26b6-fd71-4bfb-a848-a9d78403c15b req-5fd46b3d-a55d-452e-89a1-c9014f9ab183 service nova] Acquiring lock "9a02ba32-13b6-49f3-a28b-fd0f6f1e631e" by "nova.context.set_target_cell..get_or_set_cached_cell_and_set_connections" {{(pid=87561) inner /opt/stack/data/venv/lib/python3.12/site-packages/oslo_concurrency/lockutils.py:512}}
Aug 17 01:17:50.398883 np0000007439 devstack@n-api.service[87561]: DEBUG oslo_concurrency.lockutils [req-715e26b6-fd71-4bfb-a848-a9d78403c15b req-5fd46b3d-a55d-452e-89a1-c9014f9ab183 service nova] Lock "9a02ba32-13b6-49f3-a28b-fd0f6f1e631e" acquired by "nova.context.set_target_cell..get_or_set_cached_cell_and_set_connections" :: waited 0.000s {{(pid=87561) inner /opt/stack/data/venv/lib/python3.12/site-packages/oslo_concurrency/lockutils.py:525}}
Aug 17 01:17:50.399034 np0000007439 devstack@n-api.service[87561]: DEBUG oslo_concurrency.lockutils [req-715e26b6-fd71-4bfb-a848-a9d78403c15b req-5fd46b3d-a55d-452e-89a1-c9014f9ab183 service nova] Lock "9a02ba32-13b6-49f3-a28b-fd0f6f1e631e" "released" by "nova.context.set_target_cell..get_or_set_cached_cell_and_set_connections" :: held 0.000s {{(pid=87561) inner /opt/stack/data/venv/lib/python3.12/site-packages/oslo_concurrency/lockutils.py:544}}
Aug 17 01:17:50.416303 np0000007439 devstack@n-api.service[87561]: INFO nova.api.openstack.compute.server_external_events [req-715e26b6-fd71-4bfb-a848-a9d78403c15b req-5fd46b3d-a55d-452e-89a1-c9014f9ab183 service nova] Creating event network-vif-plugged:37dff9ca-f372-43a7-9165-3c4dad0e28d0 for instance 9451cd81-23fc-4cc1-8cce-31b5de07391c on np0000007439
Aug 17 01:17:50.416303 np0000007439 devstack@n-api.service[87561]: DEBUG nova.compute.rpcapi [req-715e26b6-fd71-4bfb-a848-a9d78403c15b req-5fd46b3d-a55d-452e-89a1-c9014f9ab183 service nova] RPC: Sending the message to topic: compute-alt {{(pid=87561) prepare_for_alt_rpcserver /opt/stack/nova/nova/compute/rpcapi.py:595}}
Aug 17 01:17:50.428344 np0000007439 devstack@n-api.service[87562]: DEBUG nova.api.openstack.wsgi [None req-1ac3a899-9098-49c7-ad9d-c9b29736e50b tempest-AttachSCSIVolumeTestJSON-1438580555 tempest-AttachSCSIVolumeTestJSON-1438580555-project-member] Calling method '>' {{(pid=87562) _process_stack /opt/stack/nova/nova/api/openstack/wsgi.py:551}}
Aug 17 01:17:50.431395 np0000007439 devstack@n-api.service[87561]: INFO nova.api.openstack.requestlog [req-715e26b6-fd71-4bfb-a848-a9d78403c15b req-5fd46b3d-a55d-452e-89a1-c9014f9ab183 service nova] 10.4.3.202 "POST /compute/v2.1/os-server-external-events" status: 200 len: 183 microversion: 2.1 time: 0.415173
Aug 17 01:17:50.431789 np0000007439 devstack@n-api.service[87561]: [pid: 87561|app: 0|req: 20/83] 10.4.3.202 () {72 vars in 1432 bytes} [Mon Aug 17 01:17:50 2026] POST /compute/v2.1/os-server-external-events => generated 183 bytes in 416 msecs (HTTP/1.1 200) 9 headers in 357 bytes (1 switches on core 0)
Aug 17 01:17:50.433923 np0000007439 devstack@n-api.service[87562]: DEBUG nova.compute.api [None req-1ac3a899-9098-49c7-ad9d-c9b29736e50b tempest-AttachSCSIVolumeTestJSON-1438580555 tempest-AttachSCSIVolumeTestJSON-1438580555-project-member] [instance: 9451cd81-23fc-4cc1-8cce-31b5de07391c] Fetching instance by UUID {{(pid=87562) get /opt/stack/nova/nova/compute/api.py:3068}}
Aug 17 01:17:50.444087 np0000007439 devstack@n-api.service[87562]: DEBUG oslo_concurrency.lockutils [None req-1ac3a899-9098-49c7-ad9d-c9b29736e50b tempest-AttachSCSIVolumeTestJSON-1438580555 tempest-AttachSCSIVolumeTestJSON-1438580555-project-member] Acquiring lock "9a02ba32-13b6-49f3-a28b-fd0f6f1e631e" by "nova.context.set_target_cell..get_or_set_cached_cell_and_set_connections" {{(pid=87562) inner /opt/stack/data/venv/lib/python3.12/site-packages/oslo_concurrency/lockutils.py:512}}
Aug 17 01:17:50.444215 np0000007439 devstack@n-api.service[87562]: DEBUG oslo_concurrency.lockutils [None req-1ac3a899-9098-49c7-ad9d-c9b29736e50b tempest-AttachSCSIVolumeTestJSON-1438580555 tempest-AttachSCSIVolumeTestJSON-1438580555-project-member] Lock "9a02ba32-13b6-49f3-a28b-fd0f6f1e631e" acquired by "nova.context.set_target_cell..get_or_set_cached_cell_and_set_connections" :: waited 0.000s {{(pid=87562) inner /opt/stack/data/venv/lib/python3.12/site-packages/oslo_concurrency/lockutils.py:525}}
Aug 17 01:17:50.444775 np0000007439 devstack@n-api.service[87562]: DEBUG oslo_concurrency.lockutils [None req-1ac3a899-9098-49c7-ad9d-c9b29736e50b tempest-AttachSCSIVolumeTestJSON-1438580555 tempest-AttachSCSIVolumeTestJSON-1438580555-project-member] Lock "9a02ba32-13b6-49f3-a28b-fd0f6f1e631e" "released" by "nova.context.set_target_cell..get_or_set_cached_cell_and_set_connections" :: held 0.000s {{(pid=87562) inner /opt/stack/data/venv/lib/python3.12/site-packages/oslo_concurrency/lockutils.py:544}}
Aug 17 01:17:50.446169 np0000007439 devstack@n-api.service[87562]: DEBUG oslo_concurrency.lockutils [None req-1ac3a899-9098-49c7-ad9d-c9b29736e50b tempest-AttachSCSIVolumeTestJSON-1438580555 tempest-AttachSCSIVolumeTestJSON-1438580555-project-member] Acquiring lock "9a02ba32-13b6-49f3-a28b-fd0f6f1e631e" by "nova.context.set_target_cell..get_or_set_cached_cell_and_set_connections" {{(pid=87562) inner /opt/stack/data/venv/lib/python3.12/site-packages/oslo_concurrency/lockutils.py:512}}
Aug 17 01:17:50.446861 np0000007439 devstack@n-api.service[87562]: DEBUG oslo_concurrency.lockutils [None req-1ac3a899-9098-49c7-ad9d-c9b29736e50b tempest-AttachSCSIVolumeTestJSON-1438580555 tempest-AttachSCSIVolumeTestJSON-1438580555-project-member] Lock "9a02ba32-13b6-49f3-a28b-fd0f6f1e631e" acquired by "nova.context.set_target_cell..get_or_set_cached_cell_and_set_connections" :: waited 0.001s {{(pid=87562) inner /opt/stack/data/venv/lib/python3.12/site-packages/oslo_concurrency/lockutils.py:525}}
Aug 17 01:17:50.447983 np0000007439 devstack@n-api.service[87562]: DEBUG oslo_concurrency.lockutils [None req-1ac3a899-9098-49c7-ad9d-c9b29736e50b tempest-AttachSCSIVolumeTestJSON-1438580555 tempest-AttachSCSIVolumeTestJSON-1438580555-project-member] Lock "9a02ba32-13b6-49f3-a28b-fd0f6f1e631e" "released" by "nova.context.set_target_cell..get_or_set_cached_cell_and_set_connections" :: held 0.001s {{(pid=87562) inner /opt/stack/data/venv/lib/python3.12/site-packages/oslo_concurrency/lockutils.py:544}}
Aug 17 01:17:50.476627 np0000007439 devstack@n-api.service[87562]: WARNING neutronclient.v2_0.client [None req-1ac3a899-9098-49c7-ad9d-c9b29736e50b tempest-AttachSCSIVolumeTestJSON-1438580555 tempest-AttachSCSIVolumeTestJSON-1438580555-project-member] The python binding code in neutronclient is deprecated in favor of OpenstackSDK, please use that as this will be removed in a future release.
Aug 17 01:17:50.531937 np0000007439 devstack@n-api.service[87564]: INFO nova.api.openstack.requestlog [None req-00a2d27f-6c69-4a9e-8a4e-6572763c2501 tempest-TestMultiAttachVolumeSwap-740105874 tempest-TestMultiAttachVolumeSwap-740105874-project-member] 10.4.3.202 "POST /compute/v2.1/servers" status: 202 len: 32 microversion: 2.60 time: 1.891654
Aug 17 01:17:50.536384 np0000007439 devstack@n-api.service[87564]: [pid: 87564|app: 0|req: 18/84] 10.4.3.202 () {70 vars in 1306 bytes} [Mon Aug 17 01:17:48 2026] POST /compute/v2.1/servers => generated 32 bytes in 1897 msecs (HTTP/1.1 202) 9 headers in 364 bytes (1 switches on core 0)
Aug 17 01:17:50.545154 np0000007439 devstack@n-api.service[87563]: DEBUG nova.api.openstack.wsgi [None req-7fa961d6-66c6-4b79-833c-df472f6f3085 tempest-TestMultiAttachVolumeSwap-740105874 tempest-TestMultiAttachVolumeSwap-740105874-project-member] Calling method '>' {{(pid=87563) _process_stack /opt/stack/nova/nova/api/openstack/wsgi.py:551}}
Aug 17 01:17:50.549694 np0000007439 devstack@n-api.service[87563]: DEBUG nova.policy [None req-7fa961d6-66c6-4b79-833c-df472f6f3085 tempest-TestMultiAttachVolumeSwap-740105874 tempest-TestMultiAttachVolumeSwap-740105874-project-member] Policy check for os_compute_api:servers:allow_all_filters failed with credentials {'is_admin': False, 'user_id': '9fe12fcb45f34e5ebbb73101db72f5e9', 'user_domain_id': 'default', 'system_scope': None, 'domain_id': None, 'project_id': '7c6f2bd0a4b24da9b6deea662147e88c', 'project_domain_id': 'default', 'roles': ['member', 'reader'], 'is_admin_project': True, 'service_user_id': None, 'service_user_domain_id': None, 'service_project_id': None, 'service_project_domain_id': None, 'service_roles': []} {{(pid=87563) authorize /opt/stack/nova/nova/policy.py:202}}
Aug 17 01:17:50.549694 np0000007439 devstack@n-api.service[87563]: DEBUG nova.compute.api [None req-7fa961d6-66c6-4b79-833c-df472f6f3085 tempest-TestMultiAttachVolumeSwap-740105874 tempest-TestMultiAttachVolumeSwap-740105874-project-member] Searching by: {'deleted': False, 'project_id': '7c6f2bd0a4b24da9b6deea662147e88c'} {{(pid=87563) get_all /opt/stack/nova/nova/compute/api.py:3110}}
Aug 17 01:17:50.575392 np0000007439 devstack@n-api.service[87563]: DEBUG oslo_concurrency.lockutils [None req-7fa961d6-66c6-4b79-833c-df472f6f3085 tempest-TestMultiAttachVolumeSwap-740105874 tempest-TestMultiAttachVolumeSwap-740105874-project-member] Acquiring lock "00000000-0000-0000-0000-000000000000" by "nova.context.set_target_cell..get_or_set_cached_cell_and_set_connections" {{(pid=87563) inner /opt/stack/data/venv/lib/python3.12/site-packages/oslo_concurrency/lockutils.py:512}}
Aug 17 01:17:50.575392 np0000007439 devstack@n-api.service[87563]: DEBUG oslo_concurrency.lockutils [None req-7fa961d6-66c6-4b79-833c-df472f6f3085 tempest-TestMultiAttachVolumeSwap-740105874 tempest-TestMultiAttachVolumeSwap-740105874-project-member] Lock "00000000-0000-0000-0000-000000000000" acquired by "nova.context.set_target_cell..get_or_set_cached_cell_and_set_connections" :: waited 0.000s {{(pid=87563) inner /opt/stack/data/venv/lib/python3.12/site-packages/oslo_concurrency/lockutils.py:525}}
Aug 17 01:17:50.575392 np0000007439 devstack@n-api.service[87563]: DEBUG oslo_concurrency.lockutils [None req-7fa961d6-66c6-4b79-833c-df472f6f3085 tempest-TestMultiAttachVolumeSwap-740105874 tempest-TestMultiAttachVolumeSwap-740105874-project-member] Lock "00000000-0000-0000-0000-000000000000" "released" by "nova.context.set_target_cell..get_or_set_cached_cell_and_set_connections" :: held 0.000s {{(pid=87563) inner /opt/stack/data/venv/lib/python3.12/site-packages/oslo_concurrency/lockutils.py:544}}
Aug 17 01:17:50.575392 np0000007439 devstack@n-api.service[87563]: DEBUG oslo_concurrency.lockutils [None req-7fa961d6-66c6-4b79-833c-df472f6f3085 tempest-TestMultiAttachVolumeSwap-740105874 tempest-TestMultiAttachVolumeSwap-740105874-project-member] Acquiring lock "9a02ba32-13b6-49f3-a28b-fd0f6f1e631e" by "nova.context.set_target_cell..get_or_set_cached_cell_and_set_connections" {{(pid=87563) inner /opt/stack/data/venv/lib/python3.12/site-packages/oslo_concurrency/lockutils.py:512}}
Aug 17 01:17:50.575632 np0000007439 devstack@n-api.service[87563]: DEBUG oslo_concurrency.lockutils [None req-7fa961d6-66c6-4b79-833c-df472f6f3085 tempest-TestMultiAttachVolumeSwap-740105874 tempest-TestMultiAttachVolumeSwap-740105874-project-member] Lock "9a02ba32-13b6-49f3-a28b-fd0f6f1e631e" acquired by "nova.context.set_target_cell..get_or_set_cached_cell_and_set_connections" :: waited 0.000s {{(pid=87563) inner /opt/stack/data/venv/lib/python3.12/site-packages/oslo_concurrency/lockutils.py:525}}
Aug 17 01:17:50.575632 np0000007439 devstack@n-api.service[87563]: DEBUG oslo_concurrency.lockutils [None req-7fa961d6-66c6-4b79-833c-df472f6f3085 tempest-TestMultiAttachVolumeSwap-740105874 tempest-TestMultiAttachVolumeSwap-740105874-project-member] Lock "9a02ba32-13b6-49f3-a28b-fd0f6f1e631e" "released" by "nova.context.set_target_cell..get_or_set_cached_cell_and_set_connections" :: held 0.000s {{(pid=87563) inner /opt/stack/data/venv/lib/python3.12/site-packages/oslo_concurrency/lockutils.py:544}}
Aug 17 01:17:50.641762 np0000007439 devstack@n-api.service[87563]: INFO nova.api.openstack.requestlog [None req-7fa961d6-66c6-4b79-833c-df472f6f3085 tempest-TestMultiAttachVolumeSwap-740105874 tempest-TestMultiAttachVolumeSwap-740105874-project-member] 10.4.3.202 "GET /compute/v2.1/servers" status: 200 len: 679 microversion: 2.60 time: 0.099454
Aug 17 01:17:50.642336 np0000007439 devstack@n-api.service[87563]: [pid: 87563|app: 0|req: 22/85] 10.4.3.202 () {68 vars in 1284 bytes} [Mon Aug 17 01:17:50 2026] GET /compute/v2.1/servers => generated 679 bytes in 100 msecs (HTTP/1.1 200) 9 headers in 359 bytes (1 switches on core 0)
